197.43.240.68 - - [10/Sep/2026:18:37:50 -0400] "POST /xmlrpc.php HTTP/1.1" 406 300 "-" "Jetpack by WordPress.com"
197.43.240.68 - - [10/Sep/2026:18:38:00 -0400] "POST /xmlrpc.php HTTP/1.1" 406 300 "-" "Jetpack by WordPress.com (Jetpack 12.1; WordPress 6.1)"
197.43.240.68 - - [10/Sep/2026:18:38:11 -0400] "POST /xmlrpc.php HTTP/1.1" 406 300 "-" "Jetpack/13.0; WordPress/6.1; http://site24873388.com"
197.43.240.68 - - [10/Sep/2026:18:38:32 -0400] "POST /xmlrpc.php HTTP/1.1" 406 300 "-" "Jetpack/12.0; WordPress/6.3; http://site18388628.com"
199.250.222.155 - - [10/Sep/2026:18:38:43 -0400] "POST /wp-cron.php?doing_wp_cron=1789079923.3661780357360839843750 HTTP/1.1" 200 - "-" "WordPress/7.1; https://ceibaresidencial.mx"
197.43.240.68 - - [10/Sep/2026:18:38:42 -0400] "POST /xmlrpc.php HTTP/1.1" 200 415 "-" "Jetpack/12.0; WordPress/6.2; http://site83418487.com"
197.43.240.68 - - [10/Sep/2026:18:38:53 -0400] "POST /xmlrpc.php HTTP/1.1" 406 300 "-" "Jetpack/12.0; WordPress/6.2; http://site58450623.com"
197.43.240.68 - - [10/Sep/2026:18:39:03 -0400] "POST /xmlrpc.php HTTP/1.1" 406 300 "-" "Jetpack/13.0; WordPress/6.3; http://site16432409.com"
197.43.240.68 - - [10/Sep/2026:18:39:14 -0400] "POST /xmlrpc.php HTTP/1.1" 406 300 "-" "Jetpack/12.0; WordPress/6.1; http://site88432598.com"
197.43.240.68 - - [10/Sep/2026:18:39:24 -0400] "POST /xmlrpc.php HTTP/1.1" 406 300 "-" "Jetpack/12.0; WordPress/6.1; http://site94325222.com"
197.43.240.68 - - [10/Sep/2026:18:39:35 -0400] "POST /xmlrpc.php HTTP/1.1" 406 300 "-" "WordPress.com; https://wordpress.com"
199.250.222.155 - - [10/Sep/2026:18:39:46 -0400] "POST /wp-cron.php?doing_wp_cron=1789079986.2607440948486328125000 HTTP/1.1" 200 - "-" "WordPress/7.1; https://ceibaresidencial.mx"
197.43.240.68 - - [10/Sep/2026:18:39:45 -0400] "POST /xmlrpc.php HTTP/1.1" 200 415 "-" "Jetpack/12.1; WordPress/6.4; http://site35354478.com"
197.43.240.68 - - [10/Sep/2026:18:39:55 -0400] "POST /xmlrpc.php HTTP/1.1" 406 300 "-" "WordPress.com; https://wordpress.com"
197.43.240.68 - - [10/Sep/2026:18:40:06 -0400] "POST /xmlrpc.php HTTP/1.1" 406 300 "-" "Jetpack by WordPress.com (Jetpack 13.0; WordPress 6.2)"
197.43.240.68 - - [10/Sep/2026:18:40:16 -0400] "POST /xmlrpc.php HTTP/1.1" 406 300 "-" "WordPress.com; https://wordpress.com"
197.43.240.68 - - [10/Sep/2026:18:40:27 -0400] "POST /xmlrpc.php HTTP/1.1" 406 300 "-" "Jetpack by WordPress.com"
197.43.240.68 - - [10/Sep/2026:18:40:37 -0400] "POST /xmlrpc.php HTTP/1.1" 406 300 "-" "Jetpack/12.0; WordPress/6.3; http://site57136912.com"
199.250.222.155 - - [10/Sep/2026:18:40:49 -0400] "POST /wp-cron.php?doing_wp_cron=1789080049.0969500541687011718750 HTTP/1.1" 200 - "-" "WordPress/7.1; https://ceibaresidencial.mx"
197.43.240.68 - - [10/Sep/2026:18:40:48 -0400] "POST /xmlrpc.php HTTP/1.1" 200 415 "-" "Jetpack by WordPress.com"
197.43.240.68 - - [10/Sep/2026:18:40:58 -0400] "POST /xmlrpc.php HTTP/1.1" 406 300 "-" "Jetpack by WordPress.com (Jetpack 12.5; WordPress 6.4)"
197.43.240.68 - - [10/Sep/2026:18:41:09 -0400] "POST /xmlrpc.php HTTP/1.1" 406 300 "-" "Jetpack by WordPress.com"
197.43.240.68 - - [10/Sep/2026:18:41:19 -0400] "POST /xmlrpc.php HTTP/1.1" 406 300 "-" "WordPress.com; https://wordpress.com"
197.43.240.68 - - [10/Sep/2026:18:41:30 -0400] "POST /xmlrpc.php HTTP/1.1" 406 300 "-" "Jetpack/12.0; WordPress/6.1; http://site91567931.com"
197.43.240.68 - - [10/Sep/2026:18:41:40 -0400] "POST /xmlrpc.php HTTP/1.1" 406 300 "-" "WordPress.com; https://wordpress.com"
199.250.222.155 - - [10/Sep/2026:18:41:51 -0400] "POST /wp-cron.php?doing_wp_cron=1789080111.9567210674285888671875 HTTP/1.1" 200 - "-" "WordPress/7.1; https://ceibaresidencial.mx"
197.43.240.68 - - [10/Sep/2026:18:41:51 -0400] "POST /xmlrpc.php HTTP/1.1" 200 415 "-" "Jetpack by WordPress.com (Jetpack 13.0; WordPress 6.3)"
197.43.240.68 - - [10/Sep/2026:18:42:01 -0400] "POST /xmlrpc.php HTTP/1.1" 406 300 "-" "Jetpack by WordPress.com"
197.43.240.68 - - [10/Sep/2026:18:42:12 -0400] "POST /xmlrpc.php HTTP/1.1" 406 300 "-" "Jetpack by WordPress.com (Jetpack 12.5; WordPress 6.4)"
197.43.240.68 - - [10/Sep/2026:18:42:22 -0400] "POST /xmlrpc.php HTTP/1.1" 406 300 "-" "WordPress.com; https://wordpress.com"
197.43.240.68 - - [10/Sep/2026:18:42:33 -0400] "POST /xmlrpc.php HTTP/1.1" 406 300 "-" "Jetpack by WordPress.com (Jetpack 12.5; WordPress 6.4)"
197.43.240.68 - - [10/Sep/2026:18:42:43 -0400] "POST /xmlrpc.php HTTP/1.1" 406 300 "-" "WordPress.com; https://wordpress.com"
199.250.222.155 - - [10/Sep/2026:18:42:54 -0400] "POST /wp-cron.php?doing_wp_cron=1789080174.7743370532989501953125 HTTP/1.1" 200 - "-" "WordPress/7.1; https://ceibaresidencial.mx"
197.43.240.68 - - [10/Sep/2026:18:42:53 -0400] "POST /xmlrpc.php HTTP/1.1" 200 415 "-" "Jetpack by WordPress.com"
197.43.240.68 - - [10/Sep/2026:18:43:04 -0400] "POST /xmlrpc.php HTTP/1.1" 406 300 "-" "Jetpack by WordPress.com (Jetpack 12.0; WordPress 6.1)"
197.43.240.68 - - [10/Sep/2026:18:43:14 -0400] "POST /xmlrpc.php HTTP/1.1" 406 300 "-" "WordPress.com; https://wordpress.com"
197.43.240.68 - - [10/Sep/2026:18:43:25 -0400] "POST /xmlrpc.php HTTP/1.1" 406 300 "-" "WordPress.com; https://wordpress.com"
197.43.240.68 - - [10/Sep/2026:18:43:35 -0400] "POST /xmlrpc.php HTTP/1.1" 406 300 "-" "Jetpack by WordPress.com"
197.43.240.68 - - [10/Sep/2026:18:43:46 -0400] "POST /xmlrpc.php HTTP/1.1" 406 300 "-" "WordPress.com; https://wordpress.com"
199.250.222.155 - - [10/Sep/2026:18:43:57 -0400] "POST /wp-cron.php?doing_wp_cron=1789080237.5701479911804199218750 HTTP/1.1" 200 - "-" "WordPress/7.1; https://ceibaresidencial.mx"
197.43.240.68 - - [10/Sep/2026:18:43:56 -0400] "POST /xmlrpc.php HTTP/1.1" 200 415 "-" "Jetpack by WordPress.com (Jetpack 13.0; WordPress 6.4)"
197.43.240.68 - - [10/Sep/2026:18:44:07 -0400] "POST /xmlrpc.php HTTP/1.1" 406 300 "-" "Jetpack/12.1; WordPress/6.3; http://site46887872.com"
197.43.240.68 - - [10/Sep/2026:18:44:17 -0400] "POST /xmlrpc.php HTTP/1.1" 406 300 "-" "Jetpack by WordPress.com (Jetpack 12.5; WordPress 6.4)"
197.43.240.68 - - [10/Sep/2026:18:44:28 -0400] "POST /xmlrpc.php HTTP/1.1" 406 300 "-" "WordPress.com; https://wordpress.com"
197.43.240.68 - - [10/Sep/2026:18:44:38 -0400] "POST /xmlrpc.php HTTP/1.1" 406 300 "-" "WordPress.com; https://wordpress.com"
197.43.240.68 - - [10/Sep/2026:18:44:49 -0400] "POST /xmlrpc.php HTTP/1.1" 406 300 "-" "Jetpack by WordPress.com"
199.250.222.155 - - [10/Sep/2026:18:45:00 -0400] "POST /wp-cron.php?doing_wp_cron=1789080300.4494700431823730468750 HTTP/1.1" 200 - "-" "WordPress/7.1; https://ceibaresidencial.mx"
197.43.240.68 - - [10/Sep/2026:18:44:59 -0400] "POST /xmlrpc.php HTTP/1.1" 200 415 "-" "Jetpack by WordPress.com"
197.43.240.68 - - [10/Sep/2026:18:45:10 -0400] "POST /xmlrpc.php HTTP/1.1" 406 300 "-" "Jetpack/12.5; WordPress/6.4; http://site60838723.com"
197.43.240.68 - - [10/Sep/2026:18:45:20 -0400] "POST /xmlrpc.php HTTP/1.1" 406 300 "-" "Jetpack by WordPress.com"
197.43.240.68 - - [10/Sep/2026:18:45:31 -0400] "POST /xmlrpc.php HTTP/1.1" 406 300 "-" "WordPress.com; https://wordpress.com"
197.43.240.68 - - [10/Sep/2026:18:45:41 -0400] "POST /xmlrpc.php HTTP/1.1" 406 300 "-" "Jetpack/12.1; WordPress/6.1; http://site17080952.com"
197.43.240.68 - - [10/Sep/2026:18:45:52 -0400] "POST /xmlrpc.php HTTP/1.1" 406 300 "-" "Jetpack by WordPress.com (Jetpack 12.5; WordPress 6.1)"
199.250.222.155 - - [10/Sep/2026:18:46:02 -0400] "POST /wp-cron.php?doing_wp_cron=1789080362.9060170650482177734375 HTTP/1.1" 200 - "-" "WordPress/7.1; https://ceibaresidencial.mx"
185.251.19.29 - - [10/Sep/2026:18:46:02 -0400] "GET /wp-login.php HTTP/1.1" 200 11276 "-" "Mozilla/5.0 (Windows NT 10.0; Win64; x64) AppleWebKit/537.36 Chrome/129.0.0.0 Safari/537.36"
197.43.240.68 - - [10/Sep/2026:18:46:02 -0400] "POST /xmlrpc.php HTTP/1.1" 200 415 "-" "Jetpack by WordPress.com"
185.251.19.29 - - [10/Sep/2026:18:46:03 -0400] "GET /?author=1 HTTP/1.1" 200 147787 "-" "Mozilla/5.0 (Windows NT 10.0; Win64; rv:143.0) Gecko/20100101 Firefox/143.0"
185.251.19.29 - - [10/Sep/2026:18:46:04 -0400] "GET /?rest_route=/wp/v2/users HTTP/1.1" 200 753 "-" "Mozilla/5.0 (Windows NT 10.0; Win64; rv:143.0) Gecko/20100101 Firefox/143.0"
185.251.19.29 - - [10/Sep/2026:18:46:05 -0400] "GET /?author=2 HTTP/1.1" 200 137347 "-" "Mozilla/5.0 (Windows NT 10.0; Win64; rv:143.0) Gecko/20100101 Firefox/143.0"
185.251.19.29 - - [10/Sep/2026:18:46:06 -0400] "GET /?rest_route=/wp/v2/users HTTP/1.1" 200 753 "-" "Mozilla/5.0 (Macintosh; Intel Mac OS X 10_15_7) AppleWebKit/605.1.15 Version/17.0 Safari/605.1.15"
185.251.19.29 - - [10/Sep/2026:18:46:07 -0400] "GET /?author=3 HTTP/1.1" 301 - "-" "Mozilla/5.0 (Windows NT 10.0; Win64; rv:143.0) Gecko/20100101 Firefox/143.0"
185.251.19.29 - - [10/Sep/2026:18:46:08 -0400] "GET /?rest_route=/wp/v2/users HTTP/1.1" 200 753 "-" "Mozilla/5.0 (Windows NT 10.0; Win64; x64) AppleWebKit/537.36 Chrome/129.0.0.0 Safari/537.36"
185.251.19.29 - - [10/Sep/2026:18:46:09 -0400] "GET /?author=4 HTTP/1.1" 200 137392 "-" "Mozilla/5.0 (Windows NT 10.0; Win64; rv:143.0) Gecko/20100101 Firefox/143.0"
185.251.19.29 - - [10/Sep/2026:18:46:10 -0400] "GET /?rest_route=/wp/v2/users HTTP/1.1" 200 753 "-" "Mozilla/5.0 (Macintosh; Intel Mac OS X 10_15_7) AppleWebKit/605.1.15 Version/17.0 Safari/605.1.15"
197.43.240.68 - - [10/Sep/2026:18:46:13 -0400] "POST /xmlrpc.php HTTP/1.1" 406 300 "-" "WordPress.com; https://wordpress.com"
189.186.216.61 - - [10/Sep/2026:18:46:23 -0400] "GET /wp-content/uploads/2024/04/mobile-2-1.png HTTP/1.1" 200 247022 "https://www.google.com/" "Mozilla/5.0 (Windows NT 10.0; Win64; x64) AppleWebKit/537.36 (KHTML, like Gecko) Chrome/153.0.0.0 Safari/537.36"
197.43.240.68 - - [10/Sep/2026:18:46:23 -0400] "POST /xmlrpc.php HTTP/1.1" 406 300 "-" "Jetpack/12.0; WordPress/6.4; http://site25410021.com"
197.43.240.68 - - [10/Sep/2026:18:46:33 -0400] "POST /xmlrpc.php HTTP/1.1" 406 300 "-" "Jetpack by WordPress.com (Jetpack 13.0; WordPress 6.2)"
197.43.240.68 - - [10/Sep/2026:18:46:44 -0400] "POST /xmlrpc.php HTTP/1.1" 406 300 "-" "WordPress.com; https://wordpress.com"
197.43.240.68 - - [10/Sep/2026:18:46:54 -0400] "POST /xmlrpc.php HTTP/1.1" 406 300 "-" "Jetpack by WordPress.com (Jetpack 13.0; WordPress 6.1)"
199.250.222.155 - - [10/Sep/2026:18:47:06 -0400] "POST /wp-cron.php?doing_wp_cron=1789080426.2604639530181884765625 HTTP/1.1" 200 - "-" "WordPress/7.1; https://ceibaresidencial.mx"
197.43.240.68 - - [10/Sep/2026:18:47:05 -0400] "POST /xmlrpc.php HTTP/1.1" 200 415 "-" "Jetpack by WordPress.com"
197.43.240.68 - - [10/Sep/2026:18:47:15 -0400] "POST /xmlrpc.php HTTP/1.1" 406 300 "-" "Jetpack by WordPress.com (Jetpack 13.0; WordPress 6.1)"
197.43.240.68 - - [10/Sep/2026:18:47:26 -0400] "POST /xmlrpc.php HTTP/1.1" 406 300 "-" "WordPress.com; https://wordpress.com"
197.43.240.68 - - [10/Sep/2026:18:47:36 -0400] "POST /xmlrpc.php HTTP/1.1" 406 300 "-" "Jetpack by WordPress.com (Jetpack 12.0; WordPress 6.3)"
197.43.240.68 - - [10/Sep/2026:18:47:47 -0400] "POST /xmlrpc.php HTTP/1.1" 406 300 "-" "Jetpack/13.0; WordPress/6.4; http://site21243025.com"
197.43.240.68 - - [10/Sep/2026:18:47:57 -0400] "POST /xmlrpc.php HTTP/1.1" 406 300 "-" "Jetpack by WordPress.com (Jetpack 13.0; WordPress 6.3)"
199.250.222.155 - - [10/Sep/2026:18:48:09 -0400] "POST /wp-cron.php?doing_wp_cron=1789080489.0888550281524658203125 HTTP/1.1" 200 - "-" "WordPress/7.1; https://ceibaresidencial.mx"
197.43.240.68 - - [10/Sep/2026:18:48:08 -0400] "POST /xmlrpc.php HTTP/1.1" 200 415 "-" "WordPress.com; https://wordpress.com"
197.43.240.68 - - [10/Sep/2026:18:48:18 -0400] "POST /xmlrpc.php HTTP/1.1" 406 300 "-" "Jetpack by WordPress.com (Jetpack 12.5; WordPress 6.1)"
197.43.240.68 - - [10/Sep/2026:18:48:29 -0400] "POST /xmlrpc.php HTTP/1.1" 406 300 "-" "WordPress.com; https://wordpress.com"
197.43.240.68 - - [10/Sep/2026:18:48:39 -0400] "POST /xmlrpc.php HTTP/1.1" 406 300 "-" "WordPress.com; https://wordpress.com"
197.43.240.68 - - [10/Sep/2026:18:48:50 -0400] "POST /xmlrpc.php HTTP/1.1" 406 300 "-" "Jetpack by WordPress.com"
197.43.240.68 - - [10/Sep/2026:18:49:00 -0400] "POST /xmlrpc.php HTTP/1.1" 406 300 "-" "Jetpack/12.0; WordPress/6.4; http://site72936973.com"
199.250.222.155 - - [10/Sep/2026:18:49:11 -0400] "POST /wp-cron.php?doing_wp_cron=1789080551.8169190883636474609375 HTTP/1.1" 200 - "-" "WordPress/7.1; https://ceibaresidencial.mx"
197.43.240.68 - - [10/Sep/2026:18:49:11 -0400] "POST /xmlrpc.php HTTP/1.1" 200 415 "-" "WordPress.com; https://wordpress.com"
197.43.240.68 - - [10/Sep/2026:18:49:21 -0400] "POST /xmlrpc.php HTTP/1.1" 406 300 "-" "WordPress.com; https://wordpress.com"
197.43.240.68 - - [10/Sep/2026:18:49:32 -0400] "POST /xmlrpc.php HTTP/1.1" 406 300 "-" "WordPress.com; https://wordpress.com"
197.43.240.68 - - [10/Sep/2026:18:49:42 -0400] "POST /xmlrpc.php HTTP/1.1" 406 300 "-" "Jetpack by WordPress.com"
197.43.240.68 - - [10/Sep/2026:18:49:53 -0400] "POST /xmlrpc.php HTTP/1.1" 406 300 "-" "Jetpack/12.5; WordPress/6.4; http://site47424269.com"
197.43.240.68 - - [10/Sep/2026:18:50:03 -0400] "POST /xmlrpc.php HTTP/1.1" 406 300 "-" "Jetpack by WordPress.com (Jetpack 12.1; WordPress 6.1)"
199.250.222.155 - - [10/Sep/2026:18:50:14 -0400] "POST /wp-cron.php?doing_wp_cron=1789080614.6827170848846435546875 HTTP/1.1" 200 - "-" "WordPress/7.1; https://ceibaresidencial.mx"
197.43.240.68 - - [10/Sep/2026:18:50:13 -0400] "POST /xmlrpc.php HTTP/1.1" 200 415 "-" "Jetpack by WordPress.com"
197.43.240.68 - - [10/Sep/2026:18:50:24 -0400] "POST /xmlrpc.php HTTP/1.1" 406 300 "-" "Jetpack by WordPress.com (Jetpack 12.1; WordPress 6.2)"
47.128.27.185 - - [10/Sep/2026:18:50:32 -0400] "GET /inicio/blog/ HTTP/1.1" 404 236 "-" "Mozilla/5.0 (Linux; Android 5.0) AppleWebKit/537.36 (KHTML, like Gecko) Mobile Safari/537.36 (compatible; Bytespider; spider-feedback@bytedance.com)"
197.43.240.68 - - [10/Sep/2026:18:50:34 -0400] "POST /xmlrpc.php HTTP/1.1" 406 300 "-" "WordPress.com; https://wordpress.com"
197.43.240.68 - - [10/Sep/2026:18:50:45 -0400] "POST /xmlrpc.php HTTP/1.1" 406 300 "-" "WordPress.com; https://wordpress.com"
197.43.240.68 - - [10/Sep/2026:18:50:55 -0400] "POST /xmlrpc.php HTTP/1.1" 406 300 "-" "Jetpack by WordPress.com"
197.43.240.68 - - [10/Sep/2026:18:51:06 -0400] "POST /xmlrpc.php HTTP/1.1" 406 300 "-" "WordPress.com; https://wordpress.com"
199.250.222.155 - - [10/Sep/2026:18:51:17 -0400] "POST /wp-cron.php?doing_wp_cron=1789080677.5301620960235595703125 HTTP/1.1" 200 - "-" "WordPress/7.1; https://ceibaresidencial.mx"
197.43.240.68 - - [10/Sep/2026:18:51:16 -0400] "POST /xmlrpc.php HTTP/1.1" 200 415 "-" "Jetpack by WordPress.com (Jetpack 13.0; WordPress 6.3)"
197.43.240.68 - - [10/Sep/2026:18:51:27 -0400] "POST /xmlrpc.php HTTP/1.1" 406 300 "-" "Jetpack by WordPress.com (Jetpack 12.5; WordPress 6.3)"
197.43.240.68 - - [10/Sep/2026:18:51:37 -0400] "POST /xmlrpc.php HTTP/1.1" 406 300 "-" "WordPress.com; https://wordpress.com"
197.43.240.68 - - [10/Sep/2026:18:51:48 -0400] "POST /xmlrpc.php HTTP/1.1" 406 300 "-" "Jetpack by WordPress.com"
197.43.240.68 - - [10/Sep/2026:18:51:58 -0400] "POST /xmlrpc.php HTTP/1.1" 406 300 "-" "WordPress.com; https://wordpress.com"
197.43.240.68 - - [10/Sep/2026:18:52:09 -0400] "POST /xmlrpc.php HTTP/1.1" 406 300 "-" "Jetpack/13.0; WordPress/6.3; http://site91263603.com"
199.250.222.155 - - [10/Sep/2026:18:52:20 -0400] "POST /wp-cron.php?doing_wp_cron=1789080740.4572300910949707031250 HTTP/1.1" 200 - "-" "WordPress/7.1; https://ceibaresidencial.mx"
197.43.240.68 - - [10/Sep/2026:18:52:19 -0400] "POST /xmlrpc.php HTTP/1.1" 200 415 "-" "WordPress.com; https://wordpress.com"
197.43.240.68 - - [10/Sep/2026:18:52:30 -0400] "POST /xmlrpc.php HTTP/1.1" 406 300 "-" "Jetpack/12.1; WordPress/6.2; http://site24651135.com"
197.43.240.68 - - [10/Sep/2026:18:52:40 -0400] "POST /xmlrpc.php HTTP/1.1" 406 300 "-" "Jetpack by WordPress.com (Jetpack 12.0; WordPress 6.1)"
197.43.240.68 - - [10/Sep/2026:18:52:51 -0400] "POST /xmlrpc.php HTTP/1.1" 406 300 "-" "Jetpack by WordPress.com"
197.43.240.68 - - [10/Sep/2026:18:53:01 -0400] "POST /xmlrpc.php HTTP/1.1" 406 300 "-" "Jetpack by WordPress.com"
197.43.240.68 - - [10/Sep/2026:18:53:11 -0400] "POST /xmlrpc.php HTTP/1.1" 406 300 "-" "WordPress.com; https://wordpress.com"
199.250.222.155 - - [10/Sep/2026:18:53:23 -0400] "POST /wp-cron.php?doing_wp_cron=1789080803.1995370388031005859375 HTTP/1.1" 200 - "-" "WordPress/7.1; https://ceibaresidencial.mx"
197.43.240.68 - - [10/Sep/2026:18:53:22 -0400] "POST /xmlrpc.php HTTP/1.1" 200 415 "-" "Jetpack by WordPress.com"
197.43.240.68 - - [10/Sep/2026:18:53:32 -0400] "POST /xmlrpc.php HTTP/1.1" 406 300 "-" "Jetpack by WordPress.com"
197.43.240.68 - - [10/Sep/2026:18:53:43 -0400] "POST /xmlrpc.php HTTP/1.1" 406 300 "-" "Jetpack/12.0; WordPress/6.4; http://site26595682.com"
197.43.240.68 - - [10/Sep/2026:18:53:53 -0400] "POST /xmlrpc.php HTTP/1.1" 406 300 "-" "Jetpack by WordPress.com (Jetpack 12.5; WordPress 6.2)"
197.43.240.68 - - [10/Sep/2026:18:54:04 -0400] "POST /xmlrpc.php HTTP/1.1" 406 300 "-" "Jetpack/12.1; WordPress/6.2; http://site38398869.com"
197.43.240.68 - - [10/Sep/2026:18:54:14 -0400] "POST /xmlrpc.php HTTP/1.1" 406 300 "-" "Jetpack by WordPress.com"
199.250.222.155 - - [10/Sep/2026:18:54:26 -0400] "POST /wp-cron.php?doing_wp_cron=1789080866.0600368976593017578125 HTTP/1.1" 200 - "-" "WordPress/7.1; https://ceibaresidencial.mx"
197.43.240.68 - - [10/Sep/2026:18:54:25 -0400] "POST /xmlrpc.php HTTP/1.1" 200 415 "-" "Jetpack by WordPress.com"
197.43.240.68 - - [10/Sep/2026:18:54:35 -0400] "POST /xmlrpc.php HTTP/1.1" 406 300 "-" "Jetpack by WordPress.com (Jetpack 12.1; WordPress 6.2)"
185.207.250.9 - - [10/Sep/2026:18:54:38 -0400] "GET / HTTP/1.1" 200 354996 "-" "Mozilla/5.0 (X11; Linux x86_64) AppleWebKit/537.36 (KHTML, like Gecko) Chrome/120.0.0.0 Safari/537.36"
185.207.250.9 - - [10/Sep/2026:18:54:41 -0400] "GET /contacto HTTP/1.1" 404 236 "-" "Mozilla/5.0 (X11; Linux x86_64) AppleWebKit/537.36 (KHTML, like Gecko) Chrome/120.0.0.0 Safari/537.36"
185.207.250.9 - - [10/Sep/2026:18:54:42 -0400] "GET /contact HTTP/1.1" 404 236 "-" "Mozilla/5.0 (X11; Linux x86_64) AppleWebKit/537.36 (KHTML, like Gecko) Chrome/120.0.0.0 Safari/537.36"
185.207.250.9 - - [10/Sep/2026:18:54:44 -0400] "GET /contact-us HTTP/1.1" 404 236 "-" "Mozilla/5.0 (X11; Linux x86_64) AppleWebKit/537.36 (KHTML, like Gecko) Chrome/120.0.0.0 Safari/537.36"
197.43.240.68 - - [10/Sep/2026:18:54:46 -0400] "POST /xmlrpc.php HTTP/1.1" 406 300 "-" "WordPress.com; https://wordpress.com"
185.207.250.9 - - [10/Sep/2026:18:54:56 -0400] "GET /kontakt HTTP/1.1" 404 236 "-" "Mozilla/5.0 (X11; Linux x86_64) AppleWebKit/537.36 (KHTML, like Gecko) Chrome/120.0.0.0 Safari/537.36"
197.43.240.68 - - [10/Sep/2026:18:54:56 -0400] "POST /xmlrpc.php HTTP/1.1" 406 300 "-" "WordPress.com; https://wordpress.com"
197.43.240.68 - - [10/Sep/2026:18:55:07 -0400] "POST /xmlrpc.php HTTP/1.1" 406 300 "-" "Jetpack by WordPress.com"
197.43.240.68 - - [10/Sep/2026:18:55:17 -0400] "POST /xmlrpc.php HTTP/1.1" 406 300 "-" "Jetpack by WordPress.com"
199.250.222.155 - - [10/Sep/2026:18:55:28 -0400] "POST /wp-cron.php?doing_wp_cron=1789080928.9083321094512939453125 HTTP/1.1" 200 - "-" "WordPress/7.1; https://ceibaresidencial.mx"
197.43.240.68 - - [10/Sep/2026:18:55:28 -0400] "POST /xmlrpc.php HTTP/1.1" 200 415 "-" "Jetpack by WordPress.com"
197.43.240.68 - - [10/Sep/2026:18:55:38 -0400] "POST /xmlrpc.php HTTP/1.1" 406 300 "-" "Jetpack by WordPress.com (Jetpack 12.0; WordPress 6.1)"
197.43.240.68 - - [10/Sep/2026:18:55:49 -0400] "POST /xmlrpc.php HTTP/1.1" 406 300 "-" "Jetpack by WordPress.com (Jetpack 12.1; WordPress 6.4)"
197.43.240.68 - - [10/Sep/2026:18:55:59 -0400] "POST /xmlrpc.php HTTP/1.1" 406 300 "-" "WordPress.com; https://wordpress.com"
197.43.240.68 - - [10/Sep/2026:18:56:10 -0400] "POST /xmlrpc.php HTTP/1.1" 406 300 "-" "Jetpack/12.1; WordPress/6.4; http://site61734224.com"
197.43.240.68 - - [10/Sep/2026:18:56:20 -0400] "POST /xmlrpc.php HTTP/1.1" 406 300 "-" "Jetpack by WordPress.com (Jetpack 12.1; WordPress 6.4)"
199.250.222.155 - - [10/Sep/2026:18:56:31 -0400] "POST /wp-cron.php?doing_wp_cron=1789080991.7552978992462158203125 HTTP/1.1" 200 - "-" "WordPress/7.1; https://ceibaresidencial.mx"
197.43.240.68 - - [10/Sep/2026:18:56:30 -0400] "POST /xmlrpc.php HTTP/1.1" 200 415 "-" "WordPress.com; https://wordpress.com"
197.43.240.68 - - [10/Sep/2026:18:56:41 -0400] "POST /xmlrpc.php HTTP/1.1" 406 300 "-" "Jetpack by WordPress.com"
197.43.240.68 - - [10/Sep/2026:18:56:51 -0400] "POST /xmlrpc.php HTTP/1.1" 406 300 "-" "Jetpack/13.0; WordPress/6.2; http://site13531620.com"
197.43.240.68 - - [10/Sep/2026:18:57:02 -0400] "POST /xmlrpc.php HTTP/1.1" 406 300 "-" "Jetpack/12.0; WordPress/6.2; http://site52634378.com"
197.43.240.68 - - [10/Sep/2026:18:57:13 -0400] "POST /xmlrpc.php HTTP/1.1" 406 300 "-" "Jetpack by WordPress.com"
197.43.240.68 - - [10/Sep/2026:18:57:23 -0400] "POST /xmlrpc.php HTTP/1.1" 406 300 "-" "WordPress.com; https://wordpress.com"
199.250.222.155 - - [10/Sep/2026:18:57:34 -0400] "POST /wp-cron.php?doing_wp_cron=1789081054.6295430660247802734375 HTTP/1.1" 200 - "-" "WordPress/7.1; https://ceibaresidencial.mx"
197.43.240.68 - - [10/Sep/2026:18:57:33 -0400] "POST /xmlrpc.php HTTP/1.1" 200 415 "-" "Jetpack/12.1; WordPress/6.4; http://site53134250.com"
197.43.240.68 - - [10/Sep/2026:18:57:44 -0400] "POST /xmlrpc.php HTTP/1.1" 406 300 "-" "Jetpack by WordPress.com (Jetpack 12.0; WordPress 6.1)"
197.43.240.68 - - [10/Sep/2026:18:57:54 -0400] "POST /xmlrpc.php HTTP/1.1" 406 300 "-" "WordPress.com; https://wordpress.com"
197.43.240.68 - - [10/Sep/2026:18:58:05 -0400] "POST /xmlrpc.php HTTP/1.1" 406 300 "-" "Jetpack by WordPress.com"
197.43.240.68 - - [10/Sep/2026:18:58:15 -0400] "POST /xmlrpc.php HTTP/1.1" 406 300 "-" "WordPress.com; https://wordpress.com"
197.43.240.68 - - [10/Sep/2026:18:58:26 -0400] "POST /xmlrpc.php HTTP/1.1" 406 300 "-" "Jetpack by WordPress.com (Jetpack 12.1; WordPress 6.2)"
199.250.222.155 - - [10/Sep/2026:18:58:37 -0400] "POST /wp-cron.php?doing_wp_cron=1789081117.4547131061553955078125 HTTP/1.1" 200 - "-" "WordPress/7.1; https://ceibaresidencial.mx"
197.43.240.68 - - [10/Sep/2026:18:58:36 -0400] "POST /xmlrpc.php HTTP/1.1" 200 415 "-" "WordPress.com; https://wordpress.com"
195.178.110.22 - - [10/Sep/2026:19:00:02 -0400] "GET / HTTP/1.1" 401 36 "-" "Mozilla/5.0 (Windows NT 10.0; Win64; x64; rv:121.0) Gecko/20100101 Firefox/121.0"
170.187.147.29 - - [10/Sep/2026:19:08:55 -0400] "GET / HTTP/1.1" 200 354996 "-" "Mozilla/5.0 (Windows NT 10.0; Win64; x64) AppleWebKit/537.36 (KHTML, like Gecko) Chrome/120.0.0.0 Safari/537.36"
129.222.64.163 - - [10/Sep/2026:19:17:44 -0400] "GET /wp-includes/blocks/navigation/style.min.css?ver=7.1 HTTP/1.1" 200 20776 "https://ceibaresidencial.mx/" "Mozilla/5.0 (iPhone; CPU iPhone OS 18_7 like Mac OS X) AppleWebKit/605.1.15 (KHTML, like Gecko) Version/26.6 Mobile/15E148 Safari/604.1"
129.222.64.163 - - [10/Sep/2026:19:17:44 -0400] "GET / HTTP/1.1" 200 354996 "-" "Mozilla/5.0 (iPhone; CPU iPhone OS 18_7 like Mac OS X) AppleWebKit/605.1.15 (KHTML, like Gecko) Version/26.6 Mobile/15E148 Safari/604.1"
216.26.255.214 - - [10/Sep/2026:19:31:34 -0400] "GET /wp-login.php HTTP/1.1" 401 53 "-" "Mozilla/5.0 (Windows NT 10.0; Win64; x64) AppleWebKit/537.36 (KHTML, like Gecko) Chrome/124.0.0.0 Safari/537.36"
173.252.82.4 - - [10/Sep/2026:19:34:18 -0400] "GET /.well-known/ucp HTTP/1.1" 404 236 "-" "facebookexternalhit/1.1 (+http://www.facebook.com/externalhit_uatext.php)"
173.252.82.28 - - [10/Sep/2026:19:34:18 -0400] "GET /meta.json HTTP/1.1" 404 236 "-" "facebookexternalhit/1.1 (+http://www.facebook.com/externalhit_uatext.php)"
199.250.222.155 - - [10/Sep/2026:19:34:20 -0400] "POST /wp-cron.php?doing_wp_cron=1789083260.1017010211944580078125 HTTP/1.1" 200 - "-" "WordPress/7.1; https://ceibaresidencial.mx"
173.252.82.12 - - [10/Sep/2026:19:34:19 -0400] "GET / HTTP/1.1" 200 354096 "-" "facebookexternalhit/1.1 (+http://www.facebook.com/externalhit_uatext.php)"
173.252.82.53 - - [10/Sep/2026:19:34:19 -0400] "GET / HTTP/1.1" 200 354096 "-" "facebookexternalhit/1.1 (+http://www.facebook.com/externalhit_uatext.php)"
185.251.19.32 - - [10/Sep/2026:19:46:42 -0400] "POST /wp-login.php HTTP/1.1" 200 11704 "-" "Mozilla/5.0 (Windows NT 10.0; Win64; rv:143.0) Gecko/20100101 Firefox/143.0"
45.132.227.172 - - [10/Sep/2026:19:46:42 -0400] "POST /wp-login.php HTTP/1.1" 200 11723 "-" "Mozilla/5.0 (Macintosh; Intel Mac OS X 10_15_7) AppleWebKit/605.1.15 Version/17.0 Safari/605.1.15"
199.250.222.155 - - [10/Sep/2026:19:46:43 -0400] "POST /wp-cron.php?doing_wp_cron=1789084003.5424571037292480468750 HTTP/1.1" 200 - "-" "WordPress/7.1; https://ceibaresidencial.mx"
185.251.19.14 - - [10/Sep/2026:19:46:42 -0400] "POST /wp-login.php HTTP/1.1" 200 11695 "-" "Mozilla/5.0 (Macintosh; Intel Mac OS X 10_15_7) AppleWebKit/605.1.15 Version/17.0 Safari/605.1.15"
185.251.19.11 - - [10/Sep/2026:19:46:42 -0400] "POST /wp-login.php HTTP/1.1" 200 11701 "-" "Mozilla/5.0 (Windows NT 10.0; Win64; x64) AppleWebKit/537.36 Chrome/129.0.0.0 Safari/537.36"
43.228.157.173 - - [10/Sep/2026:19:49:32 -0400] "GET /wp-admin/index.php HTTP/1.1" 302 - "http://ceibaresidencial.mx/wp-admin/index.php" "Go-http-client/1.1"
43.228.157.173 - - [10/Sep/2026:19:49:34 -0400] "GET /wp-login.php?redirect_to=https%3A%2F%2Fceibaresidencial.mx%2Fwp-admin%2Findex.php&reauth=1 HTTP/1.1" 200 11394 "https://ceibaresidencial.mx/wp-admin/index.php" "Go-http-client/1.1"
47.128.27.218 - - [10/Sep/2026:19:52:10 -0400] "GET / HTTP/1.1" 200 354996 "-" "Mozilla/5.0 (Linux; Android 5.0) AppleWebKit/537.36 (KHTML, like Gecko) Mobile Safari/537.36 (compatible; Bytespider; spider-feedback@bytedance.com)"
47.128.27.218 - - [10/Sep/2026:19:52:11 -0400] "GET /wp-includes/blocks/navigation/style.min.css?ver=7.1 HTTP/1.1" 200 20776 "https://ceibaresidencial.mx/" "Mozilla/5.0 (Linux; Android 5.0) AppleWebKit/537.36 (KHTML, like Gecko) Mobile Safari/537.36 (compatible; Bytespider; spider-feedback@bytedance.com)"
47.128.27.218 - - [10/Sep/2026:19:52:11 -0400] "GET /wp-includes/blocks/cover/style.min.css?ver=7.1 HTTP/1.1" 200 20316 "https://ceibaresidencial.mx/" "Mozilla/5.0 (Linux; Android 5.0) AppleWebKit/537.36 (KHTML, like Gecko) Mobile Safari/537.36 (compatible; Bytespider; spider-feedback@bytedance.com)"
47.128.27.218 - - [10/Sep/2026:19:52:11 -0400] "GET /wp-content/cache/min/1/wp-content/plugins/animate-it/assets/css/animate-animo.css?ver=1770322237 HTTP/1.1" 200 88906 "https://ceibaresidencial.mx/" "Mozilla/5.0 (Linux; Android 5.0) AppleWebKit/537.36 (KHTML, like Gecko) Mobile Safari/537.36 (compatible; Bytespider; spider-feedback@bytedance.com)"
47.128.27.218 - - [10/Sep/2026:19:52:12 -0400] "GET /wp-content/cache/min/1/wp-content/plugins/greenshift-animation-and-page-builder-blocks/libs/map/leaflet.css?ver=1770322237 HTTP/1.1" 200 11332 "https://ceibaresidencial.mx/" "Mozilla/5.0 (Linux; Android 5.0) AppleWebKit/537.36 (KHTML, like Gecko) Mobile Safari/537.36 (compatible; Bytespider; spider-feedback@bytedance.com)"
47.128.27.218 - - [10/Sep/2026:19:52:12 -0400] "GET /wp-content/cache/min/1/wp-content/plugins/contact-form-7/includes/css/styles.css?ver=1770322237 HTTP/1.1" 200 2413 "https://ceibaresidencial.mx/" "Mozilla/5.0 (Linux; Android 5.0) AppleWebKit/537.36 (KHTML, like Gecko) Mobile Safari/537.36 (compatible; Bytespider; spider-feedback@bytedance.com)"
47.128.27.218 - - [10/Sep/2026:19:52:12 -0400] "GET /wp-content/uploads/2026/01/Brandeo-Ceiba-Residencial-Avance-de-obra-12-Diciembre-2025-Storie_Mesa-de-trabajo-1-copia-5-576x1024.webp HTTP/1.1" 206 500 "https://ceibaresidencial.mx/" "Mozilla/5.0 (Linux; Android 5.0) AppleWebKit/537.36 (KHTML, like Gecko) Mobile Safari/537.36 (compatible; Bytespider; spider-feedback@bytedance.com)"
47.128.27.218 - - [10/Sep/2026:19:52:12 -0400] "GET /wp-content/uploads/2024/04/moda-1.png HTTP/1.1" 206 500 "https://ceibaresidencial.mx/" "Mozilla/5.0 (Linux; Android 5.0) AppleWebKit/537.36 (KHTML, like Gecko) Mobile Safari/537.36 (compatible; Bytespider; spider-feedback@bytedance.com)"
47.128.27.218 - - [10/Sep/2026:19:52:12 -0400] "GET /wp-content/uploads/2024/04/supermercado-1.png HTTP/1.1" 206 500 "https://ceibaresidencial.mx/" "Mozilla/5.0 (Linux; Android 5.0) AppleWebKit/537.36 (KHTML, like Gecko) Mobile Safari/537.36 (compatible; Bytespider; spider-feedback@bytedance.com)"
47.128.27.218 - - [10/Sep/2026:19:52:12 -0400] "GET /wp-content/uploads/2024/04/entretenimiento-1.png HTTP/1.1" 206 500 "https://ceibaresidencial.mx/" "Mozilla/5.0 (Linux; Android 5.0) AppleWebKit/537.36 (KHTML, like Gecko) Mobile Safari/537.36 (compatible; Bytespider; spider-feedback@bytedance.com)"
47.128.27.218 - - [10/Sep/2026:19:52:12 -0400] "GET /wp-content/uploads/2024/04/restaurantes-1.png HTTP/1.1" 206 500 "https://ceibaresidencial.mx/" "Mozilla/5.0 (Linux; Android 5.0) AppleWebKit/537.36 (KHTML, like Gecko) Mobile Safari/537.36 (compatible; Bytespider; spider-feedback@bytedance.com)"
47.128.27.218 - - [10/Sep/2026:19:52:12 -0400] "GET /wp-content/uploads/2024/04/logo-ceiba-1-300x111.png HTTP/1.1" 206 500 "https://ceibaresidencial.mx/" "Mozilla/5.0 (Linux; Android 5.0) AppleWebKit/537.36 (KHTML, like Gecko) Mobile Safari/537.36 (compatible; Bytespider; spider-feedback@bytedance.com)"
47.128.27.218 - - [10/Sep/2026:19:52:12 -0400] "GET /wp-content/uploads/2024/04/10-768x432.png HTTP/1.1" 206 500 "https://ceibaresidencial.mx/" "Mozilla/5.0 (Linux; Android 5.0) AppleWebKit/537.36 (KHTML, like Gecko) Mobile Safari/537.36 (compatible; Bytespider; spider-feedback@bytedance.com)"
47.128.27.218 - - [10/Sep/2026:19:52:12 -0400] "GET /wp-content/uploads/2025/08/EscriturableImage.png HTTP/1.1" 206 500 "https://ceibaresidencial.mx/" "Mozilla/5.0 (Linux; Android 5.0) AppleWebKit/537.36 (KHTML, like Gecko) Mobile Safari/537.36 (compatible; Bytespider; spider-feedback@bytedance.com)"
47.128.27.218 - - [10/Sep/2026:19:52:12 -0400] "GET /wp-content/uploads/2024/04/mobile-2-1.png HTTP/1.1" 206 500 "https://ceibaresidencial.mx/" "Mozilla/5.0 (Linux; Android 5.0) AppleWebKit/537.36 (KHTML, like Gecko) Mobile Safari/537.36 (compatible; Bytespider; spider-feedback@bytedance.com)"
47.128.27.218 - - [10/Sep/2026:19:52:13 -0400] "GET /wp-content/uploads/2026/01/Brandeo-Ceiba-Residencial-Avance-de-obra-12-Diciembre-2025-Storie_Mesa-de-trabajo-1-576x1024.webp HTTP/1.1" 206 500 "https://ceibaresidencial.mx/" "Mozilla/5.0 (Linux; Android 5.0) AppleWebKit/537.36 (KHTML, like Gecko) Mobile Safari/537.36 (compatible; Bytespider; spider-feedback@bytedance.com)"
47.128.27.218 - - [10/Sep/2026:19:52:13 -0400] "GET /wp-content/uploads/2026/01/Brandeo-Ceiba-Residencial-Avance-de-obra-12-Diciembre-2025-Storie_Mesa-de-trabajo-1-copia-12-scaled.webp HTTP/1.1" 206 500 "https://ceibaresidencial.mx/" "Mozilla/5.0 (Linux; Android 5.0) AppleWebKit/537.36 (KHTML, like Gecko) Mobile Safari/537.36 (compatible; Bytespider; spider-feedback@bytedance.com)"
47.128.27.218 - - [10/Sep/2026:19:52:13 -0400] "GET /wp-content/uploads/2026/01/Brandeo-Ceiba-Residencial-Avance-de-obra-12-Diciembre-2025-Storie_Mesa-de-trabajo-1-copia-4-scaled.webp HTTP/1.1" 206 500 "https://ceibaresidencial.mx/" "Mozilla/5.0 (Linux; Android 5.0) AppleWebKit/537.36 (KHTML, like Gecko) Mobile Safari/537.36 (compatible; Bytespider; spider-feedback@bytedance.com)"
47.128.27.218 - - [10/Sep/2026:19:52:13 -0400] "GET /wp-content/uploads/2024/04/lounge-300x300.png HTTP/1.1" 206 500 "https://ceibaresidencial.mx/" "Mozilla/5.0 (Linux; Android 5.0) AppleWebKit/537.36 (KHTML, like Gecko) Mobile Safari/537.36 (compatible; Bytespider; spider-feedback@bytedance.com)"
47.128.27.218 - - [10/Sep/2026:19:52:13 -0400] "GET /wp-content/uploads/2026/01/Brandeo-Ceiba-Residencial-Avance-de-obra-12-Diciembre-2025-Storie_Mesa-de-trabajo-1-copia-11-scaled.webp HTTP/1.1" 206 500 "https://ceibaresidencial.mx/" "Mozilla/5.0 (Linux; Android 5.0) AppleWebKit/537.36 (KHTML, like Gecko) Mobile Safari/537.36 (compatible; Bytespider; spider-feedback@bytedance.com)"
47.128.27.218 - - [10/Sep/2026:19:52:13 -0400] "GET /wp-content/uploads/2026/01/Brandeo-Ceiba-Residencial-Avance-de-obra-12-Diciembre-2025-Storie_Mesa-de-trabajo-1-copia-scaled.webp HTTP/1.1" 206 500 "https://ceibaresidencial.mx/" "Mozilla/5.0 (Linux; Android 5.0) AppleWebKit/537.36 (KHTML, like Gecko) Mobile Safari/537.36 (compatible; Bytespider; spider-feedback@bytedance.com)"
47.128.27.218 - - [10/Sep/2026:19:52:13 -0400] "GET /wp-content/uploads/2024/04/gimnasio.png HTTP/1.1" 206 500 "https://ceibaresidencial.mx/" "Mozilla/5.0 (Linux; Android 5.0) AppleWebKit/537.36 (KHTML, like Gecko) Mobile Safari/537.36 (compatible; Bytespider; spider-feedback@bytedance.com)"
47.128.27.218 - - [10/Sep/2026:19:52:13 -0400] "GET /wp-content/uploads/2024/04/asadores.png HTTP/1.1" 206 500 "https://ceibaresidencial.mx/" "Mozilla/5.0 (Linux; Android 5.0) AppleWebKit/537.36 (KHTML, like Gecko) Mobile Safari/537.36 (compatible; Bytespider; spider-feedback@bytedance.com)"
47.128.27.218 - - [10/Sep/2026:19:52:13 -0400] "GET /wp-content/uploads/2024/04/ludoteca.png HTTP/1.1" 206 500 "https://ceibaresidencial.mx/" "Mozilla/5.0 (Linux; Android 5.0) AppleWebKit/537.36 (KHTML, like Gecko) Mobile Safari/537.36 (compatible; Bytespider; spider-feedback@bytedance.com)"
47.128.27.218 - - [10/Sep/2026:19:52:13 -0400] "GET /wp-content/uploads/2024/04/alberca.png HTTP/1.1" 206 500 "https://ceibaresidencial.mx/" "Mozilla/5.0 (Linux; Android 5.0) AppleWebKit/537.36 (KHTML, like Gecko) Mobile Safari/537.36 (compatible; Bytespider; spider-feedback@bytedance.com)"
47.128.27.218 - - [10/Sep/2026:19:52:13 -0400] "GET /wp-content/uploads/2024/04/fitness-center.png HTTP/1.1" 206 500 "https://ceibaresidencial.mx/" "Mozilla/5.0 (Linux; Android 5.0) AppleWebKit/537.36 (KHTML, like Gecko) Mobile Safari/537.36 (compatible; Bytespider; spider-feedback@bytedance.com)"
47.128.27.218 - - [10/Sep/2026:19:52:13 -0400] "GET /wp-content/uploads/2024/04/juegos-infantiles.png HTTP/1.1" 206 500 "https://ceibaresidencial.mx/" "Mozilla/5.0 (Linux; Android 5.0) AppleWebKit/537.36 (KHTML, like Gecko) Mobile Safari/537.36 (compatible; Bytespider; spider-feedback@bytedance.com)"
47.128.27.218 - - [10/Sep/2026:19:52:13 -0400] "GET /wp-content/uploads/2024/04/meditacion.png HTTP/1.1" 206 500 "https://ceibaresidencial.mx/" "Mozilla/5.0 (Linux; Android 5.0) AppleWebKit/537.36 (KHTML, like Gecko) Mobile Safari/537.36 (compatible; Bytespider; spider-feedback@bytedance.com)"
47.128.27.218 - - [10/Sep/2026:19:52:13 -0400] "GET /wp-content/uploads/2024/04/asoleadero.png HTTP/1.1" 206 500 "https://ceibaresidencial.mx/" "Mozilla/5.0 (Linux; Android 5.0) AppleWebKit/537.36 (KHTML, like Gecko) Mobile Safari/537.36 (compatible; Bytespider; spider-feedback@bytedance.com)"
47.128.27.218 - - [10/Sep/2026:19:52:13 -0400] "GET /wp-content/uploads/2024/04/terraza.png HTTP/1.1" 206 500 "https://ceibaresidencial.mx/" "Mozilla/5.0 (Linux; Android 5.0) AppleWebKit/537.36 (KHTML, like Gecko) Mobile Safari/537.36 (compatible; Bytespider; spider-feedback@bytedance.com)"
47.128.27.218 - - [10/Sep/2026:19:52:13 -0400] "GET /wp-content/uploads/2024/04/vid-thumb1l.jpg HTTP/1.1" 206 500 "https://ceibaresidencial.mx/" "Mozilla/5.0 (Linux; Android 5.0) AppleWebKit/537.36 (KHTML, like Gecko) Mobile Safari/537.36 (compatible; Bytespider; spider-feedback@bytedance.com)"
47.128.27.218 - - [10/Sep/2026:19:52:13 -0400] "GET /wp-content/uploads/2024/04/salon-de-eventos.png HTTP/1.1" 206 500 "https://ceibaresidencial.mx/" "Mozilla/5.0 (Linux; Android 5.0) AppleWebKit/537.36 (KHTML, like Gecko) Mobile Safari/537.36 (compatible; Bytespider; spider-feedback@bytedance.com)"
47.128.27.218 - - [10/Sep/2026:19:52:13 -0400] "GET /wp-content/uploads/2024/04/joggin-trail.png HTTP/1.1" 206 500 "https://ceibaresidencial.mx/" "Mozilla/5.0 (Linux; Android 5.0) AppleWebKit/537.36 (KHTML, like Gecko) Mobile Safari/537.36 (compatible; Bytespider; spider-feedback@bytedance.com)"
47.128.27.218 - - [10/Sep/2026:19:52:14 -0400] "GET /wp-content/uploads/2024/04/05-768x432.png HTTP/1.1" 206 500 "https://ceibaresidencial.mx/" "Mozilla/5.0 (Linux; Android 5.0) AppleWebKit/537.36 (KHTML, like Gecko) Mobile Safari/537.36 (compatible; Bytespider; spider-feedback@bytedance.com)"
47.128.27.218 - - [10/Sep/2026:19:52:14 -0400] "GET /wp-content/uploads/2026/01/Brandeo-Ceiba-Residencial-Avance-de-obra-12-Diciembre-2025-Storie_Mesa-de-trabajo-1-copia-169x300.webp HTTP/1.1" 206 500 "https://ceibaresidencial.mx/" "Mozilla/5.0 (Linux; Android 5.0) AppleWebKit/537.36 (KHTML, like Gecko) Mobile Safari/537.36 (compatible; Bytespider; spider-feedback@bytedance.com)"
47.128.27.218 - - [10/Sep/2026:19:52:14 -0400] "GET /wp-content/uploads/2024/04/vid-thumb1l.jpg HTTP/1.1" 304 - "https://ceibaresidencial.mx/" "Mozilla/5.0 (Linux; Android 5.0) AppleWebKit/537.36 (KHTML, like Gecko) Mobile Safari/537.36 (compatible; Bytespider; spider-feedback@bytedance.com)"
47.128.27.218 - - [10/Sep/2026:19:52:14 -0400] "GET /wp-content/uploads/2024/04/vid-thumb1l.jpg HTTP/1.1" 206 126646 "https://ceibaresidencial.mx/" "Mozilla/5.0 (Linux; Android 5.0) AppleWebKit/537.36 (KHTML, like Gecko) Mobile Safari/537.36 (compatible; Bytespider; spider-feedback@bytedance.com)"
88.216.34.9 - - [10/Sep/2026:19:53:18 -0400] "POST /wp-json/batch/v1 HTTP/1.1" 404 236 "-" "Mozilla/5.0 (Linux; Android 11) AppleWebKit/537.36 (KHTML, like Gecko) Chrome/109.0.0.0 Mobile Safari/537.36"
199.250.222.155 - - [10/Sep/2026:19:53:20 -0400] "POST /wp-cron.php?doing_wp_cron=1789084400.9023048877716064453125 HTTP/1.1" 200 - "-" "WordPress/7.1; https://ceibaresidencial.mx"
88.216.34.9 - - [10/Sep/2026:19:53:20 -0400] "POST /?rest_route=/batch/v1 HTTP/1.1" 207 16 "-" "Mozilla/5.0 (Linux; Android 11) AppleWebKit/537.36 (KHTML, like Gecko) Chrome/109.0.0.0 Mobile Safari/537.36"
88.216.34.9 - - [10/Sep/2026:19:53:22 -0400] "POST /?rest_route=/batch/v1 HTTP/1.1" 207 665 "-" "Mozilla/5.0 (Linux; Android 11) AppleWebKit/537.36 (KHTML, like Gecko) Chrome/109.0.0.0 Mobile Safari/537.36"
88.216.34.9 - - [10/Sep/2026:19:53:25 -0400] "POST /?rest_route=/batch/v1 HTTP/1.1" 207 501 "-" "Mozilla/5.0 (Linux; Android 11) AppleWebKit/537.36 (KHTML, like Gecko) Chrome/109.0.0.0 Mobile Safari/537.36"
45.132.227.170 - - [10/Sep/2026:19:55:33 -0400] "POST /wp-login.php HTTP/1.1" 200 11701 "-" "Mozilla/5.0 (Windows NT 10.0; Win64; rv:143.0) Gecko/20100101 Firefox/143.0"
199.250.222.155 - - [10/Sep/2026:19:55:34 -0400] "POST /wp-cron.php?doing_wp_cron=1789084534.5753769874572753906250 HTTP/1.1" 200 - "-" "WordPress/7.1; https://ceibaresidencial.mx"
136.144.42.150 - - [10/Sep/2026:19:55:33 -0400] "POST /wp-login.php HTTP/1.1" 200 11695 "-" "Mozilla/5.0 (Windows NT 10.0; Win64; rv:143.0) Gecko/20100101 Firefox/143.0"
45.132.227.170 - - [10/Sep/2026:19:55:33 -0400] "POST /wp-login.php HTTP/1.1" 200 11723 "-" "Mozilla/5.0 (Windows NT 10.0; Win64; rv:143.0) Gecko/20100101 Firefox/143.0"
185.251.19.28 - - [10/Sep/2026:19:55:33 -0400] "POST /wp-login.php HTTP/1.1" 200 11704 "-" "Mozilla/5.0 (Windows NT 10.0; Win64; x64) AppleWebKit/537.36 Chrome/129.0.0.0 Safari/537.36"
45.132.227.159 - - [10/Sep/2026:20:04:33 -0400] "POST /wp-login.php HTTP/1.1" 200 11701 "-" "Mozilla/5.0 (Windows NT 10.0; Win64; rv:143.0) Gecko/20100101 Firefox/143.0"
185.251.19.13 - - [10/Sep/2026:20:04:33 -0400] "POST /wp-login.php HTTP/1.1" 200 11695 "-" "Mozilla/5.0 (Macintosh; Intel Mac OS X 10_15_7) AppleWebKit/605.1.15 Version/17.0 Safari/605.1.15"
199.250.222.155 - - [10/Sep/2026:20:04:33 -0400] "POST /wp-cron.php?doing_wp_cron=1789085073.7957038879394531250000 HTTP/1.1" 200 - "-" "WordPress/7.1; https://ceibaresidencial.mx"
185.251.19.21 - - [10/Sep/2026:20:04:33 -0400] "POST /wp-login.php HTTP/1.1" 200 11704 "-" "Mozilla/5.0 (Windows NT 10.0; Win64; x64) AppleWebKit/537.36 Chrome/129.0.0.0 Safari/537.36"
185.251.19.23 - - [10/Sep/2026:20:04:33 -0400] "POST /wp-login.php HTTP/1.1" 200 11723 "-" "Mozilla/5.0 (Macintosh; Intel Mac OS X 10_15_7) AppleWebKit/605.1.15 Version/17.0 Safari/605.1.15"
82.156.116.86 - - [10/Sep/2026:20:05:34 -0400] "GET / HTTP/1.1" 200 354996 "http://www.ceibaresidencial.mx" "Mozilla/5.0 (iPhone; CPU iPhone OS 13_2_3 like Mac OS X) AppleWebKit/605.1.15 (KHTML, like Gecko) Version/13.0.3 Mobile/15E148 Safari/604.1"
158.173.67.117 - - [10/Sep/2026:20:07:12 -0400] "GET / HTTP/1.1" 200 354996 "http://ceibaresidencial.mx/" "Mozilla/5.0 (iPhone; CPU iPhone OS 17_5 like Mac OS X) AppleWebKit/605.1.15 (KHTML, like Gecko) Version/17.5 Mobile/15E148 Safari/604.1"
9.129.50.20 - - [10/Sep/2026:20:09:33 -0400] "GET / HTTP/1.1" 200 354996 "-" "Mozilla/5.0 AppleWebKit/537.36 (KHTML, like Gecko); compatible; ChatGPT-User/1.0; +https://openai.com/bot"
199.250.222.155 - - [10/Sep/2026:20:13:31 -0400] "POST /wp-cron.php?doing_wp_cron=1789085611.9515678882598876953125 HTTP/1.1" 200 - "-" "WordPress/7.1; https://ceibaresidencial.mx"
136.144.42.157 - - [10/Sep/2026:20:13:31 -0400] "POST /wp-login.php HTTP/1.1" 200 11701 "-" "Mozilla/5.0 (Macintosh; Intel Mac OS X 10_15_7) AppleWebKit/605.1.15 Version/17.0 Safari/605.1.15"
45.132.227.159 - - [10/Sep/2026:20:13:31 -0400] "POST /wp-login.php HTTP/1.1" 200 11695 "-" "Mozilla/5.0 (Windows NT 10.0; Win64; rv:143.0) Gecko/20100101 Firefox/143.0"
45.132.227.162 - - [10/Sep/2026:20:13:31 -0400] "POST /wp-login.php HTTP/1.1" 200 11704 "-" "Mozilla/5.0 (Windows NT 10.0; Win64; rv:143.0) Gecko/20100101 Firefox/143.0"
45.132.227.170 - - [10/Sep/2026:20:13:31 -0400] "POST /wp-login.php HTTP/1.1" 200 11723 "-" "Mozilla/5.0 (Windows NT 10.0; Win64; rv:143.0) Gecko/20100101 Firefox/143.0"
86.38.98.29 - - [10/Sep/2026:20:15:40 -0400] "POST /wp-json/batch/v1 HTTP/1.1" 404 236 "-" "Mozilla/5.0 (compatible)"
199.250.222.155 - - [10/Sep/2026:20:15:42 -0400] "POST /wp-cron.php?doing_wp_cron=1789085742.1878800392150878906250 HTTP/1.1" 200 - "-" "WordPress/7.1; https://ceibaresidencial.mx"
86.38.98.29 - - [10/Sep/2026:20:15:41 -0400] "POST /?rest_route=/batch/v1 HTTP/1.1" 207 16 "-" "Mozilla/5.0 (compatible)"
86.38.98.29 - - [10/Sep/2026:20:15:43 -0400] "POST /?rest_route=/batch/v1 HTTP/1.1" 207 501 "-" "Mozilla/5.0 (compatible)"
185.209.198.212 - - [10/Sep/2026:20:17:27 -0400] "GET /seo-config.php HTTP/1.1" 404 16 "-" "python-httpx/0.28.1"
74.7.241.181 - - [10/Sep/2026:20:19:53 -0400] "GET /robots.txt HTTP/1.1" 404 236 "-" "Mozilla/5.0 (Macintosh; Intel Mac OS X 10_15_7) AppleWebKit/537.36 (KHTML, like Gecko) Chrome/131.0.0.0 Safari/537.36; compatible; OAI-SearchBot/1.4; robots.txt; +https://openai.com/searchbot"
74.7.242.17 - - [10/Sep/2026:20:19:53 -0400] "GET / HTTP/1.1" 200 354996 "-" "Mozilla/5.0 AppleWebKit/537.36 (KHTML, like Gecko; compatible; GPTBot/1.4; +https://openai.com/gptbot)"
74.7.242.17 - - [10/Sep/2026:20:19:57 -0400] "GET /wp-content/cache/min/1/wp-content/plugins/contact-form-7/includes/css/styles.css?ver=1770322237 HTTP/1.1" 200 2413 "https://ceibaresidencial.mx/" "Mozilla/5.0 AppleWebKit/537.36 (KHTML, like Gecko; compatible; GPTBot/1.4; +https://openai.com/gptbot)"
74.7.242.17 - - [10/Sep/2026:20:19:59 -0400] "GET /wp-content/cache/min/1/wp-content/plugins/contact-form-7/includes/swv/js/index.js?ver=1770322239 HTTP/1.1" 200 12511 "https://ceibaresidencial.mx/" "Mozilla/5.0 AppleWebKit/537.36 (KHTML, like Gecko; compatible; GPTBot/1.4; +https://openai.com/gptbot)"
74.7.242.17 - - [10/Sep/2026:20:20:01 -0400] "GET /wp-content/cache/min/1/wp-content/plugins/animate-it/assets/css/animate-animo.css?ver=1770322237 HTTP/1.1" 200 88906 "https://ceibaresidencial.mx/" "Mozilla/5.0 AppleWebKit/537.36 (KHTML, like Gecko; compatible; GPTBot/1.4; +https://openai.com/gptbot)"
74.7.242.17 - - [10/Sep/2026:20:20:02 -0400] "GET /wp-includes/js/dist/vendor/wp-polyfill.min.js?ver=3.15.0 HTTP/1.1" 200 29874 "https://ceibaresidencial.mx/" "Mozilla/5.0 AppleWebKit/537.36 (KHTML, like Gecko; compatible; GPTBot/1.4; +https://openai.com/gptbot)"
74.7.242.17 - - [10/Sep/2026:20:20:04 -0400] "GET /wp-content/cache/min/1/wp-content/plugins/greenshift-animation-and-page-builder-blocks/libs/aos/aoslightclip.js?ver=1770322567 HTTP/1.1" 200 1332 "https://ceibaresidencial.mx/" "Mozilla/5.0 AppleWebKit/537.36 (KHTML, like Gecko; compatible; GPTBot/1.4; +https://openai.com/gptbot)"
74.7.242.17 - - [10/Sep/2026:20:20:05 -0400] "GET /wp-includes/js/dist/i18n.min.js?ver=1dfe7db3940c23ea9216 HTTP/1.1" 200 5791 "https://ceibaresidencial.mx/" "Mozilla/5.0 AppleWebKit/537.36 (KHTML, like Gecko; compatible; GPTBot/1.4; +https://openai.com/gptbot)"
74.7.242.17 - - [10/Sep/2026:20:20:05 -0400] "GET /wp-content/plugins/animate-it/assets/js/animo.min.js?ver=1.0.3 HTTP/1.1" 200 5082 "https://ceibaresidencial.mx/" "Mozilla/5.0 AppleWebKit/537.36 (KHTML, like Gecko; compatible; GPTBot/1.4; +https://openai.com/gptbot)"
74.7.242.17 - - [10/Sep/2026:20:20:06 -0400] "GET /wp-content/plugins/animate-it/assets/js/jquery.ba-throttle-debounce.min.js?ver=1.1 HTTP/1.1" 200 731 "https://ceibaresidencial.mx/" "Mozilla/5.0 AppleWebKit/537.36 (KHTML, like Gecko; compatible; GPTBot/1.4; +https://openai.com/gptbot)"
74.7.242.17 - - [10/Sep/2026:20:20:06 -0400] "GET /wp-content/cache/min/1/wp-content/plugins/greenshift-animation-and-page-builder-blocks/libs/map/leaflet.js?ver=1770322567 HTTP/1.1" 200 146678 "https://ceibaresidencial.mx/" "Mozilla/5.0 AppleWebKit/537.36 (KHTML, like Gecko; compatible; GPTBot/1.4; +https://openai.com/gptbot)"
74.7.242.17 - - [10/Sep/2026:20:20:07 -0400] "GET /wp-includes/blocks/cover/style.min.css?ver=7.1 HTTP/1.1" 200 20316 "https://ceibaresidencial.mx/" "Mozilla/5.0 AppleWebKit/537.36 (KHTML, like Gecko; compatible; GPTBot/1.4; +https://openai.com/gptbot)"
157.230.235.200 - - [10/Sep/2026:20:22:07 -0400] "GET /wp-content/uploads/2024/05/tb-roof-c.png HTTP/1.1" 200 1249872 "https://ceibaresidencial.mx/" "Mozilla/5.0 (Windows NT 10.0; Win64; x64) AppleWebKit/537.36 (KHTML, like Gecko) Chrome/110.0.0.0 Safari/537.36"
185.251.19.19 - - [10/Sep/2026:20:22:30 -0400] "POST /wp-login.php HTTP/1.1" 200 11701 "-" "Mozilla/5.0 (Macintosh; Intel Mac OS X 10_15_7) AppleWebKit/605.1.15 Version/17.0 Safari/605.1.15"
45.132.227.174 - - [10/Sep/2026:20:22:30 -0400] "POST /wp-login.php HTTP/1.1" 200 11704 "-" "Mozilla/5.0 (Windows NT 10.0; Win64; x64) AppleWebKit/537.36 Chrome/129.0.0.0 Safari/537.36"
199.250.222.155 - - [10/Sep/2026:20:22:31 -0400] "POST /wp-cron.php?doing_wp_cron=1789086151.5320580005645751953125 HTTP/1.1" 200 - "-" "WordPress/7.1; https://ceibaresidencial.mx"
185.251.19.14 - - [10/Sep/2026:20:22:30 -0400] "POST /wp-login.php HTTP/1.1" 200 11695 "-" "Mozilla/5.0 (Macintosh; Intel Mac OS X 10_15_7) AppleWebKit/605.1.15 Version/17.0 Safari/605.1.15"
136.144.42.150 - - [10/Sep/2026:20:22:30 -0400] "POST /wp-login.php HTTP/1.1" 200 11723 "-" "Mozilla/5.0 (Windows NT 10.0; Win64; x64) AppleWebKit/537.36 Chrome/129.0.0.0 Safari/537.36"
185.251.19.27 - - [10/Sep/2026:20:31:36 -0400] "POST /wp-login.php HTTP/1.1" 200 11723 "-" "Mozilla/5.0 (Windows NT 10.0; Win64; x64) AppleWebKit/537.36 Chrome/129.0.0.0 Safari/537.36"
185.251.19.22 - - [10/Sep/2026:20:31:36 -0400] "POST /wp-login.php HTTP/1.1" 200 11695 "-" "Mozilla/5.0 (Windows NT 10.0; Win64; x64) AppleWebKit/537.36 Chrome/129.0.0.0 Safari/537.36"
199.250.222.155 - - [10/Sep/2026:20:31:37 -0400] "POST /wp-cron.php?doing_wp_cron=1789086697.8374431133270263671875 HTTP/1.1" 200 - "-" "WordPress/7.1; https://ceibaresidencial.mx"
185.251.19.33 - - [10/Sep/2026:20:31:36 -0400] "POST /wp-login.php HTTP/1.1" 200 11704 "-" "Mozilla/5.0 (Windows NT 10.0; Win64; x64) AppleWebKit/537.36 Chrome/129.0.0.0 Safari/537.36"
136.144.42.152 - - [10/Sep/2026:20:31:36 -0400] "POST /wp-login.php HTTP/1.1" 200 11701 "-" "Mozilla/5.0 (Windows NT 10.0; Win64; rv:143.0) Gecko/20100101 Firefox/143.0"
57.141.0.30 - - [10/Sep/2026:20:40:50 -0400] "GET /hola-mundo/ HTTP/1.1" 200 257624 "-" "Mozilla/5.0 (X11; Linux x86_64) AppleWebKit/537.36 (KHTML, like Gecko) Chrome/145.0.0.0 Safari/537.36 (compatible; meta-externalagent/1.1 (+https://developers.facebook.com/docs/sharing/webmasters/crawler))"
185.251.19.18 - - [10/Sep/2026:20:40:50 -0400] "POST /wp-login.php HTTP/1.1" 200 11701 "-" "Mozilla/5.0 (Macintosh; Intel Mac OS X 10_15_7) AppleWebKit/605.1.15 Version/17.0 Safari/605.1.15"
199.250.222.155 - - [10/Sep/2026:20:40:51 -0400] "POST /wp-cron.php?doing_wp_cron=1789087251.5945439338684082031250 HTTP/1.1" 200 - "-" "WordPress/7.1; https://ceibaresidencial.mx"
185.251.19.29 - - [10/Sep/2026:20:40:50 -0400] "POST /wp-login.php HTTP/1.1" 200 11704 "-" "Mozilla/5.0 (Macintosh; Intel Mac OS X 10_15_7) AppleWebKit/605.1.15 Version/17.0 Safari/605.1.15"
136.144.42.156 - - [10/Sep/2026:20:40:50 -0400] "POST /wp-login.php HTTP/1.1" 200 11723 "-" "Mozilla/5.0 (Windows NT 10.0; Win64; x64) AppleWebKit/537.36 Chrome/129.0.0.0 Safari/537.36"
136.144.42.156 - - [10/Sep/2026:20:40:50 -0400] "POST /wp-login.php HTTP/1.1" 200 11695 "-" "Mozilla/5.0 (Windows NT 10.0; Win64; rv:143.0) Gecko/20100101 Firefox/143.0"
199.250.222.155 - - [10/Sep/2026:20:47:06 -0400] "POST /wp-cron.php?doing_wp_cron=1789087625.8810811042785644531250 HTTP/1.1" 200 - "-" "WordPress/7.1; https://ceibaresidencial.mx"
172.245.12.4 - - [10/Sep/2026:20:47:05 -0400] "GET / HTTP/1.1" 301 - "-" "Mozilla/5.0 (X11; Linux x86_64) AppleWebKit/537.36 (KHTML, like Gecko) Chrome/131.0.0.0 Safari/537.36"
172.245.12.4 - - [10/Sep/2026:20:47:08 -0400] "GET / HTTP/1.1" 200 354996 "-" "Mozilla/5.0 (X11; Linux x86_64) AppleWebKit/537.36 (KHTML, like Gecko) Chrome/131.0.0.0 Safari/537.36"
172.245.12.4 - - [10/Sep/2026:20:47:11 -0400] "GET /robots.txt HTTP/1.1" 404 236 "-" "Mozilla/5.0 (X11; Linux x86_64) AppleWebKit/537.36 (KHTML, like Gecko) Chrome/131.0.0.0 Safari/537.36"
185.251.19.33 - - [10/Sep/2026:20:50:12 -0400] "POST /wp-login.php HTTP/1.1" 200 11723 "-" "Mozilla/5.0 (Windows NT 10.0; Win64; x64) AppleWebKit/537.36 Chrome/129.0.0.0 Safari/537.36"
45.132.227.160 - - [10/Sep/2026:20:50:12 -0400] "POST /wp-login.php HTTP/1.1" 200 11704 "-" "Mozilla/5.0 (Macintosh; Intel Mac OS X 10_15_7) AppleWebKit/605.1.15 Version/17.0 Safari/605.1.15"
