199.250.222.155 - - [10/Sep/2026:20:50:13 -0400] "POST /wp-cron.php?doing_wp_cron=1789087813.5078170299530029296875 HTTP/1.1" 200 - "-" "WordPress/7.1; https://ceibaresidencial.mx"
45.132.227.163 - - [10/Sep/2026:20:50:12 -0400] "POST /wp-login.php HTTP/1.1" 200 11701 "-" "Mozilla/5.0 (Windows NT 10.0; Win64; x64) AppleWebKit/537.36 Chrome/129.0.0.0 Safari/537.36"
185.251.19.23 - - [10/Sep/2026:20:50:12 -0400] "POST /wp-login.php HTTP/1.1" 200 11695 "-" "Mozilla/5.0 (Windows NT 10.0; Win64; x64) AppleWebKit/537.36 Chrome/129.0.0.0 Safari/537.36"
52.167.144.218 - - [10/Sep/2026:20:54:18 -0400] "GET /services/luxury-appliances/ HTTP/1.1" 404 236 "-" "Mozilla/5.0 AppleWebKit/537.36 (KHTML, like Gecko; compatible; bingbot/2.0; +http://www.bing.com/bingbot.htm) Chrome/116.0.1938.76 Safari/537.36"
45.132.227.165 - - [10/Sep/2026:20:59:34 -0400] "POST /wp-login.php HTTP/1.1" 200 11723 "-" "Mozilla/5.0 (Macintosh; Intel Mac OS X 10_15_7) AppleWebKit/605.1.15 Version/17.0 Safari/605.1.15"
199.250.222.155 - - [10/Sep/2026:20:59:35 -0400] "POST /wp-cron.php?doing_wp_cron=1789088375.0072720050811767578125 HTTP/1.1" 200 - "-" "WordPress/7.1; https://ceibaresidencial.mx"
185.251.19.28 - - [10/Sep/2026:20:59:34 -0400] "POST /wp-login.php HTTP/1.1" 200 11695 "-" "Mozilla/5.0 (Macintosh; Intel Mac OS X 10_15_7) AppleWebKit/605.1.15 Version/17.0 Safari/605.1.15"
185.251.19.23 - - [10/Sep/2026:20:59:34 -0400] "POST /wp-login.php HTTP/1.1" 200 11704 "-" "Mozilla/5.0 (Windows NT 10.0; Win64; x64) AppleWebKit/537.36 Chrome/129.0.0.0 Safari/537.36"
74.7.242.17 - - [10/Sep/2026:21:00:56 -0400] "GET /wp-sitemap.xml HTTP/1.1" 404 236 "-" "Mozilla/5.0 AppleWebKit/537.36 (KHTML, like Gecko; compatible; GPTBot/1.4; +https://openai.com/gptbot)"
199.250.222.155 - - [10/Sep/2026:21:01:33 -0400] "POST /wp-cron.php?doing_wp_cron=1789088493.8324830532073974609375 HTTP/1.1" 200 - "-" "WordPress/7.1; https://ceibaresidencial.mx"
69.165.68.216 - - [10/Sep/2026:21:01:33 -0400] "GET /index.php?rest_route=/wp/v2/posts&per_page=100&_fields=id%2Ccomment_status&page=1 HTTP/1.1" 200 34 "https://ceibaresidencial.mx.ventaspeninsula.mx" "Mozilla/5.0 (iPhone; CPU iPhone OS 18_4_0 like Mac OS X) AppleWebKit/605.1.15 (KHTML, like Gecko) CriOS/135.0.7049.53 Mobile/15E148 Safari/604.1"
69.165.68.216 - - [10/Sep/2026:21:01:34 -0400] "POST /wp-comments-post.php HTTP/1.1" 403 2653 "https://ceibaresidencial.mx.ventaspeninsula.mx" "Mozilla/5.0 (iPhone; CPU iPhone OS 18_4_0 like Mac OS X) AppleWebKit/605.1.15 (KHTML, like Gecko) CriOS/135.0.7049.53 Mobile/15E148 Safari/604.1"
87.106.32.6 - - [10/Sep/2026:21:08:19 -0400] "POST /wp-includes/sitemaps/yovltzh/hodgjei/hb1qenk/index.php HTTP/1.1" 200 - "www.google.com" "Mozlila/5.0 (Linux; Android 7.0; SM-G892A Bulid/NRD90M; wv) AppleWebKit/537.36 (KHTML, like Gecko) Version/4.0 Chrome/60.0.3112.107 Moblie Safari/537.36"
87.106.32.6 - - [10/Sep/2026:21:08:20 -0400] "GET /wp-includes/sitemaps/yovltzh/hodgjei/hb1qenk/admin.php HTTP/1.1" 200 68 "www.google.com" "Mozlila/5.0 (Linux; Android 7.0; SM-G892A Bulid/NRD90M; wv) AppleWebKit/537.36 (KHTML, like Gecko) Version/4.0 Chrome/60.0.3112.107 Moblie Safari/537.36"
185.251.19.21 - - [10/Sep/2026:21:09:01 -0400] "POST /wp-login.php HTTP/1.1" 200 11723 "-" "Mozilla/5.0 (Windows NT 10.0; Win64; x64) AppleWebKit/537.36 Chrome/129.0.0.0 Safari/537.36"
199.250.222.155 - - [10/Sep/2026:21:09:03 -0400] "POST /wp-cron.php?doing_wp_cron=1789088943.8174269199371337890625 HTTP/1.1" 200 - "-" "WordPress/7.1; https://ceibaresidencial.mx"
45.132.227.169 - - [10/Sep/2026:21:09:01 -0400] "POST /wp-login.php HTTP/1.1" 200 11704 "-" "Mozilla/5.0 (Macintosh; Intel Mac OS X 10_15_7) AppleWebKit/605.1.15 Version/17.0 Safari/605.1.15"
45.132.227.168 - - [10/Sep/2026:21:09:01 -0400] "POST /wp-login.php HTTP/1.1" 200 11695 "-" "Mozilla/5.0 (Windows NT 10.0; Win64; x64) AppleWebKit/537.36 Chrome/129.0.0.0 Safari/537.36"
185.251.19.21 - - [10/Sep/2026:21:09:01 -0400] "POST /wp-login.php HTTP/1.1" 200 11701 "-" "Mozilla/5.0 (Windows NT 10.0; Win64; x64) AppleWebKit/537.36 Chrome/129.0.0.0 Safari/537.36"
173.252.82.5 - - [10/Sep/2026:21:13:12 -0400] "GET /meta.json HTTP/1.1" 404 236 "-" "facebookexternalhit/1.1 (+http://www.facebook.com/externalhit_uatext.php)"
173.252.82.27 - - [10/Sep/2026:21:13:12 -0400] "GET /.well-known/ucp HTTP/1.1" 404 236 "-" "facebookexternalhit/1.1 (+http://www.facebook.com/externalhit_uatext.php)"
199.250.222.155 - - [10/Sep/2026:21:13:14 -0400] "POST /wp-cron.php?doing_wp_cron=1789089194.4918279647827148437500 HTTP/1.1" 200 - "-" "WordPress/7.1; https://ceibaresidencial.mx"
199.250.222.155 - - [10/Sep/2026:21:13:14 -0400] "POST /wp-cron.php?doing_wp_cron=1789089194.4932100772857666015625 HTTP/1.1" 200 - "-" "WordPress/7.1; https://ceibaresidencial.mx"
173.252.82.83 - - [10/Sep/2026:21:13:13 -0400] "GET / HTTP/1.1" 200 354096 "-" "facebookexternalhit/1.1 (+http://www.facebook.com/externalhit_uatext.php)"
173.252.82.44 - - [10/Sep/2026:21:13:13 -0400] "GET / HTTP/1.1" 200 354096 "-" "facebookexternalhit/1.1 (+http://www.facebook.com/externalhit_uatext.php)"
136.144.42.159 - - [10/Sep/2026:21:18:19 -0400] "POST /wp-login.php HTTP/1.1" 200 11723 "-" "Mozilla/5.0 (Macintosh; Intel Mac OS X 10_15_7) AppleWebKit/605.1.15 Version/17.0 Safari/605.1.15"
185.251.19.22 - - [10/Sep/2026:21:18:19 -0400] "POST /wp-login.php HTTP/1.1" 200 11701 "-" "Mozilla/5.0 (Windows NT 10.0; Win64; x64) AppleWebKit/537.36 Chrome/129.0.0.0 Safari/537.36"
199.250.222.155 - - [10/Sep/2026:21:18:20 -0400] "POST /wp-cron.php?doing_wp_cron=1789089500.0701858997344970703125 HTTP/1.1" 200 - "-" "WordPress/7.1; https://ceibaresidencial.mx"
185.251.19.11 - - [10/Sep/2026:21:18:19 -0400] "POST /wp-login.php HTTP/1.1" 200 11704 "-" "Mozilla/5.0 (Windows NT 10.0; Win64; x64) AppleWebKit/537.36 Chrome/129.0.0.0 Safari/537.36"
45.132.227.166 - - [10/Sep/2026:21:18:19 -0400] "POST /wp-login.php HTTP/1.1" 200 11695 "-" "Mozilla/5.0 (Windows NT 10.0; Win64; rv:143.0) Gecko/20100101 Firefox/143.0"
34.136.200.236 - - [10/Sep/2026:21:24:11 -0400] "GET /.git/config HTTP/1.1" 406 300 "-" "-"
136.144.42.160 - - [10/Sep/2026:21:27:39 -0400] "POST /wp-login.php HTTP/1.1" 200 11704 "-" "Mozilla/5.0 (Windows NT 10.0; Win64; x64) AppleWebKit/537.36 Chrome/129.0.0.0 Safari/537.36"
199.250.222.155 - - [10/Sep/2026:21:27:40 -0400] "POST /wp-cron.php?doing_wp_cron=1789090060.2032849788665771484375 HTTP/1.1" 200 - "-" "WordPress/7.1; https://ceibaresidencial.mx"
45.132.227.160 - - [10/Sep/2026:21:27:39 -0400] "POST /wp-login.php HTTP/1.1" 200 11701 "-" "Mozilla/5.0 (Windows NT 10.0; Win64; rv:143.0) Gecko/20100101 Firefox/143.0"
136.144.42.153 - - [10/Sep/2026:21:27:39 -0400] "POST /wp-login.php HTTP/1.1" 200 11723 "-" "Mozilla/5.0 (Windows NT 10.0; Win64; rv:143.0) Gecko/20100101 Firefox/143.0"
136.144.42.159 - - [10/Sep/2026:21:27:39 -0400] "POST /wp-login.php HTTP/1.1" 200 11695 "-" "Mozilla/5.0 (Macintosh; Intel Mac OS X 10_15_7) AppleWebKit/605.1.15 Version/17.0 Safari/605.1.15"
45.132.227.164 - - [10/Sep/2026:21:36:54 -0400] "POST /wp-login.php HTTP/1.1" 200 11723 "-" "Mozilla/5.0 (Macintosh; Intel Mac OS X 10_15_7) AppleWebKit/605.1.15 Version/17.0 Safari/605.1.15"
185.251.19.12 - - [10/Sep/2026:21:36:54 -0400] "POST /wp-login.php HTTP/1.1" 200 11704 "-" "Mozilla/5.0 (Windows NT 10.0; Win64; rv:143.0) Gecko/20100101 Firefox/143.0"
199.250.222.155 - - [10/Sep/2026:21:36:55 -0400] "POST /wp-cron.php?doing_wp_cron=1789090614.9427599906921386718750 HTTP/1.1" 200 - "-" "WordPress/7.1; https://ceibaresidencial.mx"
45.132.227.170 - - [10/Sep/2026:21:36:54 -0400] "POST /wp-login.php HTTP/1.1" 200 11695 "-" "Mozilla/5.0 (Macintosh; Intel Mac OS X 10_15_7) AppleWebKit/605.1.15 Version/17.0 Safari/605.1.15"
45.132.227.159 - - [10/Sep/2026:21:36:54 -0400] "POST /wp-login.php HTTP/1.1" 200 11701 "-" "Mozilla/5.0 (Windows NT 10.0; Win64; x64) AppleWebKit/537.36 Chrome/129.0.0.0 Safari/537.36"
136.144.42.156 - - [10/Sep/2026:21:46:06 -0400] "POST /wp-login.php HTTP/1.1" 200 11704 "-" "Mozilla/5.0 (Windows NT 10.0; Win64; x64) AppleWebKit/537.36 Chrome/129.0.0.0 Safari/537.36"
199.250.222.155 - - [10/Sep/2026:21:46:07 -0400] "POST /wp-cron.php?doing_wp_cron=1789091167.1107349395751953125000 HTTP/1.1" 200 - "-" "WordPress/7.1; https://ceibaresidencial.mx"
185.251.19.9 - - [10/Sep/2026:21:46:06 -0400] "POST /wp-login.php HTTP/1.1" 200 11695 "-" "Mozilla/5.0 (Windows NT 10.0; Win64; x64) AppleWebKit/537.36 Chrome/129.0.0.0 Safari/537.36"
45.132.227.161 - - [10/Sep/2026:21:46:06 -0400] "POST /wp-login.php HTTP/1.1" 200 11723 "-" "Mozilla/5.0 (Windows NT 10.0; Win64; rv:143.0) Gecko/20100101 Firefox/143.0"
185.251.19.22 - - [10/Sep/2026:21:46:06 -0400] "POST /wp-login.php HTTP/1.1" 200 11701 "-" "Mozilla/5.0 (Windows NT 10.0; Win64; rv:143.0) Gecko/20100101 Firefox/143.0"
52.167.144.159 - - [10/Sep/2026:21:52:10 -0400] "GET /hats HTTP/1.1" 404 236 "-" "Mozilla/5.0 AppleWebKit/537.36 (KHTML, like Gecko; compatible; bingbot/2.0; +http://www.bing.com/bingbot.htm) Chrome/116.0.1938.76 Safari/537.36"
45.132.227.161 - - [10/Sep/2026:21:55:18 -0400] "POST /wp-login.php HTTP/1.1" 200 11704 "-" "Mozilla/5.0 (Macintosh; Intel Mac OS X 10_15_7) AppleWebKit/605.1.15 Version/17.0 Safari/605.1.15"
185.251.19.16 - - [10/Sep/2026:21:55:18 -0400] "POST /wp-login.php HTTP/1.1" 200 11701 "-" "Mozilla/5.0 (Windows NT 10.0; Win64; x64) AppleWebKit/537.36 Chrome/129.0.0.0 Safari/537.36"
185.251.19.12 - - [10/Sep/2026:21:55:18 -0400] "POST /wp-login.php HTTP/1.1" 200 11723 "-" "Mozilla/5.0 (Windows NT 10.0; Win64; x64) AppleWebKit/537.36 Chrome/129.0.0.0 Safari/537.36"
199.250.222.155 - - [10/Sep/2026:21:55:19 -0400] "POST /wp-cron.php?doing_wp_cron=1789091719.4745950698852539062500 HTTP/1.1" 200 - "-" "WordPress/7.1; https://ceibaresidencial.mx"
45.132.227.159 - - [10/Sep/2026:21:55:18 -0400] "POST /wp-login.php HTTP/1.1" 200 11695 "-" "Mozilla/5.0 (Windows NT 10.0; Win64; x64) AppleWebKit/537.36 Chrome/129.0.0.0 Safari/537.36"
66.249.81.3 - - [10/Sep/2026:21:56:50 -0400] "GET /.well-known/traffic-advice HTTP/1.1" 404 236 "-" "Chrome Privacy Preserving Prefetch Proxy"
66.249.81.2 - - [10/Sep/2026:21:56:50 -0400] "GET /.well-known/traffic-advice HTTP/1.1" 404 236 "-" "Chrome Privacy Preserving Prefetch Proxy"
162.120.188.223 - - [10/Sep/2026:21:56:50 -0400] "GET /inicio/mas-informacion/ HTTP/1.1" 404 236 "https://www.google.com/" "Mozilla/5.0 (Windows NT 10.0; Win64; x64) AppleWebKit/537.36 (KHTML, like Gecko) Chrome/152.0.0.0 Safari/537.36"
72.14.201.38 - - [10/Sep/2026:21:56:50 -0400] "GET / HTTP/1.1" 200 354996 "https://www.google.com/" "Mozilla/5.0 (Windows NT 10.0; Win64; x64) AppleWebKit/537.36 (KHTML, like Gecko) Chrome/152.0.0.0 Safari/537.36"
49.51.243.95 - - [10/Sep/2026:21:57:59 -0400] "GET / HTTP/1.1" 200 354996 "http://ceibaresidencial.mx" "Mozilla/5.0 (iPhone; CPU iPhone OS 13_2_3 like Mac OS X) AppleWebKit/605.1.15 (KHTML, like Gecko) Version/13.0.3 Mobile/15E148 Safari/604.1"
162.120.187.172 - - [10/Sep/2026:21:59:12 -0400] "GET /inicio/mas-informacion/ HTTP/1.1" 404 236 "https://www.google.com/" "Mozilla/5.0 (Windows NT 10.0; Win64; x64) AppleWebKit/537.36 (KHTML, like Gecko) Chrome/152.0.0.0 Safari/537.36"
162.120.187.47 - - [10/Sep/2026:21:59:11 -0400] "GET / HTTP/1.1" 200 354996 "https://www.google.com/" "Mozilla/5.0 (Windows NT 10.0; Win64; x64) AppleWebKit/537.36 (KHTML, like Gecko) Chrome/152.0.0.0 Safari/537.36"
185.251.19.11 - - [10/Sep/2026:22:04:42 -0400] "POST /wp-login.php HTTP/1.1" 200 11723 "-" "Mozilla/5.0 (Macintosh; Intel Mac OS X 10_15_7) AppleWebKit/605.1.15 Version/17.0 Safari/605.1.15"
185.251.19.16 - - [10/Sep/2026:22:04:42 -0400] "POST /wp-login.php HTTP/1.1" 200 11701 "-" "Mozilla/5.0 (Windows NT 10.0; Win64; rv:143.0) Gecko/20100101 Firefox/143.0"
199.250.222.155 - - [10/Sep/2026:22:04:42 -0400] "POST /wp-cron.php?doing_wp_cron=1789092282.7474930286407470703125 HTTP/1.1" 200 - "-" "WordPress/7.1; https://ceibaresidencial.mx"
45.132.227.162 - - [10/Sep/2026:22:04:42 -0400] "POST /wp-login.php HTTP/1.1" 200 11704 "-" "Mozilla/5.0 (Macintosh; Intel Mac OS X 10_15_7) AppleWebKit/605.1.15 Version/17.0 Safari/605.1.15"
45.132.227.173 - - [10/Sep/2026:22:04:42 -0400] "POST /wp-login.php HTTP/1.1" 200 11695 "-" "Mozilla/5.0 (Macintosh; Intel Mac OS X 10_15_7) AppleWebKit/605.1.15 Version/17.0 Safari/605.1.15"
94.26.106.239 - - [10/Sep/2026:22:05:22 -0400] "GET / HTTP/1.1" 200 354996 "-" "Mozilla/5.0 (compatible; Googlebot/2.1; +http://www.google.com/bot.html)"
87.106.32.6 - - [10/Sep/2026:22:11:25 -0400] "GET / HTTP/1.1" 200 354996 "-" "Mozilla/5.0 (Windows NT 10.0; Win64; x64) AppleWebKit/537.36 (KHTML, like Gecko) Chrome/120.0.6099.130 Safari/537.36"
87.106.32.6 - - [10/Sep/2026:22:11:26 -0400] "GET / HTTP/1.1" 200 354996 "-" "Mozilla/5.0 (iPhone; CPU iPhone OS 16_2 like Mac OS X) AppleWebKit/605.1.15 (KHTML, like Gecko) Version/16.2 Mobile/15E148 Safari/604.1"
87.106.32.6 - - [10/Sep/2026:22:11:27 -0400] "GET / HTTP/1.1" 200 354996 "-" "Googlebot"
199.250.222.155 - - [10/Sep/2026:22:11:28 -0400] "GET /wp-includes/sitemaps/isxobcu/odhmg1y/xeyvfku/index.php HTTP/1.1" 200 2042 "-" "Mozilla/5.0 (Windows NT 10.0; Win64; x64) AppleWebKit/537.36 (KHTML, like Gecko) Chrome/112.0.0.0 Safari/537.36"
136.144.42.157 - - [10/Sep/2026:22:14:26 -0400] "POST /wp-login.php HTTP/1.1" 200 11695 "-" "Mozilla/5.0 (Windows NT 10.0; Win64; rv:143.0) Gecko/20100101 Firefox/143.0"
185.251.19.33 - - [10/Sep/2026:22:14:26 -0400] "POST /wp-login.php HTTP/1.1" 200 11704 "-" "Mozilla/5.0 (Windows NT 10.0; Win64; rv:143.0) Gecko/20100101 Firefox/143.0"
185.251.19.19 - - [10/Sep/2026:22:14:26 -0400] "POST /wp-login.php HTTP/1.1" 200 11701 "-" "Mozilla/5.0 (Windows NT 10.0; Win64; rv:143.0) Gecko/20100101 Firefox/143.0"
199.250.222.155 - - [10/Sep/2026:22:14:27 -0400] "POST /wp-cron.php?doing_wp_cron=1789092867.4915549755096435546875 HTTP/1.1" 200 - "-" "WordPress/7.1; https://ceibaresidencial.mx"
185.251.19.32 - - [10/Sep/2026:22:14:26 -0400] "POST /wp-login.php HTTP/1.1" 200 11723 "-" "Mozilla/5.0 (Windows NT 10.0; Win64; rv:143.0) Gecko/20100101 Firefox/143.0"
136.144.42.151 - - [10/Sep/2026:22:23:47 -0400] "POST /wp-login.php HTTP/1.1" 200 11701 "-" "Mozilla/5.0 (Macintosh; Intel Mac OS X 10_15_7) AppleWebKit/605.1.15 Version/17.0 Safari/605.1.15"
136.144.42.158 - - [10/Sep/2026:22:23:47 -0400] "POST /wp-login.php HTTP/1.1" 200 11704 "-" "Mozilla/5.0 (Windows NT 10.0; Win64; x64) AppleWebKit/537.36 Chrome/129.0.0.0 Safari/537.36"
45.132.227.174 - - [10/Sep/2026:22:23:47 -0400] "POST /wp-login.php HTTP/1.1" 200 11723 "-" "Mozilla/5.0 (Windows NT 10.0; Win64; rv:143.0) Gecko/20100101 Firefox/143.0"
199.250.222.155 - - [10/Sep/2026:22:23:48 -0400] "POST /wp-cron.php?doing_wp_cron=1789093428.0266029834747314453125 HTTP/1.1" 200 - "-" "WordPress/7.1; https://ceibaresidencial.mx"
136.144.42.156 - - [10/Sep/2026:22:23:47 -0400] "POST /wp-login.php HTTP/1.1" 200 11695 "-" "Mozilla/5.0 (Windows NT 10.0; Win64; rv:143.0) Gecko/20100101 Firefox/143.0"
47.128.116.119 - - [10/Sep/2026:22:28:17 -0400] "GET /robots.txt HTTP/1.1" 404 236 "-" "Mozilla/5.0 (iPhone; CPU iPhone OS 7_1_2 like Mac OS X) AppleWebKit/537.36 (KHTML, like Gecko) Version/7.0 Mobile Safari/537.36 (compatible; Bytespider; https://bytedance.sg.larkoffice.com/docx/K5bxdypulop3IIxrJb0lOjLVgFe)"
57.141.0.59 - - [10/Sep/2026:22:28:32 -0400] "GET /wp-content/uploads/2025/04/FanzineCeibaWeb-1_compressed.pdf HTTP/1.1" 200 1248151 "-" "Mozilla/5.0 (Macintosh; Intel Mac OS X 10_15_7) AppleWebKit/537.36 (KHTML, like Gecko) Chrome/145.0.0.0 Safari/537.36 (compatible; meta-webindexer/1.1 (+https://developers.facebook.com/docs/sharing/webmasters/crawler))"
137.131.43.163 - - [10/Sep/2026:22:30:04 -0400] "GET / HTTP/1.1" 200 354996 "-" "Mozilla/5.0 (Windows NT 10.0; Win64; x64) AppleWebKit/537.36 (KHTML, like Gecko) Chrome/80.0.3987.149 Safari/537.36"
137.131.43.163 - - [10/Sep/2026:22:30:04 -0400] "GET //wp-includes/wlwmanifest.xml HTTP/1.1" 404 236 "-" "Mozilla/5.0 (Windows NT 10.0; Win64; x64) AppleWebKit/537.36 (KHTML, like Gecko) Chrome/80.0.3987.149 Safari/537.36"
137.131.43.163 - - [10/Sep/2026:22:30:04 -0400] "GET //xmlrpc.php?rsd HTTP/1.1" 200 828 "-" "Mozilla/5.0 (Windows NT 10.0; Win64; x64) AppleWebKit/537.36 (KHTML, like Gecko) Chrome/80.0.3987.149 Safari/537.36"
137.131.43.163 - - [10/Sep/2026:22:30:05 -0400] "GET //?author=1 HTTP/1.1" 301 - "-" "Mozilla/5.0 (Windows NT 10.0; Win64; x64) AppleWebKit/537.36 (KHTML, like Gecko) Chrome/80.0.3987.149 Safari/537.36"
137.131.43.163 - - [10/Sep/2026:22:30:06 -0400] "GET //?author=2 HTTP/1.1" 301 - "-" "Mozilla/5.0 (Windows NT 10.0; Win64; x64) AppleWebKit/537.36 (KHTML, like Gecko) Chrome/80.0.3987.149 Safari/537.36"
137.131.43.163 - - [10/Sep/2026:22:30:07 -0400] "GET //wp-json/wp/v2/users/ HTTP/1.1" 404 236 "-" "Mozilla/5.0 (Windows NT 10.0; Win64; x64) AppleWebKit/537.36 (KHTML, like Gecko) Chrome/80.0.3987.149 Safari/537.36"
137.131.43.163 - - [10/Sep/2026:22:30:07 -0400] "GET //wp-json/oembed/1.0/embed?url=https://ceibaresidencial.mx/ HTTP/1.1" 404 236 "-" "Mozilla/5.0 (Windows NT 10.0; Win64; x64) AppleWebKit/537.36 (KHTML, like Gecko) Chrome/80.0.3987.149 Safari/537.36"
137.131.43.163 - - [10/Sep/2026:22:30:07 -0400] "POST //xmlrpc.php HTTP/1.1" 200 403 "-" "Mozilla/5.0 (Windows NT 10.0; Win64; x64) AppleWebKit/537.36 (KHTML, like Gecko) Chrome/80.0.3987.149 Safari/537.36"
137.131.43.163 - - [10/Sep/2026:22:30:08 -0400] "POST //xmlrpc.php HTTP/1.1" 406 300 "-" "Mozilla/5.0 (Windows NT 10.0; Win64; x64) AppleWebKit/537.36 (KHTML, like Gecko) Chrome/80.0.3987.149 Safari/537.36"
185.251.19.16 - - [10/Sep/2026:22:33:14 -0400] "POST /wp-login.php HTTP/1.1" 200 11723 "-" "Mozilla/5.0 (Macintosh; Intel Mac OS X 10_15_7) AppleWebKit/605.1.15 Version/17.0 Safari/605.1.15"
45.132.227.170 - - [10/Sep/2026:22:33:14 -0400] "POST /wp-login.php HTTP/1.1" 200 11701 "-" "Mozilla/5.0 (Windows NT 10.0; Win64; rv:143.0) Gecko/20100101 Firefox/143.0"
199.250.222.155 - - [10/Sep/2026:22:33:15 -0400] "POST /wp-cron.php?doing_wp_cron=1789093995.1337530612945556640625 HTTP/1.1" 200 - "-" "WordPress/7.1; https://ceibaresidencial.mx"
185.251.19.25 - - [10/Sep/2026:22:33:14 -0400] "POST /wp-login.php HTTP/1.1" 200 11704 "-" "Mozilla/5.0 (Windows NT 10.0; Win64; rv:143.0) Gecko/20100101 Firefox/143.0"
185.251.19.26 - - [10/Sep/2026:22:33:14 -0400] "POST /wp-login.php HTTP/1.1" 200 11695 "-" "Mozilla/5.0 (Windows NT 10.0; Win64; rv:143.0) Gecko/20100101 Firefox/143.0"
185.251.19.22 - - [10/Sep/2026:22:42:34 -0400] "POST /wp-login.php HTTP/1.1" 200 11704 "-" "Mozilla/5.0 (Windows NT 10.0; Win64; x64) AppleWebKit/537.36 Chrome/129.0.0.0 Safari/537.36"
199.250.222.155 - - [10/Sep/2026:22:42:34 -0400] "POST /wp-cron.php?doing_wp_cron=1789094554.7663609981536865234375 HTTP/1.1" 200 - "-" "WordPress/7.1; https://ceibaresidencial.mx"
136.144.42.150 - - [10/Sep/2026:22:42:34 -0400] "POST /wp-login.php HTTP/1.1" 200 11701 "-" "Mozilla/5.0 (Windows NT 10.0; Win64; rv:143.0) Gecko/20100101 Firefox/143.0"
199.250.222.155 - - [10/Sep/2026:22:42:34 -0400] "POST /wp-cron.php?doing_wp_cron=1789094554.7661728858947753906250 HTTP/1.1" 200 - "-" "WordPress/7.1; https://ceibaresidencial.mx"
185.251.19.30 - - [10/Sep/2026:22:42:34 -0400] "POST /wp-login.php HTTP/1.1" 200 11695 "-" "Mozilla/5.0 (Windows NT 10.0; Win64; x64) AppleWebKit/537.36 Chrome/129.0.0.0 Safari/537.36"
185.251.19.16 - - [10/Sep/2026:22:42:34 -0400] "POST /wp-login.php HTTP/1.1" 200 11723 "-" "Mozilla/5.0 (Macintosh; Intel Mac OS X 10_15_7) AppleWebKit/605.1.15 Version/17.0 Safari/605.1.15"
101.33.66.34 - - [10/Sep/2026:22:51:03 -0400] "GET / HTTP/1.1" 200 354996 "http://www.ceibaresidencial.mx" "Mozilla/5.0 (iPhone; CPU iPhone OS 13_2_3 like Mac OS X) AppleWebKit/605.1.15 (KHTML, like Gecko) Version/13.0.3 Mobile/15E148 Safari/604.1"
136.144.42.157 - - [10/Sep/2026:22:51:50 -0400] "POST /wp-login.php HTTP/1.1" 200 11704 "-" "Mozilla/5.0 (Macintosh; Intel Mac OS X 10_15_7) AppleWebKit/605.1.15 Version/17.0 Safari/605.1.15"
199.250.222.155 - - [10/Sep/2026:22:51:51 -0400] "POST /wp-cron.php?doing_wp_cron=1789095111.4945669174194335937500 HTTP/1.1" 200 - "-" "WordPress/7.1; https://ceibaresidencial.mx"
185.251.19.19 - - [10/Sep/2026:22:51:50 -0400] "POST /wp-login.php HTTP/1.1" 200 11701 "-" "Mozilla/5.0 (Macintosh; Intel Mac OS X 10_15_7) AppleWebKit/605.1.15 Version/17.0 Safari/605.1.15"
199.250.222.155 - - [10/Sep/2026:22:51:51 -0400] "POST /wp-cron.php?doing_wp_cron=1789095111.4942440986633300781250 HTTP/1.1" 200 - "-" "WordPress/7.1; https://ceibaresidencial.mx"
185.251.19.32 - - [10/Sep/2026:22:51:50 -0400] "POST /wp-login.php HTTP/1.1" 200 11695 "-" "Mozilla/5.0 (Windows NT 10.0; Win64; x64) AppleWebKit/537.36 Chrome/129.0.0.0 Safari/537.36"
45.132.227.163 - - [10/Sep/2026:22:51:50 -0400] "POST /wp-login.php HTTP/1.1" 200 11723 "-" "Mozilla/5.0 (Windows NT 10.0; Win64; rv:143.0) Gecko/20100101 Firefox/143.0"
45.156.128.56 - - [10/Sep/2026:22:53:32 -0400] "GET / HTTP/1.1" 200 354996 "http://ceibaresidencial.mx/" "Mozilla/5.0 AppleWebKit/537.36 (KHTML, like Gecko) Chrome/123.0.6312.86 Safari/537.36"
106.214.9.22 - - [10/Sep/2026:22:53:40 -0400] "POST /xmlrpc.php HTTP/1.1" 200 415 "-" "Jetpack/12.5; WordPress/6.3; http://site53395539.com"
45.156.128.56 - - [10/Sep/2026:22:53:42 -0400] "POST /mcp HTTP/1.1" 404 236 "-" "python-httpx/0.28.1"
45.156.128.56 - - [10/Sep/2026:22:53:42 -0400] "GET /sse HTTP/1.1" 404 236 "-" "python-httpx/0.28.1"
106.214.9.22 - - [10/Sep/2026:22:53:51 -0400] "POST /xmlrpc.php HTTP/1.1" 200 415 "-" "Jetpack/12.5; WordPress/6.3; http://site93461142.com"
106.214.9.22 - - [10/Sep/2026:22:54:01 -0400] "POST /xmlrpc.php HTTP/1.1" 200 415 "-" "Jetpack by WordPress.com"
106.214.9.22 - - [10/Sep/2026:22:54:12 -0400] "POST /xmlrpc.php HTTP/1.1" 406 300 "-" "WordPress.com; https://wordpress.com"
199.250.222.155 - - [10/Sep/2026:22:54:24 -0400] "POST /wp-cron.php?doing_wp_cron=1789095264.0253059864044189453125 HTTP/1.1" 200 - "-" "WordPress/7.1; https://ceibaresidencial.mx"
106.214.9.22 - - [10/Sep/2026:22:54:23 -0400] "POST /xmlrpc.php HTTP/1.1" 200 415 "-" "Jetpack by WordPress.com (Jetpack 13.0; WordPress 6.1)"
106.214.9.22 - - [10/Sep/2026:22:54:33 -0400] "POST /xmlrpc.php HTTP/1.1" 200 415 "-" "Jetpack/12.1; WordPress/6.4; http://site98496041.com"
106.214.9.22 - - [10/Sep/2026:22:54:44 -0400] "POST /xmlrpc.php HTTP/1.1" 200 415 "-" "Jetpack by WordPress.com"
106.214.9.22 - - [10/Sep/2026:22:54:55 -0400] "POST /xmlrpc.php HTTP/1.1" 406 300 "-" "Jetpack by WordPress.com"
106.214.9.22 - - [10/Sep/2026:22:55:05 -0400] "POST /xmlrpc.php HTTP/1.1" 200 415 "-" "Jetpack by WordPress.com (Jetpack 12.5; WordPress 6.4)"
106.214.9.22 - - [10/Sep/2026:22:55:16 -0400] "POST /xmlrpc.php HTTP/1.1" 200 415 "-" "Jetpack/12.0; WordPress/6.4; http://site63505630.com"
199.250.222.155 - - [10/Sep/2026:22:55:28 -0400] "POST /wp-cron.php?doing_wp_cron=1789095328.5920400619506835937500 HTTP/1.1" 200 - "-" "WordPress/7.1; https://ceibaresidencial.mx"
106.214.9.22 - - [10/Sep/2026:22:55:27 -0400] "POST /xmlrpc.php HTTP/1.1" 200 415 "-" "Jetpack by WordPress.com (Jetpack 12.5; WordPress 6.3)"
106.214.9.22 - - [10/Sep/2026:22:55:38 -0400] "POST /xmlrpc.php HTTP/1.1" 200 415 "-" "Jetpack/12.5; WordPress/6.4; http://site25907487.com"
106.214.9.22 - - [10/Sep/2026:22:55:49 -0400] "POST /xmlrpc.php HTTP/1.1" 406 300 "-" "Jetpack by WordPress.com"
106.214.9.22 - - [10/Sep/2026:22:56:00 -0400] "POST /xmlrpc.php HTTP/1.1" 200 415 "-" "Jetpack/13.0; WordPress/6.1; http://site16662516.com"
106.214.9.22 - - [10/Sep/2026:22:56:10 -0400] "POST /xmlrpc.php HTTP/1.1" 200 415 "-" "WordPress.com; https://wordpress.com"
199.250.222.155 - - [10/Sep/2026:22:56:22 -0400] "POST /wp-cron.php?doing_wp_cron=1789095382.3013880252838134765625 HTTP/1.1" 200 - "-" "WordPress/7.1; https://ceibaresidencial.mx"
106.214.9.22 - - [10/Sep/2026:22:56:21 -0400] "POST /xmlrpc.php HTTP/1.1" 200 415 "-" "Jetpack by WordPress.com (Jetpack 12.5; WordPress 6.2)"
106.214.9.22 - - [10/Sep/2026:22:56:32 -0400] "POST /xmlrpc.php HTTP/1.1" 406 300 "-" "Jetpack by WordPress.com (Jetpack 12.5; WordPress 6.2)"
106.214.9.22 - - [10/Sep/2026:22:56:43 -0400] "POST /xmlrpc.php HTTP/1.1" 200 415 "-" "Jetpack by WordPress.com"
106.214.9.22 - - [10/Sep/2026:22:56:53 -0400] "POST /xmlrpc.php HTTP/1.1" 200 415 "-" "Jetpack by WordPress.com"
106.214.9.22 - - [10/Sep/2026:22:57:04 -0400] "POST /xmlrpc.php HTTP/1.1" 200 415 "-" "Jetpack by WordPress.com (Jetpack 12.5; WordPress 6.1)"
106.214.9.22 - - [10/Sep/2026:22:57:15 -0400] "POST /xmlrpc.php HTTP/1.1" 406 300 "-" "WordPress.com; https://wordpress.com"
106.214.9.22 - - [10/Sep/2026:22:57:25 -0400] "POST /xmlrpc.php HTTP/1.1" 406 300 "-" "WordPress.com; https://wordpress.com"
199.250.222.155 - - [10/Sep/2026:22:57:37 -0400] "POST /wp-cron.php?doing_wp_cron=1789095457.3053810596466064453125 HTTP/1.1" 200 - "-" "WordPress/7.1; https://ceibaresidencial.mx"
106.214.9.22 - - [10/Sep/2026:22:57:36 -0400] "POST /xmlrpc.php HTTP/1.1" 200 415 "-" "Jetpack by WordPress.com"
106.214.9.22 - - [10/Sep/2026:22:57:47 -0400] "POST /xmlrpc.php HTTP/1.1" 406 300 "-" "Jetpack/12.0; WordPress/6.3; http://site95887521.com"
106.214.9.22 - - [10/Sep/2026:22:57:57 -0400] "POST /xmlrpc.php HTTP/1.1" 406 300 "-" "Jetpack by WordPress.com (Jetpack 12.5; WordPress 6.4)"
106.214.9.22 - - [10/Sep/2026:22:58:08 -0400] "POST /xmlrpc.php HTTP/1.1" 406 300 "-" "Jetpack by WordPress.com (Jetpack 12.1; WordPress 6.2)"
106.214.9.22 - - [10/Sep/2026:22:58:19 -0400] "POST /xmlrpc.php HTTP/1.1" 406 300 "-" "Jetpack by WordPress.com"
106.214.9.22 - - [10/Sep/2026:22:58:29 -0400] "POST /xmlrpc.php HTTP/1.1" 406 300 "-" "Jetpack by WordPress.com"
199.250.222.155 - - [10/Sep/2026:22:58:41 -0400] "POST /wp-cron.php?doing_wp_cron=1789095521.2893810272216796875000 HTTP/1.1" 200 - "-" "WordPress/7.1; https://ceibaresidencial.mx"
106.214.9.22 - - [10/Sep/2026:22:58:40 -0400] "POST /xmlrpc.php HTTP/1.1" 200 415 "-" "WordPress.com; https://wordpress.com"
106.214.9.22 - - [10/Sep/2026:22:58:51 -0400] "POST /xmlrpc.php HTTP/1.1" 406 300 "-" "Jetpack by WordPress.com"
106.214.9.22 - - [10/Sep/2026:22:59:01 -0400] "POST /xmlrpc.php HTTP/1.1" 406 300 "-" "Jetpack/13.0; WordPress/6.3; http://site39013544.com"
106.214.9.22 - - [10/Sep/2026:22:59:12 -0400] "POST /xmlrpc.php HTTP/1.1" 406 300 "-" "WordPress.com; https://wordpress.com"
106.214.9.22 - - [10/Sep/2026:22:59:23 -0400] "POST /xmlrpc.php HTTP/1.1" 406 300 "-" "Jetpack by WordPress.com (Jetpack 12.1; WordPress 6.3)"
106.214.9.22 - - [10/Sep/2026:22:59:33 -0400] "POST /xmlrpc.php HTTP/1.1" 406 300 "-" "Jetpack by WordPress.com (Jetpack 12.0; WordPress 6.2)"
199.250.222.155 - - [10/Sep/2026:22:59:45 -0400] "POST /wp-cron.php?doing_wp_cron=1789095585.0450460910797119140625 HTTP/1.1" 200 - "-" "WordPress/7.1; https://ceibaresidencial.mx"
106.214.9.22 - - [10/Sep/2026:22:59:44 -0400] "POST /xmlrpc.php HTTP/1.1" 200 415 "-" "Jetpack by WordPress.com (Jetpack 12.5; WordPress 6.4)"
106.214.9.22 - - [10/Sep/2026:22:59:54 -0400] "POST /xmlrpc.php HTTP/1.1" 406 300 "-" "Jetpack/12.0; WordPress/6.1; http://site93417829.com"
106.214.9.22 - - [10/Sep/2026:23:00:05 -0400] "POST /xmlrpc.php HTTP/1.1" 406 300 "-" "WordPress.com; https://wordpress.com"
106.214.9.22 - - [10/Sep/2026:23:00:16 -0400] "POST /xmlrpc.php HTTP/1.1" 406 300 "-" "WordPress.com; https://wordpress.com"
106.214.9.22 - - [10/Sep/2026:23:00:26 -0400] "POST /xmlrpc.php HTTP/1.1" 406 300 "-" "Jetpack by WordPress.com"
106.214.9.22 - - [10/Sep/2026:23:00:37 -0400] "POST /xmlrpc.php HTTP/1.1" 406 300 "-" "Jetpack by WordPress.com"
199.250.222.155 - - [10/Sep/2026:23:00:49 -0400] "POST /wp-cron.php?doing_wp_cron=1789095649.7056810855865478515625 HTTP/1.1" 200 - "-" "WordPress/7.1; https://ceibaresidencial.mx"
106.214.9.22 - - [10/Sep/2026:23:00:48 -0400] "POST /xmlrpc.php HTTP/1.1" 200 415 "-" "Jetpack by WordPress.com"
106.214.9.22 - - [10/Sep/2026:23:00:59 -0400] "POST /xmlrpc.php HTTP/1.1" 406 300 "-" "Jetpack by WordPress.com"
106.214.9.22 - - [10/Sep/2026:23:01:10 -0400] "POST /xmlrpc.php HTTP/1.1" 406 300 "-" "Jetpack/12.5; WordPress/6.4; http://site80146054.com"
185.251.19.30 - - [10/Sep/2026:23:01:16 -0400] "POST /wp-login.php HTTP/1.1" 200 11695 "-" "Mozilla/5.0 (Macintosh; Intel Mac OS X 10_15_7) AppleWebKit/605.1.15 Version/17.0 Safari/605.1.15"
185.251.19.30 - - [10/Sep/2026:23:01:16 -0400] "POST /wp-login.php HTTP/1.1" 200 11701 "-" "Mozilla/5.0 (Windows NT 10.0; Win64; x64) AppleWebKit/537.36 Chrome/129.0.0.0 Safari/537.36"
185.251.19.13 - - [10/Sep/2026:23:01:16 -0400] "POST /wp-login.php HTTP/1.1" 200 11723 "-" "Mozilla/5.0 (Macintosh; Intel Mac OS X 10_15_7) AppleWebKit/605.1.15 Version/17.0 Safari/605.1.15"
45.132.227.160 - - [10/Sep/2026:23:01:16 -0400] "POST /wp-login.php HTTP/1.1" 200 11704 "-" "Mozilla/5.0 (Macintosh; Intel Mac OS X 10_15_7) AppleWebKit/605.1.15 Version/17.0 Safari/605.1.15"
106.214.9.22 - - [10/Sep/2026:23:01:21 -0400] "POST /xmlrpc.php HTTP/1.1" 406 300 "-" "Jetpack/13.0; WordPress/6.1; http://site64760702.com"
106.214.9.22 - - [10/Sep/2026:23:01:31 -0400] "POST /xmlrpc.php HTTP/1.1" 406 300 "-" "Jetpack by WordPress.com (Jetpack 12.5; WordPress 6.4)"
106.214.9.22 - - [10/Sep/2026:23:01:42 -0400] "POST /xmlrpc.php HTTP/1.1" 406 300 "-" "Jetpack by WordPress.com (Jetpack 12.0; WordPress 6.3)"
199.250.222.155 - - [10/Sep/2026:23:01:53 -0400] "POST /wp-cron.php?doing_wp_cron=1789095713.9403159618377685546875 HTTP/1.1" 200 - "-" "WordPress/7.1; https://ceibaresidencial.mx"
106.214.9.22 - - [10/Sep/2026:23:01:53 -0400] "POST /xmlrpc.php HTTP/1.1" 200 415 "-" "Jetpack by WordPress.com"
106.214.9.22 - - [10/Sep/2026:23:02:04 -0400] "POST /xmlrpc.php HTTP/1.1" 406 300 "-" "WordPress.com; https://wordpress.com"
106.214.9.22 - - [10/Sep/2026:23:02:14 -0400] "POST /xmlrpc.php HTTP/1.1" 406 300 "-" "Jetpack by WordPress.com"
106.214.9.22 - - [10/Sep/2026:23:02:25 -0400] "POST /xmlrpc.php HTTP/1.1" 406 300 "-" "Jetpack by WordPress.com (Jetpack 13.0; WordPress 6.3)"
106.214.9.22 - - [10/Sep/2026:23:02:36 -0400] "POST /xmlrpc.php HTTP/1.1" 406 300 "-" "Jetpack by WordPress.com"
106.214.9.22 - - [10/Sep/2026:23:02:47 -0400] "POST /xmlrpc.php HTTP/1.1" 406 300 "-" "Jetpack by WordPress.com"
199.250.222.155 - - [10/Sep/2026:23:02:58 -0400] "POST /wp-cron.php?doing_wp_cron=1789095778.5493969917297363281250 HTTP/1.1" 200 - "-" "WordPress/7.1; https://ceibaresidencial.mx"
106.214.9.22 - - [10/Sep/2026:23:02:57 -0400] "POST /xmlrpc.php HTTP/1.1" 200 415 "-" "Jetpack/12.0; WordPress/6.2; http://site97778133.com"
106.214.9.22 - - [10/Sep/2026:23:03:08 -0400] "POST /xmlrpc.php HTTP/1.1" 406 300 "-" "Jetpack by WordPress.com (Jetpack 13.0; WordPress 6.4)"
106.214.9.22 - - [10/Sep/2026:23:03:18 -0400] "POST /xmlrpc.php HTTP/1.1" 406 300 "-" "Jetpack/12.0; WordPress/6.2; http://site41193238.com"
106.214.9.22 - - [10/Sep/2026:23:03:29 -0400] "POST /xmlrpc.php HTTP/1.1" 406 300 "-" "Jetpack/12.5; WordPress/6.3; http://site41968822.com"
106.214.9.22 - - [10/Sep/2026:23:03:40 -0400] "POST /xmlrpc.php HTTP/1.1" 406 300 "-" "Jetpack by WordPress.com"
106.214.9.22 - - [10/Sep/2026:23:03:50 -0400] "POST /xmlrpc.php HTTP/1.1" 406 300 "-" "Jetpack by WordPress.com (Jetpack 12.0; WordPress 6.2)"
199.250.222.155 - - [10/Sep/2026:23:04:02 -0400] "POST /wp-cron.php?doing_wp_cron=1789095842.5099990367889404296875 HTTP/1.1" 200 - "-" "WordPress/7.1; https://ceibaresidencial.mx"
106.214.9.22 - - [10/Sep/2026:23:04:01 -0400] "POST /xmlrpc.php HTTP/1.1" 200 415 "-" "Jetpack/12.5; WordPress/6.4; http://site99948157.com"
106.214.9.22 - - [10/Sep/2026:23:04:12 -0400] "POST /xmlrpc.php HTTP/1.1" 406 300 "-" "Jetpack/12.1; WordPress/6.3; http://site32713029.com"
106.214.9.22 - - [10/Sep/2026:23:04:23 -0400] "POST /xmlrpc.php HTTP/1.1" 406 300 "-" "Jetpack by WordPress.com (Jetpack 12.5; WordPress 6.4)"
106.214.9.22 - - [10/Sep/2026:23:04:33 -0400] "POST /xmlrpc.php HTTP/1.1" 406 300 "-" "WordPress.com; https://wordpress.com"
106.214.9.22 - - [10/Sep/2026:23:04:44 -0400] "POST /xmlrpc.php HTTP/1.1" 406 300 "-" "WordPress.com; https://wordpress.com"
106.214.9.22 - - [10/Sep/2026:23:04:55 -0400] "POST /xmlrpc.php HTTP/1.1" 406 300 "-" "Jetpack by WordPress.com"
199.250.222.155 - - [10/Sep/2026:23:05:06 -0400] "POST /wp-cron.php?doing_wp_cron=1789095906.6860959529876708984375 HTTP/1.1" 200 - "-" "WordPress/7.1; https://ceibaresidencial.mx"
106.214.9.22 - - [10/Sep/2026:23:05:05 -0400] "POST /xmlrpc.php HTTP/1.1" 200 415 "-" "WordPress.com; https://wordpress.com"
106.214.9.22 - - [10/Sep/2026:23:05:17 -0400] "POST /xmlrpc.php HTTP/1.1" 406 300 "-" "Jetpack by WordPress.com"
106.214.9.22 - - [10/Sep/2026:23:05:28 -0400] "POST /xmlrpc.php HTTP/1.1" 406 300 "-" "Jetpack/12.0; WordPress/6.2; http://site62247766.com"
106.214.9.22 - - [10/Sep/2026:23:05:38 -0400] "POST /xmlrpc.php HTTP/1.1" 406 300 "-" "Jetpack/12.5; WordPress/6.1; http://site65871928.com"
106.214.9.22 - - [10/Sep/2026:23:05:49 -0400] "POST /xmlrpc.php HTTP/1.1" 406 300 "-" "Jetpack/12.5; WordPress/6.4; http://site44058292.com"
106.214.9.22 - - [10/Sep/2026:23:06:00 -0400] "POST /xmlrpc.php HTTP/1.1" 406 300 "-" "WordPress.com; https://wordpress.com"
199.250.222.155 - - [10/Sep/2026:23:06:11 -0400] "POST /wp-cron.php?doing_wp_cron=1789095971.8292899131774902343750 HTTP/1.1" 200 - "-" "WordPress/7.1; https://ceibaresidencial.mx"
106.214.9.22 - - [10/Sep/2026:23:06:11 -0400] "POST /xmlrpc.php HTTP/1.1" 200 415 "-" "Jetpack by WordPress.com (Jetpack 12.1; WordPress 6.2)"
106.214.9.22 - - [10/Sep/2026:23:06:21 -0400] "POST /xmlrpc.php HTTP/1.1" 406 300 "-" "Jetpack by WordPress.com"
106.214.9.22 - - [10/Sep/2026:23:06:32 -0400] "POST /xmlrpc.php HTTP/1.1" 406 300 "-" "Jetpack/12.0; WordPress/6.3; http://site83878132.com"
106.214.9.22 - - [10/Sep/2026:23:06:42 -0400] "POST /xmlrpc.php HTTP/1.1" 406 300 "-" "Jetpack/12.0; WordPress/6.2; http://site99491598.com"
106.214.9.22 - - [10/Sep/2026:23:06:53 -0400] "POST /xmlrpc.php HTTP/1.1" 406 300 "-" "Jetpack by WordPress.com (Jetpack 12.0; WordPress 6.2)"
106.214.9.22 - - [10/Sep/2026:23:07:04 -0400] "POST /xmlrpc.php HTTP/1.1" 406 300 "-" "Jetpack by WordPress.com (Jetpack 12.1; WordPress 6.2)"
199.250.222.155 - - [10/Sep/2026:23:07:15 -0400] "POST /wp-cron.php?doing_wp_cron=1789096035.7230799198150634765625 HTTP/1.1" 200 - "-" "WordPress/7.1; https://ceibaresidencial.mx"
106.214.9.22 - - [10/Sep/2026:23:07:14 -0400] "POST /xmlrpc.php HTTP/1.1" 200 415 "-" "Jetpack/12.1; WordPress/6.2; http://site81588041.com"
106.214.9.22 - - [10/Sep/2026:23:07:25 -0400] "POST /xmlrpc.php HTTP/1.1" 406 300 "-" "Jetpack by WordPress.com (Jetpack 12.5; WordPress 6.1)"
106.214.9.22 - - [10/Sep/2026:23:07:36 -0400] "POST /xmlrpc.php HTTP/1.1" 406 300 "-" "Jetpack by WordPress.com"
106.214.9.22 - - [10/Sep/2026:23:07:46 -0400] "POST /xmlrpc.php HTTP/1.1" 406 300 "-" "Jetpack by WordPress.com (Jetpack 12.5; WordPress 6.3)"
106.214.9.22 - - [10/Sep/2026:23:07:57 -0400] "POST /xmlrpc.php HTTP/1.1" 406 300 "-" "Jetpack by WordPress.com"
106.214.9.22 - - [10/Sep/2026:23:08:08 -0400] "POST /xmlrpc.php HTTP/1.1" 406 300 "-" "WordPress.com; https://wordpress.com"
199.250.222.155 - - [10/Sep/2026:23:08:19 -0400] "POST /wp-cron.php?doing_wp_cron=1789096099.6074309349060058593750 HTTP/1.1" 200 - "-" "WordPress/7.1; https://ceibaresidencial.mx"
106.214.9.22 - - [10/Sep/2026:23:08:18 -0400] "POST /xmlrpc.php HTTP/1.1" 200 415 "-" "WordPress.com; https://wordpress.com"
106.214.9.22 - - [10/Sep/2026:23:08:29 -0400] "POST /xmlrpc.php HTTP/1.1" 406 300 "-" "Jetpack by WordPress.com"
106.214.9.22 - - [10/Sep/2026:23:08:40 -0400] "POST /xmlrpc.php HTTP/1.1" 406 300 "-" "Jetpack by WordPress.com"
106.214.9.22 - - [10/Sep/2026:23:08:51 -0400] "POST /xmlrpc.php HTTP/1.1" 406 300 "-" "Jetpack by WordPress.com (Jetpack 12.5; WordPress 6.4)"
106.214.9.22 - - [10/Sep/2026:23:09:01 -0400] "POST /xmlrpc.php HTTP/1.1" 406 300 "-" "Jetpack by WordPress.com"
106.214.9.22 - - [10/Sep/2026:23:09:12 -0400] "POST /xmlrpc.php HTTP/1.1" 406 300 "-" "Jetpack/12.1; WordPress/6.4; http://site52148110.com"
199.250.222.155 - - [10/Sep/2026:23:09:24 -0400] "POST /wp-cron.php?doing_wp_cron=1789096164.8143870830535888671875 HTTP/1.1" 200 - "-" "WordPress/7.1; https://ceibaresidencial.mx"
106.214.9.22 - - [10/Sep/2026:23:09:24 -0400] "POST /xmlrpc.php HTTP/1.1" 200 415 "-" "Jetpack by WordPress.com (Jetpack 12.0; WordPress 6.3)"
106.214.9.22 - - [10/Sep/2026:23:09:33 -0400] "POST /xmlrpc.php HTTP/1.1" 406 300 "-" "WordPress.com; https://wordpress.com"
106.214.9.22 - - [10/Sep/2026:23:09:44 -0400] "POST /xmlrpc.php HTTP/1.1" 406 300 "-" "Jetpack by WordPress.com (Jetpack 12.5; WordPress 6.3)"
106.214.9.22 - - [10/Sep/2026:23:09:54 -0400] "POST /xmlrpc.php HTTP/1.1" 406 300 "-" "WordPress.com; https://wordpress.com"
106.214.9.22 - - [10/Sep/2026:23:10:05 -0400] "POST /xmlrpc.php HTTP/1.1" 406 300 "-" "Jetpack/13.0; WordPress/6.1; http://site52599508.com"
106.214.9.22 - - [10/Sep/2026:23:10:16 -0400] "POST /xmlrpc.php HTTP/1.1" 406 300 "-" "WordPress.com; https://wordpress.com"
199.250.222.155 - - [10/Sep/2026:23:10:27 -0400] "POST /wp-cron.php?doing_wp_cron=1789096227.9675579071044921875000 HTTP/1.1" 200 - "-" "WordPress/7.1; https://ceibaresidencial.mx"
106.214.9.22 - - [10/Sep/2026:23:10:27 -0400] "POST /xmlrpc.php HTTP/1.1" 200 415 "-" "Jetpack/13.0; WordPress/6.4; http://site28058477.com"
106.214.9.22 - - [10/Sep/2026:23:10:37 -0400] "POST /xmlrpc.php HTTP/1.1" 406 300 "-" "WordPress.com; https://wordpress.com"
185.251.19.13 - - [10/Sep/2026:23:10:42 -0400] "POST /wp-login.php HTTP/1.1" 200 11704 "-" "Mozilla/5.0 (Windows NT 10.0; Win64; rv:143.0) Gecko/20100101 Firefox/143.0"
185.251.19.23 - - [10/Sep/2026:23:10:42 -0400] "POST /wp-login.php HTTP/1.1" 200 11723 "-" "Mozilla/5.0 (Windows NT 10.0; Win64; rv:143.0) Gecko/20100101 Firefox/143.0"
45.132.227.173 - - [10/Sep/2026:23:10:43 -0400] "POST /wp-login.php HTTP/1.1" 200 11695 "-" "Mozilla/5.0 (Windows NT 10.0; Win64; x64) AppleWebKit/537.36 Chrome/129.0.0.0 Safari/537.36"
106.214.9.22 - - [10/Sep/2026:23:10:48 -0400] "POST /xmlrpc.php HTTP/1.1" 406 300 "-" "Jetpack/12.0; WordPress/6.4; http://site61087051.com"
106.214.9.22 - - [10/Sep/2026:23:10:59 -0400] "POST /xmlrpc.php HTTP/1.1" 406 300 "-" "Jetpack by WordPress.com"
106.214.9.22 - - [10/Sep/2026:23:11:09 -0400] "POST /xmlrpc.php HTTP/1.1" 406 300 "-" "Jetpack by WordPress.com"
106.214.9.22 - - [10/Sep/2026:23:11:20 -0400] "POST /xmlrpc.php HTTP/1.1" 406 300 "-" "Jetpack by WordPress.com (Jetpack 12.1; WordPress 6.4)"
199.250.222.155 - - [10/Sep/2026:23:11:31 -0400] "POST /wp-cron.php?doing_wp_cron=1789096291.6870279312133789062500 HTTP/1.1" 200 - "-" "WordPress/7.1; https://ceibaresidencial.mx"
106.214.9.22 - - [10/Sep/2026:23:11:30 -0400] "POST /xmlrpc.php HTTP/1.1" 200 415 "-" "Jetpack by WordPress.com"
106.214.9.22 - - [10/Sep/2026:23:11:41 -0400] "POST /xmlrpc.php HTTP/1.1" 406 300 "-" "WordPress.com; https://wordpress.com"
106.214.9.22 - - [10/Sep/2026:23:11:52 -0400] "POST /xmlrpc.php HTTP/1.1" 406 300 "-" "Jetpack by WordPress.com (Jetpack 13.0; WordPress 6.1)"
106.214.9.22 - - [10/Sep/2026:23:12:03 -0400] "POST /xmlrpc.php HTTP/1.1" 406 300 "-" "Jetpack by WordPress.com (Jetpack 12.5; WordPress 6.3)"
106.214.9.22 - - [10/Sep/2026:23:12:13 -0400] "POST /xmlrpc.php HTTP/1.1" 406 300 "-" "Jetpack by WordPress.com"
106.214.9.22 - - [10/Sep/2026:23:12:24 -0400] "POST /xmlrpc.php HTTP/1.1" 406 300 "-" "Jetpack by WordPress.com"
199.250.222.155 - - [10/Sep/2026:23:12:35 -0400] "POST /wp-cron.php?doing_wp_cron=1789096355.6060109138488769531250 HTTP/1.1" 200 - "-" "WordPress/7.1; https://ceibaresidencial.mx"
106.214.9.22 - - [10/Sep/2026:23:12:34 -0400] "POST /xmlrpc.php HTTP/1.1" 200 415 "-" "Jetpack by WordPress.com"
106.214.9.22 - - [10/Sep/2026:23:12:45 -0400] "POST /xmlrpc.php HTTP/1.1" 406 300 "-" "Jetpack by WordPress.com"
106.214.9.22 - - [10/Sep/2026:23:12:56 -0400] "POST /xmlrpc.php HTTP/1.1" 406 300 "-" "Jetpack by WordPress.com (Jetpack 12.5; WordPress 6.4)"
106.214.9.22 - - [10/Sep/2026:23:13:07 -0400] "POST /xmlrpc.php HTTP/1.1" 406 300 "-" "WordPress.com; https://wordpress.com"
106.214.9.22 - - [10/Sep/2026:23:13:17 -0400] "POST /xmlrpc.php HTTP/1.1" 406 300 "-" "WordPress.com; https://wordpress.com"
106.214.9.22 - - [10/Sep/2026:23:13:28 -0400] "POST /xmlrpc.php HTTP/1.1" 406 300 "-" "Jetpack/12.5; WordPress/6.3; http://site97157635.com"
199.250.222.155 - - [10/Sep/2026:23:13:39 -0400] "POST /wp-cron.php?doing_wp_cron=1789096419.7920279502868652343750 HTTP/1.1" 200 - "-" "WordPress/7.1; https://ceibaresidencial.mx"
106.214.9.22 - - [10/Sep/2026:23:13:39 -0400] "POST /xmlrpc.php HTTP/1.1" 200 415 "-" "Jetpack/12.1; WordPress/6.2; http://site63519958.com"
106.214.9.22 - - [10/Sep/2026:23:13:49 -0400] "POST /xmlrpc.php HTTP/1.1" 406 300 "-" "Jetpack by WordPress.com (Jetpack 12.5; WordPress 6.4)"
106.214.9.22 - - [10/Sep/2026:23:14:00 -0400] "POST /xmlrpc.php HTTP/1.1" 406 300 "-" "Jetpack by WordPress.com"
106.214.9.22 - - [10/Sep/2026:23:14:11 -0400] "POST /xmlrpc.php HTTP/1.1" 406 300 "-" "WordPress.com; https://wordpress.com"
106.214.9.22 - - [10/Sep/2026:23:14:21 -0400] "POST /xmlrpc.php HTTP/1.1" 406 300 "-" "Jetpack/12.1; WordPress/6.1; http://site68441126.com"
106.214.9.22 - - [10/Sep/2026:23:14:32 -0400] "POST /xmlrpc.php HTTP/1.1" 406 300 "-" "Jetpack/13.0; WordPress/6.3; http://site64818915.com"
47.128.27.221 - - [10/Sep/2026:23:14:32 -0400] "GET /wp-content/uploads/2025/04/FanzineCeibaWeb-1_compressed.pdf HTTP/1.1" 200 1248151 "-" "Mozilla/5.0 (Linux; Android 5.0) AppleWebKit/537.36 (KHTML, like Gecko) Mobile Safari/537.36 (compatible; Bytespider; spider-feedback@bytedance.com)"
199.250.222.155 - - [10/Sep/2026:23:14:44 -0400] "POST /wp-cron.php?doing_wp_cron=1789096483.9658029079437255859375 HTTP/1.1" 200 - "-" "WordPress/7.1; https://ceibaresidencial.mx"
106.214.9.22 - - [10/Sep/2026:23:14:43 -0400] "POST /xmlrpc.php HTTP/1.1" 200 415 "-" "Jetpack/12.0; WordPress/6.2; http://site45137068.com"
106.214.9.22 - - [10/Sep/2026:23:14:53 -0400] "POST /xmlrpc.php HTTP/1.1" 406 300 "-" "Jetpack/12.0; WordPress/6.2; http://site71528983.com"
106.214.9.22 - - [10/Sep/2026:23:15:04 -0400] "POST /xmlrpc.php HTTP/1.1" 406 300 "-" "Jetpack by WordPress.com"
106.214.9.22 - - [10/Sep/2026:23:15:15 -0400] "POST /xmlrpc.php HTTP/1.1" 406 300 "-" "WordPress.com; https://wordpress.com"
106.214.9.22 - - [10/Sep/2026:23:15:25 -0400] "POST /xmlrpc.php HTTP/1.1" 406 300 "-" "Jetpack by WordPress.com"
106.214.9.22 - - [10/Sep/2026:23:15:36 -0400] "POST /xmlrpc.php HTTP/1.1" 406 300 "-" "Jetpack by WordPress.com"
199.250.222.155 - - [10/Sep/2026:23:15:47 -0400] "POST /wp-cron.php?doing_wp_cron=1789096547.8020300865173339843750 HTTP/1.1" 200 - "-" "WordPress/7.1; https://ceibaresidencial.mx"
106.214.9.22 - - [10/Sep/2026:23:15:47 -0400] "POST /xmlrpc.php HTTP/1.1" 200 415 "-" "Jetpack/12.1; WordPress/6.2; http://site59017046.com"
106.214.9.22 - - [10/Sep/2026:23:15:57 -0400] "POST /xmlrpc.php HTTP/1.1" 406 300 "-" "Jetpack/13.0; WordPress/6.4; http://site66455326.com"
106.214.9.22 - - [10/Sep/2026:23:16:08 -0400] "POST /xmlrpc.php HTTP/1.1" 406 300 "-" "Jetpack/12.5; WordPress/6.4; http://site14416326.com"
106.214.9.22 - - [10/Sep/2026:23:16:19 -0400] "POST /xmlrpc.php HTTP/1.1" 406 300 "-" "WordPress.com; https://wordpress.com"
106.214.9.22 - - [10/Sep/2026:23:16:29 -0400] "POST /xmlrpc.php HTTP/1.1" 406 300 "-" "Jetpack by WordPress.com"
106.214.9.22 - - [10/Sep/2026:23:16:40 -0400] "POST /xmlrpc.php HTTP/1.1" 406 300 "-" "Jetpack by WordPress.com"
199.250.222.155 - - [10/Sep/2026:23:16:51 -0400] "POST /wp-cron.php?doing_wp_cron=1789096611.7102880477905273437500 HTTP/1.1" 200 - "-" "WordPress/7.1; https://ceibaresidencial.mx"
106.214.9.22 - - [10/Sep/2026:23:16:50 -0400] "POST /xmlrpc.php HTTP/1.1" 200 415 "-" "Jetpack by WordPress.com"
106.214.9.22 - - [10/Sep/2026:23:17:01 -0400] "POST /xmlrpc.php HTTP/1.1" 406 300 "-" "Jetpack/13.0; WordPress/6.4; http://site79884685.com"
106.214.9.22 - - [10/Sep/2026:23:17:12 -0400] "POST /xmlrpc.php HTTP/1.1" 406 300 "-" "WordPress.com; https://wordpress.com"
106.214.9.22 - - [10/Sep/2026:23:17:22 -0400] "POST /xmlrpc.php HTTP/1.1" 406 300 "-" "Jetpack by WordPress.com (Jetpack 12.0; WordPress 6.3)"
106.214.9.22 - - [10/Sep/2026:23:17:33 -0400] "POST /xmlrpc.php HTTP/1.1" 406 300 "-" "WordPress.com; https://wordpress.com"
106.214.9.22 - - [10/Sep/2026:23:17:43 -0400] "POST /xmlrpc.php HTTP/1.1" 406 300 "-" "Jetpack by WordPress.com"
199.250.222.155 - - [10/Sep/2026:23:17:55 -0400] "POST /wp-cron.php?doing_wp_cron=1789096675.4069418907165527343750 HTTP/1.1" 200 - "-" "WordPress/7.1; https://ceibaresidencial.mx"
106.214.9.22 - - [10/Sep/2026:23:17:54 -0400] "POST /xmlrpc.php HTTP/1.1" 200 415 "-" "Jetpack by WordPress.com"
106.214.9.22 - - [10/Sep/2026:23:18:05 -0400] "POST /xmlrpc.php HTTP/1.1" 406 300 "-" "WordPress.com; https://wordpress.com"
106.214.9.22 - - [10/Sep/2026:23:18:16 -0400] "POST /xmlrpc.php HTTP/1.1" 406 300 "-" "Jetpack/12.5; WordPress/6.2; http://site22104343.com"
106.214.9.22 - - [10/Sep/2026:23:18:26 -0400] "POST /xmlrpc.php HTTP/1.1" 406 300 "-" "WordPress.com; https://wordpress.com"
106.214.9.22 - - [10/Sep/2026:23:18:37 -0400] "POST /xmlrpc.php HTTP/1.1" 406 300 "-" "WordPress.com; https://wordpress.com"
106.214.9.22 - - [10/Sep/2026:23:18:48 -0400] "POST /xmlrpc.php HTTP/1.1" 406 300 "-" "WordPress.com; https://wordpress.com"
199.250.222.155 - - [10/Sep/2026:23:18:59 -0400] "POST /wp-cron.php?doing_wp_cron=1789096739.6075479984283447265625 HTTP/1.1" 200 - "-" "WordPress/7.1; https://ceibaresidencial.mx"
106.214.9.22 - - [10/Sep/2026:23:18:58 -0400] "POST /xmlrpc.php HTTP/1.1" 200 415 "-" "Jetpack by WordPress.com"
106.214.9.22 - - [10/Sep/2026:23:19:09 -0400] "POST /xmlrpc.php HTTP/1.1" 406 300 "-" "WordPress.com; https://wordpress.com"
106.214.9.22 - - [10/Sep/2026:23:19:20 -0400] "POST /xmlrpc.php HTTP/1.1" 406 300 "-" "WordPress.com; https://wordpress.com"
106.214.9.22 - - [10/Sep/2026:23:19:30 -0400] "POST /xmlrpc.php HTTP/1.1" 406 300 "-" "Jetpack by WordPress.com (Jetpack 12.5; WordPress 6.1)"
106.214.9.22 - - [10/Sep/2026:23:19:41 -0400] "POST /xmlrpc.php HTTP/1.1" 406 300 "-" "WordPress.com; https://wordpress.com"
106.214.9.22 - - [10/Sep/2026:23:19:52 -0400] "POST /xmlrpc.php HTTP/1.1" 406 300 "-" "WordPress.com; https://wordpress.com"
199.250.222.155 - - [10/Sep/2026:23:20:03 -0400] "POST /wp-cron.php?doing_wp_cron=1789096803.6767420768737792968750 HTTP/1.1" 200 - "-" "WordPress/7.1; https://ceibaresidencial.mx"
106.214.9.22 - - [10/Sep/2026:23:20:02 -0400] "POST /xmlrpc.php HTTP/1.1" 200 415 "-" "Jetpack by WordPress.com"
106.214.9.22 - - [10/Sep/2026:23:20:13 -0400] "POST /xmlrpc.php HTTP/1.1" 406 300 "-" "Jetpack/12.1; WordPress/6.3; http://site86116576.com"
45.132.227.169 - - [10/Sep/2026:23:20:14 -0400] "POST /wp-login.php HTTP/1.1" 200 11704 "-" "Mozilla/5.0 (Windows NT 10.0; Win64; rv:143.0) Gecko/20100101 Firefox/143.0"
136.144.42.159 - - [10/Sep/2026:23:20:15 -0400] "POST /wp-login.php HTTP/1.1" 200 11695 "-" "Mozilla/5.0 (Macintosh; Intel Mac OS X 10_15_7) AppleWebKit/605.1.15 Version/17.0 Safari/605.1.15"
185.251.19.29 - - [10/Sep/2026:23:20:14 -0400] "POST /wp-login.php HTTP/1.1" 200 11723 "-" "Mozilla/5.0 (Macintosh; Intel Mac OS X 10_15_7) AppleWebKit/605.1.15 Version/17.0 Safari/605.1.15"
185.251.19.9 - - [10/Sep/2026:23:20:14 -0400] "POST /wp-login.php HTTP/1.1" 200 11701 "-" "Mozilla/5.0 (Macintosh; Intel Mac OS X 10_15_7) AppleWebKit/605.1.15 Version/17.0 Safari/605.1.15"
207.46.13.229 - - [10/Sep/2026:23:22:17 -0400] "GET /robots.txt HTTP/1.1" 404 236 "-" "Mozilla/5.0 AppleWebKit/537.36 (KHTML, like Gecko; compatible; bingbot/2.0; +http://www.bing.com/bingbot.htm) Chrome/116.0.1938.76 Safari/537.36"
52.167.144.16 - - [10/Sep/2026:23:22:23 -0400] "GET /totes HTTP/1.1" 404 236 "-" "Mozilla/5.0 AppleWebKit/537.36 (KHTML, like Gecko; compatible; bingbot/2.0; +http://www.bing.com/bingbot.htm) Chrome/116.0.1938.76 Safari/537.36"
199.250.222.155 - - [10/Sep/2026:23:29:38 -0400] "POST /wp-cron.php?doing_wp_cron=1789097378.8275299072265625000000 HTTP/1.1" 200 - "-" "WordPress/7.1; https://ceibaresidencial.mx"
185.251.19.18 - - [10/Sep/2026:23:29:38 -0400] "POST /wp-login.php HTTP/1.1" 200 11701 "-" "Mozilla/5.0 (Macintosh; Intel Mac OS X 10_15_7) AppleWebKit/605.1.15 Version/17.0 Safari/605.1.15"
199.250.222.155 - - [10/Sep/2026:23:29:38 -0400] "POST /wp-cron.php?doing_wp_cron=1789097378.8279209136962890625000 HTTP/1.1" 200 - "-" "WordPress/7.1; https://ceibaresidencial.mx"
185.251.19.21 - - [10/Sep/2026:23:29:38 -0400] "POST /wp-login.php HTTP/1.1" 200 11695 "-" "Mozilla/5.0 (Windows NT 10.0; Win64; x64) AppleWebKit/537.36 Chrome/129.0.0.0 Safari/537.36"
45.132.227.165 - - [10/Sep/2026:23:29:38 -0400] "POST /wp-login.php HTTP/1.1" 200 11704 "-" "Mozilla/5.0 (Windows NT 10.0; Win64; rv:143.0) Gecko/20100101 Firefox/143.0"
45.132.227.171 - - [10/Sep/2026:23:29:38 -0400] "POST /wp-login.php HTTP/1.1" 200 11723 "-" "Mozilla/5.0 (Windows NT 10.0; Win64; rv:143.0) Gecko/20100101 Firefox/143.0"
20.169.78.193 - - [10/Sep/2026:23:33:05 -0400] "GET / HTTP/1.1" 200 354996 "-" "Mozilla/5.0 AppleWebKit/537.36 (KHTML, like Gecko); compatible; ChatGPT-User/1.0; +https://openai.com/bot"
35.170.181.234 - - [10/Sep/2026:23:35:30 -0400] "GET /robots.txt HTTP/1.1" 404 236 "-" "Mozilla/5.0 (Macintosh; Intel Mac OS X 10_10_1) AppleWebKit/600.2.5 (KHTML, like Gecko) Version/8.0.2 Safari/600.2.5 (Gort)"
199.250.222.155 - - [10/Sep/2026:23:36:46 -0400] "GET /wp-includes/html-api/cqwzpyr/hts1xoc/cyxnmf1/index.php?pass=Ogm4FXiGMx9 HTTP/1.1" 200 5724 "-" "Mozilla/5.0 (Macintosh; Intel Mac OS X 10_15_7) AppleWebKit/605.1.15 (KHTML, like Gecko) Version/17.2.1 Safari/605.1.15"
