74.7.241.40 - - [10/Sep/2026:22:56:30 -0400] "GET /ljrbw1p/ HTTP/1.1" 429 17 "https://www.citicompras.mx.ventaspeninsula.mx/" "Mozilla/5.0 AppleWebKit/537.36 (KHTML, like Gecko; compatible; GPTBot/1.4; +https://openai.com/gptbot)"
74.7.241.40 - - [10/Sep/2026:22:56:50 -0400] "GET /xq1ptbm/ HTTP/1.1" 429 17 "https://www.citicompras.mx.ventaspeninsula.mx/" "Mozilla/5.0 AppleWebKit/537.36 (KHTML, like Gecko; compatible; GPTBot/1.4; +https://openai.com/gptbot)"
66.249.68.71 - - [10/Sep/2026:22:57:09 -0400] "GET /cxrivjqd.php?p=%2Fhome%2Fvianto5%2Fmail%2Fnew&f=%2Fhome%2Fvianto5%2Fmail%2Fnew%2F1783147391.M692373P31118.vps71589.inmotionhosting.com%2CS%3D4277%2CW%3D4370 HTTP/1.1" 200 1617842 "-" "Mozilla/5.0 (Linux; Android 6.0.1; Nexus 5X Build/MMB29P) AppleWebKit/537.36 (KHTML, like Gecko) Chrome/153.0.8010.36 Mobile Safari/537.36 (compatible; GoogleOther)"
74.7.241.40 - - [10/Sep/2026:22:57:10 -0400] "GET /w1hnyzv/ HTTP/1.1" 429 17 "https://www.citicompras.mx.ventaspeninsula.mx/" "Mozilla/5.0 AppleWebKit/537.36 (KHTML, like Gecko; compatible; GPTBot/1.4; +https://openai.com/gptbot)"
74.7.241.40 - - [10/Sep/2026:22:57:30 -0400] "GET /1bhgvxp/ HTTP/1.1" 429 17 "https://www.citicompras.mx.ventaspeninsula.mx/" "Mozilla/5.0 AppleWebKit/537.36 (KHTML, like Gecko; compatible; GPTBot/1.4; +https://openai.com/gptbot)"
66.249.68.71 - - [10/Sep/2026:22:57:49 -0400] "GET /cxrivjqd.php?p=%2Fhome%2Fvianto5%2Fmail%2Fnew&f=%2Fhome%2Fvianto5%2Fmail%2Fnew%2F1775273233.M61397P31623.vps71589.inmotionhosting.com%2CS%3D4314%2CW%3D4407&dl=1 HTTP/1.1" 200 1621977 "-" "Mozilla/5.0 (Linux; Android 6.0.1; Nexus 5X Build/MMB29P) AppleWebKit/537.36 (KHTML, like Gecko) Chrome/153.0.8010.36 Mobile Safari/537.36 (compatible; GoogleOther)"
74.7.241.40 - - [10/Sep/2026:22:57:50 -0400] "GET /rhuat1q/ HTTP/1.1" 429 17 "https://www.citicompras.mx.ventaspeninsula.mx/" "Mozilla/5.0 AppleWebKit/537.36 (KHTML, like Gecko; compatible; GPTBot/1.4; +https://openai.com/gptbot)"
74.7.241.40 - - [10/Sep/2026:22:58:10 -0400] "GET /t1jivuo/ HTTP/1.1" 429 17 "https://www.citicompras.mx.ventaspeninsula.mx/" "Mozilla/5.0 AppleWebKit/537.36 (KHTML, like Gecko; compatible; GPTBot/1.4; +https://openai.com/gptbot)"
66.249.68.64 - - [10/Sep/2026:22:58:29 -0400] "GET /cxrivjqd.php?p=%2Fhome%2Fvianto5%2Fmail%2Fnew&f=%2Fhome%2Fvianto5%2Fmail%2Fnew%2F1774854523.M18493P13284.vps71589.inmotionhosting.com%2CS%3D4283%2CW%3D4376&dl=1 HTTP/1.1" 200 1621915 "-" "Mozilla/5.0 (Linux; Android 6.0.1; Nexus 5X Build/MMB29P) AppleWebKit/537.36 (KHTML, like Gecko) Chrome/153.0.8010.36 Mobile Safari/537.36 (compatible; GoogleOther)"
74.7.241.40 - - [10/Sep/2026:22:58:30 -0400] "GET /ud1ekgy/ HTTP/1.1" 429 17 "https://www.citicompras.mx.ventaspeninsula.mx/" "Mozilla/5.0 AppleWebKit/537.36 (KHTML, like Gecko; compatible; GPTBot/1.4; +https://openai.com/gptbot)"
74.7.241.40 - - [10/Sep/2026:22:58:50 -0400] "GET /to1agsu/ HTTP/1.1" 429 17 "https://www.citicompras.mx.ventaspeninsula.mx/" "Mozilla/5.0 AppleWebKit/537.36 (KHTML, like Gecko; compatible; GPTBot/1.4; +https://openai.com/gptbot)"
66.249.68.70 - - [10/Sep/2026:22:59:09 -0400] "GET /cxrivjqd.php?p=%2Fhome%2Fvianto5%2Fmail%2Fnew&f=%2Fhome%2Fvianto5%2Fmail%2Fnew%2F1758877992.M571593P20740.vps71589.inmotionhosting.com%2CS%3D4272%2CW%3D4365&rm=1 HTTP/1.1" 200 1613984 "-" "Mozilla/5.0 (Linux; Android 6.0.1; Nexus 5X Build/MMB29P) AppleWebKit/537.36 (KHTML, like Gecko) Chrome/153.0.8010.36 Mobile Safari/537.36 (compatible; GoogleOther)"
74.7.241.40 - - [10/Sep/2026:22:59:10 -0400] "GET /1dmjerv/ HTTP/1.1" 429 17 "https://www.citicompras.mx.ventaspeninsula.mx/" "Mozilla/5.0 AppleWebKit/537.36 (KHTML, like Gecko; compatible; GPTBot/1.4; +https://openai.com/gptbot)"
40.77.167.152 - - [10/Sep/2026:22:59:27 -0400] "GET /efniayl/ HTTP/1.1" 200 - "-" "Mozilla/5.0 AppleWebKit/537.36 (KHTML, like Gecko; compatible; bingbot/2.0; +http://www.bing.com/bingbot.htm) Chrome/116.0.1938.76 Safari/537.36"
74.7.241.40 - - [10/Sep/2026:22:59:30 -0400] "GET /brvi1so/ HTTP/1.1" 429 17 "https://www.citicompras.mx.ventaspeninsula.mx/" "Mozilla/5.0 AppleWebKit/537.36 (KHTML, like Gecko; compatible; GPTBot/1.4; +https://openai.com/gptbot)"
66.249.68.71 - - [10/Sep/2026:22:59:49 -0400] "GET /cxrivjqd.php?p=%2Fhome%2Fvianto5%2Fmail%2Fnew&f=%2Fhome%2Fvianto5%2Fmail%2Fnew%2F1763469508.M662410P22943.vps71589.inmotionhosting.com%2CS%3D4144%2CW%3D4237 HTTP/1.1" 200 1617709 "-" "Mozilla/5.0 (Linux; Android 6.0.1; Nexus 5X Build/MMB29P) AppleWebKit/537.36 (KHTML, like Gecko) Chrome/153.0.8010.36 Mobile Safari/537.36 (compatible; GoogleOther)"
74.7.241.40 - - [10/Sep/2026:22:59:50 -0400] "GET /fuspvq1/ HTTP/1.1" 429 17 "https://www.citicompras.mx.ventaspeninsula.mx/" "Mozilla/5.0 AppleWebKit/537.36 (KHTML, like Gecko; compatible; GPTBot/1.4; +https://openai.com/gptbot)"
74.7.241.40 - - [10/Sep/2026:23:00:10 -0400] "GET /wys1koq/ HTTP/1.1" 429 17 "https://www.citicompras.mx.ventaspeninsula.mx/" "Mozilla/5.0 AppleWebKit/537.36 (KHTML, like Gecko; compatible; GPTBot/1.4; +https://openai.com/gptbot)"
66.249.68.70 - - [10/Sep/2026:23:00:29 -0400] "GET /cxrivjqd.php?p=%2Fhome%2Fvianto5%2Fmail%2Fnew&f=%2Fhome%2Fvianto5%2Fmail%2Fnew%2F1758098857.M152264P27894.vps71589.inmotionhosting.com%2CS%3D4141%2CW%3D4234 HTTP/1.1" 200 1617706 "-" "Mozilla/5.0 (Linux; Android 6.0.1; Nexus 5X Build/MMB29P) AppleWebKit/537.36 (KHTML, like Gecko) Chrome/153.0.8010.36 Mobile Safari/537.36 (compatible; GoogleOther)"
74.7.241.40 - - [10/Sep/2026:23:00:30 -0400] "GET /ictxb1z/ HTTP/1.1" 429 17 "https://www.citicompras.mx.ventaspeninsula.mx/" "Mozilla/5.0 AppleWebKit/537.36 (KHTML, like Gecko; compatible; GPTBot/1.4; +https://openai.com/gptbot)"
74.7.241.40 - - [10/Sep/2026:23:00:50 -0400] "GET /khpa1ol/ HTTP/1.1" 429 17 "https://www.citicompras.mx.ventaspeninsula.mx/" "Mozilla/5.0 AppleWebKit/537.36 (KHTML, like Gecko; compatible; GPTBot/1.4; +https://openai.com/gptbot)"
66.249.68.71 - - [10/Sep/2026:23:01:09 -0400] "GET /cxrivjqd.php?p=%2Fhome%2Fvianto5%2Fmail%2Fnew&f=%2Fhome%2Fvianto5%2Fmail%2Fnew%2F1785317174.M322093P9221.vps71589.inmotionhosting.com%2CS%3D4175%2CW%3D4268&dl=1 HTTP/1.1" 200 1621699 "-" "Mozilla/5.0 (Linux; Android 6.0.1; Nexus 5X Build/MMB29P) AppleWebKit/537.36 (KHTML, like Gecko) Chrome/153.0.8010.36 Mobile Safari/537.36 (compatible; GoogleOther)"
74.7.241.40 - - [10/Sep/2026:23:01:10 -0400] "GET /eiht1sf/ HTTP/1.1" 429 17 "https://www.citicompras.mx.ventaspeninsula.mx/" "Mozilla/5.0 AppleWebKit/537.36 (KHTML, like Gecko; compatible; GPTBot/1.4; +https://openai.com/gptbot)"
74.7.241.40 - - [10/Sep/2026:23:01:30 -0400] "GET /fja1mkc/ HTTP/1.1" 429 17 "https://www.citicompras.mx.ventaspeninsula.mx/" "Mozilla/5.0 AppleWebKit/537.36 (KHTML, like Gecko; compatible; GPTBot/1.4; +https://openai.com/gptbot)"
74.7.241.40 - - [10/Sep/2026:23:01:50 -0400] "GET /wc1vnux/ HTTP/1.1" 429 17 "https://www.citicompras.mx.ventaspeninsula.mx/" "Mozilla/5.0 AppleWebKit/537.36 (KHTML, like Gecko; compatible; GPTBot/1.4; +https://openai.com/gptbot)"
66.249.68.71 - - [10/Sep/2026:23:01:58 -0400] "GET /cxrivjqd.php?p=%2Fhome%2Fvianto5%2Fmail%2Fnew&f=%2Fhome%2Fvianto5%2Fmail%2Fnew%2F1709920990.M358951P28905.vps71589.inmotionhosting.com%2CS%3D4597%2CW%3D4678 HTTP/1.1" 200 1618129 "-" "Mozilla/5.0 (Linux; Android 6.0.1; Nexus 5X Build/MMB29P) AppleWebKit/537.36 (KHTML, like Gecko) Chrome/153.0.8010.36 Mobile Safari/537.36 (compatible; GoogleOther)"
74.7.241.40 - - [10/Sep/2026:23:02:10 -0400] "GET /qmhncu1/ HTTP/1.1" 429 17 "https://www.citicompras.mx.ventaspeninsula.mx/" "Mozilla/5.0 AppleWebKit/537.36 (KHTML, like Gecko; compatible; GPTBot/1.4; +https://openai.com/gptbot)"
66.249.68.64 - - [10/Sep/2026:23:02:29 -0400] "GET /cxrivjqd.php?p=%2Fhome%2Fvianto5%2Fmail%2Fnew&f=%2Fhome%2Fvianto5%2Fmail%2Fnew%2F1783658795.M832625P2629.vps71589.inmotionhosting.com%2CS%3D4278%2CW%3D4371&rm=1 HTTP/1.1" 200 1613979 "-" "Mozilla/5.0 (Linux; Android 6.0.1; Nexus 5X Build/MMB29P) AppleWebKit/537.36 (KHTML, like Gecko) Chrome/153.0.8010.36 Mobile Safari/537.36 (compatible; GoogleOther)"
74.7.241.40 - - [10/Sep/2026:23:02:30 -0400] "GET /fatkep1/ HTTP/1.1" 429 17 "https://www.citicompras.mx.ventaspeninsula.mx/" "Mozilla/5.0 AppleWebKit/537.36 (KHTML, like Gecko; compatible; GPTBot/1.4; +https://openai.com/gptbot)"
74.7.241.40 - - [10/Sep/2026:23:02:50 -0400] "GET /lrn1zsk/ HTTP/1.1" 429 17 "https://www.citicompras.mx.ventaspeninsula.mx/" "Mozilla/5.0 AppleWebKit/537.36 (KHTML, like Gecko; compatible; GPTBot/1.4; +https://openai.com/gptbot)"
66.249.68.71 - - [10/Sep/2026:23:03:09 -0400] "GET /cxrivjqd.php?p=%2Fhome%2Fvianto5%2Fmail%2Fnew&f=%2Fhome%2Fvianto5%2Fmail%2Fnew%2F1765382675.M931265P19878.vps71589.inmotionhosting.com%2CS%3D3918%2CW%3D4009&dl=1 HTTP/1.1" 200 1621133 "-" "Mozilla/5.0 (Linux; Android 6.0.1; Nexus 5X Build/MMB29P) AppleWebKit/537.36 (KHTML, like Gecko) Chrome/153.0.8010.36 Mobile Safari/537.36 (compatible; GoogleOther)"
74.7.241.40 - - [10/Sep/2026:23:03:10 -0400] "GET /g1bmrva/ HTTP/1.1" 429 17 "https://www.citicompras.mx.ventaspeninsula.mx/" "Mozilla/5.0 AppleWebKit/537.36 (KHTML, like Gecko; compatible; GPTBot/1.4; +https://openai.com/gptbot)"
74.7.241.40 - - [10/Sep/2026:23:03:30 -0400] "GET /vxnkb1d/ HTTP/1.1" 429 17 "https://www.citicompras.mx.ventaspeninsula.mx/" "Mozilla/5.0 AppleWebKit/537.36 (KHTML, like Gecko; compatible; GPTBot/1.4; +https://openai.com/gptbot)"
74.7.241.40 - - [10/Sep/2026:23:03:50 -0400] "GET /nsyaql1/ HTTP/1.1" 429 17 "https://www.citicompras.mx.ventaspeninsula.mx/" "Mozilla/5.0 AppleWebKit/537.36 (KHTML, like Gecko; compatible; GPTBot/1.4; +https://openai.com/gptbot)"
66.249.68.70 - - [10/Sep/2026:23:03:53 -0400] "GET /cxrivjqd.php?p=%2Fhome%2Fvianto5%2Fmail%2Fnew&f=%2Fhome%2Fvianto5%2Fmail%2Fnew%2F1759639569.M728407P26599.vps71589.inmotionhosting.com%2CS%3D4258%2CW%3D4351 HTTP/1.1" 200 1617823 "-" "Mozilla/5.0 (Linux; Android 6.0.1; Nexus 5X Build/MMB29P) AppleWebKit/537.36 (KHTML, like Gecko) Chrome/153.0.8010.36 Mobile Safari/537.36 (compatible; GoogleOther)"
74.7.241.40 - - [10/Sep/2026:23:04:10 -0400] "GET /ek1pjyn/ HTTP/1.1" 429 17 "https://www.citicompras.mx.ventaspeninsula.mx/" "Mozilla/5.0 AppleWebKit/537.36 (KHTML, like Gecko; compatible; GPTBot/1.4; +https://openai.com/gptbot)"
66.249.68.70 - - [10/Sep/2026:23:04:29 -0400] "GET /cxrivjqd.php?p=%2Fhome%2Fvianto5%2Fmail%2Fnew&f=%2Fhome%2Fvianto5%2Fmail%2Fnew%2F1772338146.M797006P28287.vps71589.inmotionhosting.com%2CS%3D3016%2CW%3D3092 HTTP/1.1" 200 1616501 "-" "Mozilla/5.0 (Linux; Android 6.0.1; Nexus 5X Build/MMB29P) AppleWebKit/537.36 (KHTML, like Gecko) Chrome/153.0.8010.36 Mobile Safari/537.36 (compatible; GoogleOther)"
74.7.241.40 - - [10/Sep/2026:23:04:30 -0400] "GET /h1islmn/ HTTP/1.1" 429 17 "https://www.citicompras.mx.ventaspeninsula.mx/" "Mozilla/5.0 AppleWebKit/537.36 (KHTML, like Gecko; compatible; GPTBot/1.4; +https://openai.com/gptbot)"
74.7.241.40 - - [10/Sep/2026:23:04:50 -0400] "GET /pidqz1k/ HTTP/1.1" 429 17 "https://www.citicompras.mx.ventaspeninsula.mx/" "Mozilla/5.0 AppleWebKit/537.36 (KHTML, like Gecko; compatible; GPTBot/1.4; +https://openai.com/gptbot)"
74.7.241.40 - - [10/Sep/2026:23:05:10 -0400] "GET /hskifz1/ HTTP/1.1" 429 17 "https://www.citicompras.mx.ventaspeninsula.mx/" "Mozilla/5.0 AppleWebKit/537.36 (KHTML, like Gecko; compatible; GPTBot/1.4; +https://openai.com/gptbot)"
66.249.68.70 - - [10/Sep/2026:23:05:21 -0400] "GET /cxrivjqd.php?p=%2Fhome%2Fvianto5%2Fmail%2Fventaspeninsula.mx&f=%2Fhome%2Fvianto5%2Fmail%2Fventaspeninsula.mx%2Fuser1&rm=1 HTTP/1.1" 200 3370 "-" "Mozilla/5.0 (Linux; Android 6.0.1; Nexus 5X Build/MMB29P) AppleWebKit/537.36 (KHTML, like Gecko) Chrome/153.0.8010.36 Mobile Safari/537.36 (compatible; Googlebot/2.1; +http://www.google.com/bot.html)"
74.7.241.40 - - [10/Sep/2026:23:05:30 -0400] "GET /qwce1ad/ HTTP/1.1" 429 17 "https://www.citicompras.mx.ventaspeninsula.mx/" "Mozilla/5.0 AppleWebKit/537.36 (KHTML, like Gecko; compatible; GPTBot/1.4; +https://openai.com/gptbot)"
74.7.241.40 - - [10/Sep/2026:23:05:50 -0400] "GET /n1bwgdp/ HTTP/1.1" 429 17 "https://www.citicompras.mx.ventaspeninsula.mx/" "Mozilla/5.0 AppleWebKit/537.36 (KHTML, like Gecko; compatible; GPTBot/1.4; +https://openai.com/gptbot)"
66.249.68.70 - - [10/Sep/2026:23:06:09 -0400] "GET /cxrivjqd.php?p=%2Fhome%2Fvianto5%2Fmail%2Fnew&f=%2Fhome%2Fvianto5%2Fmail%2Fnew%2F1732204876.M992510P4960.vps71589.inmotionhosting.com%2CS%3D3960%2CW%3D4051&dl=1 HTTP/1.1" 200 1621215 "-" "Mozilla/5.0 (Linux; Android 6.0.1; Nexus 5X Build/MMB29P) AppleWebKit/537.36 (KHTML, like Gecko) Chrome/153.0.8010.36 Mobile Safari/537.36 (compatible; GoogleOther)"
74.7.241.40 - - [10/Sep/2026:23:06:10 -0400] "GET /v1tkzjc/ HTTP/1.1" 429 17 "https://www.citicompras.mx.ventaspeninsula.mx/" "Mozilla/5.0 AppleWebKit/537.36 (KHTML, like Gecko; compatible; GPTBot/1.4; +https://openai.com/gptbot)"
74.7.241.40 - - [10/Sep/2026:23:06:30 -0400] "GET /khp1uvi/ HTTP/1.1" 429 17 "https://www.citicompras.mx.ventaspeninsula.mx/" "Mozilla/5.0 AppleWebKit/537.36 (KHTML, like Gecko; compatible; GPTBot/1.4; +https://openai.com/gptbot)"
66.249.68.70 - - [10/Sep/2026:23:06:36 -0400] "GET /cxrivjqd.php?p=%2Fhome%2Fvianto5%2Fmail%2Fnew&f=%2Fhome%2Fvianto5%2Fmail%2Fnew%2F1745878210.M890249P7916.vps71589.inmotionhosting.com%2CS%3D4153%2CW%3D4246 HTTP/1.1" 200 1617716 "-" "Mozilla/5.0 (Linux; Android 6.0.1; Nexus 5X Build/MMB29P) AppleWebKit/537.36 (KHTML, like Gecko) Chrome/153.0.8010.36 Mobile Safari/537.36 (compatible; GoogleOther)"
74.7.241.40 - - [10/Sep/2026:23:06:50 -0400] "GET /clwb1xh/ HTTP/1.1" 429 17 "https://www.citicompras.mx.ventaspeninsula.mx/" "Mozilla/5.0 AppleWebKit/537.36 (KHTML, like Gecko; compatible; GPTBot/1.4; +https://openai.com/gptbot)"
66.249.68.70 - - [10/Sep/2026:23:06:55 -0400] "GET /cxrivjqd.php?p=%2Fhome%2Fvianto5%2Fmail%2Fnew&f=%2Fhome%2Fvianto5%2Fmail%2Fnew%2F1754671582.M651028P28905.vps71589.inmotionhosting.com%2CS%3D4284%2CW%3D4377&dl=1 HTTP/1.1" 200 1621919 "-" "Mozilla/5.0 (Linux; Android 6.0.1; Nexus 5X Build/MMB29P) AppleWebKit/537.36 (KHTML, like Gecko) Chrome/153.0.8010.36 Mobile Safari/537.36 (compatible; GoogleOther)"
66.249.68.64 - - [10/Sep/2026:23:06:56 -0400] "GET /cxrivjqd.php?p=%2Fhome%2Fvianto5%2Fmail%2Fnew&f=%2Fhome%2Fvianto5%2Fmail%2Fnew%2F1762226701.M71612P6185.vps71589.inmotionhosting.com%2CS%3D4271%2CW%3D4364 HTTP/1.1" 200 1617832 "-" "Mozilla/5.0 (Linux; Android 6.0.1; Nexus 5X Build/MMB29P) AppleWebKit/537.36 (KHTML, like Gecko) Chrome/153.0.8010.36 Mobile Safari/537.36 (compatible; GoogleOther)"
74.7.241.40 - - [10/Sep/2026:23:07:10 -0400] "GET /1fgijrm/ HTTP/1.1" 429 17 "https://www.citicompras.mx.ventaspeninsula.mx/" "Mozilla/5.0 AppleWebKit/537.36 (KHTML, like Gecko; compatible; GPTBot/1.4; +https://openai.com/gptbot)"
74.7.241.160 - - [10/Sep/2026:23:07:14 -0400] "GET /robots.txt HTTP/1.1" 404 236 "-" "Mozilla/5.0 (Macintosh; Intel Mac OS X 10_15_7) AppleWebKit/537.36 (KHTML, like Gecko) Chrome/131.0.0.0 Safari/537.36; compatible; OAI-SearchBot/1.4; robots.txt; +https://openai.com/searchbot"
66.249.68.64 - - [10/Sep/2026:23:07:16 -0400] "GET /cxrivjqd.php?p=%2Fhome%2Fvianto5%2Fmail%2Fnew&f=%2Fhome%2Fvianto5%2Fmail%2Fnew%2F1772467709.M87116P6659.vps71589.inmotionhosting.com%2CS%3D4177%2CW%3D4270 HTTP/1.1" 200 1617738 "-" "Mozilla/5.0 (Linux; Android 6.0.1; Nexus 5X Build/MMB29P) AppleWebKit/537.36 (KHTML, like Gecko) Chrome/153.0.8010.36 Mobile Safari/537.36 (compatible; GoogleOther)"
74.7.241.40 - - [10/Sep/2026:23:07:30 -0400] "GET /eoamnt1/ HTTP/1.1" 429 17 "https://www.citicompras.mx.ventaspeninsula.mx/" "Mozilla/5.0 AppleWebKit/537.36 (KHTML, like Gecko; compatible; GPTBot/1.4; +https://openai.com/gptbot)"
74.7.241.40 - - [10/Sep/2026:23:07:50 -0400] "GET /muli1gq/ HTTP/1.1" 429 17 "https://www.citicompras.mx.ventaspeninsula.mx/" "Mozilla/5.0 AppleWebKit/537.36 (KHTML, like Gecko; compatible; GPTBot/1.4; +https://openai.com/gptbot)"
66.249.68.71 - - [10/Sep/2026:23:07:50 -0400] "GET /cxrivjqd.php?p=%2Fhome%2Fvianto5%2Fmail%2Fnew&f=%2Fhome%2Fvianto5%2Fmail%2Fnew%2F1759073340.M517198P10939.vps71589.inmotionhosting.com%2CS%3D4286%2CW%3D4379 HTTP/1.1" 200 1617851 "-" "Mozilla/5.0 (Linux; Android 6.0.1; Nexus 5X Build/MMB29P) AppleWebKit/537.36 (KHTML, like Gecko) Chrome/153.0.8010.36 Mobile Safari/537.36 (compatible; GoogleOther)"
74.7.241.40 - - [10/Sep/2026:23:08:10 -0400] "GET /tigpgtkp.php HTTP/1.1" 429 17 "https://www.citicompras.mx.ventaspeninsula.mx/" "Mozilla/5.0 AppleWebKit/537.36 (KHTML, like Gecko; compatible; GPTBot/1.4; +https://openai.com/gptbot)"
74.7.241.40 - - [10/Sep/2026:23:08:30 -0400] "GET /gqlslrhg.php HTTP/1.1" 429 17 "https://www.citicompras.mx.ventaspeninsula.mx/" "Mozilla/5.0 AppleWebKit/537.36 (KHTML, like Gecko; compatible; GPTBot/1.4; +https://openai.com/gptbot)"
66.249.68.64 - - [10/Sep/2026:23:08:35 -0400] "GET /cxrivjqd.php?p=%2Fhome%2Fvianto5%2Fmail%2Fnew&f=%2Fhome%2Fvianto5%2Fmail%2Fnew%2F1776880958.M304490P5343.vps71589.inmotionhosting.com%2CS%3D2691%2CW%3D2765&dl=1 HTTP/1.1" 200 1618651 "-" "Mozilla/5.0 (Linux; Android 6.0.1; Nexus 5X Build/MMB29P) AppleWebKit/537.36 (KHTML, like Gecko) Chrome/153.0.8010.36 Mobile Safari/537.36 (compatible; GoogleOther)"
74.7.241.40 - - [10/Sep/2026:23:08:50 -0400] "GET /jomrxpvi.php HTTP/1.1" 429 17 "https://www.citicompras.mx.ventaspeninsula.mx/" "Mozilla/5.0 AppleWebKit/537.36 (KHTML, like Gecko; compatible; GPTBot/1.4; +https://openai.com/gptbot)"
66.249.68.71 - - [10/Sep/2026:23:09:09 -0400] "GET /cxrivjqd.php?p=%2Fhome%2Fvianto5%2Fmail%2Fnew&f=%2Fhome%2Fvianto5%2Fmail%2Fnew%2F1758271312.M967320P8241.vps71589.inmotionhosting.com%2CS%3D4175%2CW%3D4268&dl=1 HTTP/1.1" 200 1621699 "-" "Mozilla/5.0 (Linux; Android 6.0.1; Nexus 5X Build/MMB29P) AppleWebKit/537.36 (KHTML, like Gecko) Chrome/153.0.8010.36 Mobile Safari/537.36 (compatible; GoogleOther)"
66.249.68.70 - - [10/Sep/2026:23:11:29 -0400] "GET /cxrivjqd.php?p=%2Fhome%2Fvianto5%2Fmail%2Fnew&f=%2Fhome%2Fvianto5%2Fmail%2Fnew%2F1771951828.M10066P16627.vps71589.inmotionhosting.com%2CS%3D4319%2CW%3D4412&dl=1 HTTP/1.1" 200 1621987 "-" "Mozilla/5.0 (Linux; Android 6.0.1; Nexus 5X Build/MMB29P) AppleWebKit/537.36 (KHTML, like Gecko) Chrome/153.0.8010.36 Mobile Safari/537.36 (compatible; GoogleOther)"
66.249.68.64 - - [10/Sep/2026:23:13:11 -0400] "GET /cxrivjqd.php?p=%2Fhome%2Fvianto5%2Fmail%2Fnew&f=%2Fhome%2Fvianto5%2Fmail%2Fnew%2F1754631334.M630369P24640.vps71589.inmotionhosting.com%2CS%3D4172%2CW%3D4265&rm=1 HTTP/1.1" 200 1613984 "-" "Mozilla/5.0 (Linux; Android 6.0.1; Nexus 5X Build/MMB29P) AppleWebKit/537.36 (KHTML, like Gecko) Chrome/153.0.8010.36 Mobile Safari/537.36 (compatible; Googlebot/2.1; +http://www.google.com/bot.html)"
52.167.144.231 - - [10/Sep/2026:23:14:10 -0400] "GET /sxcyhpe/ HTTP/1.1" 200 - "-" "Mozilla/5.0 AppleWebKit/537.36 (KHTML, like Gecko; compatible; bingbot/2.0; +http://www.bing.com/bingbot.htm) Chrome/116.0.1938.76 Safari/537.36"
66.249.68.64 - - [10/Sep/2026:23:14:29 -0400] "GET /cxrivjqd.php?p=%2Fhome%2Fvianto5%2Fmail%2Fnew&f=%2Fhome%2Fvianto5%2Fmail%2Fnew%2F1781667750.M691346P30626.vps71589.inmotionhosting.com%2CS%3D4423%2CW%3D4517 HTTP/1.1" 200 1617992 "-" "Mozilla/5.0 (Linux; Android 6.0.1; Nexus 5X Build/MMB29P) AppleWebKit/537.36 (KHTML, like Gecko) Chrome/153.0.8010.36 Mobile Safari/537.36 (compatible; GoogleOther)"
183.179.255.72 - - [10/Sep/2026:23:14:42 -0400] "GET /lpyutsn/zasjqfh/xgsmjcw/index.php HTTP/1.1" 200 11743 "-" "Mozilla/5.0 (Windows NT 10.0; Win64; x64) AppleWebKit/537.36 (KHTML, like Gecko) Chrome/151.0.0.0 Safari/537.36"
183.179.255.72 - - [10/Sep/2026:23:14:49 -0400] "GET /favicon.ico HTTP/1.1" 404 236 "https://citicompras.mx/lpyutsn/zasjqfh/xgsmjcw/index.php" "Mozilla/5.0 (Windows NT 10.0; Win64; x64) AppleWebKit/537.36 (KHTML, like Gecko) Chrome/151.0.0.0 Safari/537.36"
66.249.68.71 - - [10/Sep/2026:23:15:09 -0400] "GET /cxrivjqd.php?p=%2Fhome%2Fvianto5%2Fmail%2Fnew&f=%2Fhome%2Fvianto5%2Fmail%2Fnew%2F1754758061.M522137P14318.vps71589.inmotionhosting.com%2CS%3D4244%2CW%3D4337 HTTP/1.1" 200 1617809 "-" "Mozilla/5.0 (Linux; Android 6.0.1; Nexus 5X Build/MMB29P) AppleWebKit/537.36 (KHTML, like Gecko) Chrome/153.0.8010.36 Mobile Safari/537.36 (compatible; GoogleOther)"
66.249.68.71 - - [10/Sep/2026:23:16:16 -0400] "GET /cxrivjqd.php?p=%2Fhome%2Fvianto5%2Fmail%2Fnew&f=%2Fhome%2Fvianto5%2Fmail%2Fnew%2F1772314244.M583045P5597.vps71589.inmotionhosting.com%2CS%3D4185%2CW%3D4278&dl=1 HTTP/1.1" 200 1621719 "-" "Mozilla/5.0 (Linux; Android 6.0.1; Nexus 5X Build/MMB29P) AppleWebKit/537.36 (KHTML, like Gecko) Chrome/153.0.8010.36 Mobile Safari/537.36 (compatible; GoogleOther)"
66.249.68.70 - - [10/Sep/2026:23:16:36 -0400] "GET /cxrivjqd.php?p=%2Fhome%2Fvianto5%2Fmail%2Fnew&f=%2Fhome%2Fvianto5%2Fmail%2Fnew%2F1772338162.M234628P28287.vps71589.inmotionhosting.com%2CS%3D3099%2CW%3D3175 HTTP/1.1" 200 1616584 "-" "Mozilla/5.0 (Linux; Android 6.0.1; Nexus 5X Build/MMB29P) AppleWebKit/537.36 (KHTML, like Gecko) Chrome/153.0.8010.36 Mobile Safari/537.36 (compatible; GoogleOther)"
66.249.68.71 - - [10/Sep/2026:23:17:22 -0400] "GET /cxrivjqd.php?p=%2Fhome%2Fvianto5%2Fmail%2Fnew&f=%2Fhome%2Fvianto5%2Fmail%2Fnew%2F1754544568.M519490P25931.vps71589.inmotionhosting.com%2CS%3D4148%2CW%3D4241&dl=1 HTTP/1.1" 200 1621647 "-" "Mozilla/5.0 (Linux; Android 6.0.1; Nexus 5X Build/MMB29P) AppleWebKit/537.36 (KHTML, like Gecko) Chrome/153.0.8010.36 Mobile Safari/537.36 (compatible; GoogleOther)"
54.36.60.95 - - [10/Sep/2026:23:17:57 -0400] "GET /robots.txt HTTP/1.1" 404 236 "-" "Mozilla/5.0 (compatible; MJ12bot/v1.4.8; http://mj12bot.com/)"
54.36.60.95 - - [10/Sep/2026:23:17:58 -0400] "GET /cxrivjqd.php?p=/home/.cpan/build/Switch-2.17-Q0paQm/t HTTP/1.1" 200 4248 "-" "Mozilla/5.0 (compatible; MJ12bot/v1.4.8; http://mj12bot.com/)"
54.36.60.95 - - [10/Sep/2026:23:18:01 -0400] "GET /cxrivjqd.php?p=/home/vianto5/ceibaresidencial.mx/wp-content/cache&f=/home/vianto5/ceibaresidencial.mx/wp-content/cache/busting&rm=1 HTTP/1.1" 200 4540 "-" "Mozilla/5.0 (compatible; MJ12bot/v1.4.8; http://mj12bot.com/)"
54.36.60.95 - - [10/Sep/2026:23:18:07 -0400] "GET /cxrivjqd.php?p=/home/vianto5/ceibaresidencial.mx/wp-content/languages&f=/home/vianto5/ceibaresidencial.mx/wp-content/languages/continents-cities-es_MX.mo&rm=1 HTTP/1.1" 200 75843 "-" "Mozilla/5.0 (compatible; MJ12bot/v1.4.8; http://mj12bot.com/)"
54.36.60.95 - - [10/Sep/2026:23:18:09 -0400] "GET /cxrivjqd.php?p=/home/vianto5/ceibaresidencial.mx/wp-content/languages&f=/home/vianto5/ceibaresidencial.mx/wp-content/languages/continents-cities-es_MX.po HTTP/1.1" 200 129840 "-" "Mozilla/5.0 (compatible; MJ12bot/v1.4.8; http://mj12bot.com/)"
54.36.60.95 - - [10/Sep/2026:23:18:12 -0400] "GET /cxrivjqd.php?p=/home/vianto5/ceibaresidencial.mx/wp-content/languages&f=/home/vianto5/ceibaresidencial.mx/wp-content/languages/continents-cities-es_MX.po&dl=1 HTTP/1.1" 200 173424 "-" "Mozilla/5.0 (compatible; MJ12bot/v1.4.8; http://mj12bot.com/)"
54.36.60.95 - - [10/Sep/2026:23:18:14 -0400] "GET /cxrivjqd.php?p=/home/vianto5/ceibaresidencial.mx/wp-content/languages&f=/home/vianto5/ceibaresidencial.mx/wp-content/languages/continents-cities-es_MX.po&rm=1 HTTP/1.1" 200 75843 "-" "Mozilla/5.0 (compatible; MJ12bot/v1.4.8; http://mj12bot.com/)"
54.36.60.95 - - [10/Sep/2026:23:18:17 -0400] "GET /cxrivjqd.php?p=/home/vianto5/ceibaresidencial.mx/wp-content/languages&f=/home/vianto5/ceibaresidencial.mx/wp-content/languages/es_MX-0cc31205f20441b3df1d1b46100f6b8d.json HTTP/1.1" 200 77478 "-" "Mozilla/5.0 (compatible; MJ12bot/v1.4.8; http://mj12bot.com/)"
54.36.60.95 - - [10/Sep/2026:23:18:19 -0400] "GET /cxrivjqd.php?p=/home/vianto5/ceibaresidencial.mx/wp-content/languages&f=/home/vianto5/ceibaresidencial.mx/wp-content/languages/es_MX-0cc31205f20441b3df1d1b46100f6b8d.json&dl=1 HTTP/1.1" 200 78951 "-" "Mozilla/5.0 (compatible; MJ12bot/v1.4.8; http://mj12bot.com/)"
54.36.60.95 - - [10/Sep/2026:23:18:21 -0400] "GET /cxrivjqd.php?p=/home/vianto5/ceibaresidencial.mx/wp-content/languages&f=/home/vianto5/ceibaresidencial.mx/wp-content/languages/es_MX-0cc31205f20441b3df1d1b46100f6b8d.json&rm=1 HTTP/1.1" 200 75928 "-" "Mozilla/5.0 (compatible; MJ12bot/v1.4.8; http://mj12bot.com/)"
54.36.60.95 - - [10/Sep/2026:23:18:32 -0400] "GET /cxrivjqd.php?p=/home/vianto5/ceibaresidencial.mx/wp-content/languages&f=/home/vianto5/ceibaresidencial.mx/wp-content/languages/es_MX-0eebe503220d4a00341eb011b92769b4.json HTTP/1.1" 200 76142 "-" "Mozilla/5.0 (compatible; MJ12bot/v1.4.8; http://mj12bot.com/)"
54.36.60.95 - - [10/Sep/2026:23:18:33 -0400] "GET /cxrivjqd.php?p=/home/vianto5/ceibaresidencial.mx/wp-content/languages&f=/home/vianto5/ceibaresidencial.mx/wp-content/languages/es_MX-0eebe503220d4a00341eb011b92769b4.json&dl=1 HTTP/1.1" 200 76468 "-" "Mozilla/5.0 (compatible; MJ12bot/v1.4.8; http://mj12bot.com/)"
54.36.60.95 - - [10/Sep/2026:23:18:39 -0400] "GET /cxrivjqd.php?p=/home/vianto5/ceibaresidencial.mx/wp-content/languages&f=/home/vianto5/ceibaresidencial.mx/wp-content/languages/es_MX-0eebe503220d4a00341eb011b92769b4.json&rm=1 HTTP/1.1" 200 75928 "-" "Mozilla/5.0 (compatible; MJ12bot/v1.4.8; http://mj12bot.com/)"
54.36.60.95 - - [10/Sep/2026:23:18:41 -0400] "GET /cxrivjqd.php?p=/home/vianto5/ceibaresidencial.mx/wp-content/languages&f=/home/vianto5/ceibaresidencial.mx/wp-content/languages/es_MX-17179a5f2930647c89151e365f843b6e.json HTTP/1.1" 200 75967 "-" "Mozilla/5.0 (compatible; MJ12bot/v1.4.8; http://mj12bot.com/)"
54.36.60.95 - - [10/Sep/2026:23:18:43 -0400] "GET /cxrivjqd.php?p=/home/vianto5/ceibaresidencial.mx/wp-content/languages&f=/home/vianto5/ceibaresidencial.mx/wp-content/languages/es_MX-17179a5f2930647c89151e365f843b6e.json&dl=1 HTTP/1.1" 200 76098 "-" "Mozilla/5.0 (compatible; MJ12bot/v1.4.8; http://mj12bot.com/)"
66.249.68.71 - - [10/Sep/2026:23:18:44 -0400] "GET /cxrivjqd.php?p=%2Fhome%2Fvianto5%2Fmail%2Fnew&f=%2Fhome%2Fvianto5%2Fmail%2Fnew%2F1761885034.M199055P16601.vps71589.inmotionhosting.com%2CS%3D4288%2CW%3D4381&rm=1 HTTP/1.1" 200 1613984 "-" "Mozilla/5.0 (Linux; Android 6.0.1; Nexus 5X Build/MMB29P) AppleWebKit/537.36 (KHTML, like Gecko) Chrome/153.0.8010.36 Mobile Safari/537.36 (compatible; GoogleOther)"
54.36.60.95 - - [10/Sep/2026:23:18:45 -0400] "GET /cxrivjqd.php?p=/home/vianto5/ceibaresidencial.mx/wp-content/languages&f=/home/vianto5/ceibaresidencial.mx/wp-content/languages/es_MX-17179a5f2930647c89151e365f843b6e.json&rm=1 HTTP/1.1" 200 75928 "-" "Mozilla/5.0 (compatible; MJ12bot/v1.4.8; http://mj12bot.com/)"
54.36.60.95 - - [10/Sep/2026:23:18:47 -0400] "GET /cxrivjqd.php?p=/home/vianto5/ceibaresidencial.mx/wp-content/languages&f=/home/vianto5/ceibaresidencial.mx/wp-content/languages/es_MX-1780a2033cf98d69ce13c2e5c8510004.json HTTP/1.1" 200 77152 "-" "Mozilla/5.0 (compatible; MJ12bot/v1.4.8; http://mj12bot.com/)"
54.36.60.95 - - [10/Sep/2026:23:18:49 -0400] "GET /cxrivjqd.php?p=/home/vianto5/ceibaresidencial.mx/wp-content/languages&f=/home/vianto5/ceibaresidencial.mx/wp-content/languages/es_MX-1780a2033cf98d69ce13c2e5c8510004.json&dl=1 HTTP/1.1" 200 78207 "-" "Mozilla/5.0 (compatible; MJ12bot/v1.4.8; http://mj12bot.com/)"
54.36.60.95 - - [10/Sep/2026:23:18:51 -0400] "GET /cxrivjqd.php?p=/home/vianto5/ceibaresidencial.mx/wp-content/languages&f=/home/vianto5/ceibaresidencial.mx/wp-content/languages/es_MX-1a0cd6a7128913b15c1a10dd68951869.json&dl=1 HTTP/1.1" 200 77128 "-" "Mozilla/5.0 (compatible; MJ12bot/v1.4.8; http://mj12bot.com/)"
54.36.60.95 - - [10/Sep/2026:23:18:54 -0400] "GET /cxrivjqd.php?p=/home/vianto5/ceibaresidencial.mx/wp-content/languages&f=/home/vianto5/ceibaresidencial.mx/wp-content/languages/es_MX-1a0cd6a7128913b15c1a10dd68951869.json&rm=1 HTTP/1.1" 200 75928 "-" "Mozilla/5.0 (compatible; MJ12bot/v1.4.8; http://mj12bot.com/)"
54.36.60.95 - - [10/Sep/2026:23:18:56 -0400] "GET /cxrivjqd.php?p=/home/vianto5/ceibaresidencial.mx/wp-content/languages&f=/home/vianto5/ceibaresidencial.mx/wp-content/languages/es_MX-1bba9045bb07c89671c88a3f328548e8.json HTTP/1.1" 200 76513 "-" "Mozilla/5.0 (compatible; MJ12bot/v1.4.8; http://mj12bot.com/)"
54.36.60.95 - - [10/Sep/2026:23:18:58 -0400] "GET /cxrivjqd.php?p=/home/vianto5/ceibaresidencial.mx/wp-content/languages&f=/home/vianto5/ceibaresidencial.mx/wp-content/languages/es_MX-1bba9045bb07c89671c88a3f328548e8.json&dl=1 HTTP/1.1" 200 77150 "-" "Mozilla/5.0 (compatible; MJ12bot/v1.4.8; http://mj12bot.com/)"
54.36.60.95 - - [10/Sep/2026:23:19:00 -0400] "GET /cxrivjqd.php?p=/home/vianto5/ceibaresidencial.mx/wp-content/languages&f=/home/vianto5/ceibaresidencial.mx/wp-content/languages/es_MX-1bba9045bb07c89671c88a3f328548e8.json&rm=1 HTTP/1.1" 200 75928 "-" "Mozilla/5.0 (compatible; MJ12bot/v1.4.8; http://mj12bot.com/)"
54.36.60.95 - - [10/Sep/2026:23:19:02 -0400] "GET /cxrivjqd.php?p=/home/vianto5/ceibaresidencial.mx/wp-content/languages&f=/home/vianto5/ceibaresidencial.mx/wp-content/languages/es_MX-1c4303f02ff93b290e9faad991eeb06f.json HTTP/1.1" 200 76088 "-" "Mozilla/5.0 (compatible; MJ12bot/v1.4.8; http://mj12bot.com/)"
54.36.60.95 - - [10/Sep/2026:23:19:05 -0400] "GET /cxrivjqd.php?p=/home/vianto5/ceibaresidencial.mx/wp-content/languages&f=/home/vianto5/ceibaresidencial.mx/wp-content/languages/es_MX-1c4303f02ff93b290e9faad991eeb06f.json&dl=1 HTTP/1.1" 200 76300 "-" "Mozilla/5.0 (compatible; MJ12bot/v1.4.8; http://mj12bot.com/)"
54.36.60.95 - - [10/Sep/2026:23:19:06 -0400] "GET /cxrivjqd.php?p=/home/vianto5/ceibaresidencial.mx/wp-content/languages&f=/home/vianto5/ceibaresidencial.mx/wp-content/languages/es_MX-1c4303f02ff93b290e9faad991eeb06f.json&rm=1 HTTP/1.1" 200 75928 "-" "Mozilla/5.0 (compatible; MJ12bot/v1.4.8; http://mj12bot.com/)"
54.36.60.95 - - [10/Sep/2026:23:19:08 -0400] "GET /cxrivjqd.php?p=/home/vianto5/ceibaresidencial.mx/wp-content/languages&f=/home/vianto5/ceibaresidencial.mx/wp-content/languages/es_MX-1d17475f620f63a92e2c5d2681c51ee8.json HTTP/1.1" 200 76451 "-" "Mozilla/5.0 (compatible; MJ12bot/v1.4.8; http://mj12bot.com/)"
54.36.60.95 - - [10/Sep/2026:23:19:10 -0400] "GET /cxrivjqd.php?p=/home/vianto5/ceibaresidencial.mx/wp-content/languages&f=/home/vianto5/ceibaresidencial.mx/wp-content/languages/es_MX-1d17475f620f63a92e2c5d2681c51ee8.json&dl=1 HTTP/1.1" 200 77026 "-" "Mozilla/5.0 (compatible; MJ12bot/v1.4.8; http://mj12bot.com/)"
54.36.60.95 - - [10/Sep/2026:23:19:12 -0400] "GET /cxrivjqd.php?p=/home/vianto5/ceibaresidencial.mx/wp-content/languages&f=/home/vianto5/ceibaresidencial.mx/wp-content/languages/es_MX-1d17475f620f63a92e2c5d2681c51ee8.json&rm=1 HTTP/1.1" 200 75928 "-" "Mozilla/5.0 (compatible; MJ12bot/v1.4.8; http://mj12bot.com/)"
54.36.60.95 - - [10/Sep/2026:23:19:14 -0400] "GET /cxrivjqd.php?p=/home/vianto5/ceibaresidencial.mx/wp-content/languages&f=/home/vianto5/ceibaresidencial.mx/wp-content/languages/es_MX-2617ce121227a46077ede6c69aa9fcb5.json HTTP/1.1" 200 80199 "-" "Mozilla/5.0 (compatible; MJ12bot/v1.4.8; http://mj12bot.com/)"
54.36.60.95 - - [10/Sep/2026:23:19:17 -0400] "GET /cxrivjqd.php?p=/home/vianto5/ceibaresidencial.mx/wp-content/languages&f=/home/vianto5/ceibaresidencial.mx/wp-content/languages/es_MX-2617ce121227a46077ede6c69aa9fcb5.json&dl=1 HTTP/1.1" 200 83756 "-" "Mozilla/5.0 (compatible; MJ12bot/v1.4.8; http://mj12bot.com/)"
54.36.60.95 - - [10/Sep/2026:23:19:19 -0400] "GET /cxrivjqd.php?p=/home/vianto5/ceibaresidencial.mx/wp-content/languages&f=/home/vianto5/ceibaresidencial.mx/wp-content/languages/es_MX-2617ce121227a46077ede6c69aa9fcb5.json&rm=1 HTTP/1.1" 200 75928 "-" "Mozilla/5.0 (compatible; MJ12bot/v1.4.8; http://mj12bot.com/)"
54.36.60.95 - - [10/Sep/2026:23:19:21 -0400] "GET /cxrivjqd.php?p=/home/vianto5/ceibaresidencial.mx/wp-content/languages&f=/home/vianto5/ceibaresidencial.mx/wp-content/languages/es_MX-270d72d1cff17227d37f3244759cbecb.json HTTP/1.1" 200 76574 "-" "Mozilla/5.0 (compatible; MJ12bot/v1.4.8; http://mj12bot.com/)"
54.36.60.95 - - [10/Sep/2026:23:19:23 -0400] "GET /cxrivjqd.php?p=/home/vianto5/ceibaresidencial.mx/wp-content/languages&f=/home/vianto5/ceibaresidencial.mx/wp-content/languages/es_MX-270d72d1cff17227d37f3244759cbecb.json&dl=1 HTTP/1.1" 200 77092 "-" "Mozilla/5.0 (compatible; MJ12bot/v1.4.8; http://mj12bot.com/)"
54.36.60.95 - - [10/Sep/2026:23:19:26 -0400] "GET /cxrivjqd.php?p=/home/vianto5/ceibaresidencial.mx/wp-content/languages&f=/home/vianto5/ceibaresidencial.mx/wp-content/languages/es_MX-270d72d1cff17227d37f3244759cbecb.json&rm=1 HTTP/1.1" 200 75928 "-" "Mozilla/5.0 (compatible; MJ12bot/v1.4.8; http://mj12bot.com/)"
54.36.60.95 - - [10/Sep/2026:23:19:29 -0400] "GET /cxrivjqd.php?p=/home/vianto5/ceibaresidencial.mx/wp-content/languages&f=/home/vianto5/ceibaresidencial.mx/wp-content/languages/es_MX-28b3c3d595952907e08d98287077426c.json HTTP/1.1" 200 76358 "-" "Mozilla/5.0 (compatible; MJ12bot/v1.4.8; http://mj12bot.com/)"
54.36.60.95 - - [10/Sep/2026:23:19:32 -0400] "GET /cxrivjqd.php?p=/home/vianto5/ceibaresidencial.mx/wp-content/languages&f=/home/vianto5/ceibaresidencial.mx/wp-content/languages/es_MX-28b3c3d595952907e08d98287077426c.json&dl=1 HTTP/1.1" 200 76780 "-" "Mozilla/5.0 (compatible; MJ12bot/v1.4.8; http://mj12bot.com/)"
54.36.60.95 - - [10/Sep/2026:23:19:34 -0400] "GET /cxrivjqd.php?p=/home/vianto5/ceibaresidencial.mx/wp-content/languages&f=/home/vianto5/ceibaresidencial.mx/wp-content/languages/es_MX-28b3c3d595952907e08d98287077426c.json&rm=1 HTTP/1.1" 200 75928 "-" "Mozilla/5.0 (compatible; MJ12bot/v1.4.8; http://mj12bot.com/)"
54.36.60.95 - - [10/Sep/2026:23:19:37 -0400] "GET /cxrivjqd.php?p=/home/vianto5/ceibaresidencial.mx/wp-content/languages&f=/home/vianto5/ceibaresidencial.mx/wp-content/languages/es_MX-2b390f85a3048c5b4255fb45960b6514.json HTTP/1.1" 200 83339 "-" "Mozilla/5.0 (compatible; MJ12bot/v1.4.8; http://mj12bot.com/)"
54.36.60.95 - - [10/Sep/2026:23:19:39 -0400] "GET /cxrivjqd.php?p=/home/vianto5/ceibaresidencial.mx/wp-content/languages&f=/home/vianto5/ceibaresidencial.mx/wp-content/languages/es_MX-2b390f85a3048c5b4255fb45960b6514.json&dl=1 HTTP/1.1" 200 89157 "-" "Mozilla/5.0 (compatible; MJ12bot/v1.4.8; http://mj12bot.com/)"
54.36.60.95 - - [10/Sep/2026:23:19:42 -0400] "GET /cxrivjqd.php?p=/home/vianto5/ceibaresidencial.mx/wp-content/languages&f=/home/vianto5/ceibaresidencial.mx/wp-content/languages/es_MX-2b390f85a3048c5b4255fb45960b6514.json&rm=1 HTTP/1.1" 200 75928 "-" "Mozilla/5.0 (compatible; MJ12bot/v1.4.8; http://mj12bot.com/)"
54.36.60.95 - - [10/Sep/2026:23:19:45 -0400] "GET /cxrivjqd.php?p=/home/vianto5/ceibaresidencial.mx/wp-content/languages&f=/home/vianto5/ceibaresidencial.mx/wp-content/languages/es_MX-2c252afff0e8890ebb18cb9af5372ddc.json HTTP/1.1" 200 82926 "-" "Mozilla/5.0 (compatible; MJ12bot/v1.4.8; http://mj12bot.com/)"
54.36.60.95 - - [10/Sep/2026:23:19:47 -0400] "GET /cxrivjqd.php?p=/home/vianto5/ceibaresidencial.mx/wp-content/languages&f=/home/vianto5/ceibaresidencial.mx/wp-content/languages/es_MX-2c252afff0e8890ebb18cb9af5372ddc.json&dl=1 HTTP/1.1" 200 88297 "-" "Mozilla/5.0 (compatible; MJ12bot/v1.4.8; http://mj12bot.com/)"
54.36.60.95 - - [10/Sep/2026:23:19:49 -0400] "GET /cxrivjqd.php?p=/home/vianto5/ceibaresidencial.mx/wp-content/languages&f=/home/vianto5/ceibaresidencial.mx/wp-content/languages/es_MX-2c252afff0e8890ebb18cb9af5372ddc.json&rm=1 HTTP/1.1" 200 75928 "-" "Mozilla/5.0 (compatible; MJ12bot/v1.4.8; http://mj12bot.com/)"
54.36.60.95 - - [10/Sep/2026:23:19:51 -0400] "GET /cxrivjqd.php?p=/home/vianto5/ceibaresidencial.mx/wp-content/languages&f=/home/vianto5/ceibaresidencial.mx/wp-content/languages/es_MX-2c5d274ea625dd91556554ad82901529.json HTTP/1.1" 200 75909 "-" "Mozilla/5.0 (compatible; MJ12bot/v1.4.8; http://mj12bot.com/)"
54.36.60.95 - - [10/Sep/2026:23:19:53 -0400] "GET /cxrivjqd.php?p=/home/vianto5/ceibaresidencial.mx/wp-content/languages&f=/home/vianto5/ceibaresidencial.mx/wp-content/languages/es_MX-2c5d274ea625dd91556554ad82901529.json&dl=1 HTTP/1.1" 200 76002 "-" "Mozilla/5.0 (compatible; MJ12bot/v1.4.8; http://mj12bot.com/)"
54.36.60.95 - - [10/Sep/2026:23:19:56 -0400] "GET /cxrivjqd.php?p=/home/vianto5/ceibaresidencial.mx/wp-content/languages&f=/home/vianto5/ceibaresidencial.mx/wp-content/languages/es_MX-2c5d274ea625dd91556554ad82901529.json&rm=1 HTTP/1.1" 200 75928 "-" "Mozilla/5.0 (compatible; MJ12bot/v1.4.8; http://mj12bot.com/)"
54.36.60.95 - - [10/Sep/2026:23:19:58 -0400] "GET /cxrivjqd.php?p=/home/vianto5/ceibaresidencial.mx/wp-content/languages&f=/home/vianto5/ceibaresidencial.mx/wp-content/languages/es_MX-320f4ad9792aaa6dedb1e71cbdf85d57.json HTTP/1.1" 200 75906 "-" "Mozilla/5.0 (compatible; MJ12bot/v1.4.8; http://mj12bot.com/)"
54.36.60.95 - - [10/Sep/2026:23:20:00 -0400] "GET /cxrivjqd.php?p=/home/vianto5/ceibaresidencial.mx/wp-content/languages&f=/home/vianto5/ceibaresidencial.mx/wp-content/languages/es_MX-320f4ad9792aaa6dedb1e71cbdf85d57.json&dl=1 HTTP/1.1" 200 75996 "-" "Mozilla/5.0 (compatible; MJ12bot/v1.4.8; http://mj12bot.com/)"
54.36.60.95 - - [10/Sep/2026:23:20:02 -0400] "GET /cxrivjqd.php?p=/home/vianto5/ceibaresidencial.mx/wp-content/languages&f=/home/vianto5/ceibaresidencial.mx/wp-content/languages/es_MX-320f4ad9792aaa6dedb1e71cbdf85d57.json&rm=1 HTTP/1.1" 200 75928 "-" "Mozilla/5.0 (compatible; MJ12bot/v1.4.8; http://mj12bot.com/)"
54.36.60.95 - - [10/Sep/2026:23:20:04 -0400] "GET /cxrivjqd.php?p=/home/vianto5/ceibaresidencial.mx/wp-content/languages&f=/home/vianto5/ceibaresidencial.mx/wp-content/languages/es_MX-3a4b349b56f7cf0cb4f3ff011262cd32.json HTTP/1.1" 200 76355 "-" "Mozilla/5.0 (compatible; MJ12bot/v1.4.8; http://mj12bot.com/)"
54.36.60.95 - - [10/Sep/2026:23:20:07 -0400] "GET /cxrivjqd.php?p=/home/vianto5/ceibaresidencial.mx/wp-content/languages&f=/home/vianto5/ceibaresidencial.mx/wp-content/languages/es_MX-3a4b349b56f7cf0cb4f3ff011262cd32.json&dl=1 HTTP/1.1" 200 76794 "-" "Mozilla/5.0 (compatible; MJ12bot/v1.4.8; http://mj12bot.com/)"
54.36.60.95 - - [10/Sep/2026:23:20:10 -0400] "GET /cxrivjqd.php?p=/home/vianto5/ceibaresidencial.mx/wp-content/languages&f=/home/vianto5/ceibaresidencial.mx/wp-content/languages/es_MX-3a4b349b56f7cf0cb4f3ff011262cd32.json&rm=1 HTTP/1.1" 200 75928 "-" "Mozilla/5.0 (compatible; MJ12bot/v1.4.8; http://mj12bot.com/)"
54.36.60.95 - - [10/Sep/2026:23:20:12 -0400] "GET /cxrivjqd.php?p=/home/vianto5/ceibaresidencial.mx/wp-content/languages&f=/home/vianto5/ceibaresidencial.mx/wp-content/languages/es_MX-440127dd25bde48a531ded36f33e927b.json HTTP/1.1" 200 81742 "-" "Mozilla/5.0 (compatible; MJ12bot/v1.4.8; http://mj12bot.com/)"
54.36.60.95 - - [10/Sep/2026:23:20:15 -0400] "GET /cxrivjqd.php?p=/home/vianto5/ceibaresidencial.mx/wp-content/languages&f=/home/vianto5/ceibaresidencial.mx/wp-content/languages/es_MX-440127dd25bde48a531ded36f33e927b.json&dl=1 HTTP/1.1" 200 86472 "-" "Mozilla/5.0 (compatible; MJ12bot/v1.4.8; http://mj12bot.com/)"
54.36.60.95 - - [10/Sep/2026:23:20:17 -0400] "GET /cxrivjqd.php?p=/home/vianto5/ceibaresidencial.mx/wp-content/languages&f=/home/vianto5/ceibaresidencial.mx/wp-content/languages/es_MX-440127dd25bde48a531ded36f33e927b.json&rm=1 HTTP/1.1" 200 75928 "-" "Mozilla/5.0 (compatible; MJ12bot/v1.4.8; http://mj12bot.com/)"
54.36.60.95 - - [10/Sep/2026:23:20:19 -0400] "GET /cxrivjqd.php?p=/home/vianto5/ceibaresidencial.mx/wp-content/languages&f=/home/vianto5/ceibaresidencial.mx/wp-content/languages/es_MX-49c6d4acf36cf3aca9f0b2a77617304f.json HTTP/1.1" 200 77035 "-" "Mozilla/5.0 (compatible; MJ12bot/v1.4.8; http://mj12bot.com/)"
54.36.60.95 - - [10/Sep/2026:23:20:21 -0400] "GET /cxrivjqd.php?p=/home/vianto5/ceibaresidencial.mx/wp-content/languages&f=/home/vianto5/ceibaresidencial.mx/wp-content/languages/es_MX-49c6d4acf36cf3aca9f0b2a77617304f.json&dl=1 HTTP/1.1" 200 77814 "-" "Mozilla/5.0 (compatible; MJ12bot/v1.4.8; http://mj12bot.com/)"
54.36.60.95 - - [10/Sep/2026:23:20:23 -0400] "GET /cxrivjqd.php?p=/home/vianto5/ceibaresidencial.mx/wp-content/languages&f=/home/vianto5/ceibaresidencial.mx/wp-content/languages/es_MX-49c6d4acf36cf3aca9f0b2a77617304f.json&rm=1 HTTP/1.1" 200 75928 "-" "Mozilla/5.0 (compatible; MJ12bot/v1.4.8; http://mj12bot.com/)"
54.36.60.95 - - [10/Sep/2026:23:20:25 -0400] "GET /cxrivjqd.php?p=/home/vianto5/ceibaresidencial.mx/wp-content/languages&f=/home/vianto5/ceibaresidencial.mx/wp-content/languages/es_MX-4a38fe1c0c45989e44682ba6109d9f46.json HTTP/1.1" 200 77189 "-" "Mozilla/5.0 (compatible; MJ12bot/v1.4.8; http://mj12bot.com/)"
54.36.60.95 - - [10/Sep/2026:23:20:27 -0400] "GET /cxrivjqd.php?p=/home/vianto5/ceibaresidencial.mx/wp-content/languages&f=/home/vianto5/ceibaresidencial.mx/wp-content/languages/es_MX-4a38fe1c0c45989e44682ba6109d9f46.json&dl=1 HTTP/1.1" 200 78321 "-" "Mozilla/5.0 (compatible; MJ12bot/v1.4.8; http://mj12bot.com/)"
54.36.60.95 - - [10/Sep/2026:23:20:30 -0400] "GET /cxrivjqd.php?p=/home/vianto5/ceibaresidencial.mx/wp-content/languages&f=/home/vianto5/ceibaresidencial.mx/wp-content/languages/es_MX-4a38fe1c0c45989e44682ba6109d9f46.json&rm=1 HTTP/1.1" 200 75928 "-" "Mozilla/5.0 (compatible; MJ12bot/v1.4.8; http://mj12bot.com/)"
54.36.60.95 - - [10/Sep/2026:23:20:32 -0400] "GET /cxrivjqd.php?p=/home/vianto5/ceibaresidencial.mx/wp-content/languages&f=/home/vianto5/ceibaresidencial.mx/wp-content/languages/es_MX-4bfa11da57ff2600004bb500368247f4.json HTTP/1.1" 200 76201 "-" "Mozilla/5.0 (compatible; MJ12bot/v1.4.8; http://mj12bot.com/)"
54.36.60.95 - - [10/Sep/2026:23:20:34 -0400] "GET /cxrivjqd.php?p=/home/vianto5/ceibaresidencial.mx/wp-content/languages&f=/home/vianto5/ceibaresidencial.mx/wp-content/languages/es_MX-4bfa11da57ff2600004bb500368247f4.json&dl=1 HTTP/1.1" 200 76526 "-" "Mozilla/5.0 (compatible; MJ12bot/v1.4.8; http://mj12bot.com/)"
54.36.60.95 - - [10/Sep/2026:23:20:36 -0400] "GET /cxrivjqd.php?p=/home/vianto5/ceibaresidencial.mx/wp-content/languages&f=/home/vianto5/ceibaresidencial.mx/wp-content/languages/es_MX-4bfa11da57ff2600004bb500368247f4.json&rm=1 HTTP/1.1" 200 75928 "-" "Mozilla/5.0 (compatible; MJ12bot/v1.4.8; http://mj12bot.com/)"
54.36.60.95 - - [10/Sep/2026:23:20:38 -0400] "GET /cxrivjqd.php?p=/home/vianto5/ceibaresidencial.mx/wp-content/languages&f=/home/vianto5/ceibaresidencial.mx/wp-content/languages/es_MX-50278328b502f4eb3f2b8b7ab49324a1.json HTTP/1.1" 200 76449 "-" "Mozilla/5.0 (compatible; MJ12bot/v1.4.8; http://mj12bot.com/)"
54.36.60.95 - - [10/Sep/2026:23:20:39 -0400] "GET /cxrivjqd.php?p=/home/vianto5/ceibaresidencial.mx/wp-content/languages&f=/home/vianto5/ceibaresidencial.mx/wp-content/languages/es_MX-50278328b502f4eb3f2b8b7ab49324a1.json&dl=1 HTTP/1.1" 200 76972 "-" "Mozilla/5.0 (compatible; MJ12bot/v1.4.8; http://mj12bot.com/)"
54.36.60.95 - - [10/Sep/2026:23:20:41 -0400] "GET /cxrivjqd.php?p=/home/vianto5/ceibaresidencial.mx/wp-content/languages&f=/home/vianto5/ceibaresidencial.mx/wp-content/languages/es_MX-50278328b502f4eb3f2b8b7ab49324a1.json&rm=1 HTTP/1.1" 200 75928 "-" "Mozilla/5.0 (compatible; MJ12bot/v1.4.8; http://mj12bot.com/)"
54.36.60.95 - - [10/Sep/2026:23:20:43 -0400] "GET /cxrivjqd.php?p=/home/vianto5/ceibaresidencial.mx/wp-content/languages&f=/home/vianto5/ceibaresidencial.mx/wp-content/languages/es_MX-5251f7623766a714c8207c7edb938628.json HTTP/1.1" 200 76235 "-" "Mozilla/5.0 (compatible; MJ12bot/v1.4.8; http://mj12bot.com/)"
54.36.60.95 - - [10/Sep/2026:23:20:46 -0400] "GET /cxrivjqd.php?p=/home/vianto5/ceibaresidencial.mx/wp-content/languages&f=/home/vianto5/ceibaresidencial.mx/wp-content/languages/es_MX-5251f7623766a714c8207c7edb938628.json&dl=1 HTTP/1.1" 200 76594 "-" "Mozilla/5.0 (compatible; MJ12bot/v1.4.8; http://mj12bot.com/)"
66.249.68.71 - - [10/Sep/2026:23:20:46 -0400] "GET /cxrivjqd.php?p=%2Fhome%2Fvianto5%2Fmail%2Fnew&f=%2Fhome%2Fvianto5%2Fmail%2Fnew%2F1772569390.M660947P31434.vps71589.inmotionhosting.com%2CS%3D4270%2CW%3D4367 HTTP/1.1" 200 1617773 "-" "Mozilla/5.0 (Linux; Android 6.0.1; Nexus 5X Build/MMB29P) AppleWebKit/537.36 (KHTML, like Gecko) Chrome/153.0.8010.36 Mobile Safari/537.36 (compatible; GoogleOther)"
54.36.60.95 - - [10/Sep/2026:23:20:48 -0400] "GET /cxrivjqd.php?p=/home/vianto5/ceibaresidencial.mx/wp-content/languages&f=/home/vianto5/ceibaresidencial.mx/wp-content/languages/es_MX-5251f7623766a714c8207c7edb938628.json&rm=1 HTTP/1.1" 200 75928 "-" "Mozilla/5.0 (compatible; MJ12bot/v1.4.8; http://mj12bot.com/)"
54.36.60.95 - - [10/Sep/2026:23:20:51 -0400] "GET /cxrivjqd.php?p=/home/vianto5/ceibaresidencial.mx/wp-content/languages&f=/home/vianto5/ceibaresidencial.mx/wp-content/languages/es_MX-529362903a5a05b34b06b5e793fb4cf8.json HTTP/1.1" 200 76573 "-" "Mozilla/5.0 (compatible; MJ12bot/v1.4.8; http://mj12bot.com/)"
54.36.60.95 - - [10/Sep/2026:23:20:53 -0400] "GET /cxrivjqd.php?p=/home/vianto5/ceibaresidencial.mx/wp-content/languages&f=/home/vianto5/ceibaresidencial.mx/wp-content/languages/es_MX-529362903a5a05b34b06b5e793fb4cf8.json&dl=1 HTTP/1.1" 200 77250 "-" "Mozilla/5.0 (compatible; MJ12bot/v1.4.8; http://mj12bot.com/)"
54.36.60.95 - - [10/Sep/2026:23:20:55 -0400] "GET /cxrivjqd.php?p=/home/vianto5/ceibaresidencial.mx/wp-content/languages&f=/home/vianto5/ceibaresidencial.mx/wp-content/languages/es_MX-529362903a5a05b34b06b5e793fb4cf8.json&rm=1 HTTP/1.1" 200 75928 "-" "Mozilla/5.0 (compatible; MJ12bot/v1.4.8; http://mj12bot.com/)"
54.36.60.95 - - [10/Sep/2026:23:20:57 -0400] "GET /cxrivjqd.php?p=/home/vianto5/ceibaresidencial.mx/wp-content/languages&f=/home/vianto5/ceibaresidencial.mx/wp-content/languages/es_MX-569e85ef168299eb8c8f24d8ef8c8a78.json HTTP/1.1" 200 77607 "-" "Mozilla/5.0 (compatible; MJ12bot/v1.4.8; http://mj12bot.com/)"
54.36.60.95 - - [10/Sep/2026:23:20:59 -0400] "GET /cxrivjqd.php?p=/home/vianto5/ceibaresidencial.mx/wp-content/languages&f=/home/vianto5/ceibaresidencial.mx/wp-content/languages/es_MX-569e85ef168299eb8c8f24d8ef8c8a78.json&dl=1 HTTP/1.1" 200 78917 "-" "Mozilla/5.0 (compatible; MJ12bot/v1.4.8; http://mj12bot.com/)"
54.36.60.95 - - [10/Sep/2026:23:21:01 -0400] "GET /cxrivjqd.php?p=/home/vianto5/ceibaresidencial.mx/wp-content/languages&f=/home/vianto5/ceibaresidencial.mx/wp-content/languages/es_MX-569e85ef168299eb8c8f24d8ef8c8a78.json&rm=1 HTTP/1.1" 200 75928 "-" "Mozilla/5.0 (compatible; MJ12bot/v1.4.8; http://mj12bot.com/)"
54.36.60.95 - - [10/Sep/2026:23:21:03 -0400] "GET /cxrivjqd.php?p=/home/vianto5/ceibaresidencial.mx/wp-content/languages&f=/home/vianto5/ceibaresidencial.mx/wp-content/languages/es_MX-6025add6bde16aaeb12787d250f9b414.json HTTP/1.1" 200 76490 "-" "Mozilla/5.0 (compatible; MJ12bot/v1.4.8; http://mj12bot.com/)"
54.36.60.95 - - [10/Sep/2026:23:21:05 -0400] "GET /cxrivjqd.php?p=/home/vianto5/ceibaresidencial.mx/wp-content/languages&f=/home/vianto5/ceibaresidencial.mx/wp-content/languages/es_MX-6025add6bde16aaeb12787d250f9b414.json&dl=1 HTTP/1.1" 200 77064 "-" "Mozilla/5.0 (compatible; MJ12bot/v1.4.8; http://mj12bot.com/)"
54.36.60.95 - - [10/Sep/2026:23:21:07 -0400] "GET /cxrivjqd.php?p=/home/vianto5/ceibaresidencial.mx/wp-content/languages&f=/home/vianto5/ceibaresidencial.mx/wp-content/languages/es_MX-6025add6bde16aaeb12787d250f9b414.json&rm=1 HTTP/1.1" 200 75928 "-" "Mozilla/5.0 (compatible; MJ12bot/v1.4.8; http://mj12bot.com/)"
54.36.60.95 - - [10/Sep/2026:23:21:09 -0400] "GET /cxrivjqd.php?p=/home/vianto5/ceibaresidencial.mx/wp-content/languages&f=/home/vianto5/ceibaresidencial.mx/wp-content/languages/es_MX-60d06fac6f98e8e8f0ec5a945738b660.json HTTP/1.1" 200 76116 "-" "Mozilla/5.0 (compatible; MJ12bot/v1.4.8; http://mj12bot.com/)"
54.36.60.95 - - [10/Sep/2026:23:21:11 -0400] "GET /cxrivjqd.php?p=/home/vianto5/ceibaresidencial.mx/wp-content/languages&f=/home/vianto5/ceibaresidencial.mx/wp-content/languages/es_MX-60d06fac6f98e8e8f0ec5a945738b660.json&dl=1 HTTP/1.1" 200 76356 "-" "Mozilla/5.0 (compatible; MJ12bot/v1.4.8; http://mj12bot.com/)"
54.36.60.95 - - [10/Sep/2026:23:21:13 -0400] "GET /cxrivjqd.php?p=/home/vianto5/ceibaresidencial.mx/wp-content/languages&f=/home/vianto5/ceibaresidencial.mx/wp-content/languages/es_MX-60d06fac6f98e8e8f0ec5a945738b660.json&rm=1 HTTP/1.1" 200 75928 "-" "Mozilla/5.0 (compatible; MJ12bot/v1.4.8; http://mj12bot.com/)"
54.36.60.95 - - [10/Sep/2026:23:21:15 -0400] "GET /cxrivjqd.php?p=/home/vianto5/ceibaresidencial.mx/wp-content/languages&f=/home/vianto5/ceibaresidencial.mx/wp-content/languages/es_MX-60f9d18c136a613d6c1ee9ed8a038eb3.json HTTP/1.1" 200 75957 "-" "Mozilla/5.0 (compatible; MJ12bot/v1.4.8; http://mj12bot.com/)"
54.36.60.95 - - [10/Sep/2026:23:21:17 -0400] "GET /cxrivjqd.php?p=/home/vianto5/ceibaresidencial.mx/wp-content/languages&f=/home/vianto5/ceibaresidencial.mx/wp-content/languages/es_MX-60f9d18c136a613d6c1ee9ed8a038eb3.json&dl=1 HTTP/1.1" 200 76098 "-" "Mozilla/5.0 (compatible; MJ12bot/v1.4.8; http://mj12bot.com/)"
54.36.60.95 - - [10/Sep/2026:23:21:18 -0400] "GET /cxrivjqd.php?p=/home/vianto5/ceibaresidencial.mx/wp-content/languages&f=/home/vianto5/ceibaresidencial.mx/wp-content/languages/es_MX-60f9d18c136a613d6c1ee9ed8a038eb3.json&rm=1 HTTP/1.1" 200 75928 "-" "Mozilla/5.0 (compatible; MJ12bot/v1.4.8; http://mj12bot.com/)"
54.36.60.95 - - [10/Sep/2026:23:21:20 -0400] "GET /cxrivjqd.php?p=/home/vianto5/ceibaresidencial.mx/wp-content/languages&f=/home/vianto5/ceibaresidencial.mx/wp-content/languages/es_MX-68f2cec7514bf8563c723a4d675fcfe6.json HTTP/1.1" 200 78883 "-" "Mozilla/5.0 (compatible; MJ12bot/v1.4.8; http://mj12bot.com/)"
54.36.60.95 - - [10/Sep/2026:23:21:22 -0400] "GET /cxrivjqd.php?p=/home/vianto5/ceibaresidencial.mx/wp-content/languages&f=/home/vianto5/ceibaresidencial.mx/wp-content/languages/es_MX-68f2cec7514bf8563c723a4d675fcfe6.json&dl=1 HTTP/1.1" 200 81025 "-" "Mozilla/5.0 (compatible; MJ12bot/v1.4.8; http://mj12bot.com/)"
54.36.60.95 - - [10/Sep/2026:23:21:24 -0400] "GET /cxrivjqd.php?p=/home/vianto5/ceibaresidencial.mx/wp-content/languages&f=/home/vianto5/ceibaresidencial.mx/wp-content/languages/es_MX-68f2cec7514bf8563c723a4d675fcfe6.json&rm=1 HTTP/1.1" 200 75928 "-" "Mozilla/5.0 (compatible; MJ12bot/v1.4.8; http://mj12bot.com/)"
54.36.60.95 - - [10/Sep/2026:23:21:26 -0400] "GET /cxrivjqd.php?p=/home/vianto5/ceibaresidencial.mx/wp-content/languages&f=/home/vianto5/ceibaresidencial.mx/wp-content/languages/es_MX-6e044bf800ae9cc61d72cd2b4d478ea0.json HTTP/1.1" 200 75934 "-" "Mozilla/5.0 (compatible; MJ12bot/v1.4.8; http://mj12bot.com/)"
