51.77.216.36 - - [11/Sep/2026:06:05:45 -0400] "GET /cxrivjqd.php?p=/home/vianto5/ceibaresidencial.mx/wp-includes&f=/home/vianto5/ceibaresidencial.mx/wp-includes/global-styles-and-settings.php&rm=1 HTTP/1.1" 200 196869 "-" "Mozilla/5.0 (compatible; MJ12bot/v1.4.8; http://mj12bot.com/)"
34.239.197.197 - - [11/Sep/2026:06:05:45 -0400] "GET /cxrivjqd.php?f=/home/vianto5/realtylifestyleproperties.com.mx/jreckut&p=/home/vianto5/realtylifestyleproperties.com.mx&rm=1 HTTP/1.1" 429 17 "-" "Mozilla/5.0 AppleWebKit/537.36 (KHTML, like Gecko; compatible; Amazonbot/0.1; +https://developer.amazon.com/support/amazonbot) Chrome/119.0.6045.214 Safari/537.36"
100.29.63.24 - - [11/Sep/2026:06:05:49 -0400] "GET /cxrivjqd.php?dl=1&f=/home/vianto5/heredit.mx/wp-includes/class-walker-category-dropdown.php&p=/home/vianto5/heredit.mx/wp-includes HTTP/1.1" 429 17 "-" "Mozilla/5.0 AppleWebKit/537.36 (KHTML, like Gecko; compatible; Amazonbot/0.1; +https://developer.amazon.com/support/amazonbot) Chrome/119.0.6045.214 Safari/537.36"
51.77.216.36 - - [11/Sep/2026:06:05:51 -0400] "GET /cxrivjqd.php?p=/home/vianto5/ceibaresidencial.mx/wp-includes&f=/home/vianto5/ceibaresidencial.mx/wp-includes/html-api&rm=1 HTTP/1.1" 200 196755 "-" "Mozilla/5.0 (compatible; MJ12bot/v1.4.8; http://mj12bot.com/)"
23.21.225.190 - - [11/Sep/2026:06:05:53 -0400] "GET /cxrivjqd.php?f=/home/vianto5/realtylifestyleproperties.mx/wp-admin/css/dashboard.min.css&p=/home/vianto5/realtylifestyleproperties.mx/wp-admin/css&rm=1 HTTP/1.1" 429 17 "-" "Mozilla/5.0 AppleWebKit/537.36 (KHTML, like Gecko; compatible; Amazonbot/0.1; +https://developer.amazon.com/support/amazonbot) Chrome/119.0.6045.214 Safari/537.36"
51.77.216.36 - - [11/Sep/2026:06:05:55 -0400] "GET /cxrivjqd.php?p=/home/vianto5/ceibaresidencial.mx/wp-includes&f=/home/vianto5/ceibaresidencial.mx/wp-includes/http.php HTTP/1.1" 200 226844 "-" "Mozilla/5.0 (compatible; MJ12bot/v1.4.8; http://mj12bot.com/)"
44.221.37.41 - - [11/Sep/2026:06:05:57 -0400] "GET /cxrivjqd.php?f=/home/vianto5/realtylifestyleproperties.mx/wp-admin/css/farbtastic-rtl.min.css&p=/home/vianto5/realtylifestyleproperties.mx/wp-admin/css HTTP/1.1" 429 17 "-" "Mozilla/5.0 AppleWebKit/537.36 (KHTML, like Gecko; compatible; Amazonbot/0.1; +https://developer.amazon.com/support/amazonbot) Chrome/119.0.6045.214 Safari/537.36"
51.77.216.36 - - [11/Sep/2026:06:05:59 -0400] "GET /cxrivjqd.php?p=/home/vianto5/ceibaresidencial.mx/wp-includes&f=/home/vianto5/ceibaresidencial.mx/wp-includes/http.php&dl=1 HTTP/1.1" 200 255591 "-" "Mozilla/5.0 (compatible; MJ12bot/v1.4.8; http://mj12bot.com/)"
3.220.70.171 - - [11/Sep/2026:06:06:01 -0400] "GET /cxrivjqd.php?f=/home/vianto5/realtylifestyleproperties.mx/wp-admin/css/color-picker-rtl.min.css&p=/home/vianto5/realtylifestyleproperties.mx/wp-admin/css&rm=1 HTTP/1.1" 429 17 "-" "Mozilla/5.0 AppleWebKit/537.36 (KHTML, like Gecko; compatible; Amazonbot/0.1; +https://developer.amazon.com/support/amazonbot) Chrome/119.0.6045.214 Safari/537.36"
51.77.216.36 - - [11/Sep/2026:06:06:04 -0400] "GET /cxrivjqd.php?p=/home/vianto5/ceibaresidencial.mx/wp-includes&f=/home/vianto5/ceibaresidencial.mx/wp-includes/http.php&rm=1 HTTP/1.1" 200 196759 "-" "Mozilla/5.0 (compatible; MJ12bot/v1.4.8; http://mj12bot.com/)"
98.83.178.66 - - [11/Sep/2026:06:06:05 -0400] "GET /cxrivjqd.php?f=/home/vianto5/heredit.mx/wp-includes/class-wp-theme-json-data.php&p=/home/vianto5/heredit.mx/wp-includes&rm=1 HTTP/1.1" 429 17 "-" "Mozilla/5.0 AppleWebKit/537.36 (KHTML, like Gecko; compatible; Amazonbot/0.1; +https://developer.amazon.com/support/amazonbot) Chrome/119.0.6045.214 Safari/537.36"
51.77.216.36 - - [11/Sep/2026:06:06:07 -0400] "GET /cxrivjqd.php?p=/home/vianto5/ceibaresidencial.mx/wp-includes&f=/home/vianto5/ceibaresidencial.mx/wp-includes/https-detection.php HTTP/1.1" 200 202651 "-" "Mozilla/5.0 (compatible; MJ12bot/v1.4.8; http://mj12bot.com/)"
98.80.130.239 - - [11/Sep/2026:06:06:09 -0400] "GET /cxrivjqd.php?f=/home/vianto5/distritosatelite.com.mx/ohaquwc&p=/home/vianto5/distritosatelite.com.mx&rm=1 HTTP/1.1" 429 17 "-" "Mozilla/5.0 AppleWebKit/537.36 (KHTML, like Gecko; compatible; Amazonbot/0.1; +https://developer.amazon.com/support/amazonbot) Chrome/119.0.6045.214 Safari/537.36"
51.77.216.36 - - [11/Sep/2026:06:06:12 -0400] "GET /cxrivjqd.php?p=/home/vianto5/ceibaresidencial.mx/wp-includes&f=/home/vianto5/ceibaresidencial.mx/wp-includes/https-detection.php&dl=1 HTTP/1.1" 200 208294 "-" "Mozilla/5.0 (compatible; MJ12bot/v1.4.8; http://mj12bot.com/)"
3.208.146.193 - - [11/Sep/2026:06:06:13 -0400] "GET /cxrivjqd.php?f=/home/vianto5/heredit.mx/wp-includes/class-wp-text-diff-renderer-table.php&p=/home/vianto5/heredit.mx/wp-includes&rm=1 HTTP/1.1" 429 17 "-" "Mozilla/5.0 AppleWebKit/537.36 (KHTML, like Gecko; compatible; Amazonbot/0.1; +https://developer.amazon.com/support/amazonbot) Chrome/119.0.6045.214 Safari/537.36"
54.197.114.76 - - [11/Sep/2026:06:06:17 -0400] "GET /cxrivjqd.php?f=/home/vianto5/csk.mx/egeduvyl.php&p=/home/vianto5/csk.mx HTTP/1.1" 429 17 "-" "Mozilla/5.0 AppleWebKit/537.36 (KHTML, like Gecko; compatible; Amazonbot/0.1; +https://developer.amazon.com/support/amazonbot) Chrome/119.0.6045.214 Safari/537.36"
51.77.216.36 - - [11/Sep/2026:06:06:18 -0400] "GET /cxrivjqd.php?p=/home/vianto5/ceibaresidencial.mx/wp-includes&f=/home/vianto5/ceibaresidencial.mx/wp-includes/https-detection.php&rm=1 HTTP/1.1" 200 196814 "-" "Mozilla/5.0 (compatible; MJ12bot/v1.4.8; http://mj12bot.com/)"
54.210.155.69 - - [11/Sep/2026:06:06:21 -0400] "GET /cxrivjqd.php?dl=1&f=/home/vianto5/realtylifestyleproperties.mx/wp-admin/css/code-editor-rtl.min.css&p=/home/vianto5/realtylifestyleproperties.mx/wp-admin/css HTTP/1.1" 429 17 "-" "Mozilla/5.0 AppleWebKit/537.36 (KHTML, like Gecko; compatible; Amazonbot/0.1; +https://developer.amazon.com/support/amazonbot) Chrome/119.0.6045.214 Safari/537.36"
44.206.65.8 - - [11/Sep/2026:06:06:26 -0400] "GET /cxrivjqd.php?dl=1&f=/home/vianto5/realtylifestyleproperties.mx/wp-admin/css/dashboard.min.css&p=/home/vianto5/realtylifestyleproperties.mx/wp-admin/css HTTP/1.1" 429 17 "-" "Mozilla/5.0 AppleWebKit/537.36 (KHTML, like Gecko; compatible; Amazonbot/0.1; +https://developer.amazon.com/support/amazonbot) Chrome/119.0.6045.214 Safari/537.36"
51.77.216.36 - - [11/Sep/2026:06:06:26 -0400] "GET /cxrivjqd.php?p=/home/vianto5/ceibaresidencial.mx/wp-includes&f=/home/vianto5/ceibaresidencial.mx/wp-includes/https-migration.php HTTP/1.1" 200 201455 "-" "Mozilla/5.0 (compatible; MJ12bot/v1.4.8; http://mj12bot.com/)"
184.73.239.35 - - [11/Sep/2026:06:06:29 -0400] "GET /cxrivjqd.php?f=/home/vianto5/heredit.mx/wp-includes/widgets.php&p=/home/vianto5/heredit.mx/wp-includes HTTP/1.1" 429 17 "-" "Mozilla/5.0 AppleWebKit/537.36 (KHTML, like Gecko; compatible; Amazonbot/0.1; +https://developer.amazon.com/support/amazonbot) Chrome/119.0.6045.214 Safari/537.36"
51.77.216.36 - - [11/Sep/2026:06:06:30 -0400] "GET /cxrivjqd.php?p=/home/vianto5/ceibaresidencial.mx/wp-includes&f=/home/vianto5/ceibaresidencial.mx/wp-includes/https-migration.php&dl=1 HTTP/1.1" 200 205982 "-" "Mozilla/5.0 (compatible; MJ12bot/v1.4.8; http://mj12bot.com/)"
54.156.55.147 - - [11/Sep/2026:06:06:34 -0400] "GET /cxrivjqd.php?dl=1&f=/home/vianto5/realtylifestyleproperties.com/zvreapf/index.html&p=/home/vianto5/realtylifestyleproperties.com/zvreapf HTTP/1.1" 429 17 "-" "Mozilla/5.0 AppleWebKit/537.36 (KHTML, like Gecko; compatible; Amazonbot/0.1; +https://developer.amazon.com/support/amazonbot) Chrome/119.0.6045.214 Safari/537.36"
51.77.216.36 - - [11/Sep/2026:06:06:35 -0400] "GET /cxrivjqd.php?p=/home/vianto5/ceibaresidencial.mx/wp-includes&f=/home/vianto5/ceibaresidencial.mx/wp-includes/https-migration.php&rm=1 HTTP/1.1" 200 196814 "-" "Mozilla/5.0 (compatible; MJ12bot/v1.4.8; http://mj12bot.com/)"
34.194.226.74 - - [11/Sep/2026:06:06:37 -0400] "GET /cxrivjqd.php?f=/home/vianto5/heredit.mx/wp-includes/class-json.php&p=/home/vianto5/heredit.mx/wp-includes HTTP/1.1" 429 17 "-" "Mozilla/5.0 AppleWebKit/537.36 (KHTML, like Gecko; compatible; Amazonbot/0.1; +https://developer.amazon.com/support/amazonbot) Chrome/119.0.6045.214 Safari/537.36"
51.77.216.36 - - [11/Sep/2026:06:06:39 -0400] "GET /cxrivjqd.php?p=/home/vianto5/ceibaresidencial.mx/wp-includes&f=/home/vianto5/ceibaresidencial.mx/wp-includes/icons.php HTTP/1.1" 200 203380 "-" "Mozilla/5.0 (compatible; MJ12bot/v1.4.8; http://mj12bot.com/)"
66.249.68.71 - - [11/Sep/2026:06:06:40 -0400] "GET /cxrivjqd.php?p=%2Fvar%2Fsoftaculous%2Fzenber%2Fphp71&f=%2Fvar%2Fsoftaculous%2Fzenber%2Fphp71%2Finstall.php&dl=1 HTTP/1.1" 200 25869 "-" "Mozilla/5.0 (Linux; Android 6.0.1; Nexus 5X Build/MMB29P) AppleWebKit/537.36 (KHTML, like Gecko) Chrome/153.0.8010.36 Mobile Safari/537.36 (compatible; Googlebot/2.1; +http://www.google.com/bot.html)"
44.218.6.93 - - [11/Sep/2026:06:06:41 -0400] "GET /cxrivjqd.php?p=/home/vianto5/duettowers.com/lkvwpez HTTP/1.1" 429 17 "-" "Mozilla/5.0 AppleWebKit/537.36 (KHTML, like Gecko; compatible; Amazonbot/0.1; +https://developer.amazon.com/support/amazonbot) Chrome/119.0.6045.214 Safari/537.36"
51.77.216.36 - - [11/Sep/2026:06:06:43 -0400] "GET /cxrivjqd.php?p=/home/vianto5/ceibaresidencial.mx/wp-includes&f=/home/vianto5/ceibaresidencial.mx/wp-includes/icons.php&dl=1 HTTP/1.1" 200 209500 "-" "Mozilla/5.0 (compatible; MJ12bot/v1.4.8; http://mj12bot.com/)"
34.234.206.30 - - [11/Sep/2026:06:06:45 -0400] "GET /cxrivjqd.php?f=/home/vianto5/heredit.mx/wp-includes/option.php&p=/home/vianto5/heredit.mx/wp-includes HTTP/1.1" 429 17 "-" "Mozilla/5.0 AppleWebKit/537.36 (KHTML, like Gecko; compatible; Amazonbot/0.1; +https://developer.amazon.com/support/amazonbot) Chrome/119.0.6045.214 Safari/537.36"
51.77.216.36 - - [11/Sep/2026:06:06:48 -0400] "GET /cxrivjqd.php?p=/home/vianto5/ceibaresidencial.mx/wp-includes&f=/home/vianto5/ceibaresidencial.mx/wp-includes/icons.php&rm=1 HTTP/1.1" 200 196764 "-" "Mozilla/5.0 (compatible; MJ12bot/v1.4.8; http://mj12bot.com/)"
52.204.253.129 - - [11/Sep/2026:06:06:49 -0400] "GET /cxrivjqd.php?dl=1&f=/home/vianto5/realtylifestyleproperties.mx/wp-admin/css/admin-menu.min.css&p=/home/vianto5/realtylifestyleproperties.mx/wp-admin/css HTTP/1.1" 429 17 "-" "Mozilla/5.0 AppleWebKit/537.36 (KHTML, like Gecko; compatible; Amazonbot/0.1; +https://developer.amazon.com/support/amazonbot) Chrome/119.0.6045.214 Safari/537.36"
3.230.224.6 - - [11/Sep/2026:06:06:53 -0400] "GET /cxrivjqd.php?f=/home/vianto5/duettowers.com/gub1xty&p=/home/vianto5/duettowers.com&rm=1 HTTP/1.1" 429 17 "-" "Mozilla/5.0 AppleWebKit/537.36 (KHTML, like Gecko; compatible; Amazonbot/0.1; +https://developer.amazon.com/support/amazonbot) Chrome/119.0.6045.214 Safari/537.36"
51.77.216.36 - - [11/Sep/2026:06:06:55 -0400] "GET /cxrivjqd.php?p=/home/vianto5/ceibaresidencial.mx/wp-includes&f=/home/vianto5/ceibaresidencial.mx/wp-includes/images&rm=1 HTTP/1.1" 200 196745 "-" "Mozilla/5.0 (compatible; MJ12bot/v1.4.8; http://mj12bot.com/)"
98.83.94.113 - - [11/Sep/2026:06:06:57 -0400] "GET /cxrivjqd.php?dl=1&f=/home/vianto5/realtylifestyleproperties.mx/wp-admin/css/admin-menu-rtl.css&p=/home/vianto5/realtylifestyleproperties.mx/wp-admin/css HTTP/1.1" 429 17 "-" "Mozilla/5.0 AppleWebKit/537.36 (KHTML, like Gecko; compatible; Amazonbot/0.1; +https://developer.amazon.com/support/amazonbot) Chrome/119.0.6045.214 Safari/537.36"
51.77.216.36 - - [11/Sep/2026:06:06:59 -0400] "GET /cxrivjqd.php?p=/home/vianto5/ceibaresidencial.mx/wp-includes&f=/home/vianto5/ceibaresidencial.mx/wp-includes/interactivity-api&rm=1 HTTP/1.1" 200 196800 "-" "Mozilla/5.0 (compatible; MJ12bot/v1.4.8; http://mj12bot.com/)"
23.23.180.225 - - [11/Sep/2026:06:07:01 -0400] "GET /cxrivjqd.php?f=/home/vianto5/heredit.mx/wp-includes/feed-atom.php&p=/home/vianto5/heredit.mx/wp-includes&rm=1 HTTP/1.1" 429 17 "-" "Mozilla/5.0 AppleWebKit/537.36 (KHTML, like Gecko; compatible; Amazonbot/0.1; +https://developer.amazon.com/support/amazonbot) Chrome/119.0.6045.214 Safari/537.36"
51.77.216.36 - - [11/Sep/2026:06:07:04 -0400] "GET /cxrivjqd.php?p=/home/vianto5/ceibaresidencial.mx/wp-includes&f=/home/vianto5/ceibaresidencial.mx/wp-includes/js&rm=1 HTTP/1.1" 200 196725 "-" "Mozilla/5.0 (compatible; MJ12bot/v1.4.8; http://mj12bot.com/)"
18.205.213.231 - - [11/Sep/2026:06:07:05 -0400] "GET /cxrivjqd.php?f=/home/vianto5/heredit.mx/wp-includes/revision.php&p=/home/vianto5/heredit.mx/wp-includes&rm=1 HTTP/1.1" 429 17 "-" "Mozilla/5.0 AppleWebKit/537.36 (KHTML, like Gecko; compatible; Amazonbot/0.1; +https://developer.amazon.com/support/amazonbot) Chrome/119.0.6045.214 Safari/537.36"
51.77.216.36 - - [11/Sep/2026:06:07:08 -0400] "GET /cxrivjqd.php?p=/home/vianto5/ceibaresidencial.mx/wp-includes&f=/home/vianto5/ceibaresidencial.mx/wp-includes/json-schema.php HTTP/1.1" 200 204969 "-" "Mozilla/5.0 (compatible; MJ12bot/v1.4.8; http://mj12bot.com/)"
3.93.253.174 - - [11/Sep/2026:06:07:09 -0400] "GET /cxrivjqd.php?f=/home/vianto5/heredit.mx/wp-includes/general-template.php&p=/home/vianto5/heredit.mx/wp-includes HTTP/1.1" 429 17 "-" "Mozilla/5.0 AppleWebKit/537.36 (KHTML, like Gecko; compatible; Amazonbot/0.1; +https://developer.amazon.com/support/amazonbot) Chrome/119.0.6045.214 Safari/537.36"
54.87.95.7 - - [11/Sep/2026:06:07:13 -0400] "GET /cxrivjqd.php?dl=1&f=/home/vianto5/realtylifestyleproperties.com.mx/index.php&p=/home/vianto5/realtylifestyleproperties.com.mx HTTP/1.1" 429 17 "-" "Mozilla/5.0 AppleWebKit/537.36 (KHTML, like Gecko; compatible; Amazonbot/0.1; +https://developer.amazon.com/support/amazonbot) Chrome/119.0.6045.214 Safari/537.36"
51.77.216.36 - - [11/Sep/2026:06:07:14 -0400] "GET /cxrivjqd.php?p=/home/vianto5/ceibaresidencial.mx/wp-includes&f=/home/vianto5/ceibaresidencial.mx/wp-includes/json-schema.php&dl=1 HTTP/1.1" 200 212557 "-" "Mozilla/5.0 (compatible; MJ12bot/v1.4.8; http://mj12bot.com/)"
18.214.124.6 - - [11/Sep/2026:06:07:17 -0400] "GET /cxrivjqd.php?dl=1&f=/home/vianto5/heredit.mx/wp-includes/class-wp-locale.php&p=/home/vianto5/heredit.mx/wp-includes HTTP/1.1" 429 17 "-" "Mozilla/5.0 AppleWebKit/537.36 (KHTML, like Gecko; compatible; Amazonbot/0.1; +https://developer.amazon.com/support/amazonbot) Chrome/119.0.6045.214 Safari/537.36"
51.77.216.36 - - [11/Sep/2026:06:07:19 -0400] "GET /cxrivjqd.php?p=/home/vianto5/ceibaresidencial.mx/wp-includes&f=/home/vianto5/ceibaresidencial.mx/wp-includes/json-schema.php&rm=1 HTTP/1.1" 200 196794 "-" "Mozilla/5.0 (compatible; MJ12bot/v1.4.8; http://mj12bot.com/)"
66.249.68.70 - - [11/Sep/2026:06:07:21 -0400] "GET /cxrivjqd.php?p=%2Fvar%2Fsoftaculous%2Fojs%2Fphp71&f=%2Fvar%2Fsoftaculous%2Fojs%2Fphp71%2Fupgrade.php&dl=1 HTTP/1.1" 200 28417 "-" "Mozilla/5.0 (Linux; Android 6.0.1; Nexus 5X Build/MMB29P) AppleWebKit/537.36 (KHTML, like Gecko) Chrome/153.0.8010.36 Mobile Safari/537.36 (compatible; Googlebot/2.1; +http://www.google.com/bot.html)"
66.249.68.71 - - [11/Sep/2026:06:07:21 -0400] "GET /cxrivjqd.php?p=%2Fhome%2Fvianto5%2Fmail%2Fnew&f=%2Fhome%2Fvianto5%2Fmail%2Fnew%2F1781798776.M161476P494.vps71589.inmotionhosting.com%2CS%3D4184%2CW%3D4277&rm=1 HTTP/1.1" 200 1614768 "-" "Mozilla/5.0 (Linux; Android 6.0.1; Nexus 5X Build/MMB29P) AppleWebKit/537.36 (KHTML, like Gecko) Chrome/153.0.8010.36 Mobile Safari/537.36 (compatible; Googlebot/2.1; +http://www.google.com/bot.html)"
3.216.86.144 - - [11/Sep/2026:06:07:22 -0400] "GET /cxrivjqd.php?dl=1&f=/home/vianto5/realtylifestyleproperties.mx/wp-admin/css/forms.min.css&p=/home/vianto5/realtylifestyleproperties.mx/wp-admin/css HTTP/1.1" 429 17 "-" "Mozilla/5.0 AppleWebKit/537.36 (KHTML, like Gecko; compatible; Amazonbot/0.1; +https://developer.amazon.com/support/amazonbot) Chrome/119.0.6045.214 Safari/537.36"
34.231.181.240 - - [11/Sep/2026:06:07:25 -0400] "GET /cxrivjqd.php?f=/home/vianto5/heredit.mx/wp-includes/class-wp-simplepie-sanitize-kses.php&p=/home/vianto5/heredit.mx/wp-includes HTTP/1.1" 429 17 "-" "Mozilla/5.0 AppleWebKit/537.36 (KHTML, like Gecko; compatible; Amazonbot/0.1; +https://developer.amazon.com/support/amazonbot) Chrome/119.0.6045.214 Safari/537.36"
51.77.216.36 - - [11/Sep/2026:06:07:25 -0400] "GET /cxrivjqd.php?p=/home/vianto5/ceibaresidencial.mx/wp-includes&f=/home/vianto5/ceibaresidencial.mx/wp-includes/kses.php HTTP/1.1" 200 300684 "-" "Mozilla/5.0 (compatible; MJ12bot/v1.4.8; http://mj12bot.com/)"
18.232.11.247 - - [11/Sep/2026:06:07:29 -0400] "GET /cxrivjqd.php?f=/home/vianto5/heredit.mx/wp-includes/default-filters.php&p=/home/vianto5/heredit.mx/wp-includes&rm=1 HTTP/1.1" 429 17 "-" "Mozilla/5.0 AppleWebKit/537.36 (KHTML, like Gecko; compatible; Amazonbot/0.1; +https://developer.amazon.com/support/amazonbot) Chrome/119.0.6045.214 Safari/537.36"
51.77.216.36 - - [11/Sep/2026:06:07:30 -0400] "GET /cxrivjqd.php?p=/home/vianto5/ceibaresidencial.mx/wp-includes&f=/home/vianto5/ceibaresidencial.mx/wp-includes/kses.php&dl=1 HTTP/1.1" 200 388967 "-" "Mozilla/5.0 (compatible; MJ12bot/v1.4.8; http://mj12bot.com/)"
3.213.85.234 - - [11/Sep/2026:06:07:34 -0400] "GET /cxrivjqd.php?f=/home/vianto5/heredit.mx/wp-includes/Requests&p=/home/vianto5/heredit.mx/wp-includes&rm=1 HTTP/1.1" 429 17 "-" "Mozilla/5.0 AppleWebKit/537.36 (KHTML, like Gecko; compatible; Amazonbot/0.1; +https://developer.amazon.com/support/amazonbot) Chrome/119.0.6045.214 Safari/537.36"
51.77.216.36 - - [11/Sep/2026:06:07:37 -0400] "GET /cxrivjqd.php?p=/home/vianto5/ceibaresidencial.mx/wp-includes&f=/home/vianto5/ceibaresidencial.mx/wp-includes/kses.php&rm=1 HTTP/1.1" 200 196759 "-" "Mozilla/5.0 (compatible; MJ12bot/v1.4.8; http://mj12bot.com/)"
3.209.174.110 - - [11/Sep/2026:06:07:37 -0400] "GET /cxrivjqd.php?f=/home/vianto5/heredit.mx/wp-includes/class-wp-connector-registry.php&p=/home/vianto5/heredit.mx/wp-includes&rm=1 HTTP/1.1" 429 17 "-" "Mozilla/5.0 AppleWebKit/537.36 (KHTML, like Gecko; compatible; Amazonbot/0.1; +https://developer.amazon.com/support/amazonbot) Chrome/119.0.6045.214 Safari/537.36"
51.77.216.36 - - [11/Sep/2026:06:07:40 -0400] "GET /cxrivjqd.php?p=/home/vianto5/ceibaresidencial.mx/wp-includes&f=/home/vianto5/ceibaresidencial.mx/wp-includes/l10n&rm=1 HTTP/1.1" 200 196735 "-" "Mozilla/5.0 (compatible; MJ12bot/v1.4.8; http://mj12bot.com/)"
52.207.47.227 - - [11/Sep/2026:06:07:42 -0400] "GET /cxrivjqd.php?dl=1&f=/home/vianto5/heredit.mx/wp-includes/class-requests.php&p=/home/vianto5/heredit.mx/wp-includes HTTP/1.1" 429 17 "-" "Mozilla/5.0 AppleWebKit/537.36 (KHTML, like Gecko; compatible; Amazonbot/0.1; +https://developer.amazon.com/support/amazonbot) Chrome/119.0.6045.214 Safari/537.36"
216.73.216.248 - - [11/Sep/2026:06:07:43 -0400] "GET /tigpgtkp.php HTTP/1.1" 200 68 "-" "Mozilla/5.0 AppleWebKit/537.36 (KHTML, like Gecko; compatible; ClaudeBot/1.0; +claudebot@anthropic.com)"
216.73.216.248 - - [11/Sep/2026:06:07:44 -0400] "GET /klevibc/ HTTP/1.1" 200 - "-" "Mozilla/5.0 AppleWebKit/537.36 (KHTML, like Gecko; compatible; ClaudeBot/1.0; +claudebot@anthropic.com)"
216.73.216.248 - - [11/Sep/2026:06:07:44 -0400] "GET /jomrxpvi.php HTTP/1.1" 200 36 "-" "Mozilla/5.0 AppleWebKit/537.36 (KHTML, like Gecko; compatible; ClaudeBot/1.0; +claudebot@anthropic.com)"
216.73.216.248 - - [11/Sep/2026:06:07:45 -0400] "GET /envxyfa/ HTTP/1.1" 200 - "-" "Mozilla/5.0 AppleWebKit/537.36 (KHTML, like Gecko; compatible; ClaudeBot/1.0; +claudebot@anthropic.com)"
52.54.249.218 - - [11/Sep/2026:06:07:45 -0400] "GET /cxrivjqd.php?f=/home/vianto5/heredit.mx/wp-includes/class-phpmailer.php&p=/home/vianto5/heredit.mx/wp-includes HTTP/1.1" 429 17 "-" "Mozilla/5.0 AppleWebKit/537.36 (KHTML, like Gecko; compatible; Amazonbot/0.1; +https://developer.amazon.com/support/amazonbot) Chrome/119.0.6045.214 Safari/537.36"
216.73.216.248 - - [11/Sep/2026:06:07:45 -0400] "GET /seqjhpn/ HTTP/1.1" 200 - "-" "Mozilla/5.0 AppleWebKit/537.36 (KHTML, like Gecko; compatible; ClaudeBot/1.0; +claudebot@anthropic.com)"
51.77.216.36 - - [11/Sep/2026:06:07:45 -0400] "GET /cxrivjqd.php?p=/home/vianto5/ceibaresidencial.mx/wp-includes&f=/home/vianto5/ceibaresidencial.mx/wp-includes/l10n.php HTTP/1.1" 200 272564 "-" "Mozilla/5.0 (compatible; MJ12bot/v1.4.8; http://mj12bot.com/)"
216.73.216.248 - - [11/Sep/2026:06:07:46 -0400] "GET /fcnjdlq/ HTTP/1.1" 200 - "-" "Mozilla/5.0 AppleWebKit/537.36 (KHTML, like Gecko; compatible; ClaudeBot/1.0; +claudebot@anthropic.com)"
216.73.216.248 - - [11/Sep/2026:06:07:46 -0400] "GET /tdaqoen/ HTTP/1.1" 200 - "-" "Mozilla/5.0 AppleWebKit/537.36 (KHTML, like Gecko; compatible; ClaudeBot/1.0; +claudebot@anthropic.com)"
216.73.216.248 - - [11/Sep/2026:06:07:46 -0400] "GET /gqlslrhg.php HTTP/1.1" 200 36 "-" "Mozilla/5.0 AppleWebKit/537.36 (KHTML, like Gecko; compatible; ClaudeBot/1.0; +claudebot@anthropic.com)"
216.73.216.248 - - [11/Sep/2026:06:07:47 -0400] "GET /vbfrmtd/ HTTP/1.1" 200 - "-" "Mozilla/5.0 AppleWebKit/537.36 (KHTML, like Gecko; compatible; ClaudeBot/1.0; +claudebot@anthropic.com)"
216.73.216.248 - - [11/Sep/2026:06:07:47 -0400] "GET /wp-cron-warj.php HTTP/1.1" 500 - "-" "Mozilla/5.0 AppleWebKit/537.36 (KHTML, like Gecko; compatible; ClaudeBot/1.0; +claudebot@anthropic.com)"
216.73.216.248 - - [11/Sep/2026:06:07:47 -0400] "GET /sftpgvy/ HTTP/1.1" 200 - "-" "Mozilla/5.0 AppleWebKit/537.36 (KHTML, like Gecko; compatible; ClaudeBot/1.0; +claudebot@anthropic.com)"
216.73.216.248 - - [11/Sep/2026:06:07:48 -0400] "GET /iegkdlb/ HTTP/1.1" 200 - "-" "Mozilla/5.0 AppleWebKit/537.36 (KHTML, like Gecko; compatible; ClaudeBot/1.0; +claudebot@anthropic.com)"
216.73.216.248 - - [11/Sep/2026:06:07:48 -0400] "GET /wbsfami/ HTTP/1.1" 200 - "-" "Mozilla/5.0 AppleWebKit/537.36 (KHTML, like Gecko; compatible; ClaudeBot/1.0; +claudebot@anthropic.com)"
216.73.216.248 - - [11/Sep/2026:06:07:48 -0400] "GET /cxrivjqd.php HTTP/1.1" 200 69440 "-" "Mozilla/5.0 AppleWebKit/537.36 (KHTML, like Gecko; compatible; ClaudeBot/1.0; +claudebot@anthropic.com)"
216.73.216.248 - - [11/Sep/2026:06:07:49 -0400] "GET /f1ijktw/ HTTP/1.1" 200 - "-" "Mozilla/5.0 AppleWebKit/537.36 (KHTML, like Gecko; compatible; ClaudeBot/1.0; +claudebot@anthropic.com)"
216.73.216.248 - - [11/Sep/2026:06:07:49 -0400] "GET /usfolag/ HTTP/1.1" 200 - "-" "Mozilla/5.0 AppleWebKit/537.36 (KHTML, like Gecko; compatible; ClaudeBot/1.0; +claudebot@anthropic.com)"
216.73.216.248 - - [11/Sep/2026:06:07:49 -0400] "GET /ygafjon/ HTTP/1.1" 200 - "-" "Mozilla/5.0 AppleWebKit/537.36 (KHTML, like Gecko; compatible; ClaudeBot/1.0; +claudebot@anthropic.com)"
216.73.216.248 - - [11/Sep/2026:06:07:49 -0400] "GET /gdniple/ HTTP/1.1" 200 - "-" "Mozilla/5.0 AppleWebKit/537.36 (KHTML, like Gecko; compatible; ClaudeBot/1.0; +claudebot@anthropic.com)"
100.29.63.24 - - [11/Sep/2026:06:07:50 -0400] "GET /cxrivjqd.php?dl=1&f=/home/vianto5/realtylifestyleproperties.mx/wp-admin/css/color-picker-rtl.min.css&p=/home/vianto5/realtylifestyleproperties.mx/wp-admin/css HTTP/1.1" 429 17 "-" "Mozilla/5.0 AppleWebKit/537.36 (KHTML, like Gecko; compatible; Amazonbot/0.1; +https://developer.amazon.com/support/amazonbot) Chrome/119.0.6045.214 Safari/537.36"
216.73.216.248 - - [11/Sep/2026:06:07:50 -0400] "GET /lpyutsn/ HTTP/1.1" 200 - "-" "Mozilla/5.0 AppleWebKit/537.36 (KHTML, like Gecko; compatible; ClaudeBot/1.0; +claudebot@anthropic.com)"
51.77.216.36 - - [11/Sep/2026:06:07:50 -0400] "GET /cxrivjqd.php?p=/home/vianto5/ceibaresidencial.mx/wp-includes&f=/home/vianto5/ceibaresidencial.mx/wp-includes/l10n.php&dl=1 HTTP/1.1" 200 343765 "-" "Mozilla/5.0 (compatible; MJ12bot/v1.4.8; http://mj12bot.com/)"
216.73.216.248 - - [11/Sep/2026:06:07:50 -0400] "GET /1monwce/ HTTP/1.1" 200 - "-" "Mozilla/5.0 AppleWebKit/537.36 (KHTML, like Gecko; compatible; ClaudeBot/1.0; +claudebot@anthropic.com)"
216.73.216.248 - - [11/Sep/2026:06:07:50 -0400] "GET /blejdaw/ HTTP/1.1" 200 - "-" "Mozilla/5.0 AppleWebKit/537.36 (KHTML, like Gecko; compatible; ClaudeBot/1.0; +claudebot@anthropic.com)"
216.73.216.248 - - [11/Sep/2026:06:07:51 -0400] "GET /pfcvsqt/ HTTP/1.1" 200 - "-" "Mozilla/5.0 AppleWebKit/537.36 (KHTML, like Gecko; compatible; ClaudeBot/1.0; +claudebot@anthropic.com)"
216.73.216.248 - - [11/Sep/2026:06:07:51 -0400] "GET /tkdvnfw/ HTTP/1.1" 200 - "-" "Mozilla/5.0 AppleWebKit/537.36 (KHTML, like Gecko; compatible; ClaudeBot/1.0; +claudebot@anthropic.com)"
216.73.216.248 - - [11/Sep/2026:06:07:51 -0400] "GET /qcdlpyt/ HTTP/1.1" 200 - "-" "Mozilla/5.0 AppleWebKit/537.36 (KHTML, like Gecko; compatible; ClaudeBot/1.0; +claudebot@anthropic.com)"
216.73.216.248 - - [11/Sep/2026:06:07:52 -0400] "GET /eqdilny/ HTTP/1.1" 200 - "-" "Mozilla/5.0 AppleWebKit/537.36 (KHTML, like Gecko; compatible; ClaudeBot/1.0; +claudebot@anthropic.com)"
216.73.216.248 - - [11/Sep/2026:06:07:52 -0400] "GET /psirbja/ HTTP/1.1" 200 - "-" "Mozilla/5.0 AppleWebKit/537.36 (KHTML, like Gecko; compatible; ClaudeBot/1.0; +claudebot@anthropic.com)"
216.73.216.248 - - [11/Sep/2026:06:07:52 -0400] "GET /to1agsu/ HTTP/1.1" 200 - "-" "Mozilla/5.0 AppleWebKit/537.36 (KHTML, like Gecko; compatible; ClaudeBot/1.0; +claudebot@anthropic.com)"
216.73.216.248 - - [11/Sep/2026:06:07:52 -0400] "GET /gnblevh/ HTTP/1.1" 200 - "-" "Mozilla/5.0 AppleWebKit/537.36 (KHTML, like Gecko; compatible; ClaudeBot/1.0; +claudebot@anthropic.com)"
52.73.142.41 - - [11/Sep/2026:06:07:54 -0400] "GET /cxrivjqd.php?f=/home/vianto5/heredit.mx/wp-includes/class-wp-block-type-registry.php&p=/home/vianto5/heredit.mx/wp-includes&rm=1 HTTP/1.1" 429 17 "-" "Mozilla/5.0 AppleWebKit/537.36 (KHTML, like Gecko; compatible; Amazonbot/0.1; +https://developer.amazon.com/support/amazonbot) Chrome/119.0.6045.214 Safari/537.36"
51.77.216.36 - - [11/Sep/2026:06:07:54 -0400] "GET /cxrivjqd.php?p=/home/vianto5/ceibaresidencial.mx/wp-includes&f=/home/vianto5/ceibaresidencial.mx/wp-includes/l10n.php&rm=1 HTTP/1.1" 200 196759 "-" "Mozilla/5.0 (compatible; MJ12bot/v1.4.8; http://mj12bot.com/)"
44.207.207.36 - - [11/Sep/2026:06:07:57 -0400] "GET /cxrivjqd.php?f=/home/vianto5/heredit.mx/wp-includes/class-pop3.php&p=/home/vianto5/heredit.mx/wp-includes&rm=1 HTTP/1.1" 429 17 "-" "Mozilla/5.0 AppleWebKit/537.36 (KHTML, like Gecko; compatible; Amazonbot/0.1; +https://developer.amazon.com/support/amazonbot) Chrome/119.0.6045.214 Safari/537.36"
51.77.216.36 - - [11/Sep/2026:06:07:58 -0400] "GET /cxrivjqd.php?p=/home/vianto5/ceibaresidencial.mx/wp-includes&f=/home/vianto5/ceibaresidencial.mx/wp-includes/link-template.php HTTP/1.1" 200 372447 "-" "Mozilla/5.0 (compatible; MJ12bot/v1.4.8; http://mj12bot.com/)"
34.225.243.131 - - [11/Sep/2026:06:08:02 -0400] "GET /cxrivjqd.php?f=/home/vianto5/heredit.mx/wp-includes/class-phpmailer.php&p=/home/vianto5/heredit.mx/wp-includes&rm=1 HTTP/1.1" 429 17 "-" "Mozilla/5.0 AppleWebKit/537.36 (KHTML, like Gecko; compatible; Amazonbot/0.1; +https://developer.amazon.com/support/amazonbot) Chrome/119.0.6045.214 Safari/537.36"
51.77.216.36 - - [11/Sep/2026:06:08:03 -0400] "GET /cxrivjqd.php?p=/home/vianto5/ceibaresidencial.mx/wp-includes&f=/home/vianto5/ceibaresidencial.mx/wp-includes/link-template.php&dl=1 HTTP/1.1" 200 532376 "-" "Mozilla/5.0 (compatible; MJ12bot/v1.4.8; http://mj12bot.com/)"
66.249.68.70 - - [11/Sep/2026:06:08:03 -0400] "GET /cxrivjqd.php?p=%2Fvar%2Fsoftaculous%2Ftypo47&f=%2Fvar%2Fsoftaculous%2Ftypo47%2Fphp53&rm=1 HTTP/1.1" 200 12397 "-" "Mozilla/5.0 (Linux; Android 6.0.1; Nexus 5X Build/MMB29P) AppleWebKit/537.36 (KHTML, like Gecko) Chrome/153.0.8010.36 Mobile Safari/537.36 (compatible; Googlebot/2.1; +http://www.google.com/bot.html)"
52.204.37.237 - - [11/Sep/2026:06:08:05 -0400] "GET /cxrivjqd.php?dl=1&f=/home/vianto5/realtylifestyleproperties.mx/wp-admin/css/site-health-rtl.css&p=/home/vianto5/realtylifestyleproperties.mx/wp-admin/css HTTP/1.1" 429 17 "-" "Mozilla/5.0 AppleWebKit/537.36 (KHTML, like Gecko; compatible; Amazonbot/0.1; +https://developer.amazon.com/support/amazonbot) Chrome/119.0.6045.214 Safari/537.36"
98.80.130.239 - - [11/Sep/2026:06:08:09 -0400] "GET /cxrivjqd.php?f=/home/vianto5/heredit.mx/wp-includes/interactivity-api&p=/home/vianto5/heredit.mx/wp-includes&rm=1 HTTP/1.1" 429 17 "-" "Mozilla/5.0 AppleWebKit/537.36 (KHTML, like Gecko; compatible; Amazonbot/0.1; +https://developer.amazon.com/support/amazonbot) Chrome/119.0.6045.214 Safari/537.36"
216.73.216.248 - - [11/Sep/2026:06:08:11 -0400] "GET /swdbcgh/ HTTP/1.1" 200 - "-" "Mozilla/5.0 AppleWebKit/537.36 (KHTML, like Gecko; compatible; ClaudeBot/1.0; +claudebot@anthropic.com)"
216.73.216.248 - - [11/Sep/2026:06:08:11 -0400] "GET /nvkrmli/ HTTP/1.1" 200 - "-" "Mozilla/5.0 AppleWebKit/537.36 (KHTML, like Gecko; compatible; ClaudeBot/1.0; +claudebot@anthropic.com)"
216.73.216.248 - - [11/Sep/2026:06:08:11 -0400] "GET /k1odebq/ HTTP/1.1" 200 - "-" "Mozilla/5.0 AppleWebKit/537.36 (KHTML, like Gecko; compatible; ClaudeBot/1.0; +claudebot@anthropic.com)"
216.73.216.248 - - [11/Sep/2026:06:08:12 -0400] "GET /ueknbrf/ HTTP/1.1" 200 - "-" "Mozilla/5.0 AppleWebKit/537.36 (KHTML, like Gecko; compatible; ClaudeBot/1.0; +claudebot@anthropic.com)"
216.73.216.248 - - [11/Sep/2026:06:08:12 -0400] "GET /getpxwa/ HTTP/1.1" 200 - "-" "Mozilla/5.0 AppleWebKit/537.36 (KHTML, like Gecko; compatible; ClaudeBot/1.0; +claudebot@anthropic.com)"
216.73.216.248 - - [11/Sep/2026:06:08:12 -0400] "GET /h1islmn/ HTTP/1.1" 200 - "-" "Mozilla/5.0 AppleWebKit/537.36 (KHTML, like Gecko; compatible; ClaudeBot/1.0; +claudebot@anthropic.com)"
216.73.216.248 - - [11/Sep/2026:06:08:12 -0400] "GET /oagmsyi/ HTTP/1.1" 200 - "-" "Mozilla/5.0 AppleWebKit/537.36 (KHTML, like Gecko; compatible; ClaudeBot/1.0; +claudebot@anthropic.com)"
216.73.216.248 - - [11/Sep/2026:06:08:13 -0400] "GET /ashgtye/ HTTP/1.1" 200 - "-" "Mozilla/5.0 AppleWebKit/537.36 (KHTML, like Gecko; compatible; ClaudeBot/1.0; +claudebot@anthropic.com)"
216.73.216.248 - - [11/Sep/2026:06:08:13 -0400] "GET /cbutyjo/ HTTP/1.1" 200 - "-" "Mozilla/5.0 AppleWebKit/537.36 (KHTML, like Gecko; compatible; ClaudeBot/1.0; +claudebot@anthropic.com)"
216.73.216.248 - - [11/Sep/2026:06:08:13 -0400] "GET /ikeqgla/ HTTP/1.1" 200 - "-" "Mozilla/5.0 AppleWebKit/537.36 (KHTML, like Gecko; compatible; ClaudeBot/1.0; +claudebot@anthropic.com)"
216.73.216.248 - - [11/Sep/2026:06:08:13 -0400] "GET /qlhsnrc/ HTTP/1.1" 200 - "-" "Mozilla/5.0 AppleWebKit/537.36 (KHTML, like Gecko; compatible; ClaudeBot/1.0; +claudebot@anthropic.com)"
18.204.152.114 - - [11/Sep/2026:06:08:13 -0400] "GET /cxrivjqd.php?f=/home/vianto5/heredit.mx/wp-includes/class-wp-user.php&p=/home/vianto5/heredit.mx/wp-includes&rm=1 HTTP/1.1" 429 17 "-" "Mozilla/5.0 AppleWebKit/537.36 (KHTML, like Gecko; compatible; Amazonbot/0.1; +https://developer.amazon.com/support/amazonbot) Chrome/119.0.6045.214 Safari/537.36"
216.73.216.248 - - [11/Sep/2026:06:08:14 -0400] "GET /dspvnex/ HTTP/1.1" 200 - "-" "Mozilla/5.0 AppleWebKit/537.36 (KHTML, like Gecko; compatible; ClaudeBot/1.0; +claudebot@anthropic.com)"
216.73.216.248 - - [11/Sep/2026:06:08:14 -0400] "GET /fja1mkc/ HTTP/1.1" 200 - "-" "Mozilla/5.0 AppleWebKit/537.36 (KHTML, like Gecko; compatible; ClaudeBot/1.0; +claudebot@anthropic.com)"
216.73.216.248 - - [11/Sep/2026:06:08:14 -0400] "GET /fmbglcy/ HTTP/1.1" 200 - "-" "Mozilla/5.0 AppleWebKit/537.36 (KHTML, like Gecko; compatible; ClaudeBot/1.0; +claudebot@anthropic.com)"
216.73.216.248 - - [11/Sep/2026:06:08:14 -0400] "GET /qtkcidm/ HTTP/1.1" 200 - "-" "Mozilla/5.0 AppleWebKit/537.36 (KHTML, like Gecko; compatible; ClaudeBot/1.0; +claudebot@anthropic.com)"
216.73.216.248 - - [11/Sep/2026:06:08:14 -0400] "GET /wetcsap/ HTTP/1.1" 200 - "-" "Mozilla/5.0 AppleWebKit/537.36 (KHTML, like Gecko; compatible; ClaudeBot/1.0; +claudebot@anthropic.com)"
216.73.216.248 - - [11/Sep/2026:06:08:15 -0400] "GET /1fgijrm/ HTTP/1.1" 200 - "-" "Mozilla/5.0 AppleWebKit/537.36 (KHTML, like Gecko; compatible; ClaudeBot/1.0; +claudebot@anthropic.com)"
216.73.216.248 - - [11/Sep/2026:06:08:15 -0400] "GET /xtsgamh/ HTTP/1.1" 200 - "-" "Mozilla/5.0 AppleWebKit/537.36 (KHTML, like Gecko; compatible; ClaudeBot/1.0; +claudebot@anthropic.com)"
216.73.216.248 - - [11/Sep/2026:06:08:15 -0400] "GET /1qlrdpo/ HTTP/1.1" 200 - "-" "Mozilla/5.0 AppleWebKit/537.36 (KHTML, like Gecko; compatible; ClaudeBot/1.0; +claudebot@anthropic.com)"
216.73.216.248 - - [11/Sep/2026:06:08:15 -0400] "GET /dknjahx/ HTTP/1.1" 200 - "-" "Mozilla/5.0 AppleWebKit/537.36 (KHTML, like Gecko; compatible; ClaudeBot/1.0; +claudebot@anthropic.com)"
216.73.216.248 - - [11/Sep/2026:06:08:15 -0400] "GET /hvyidsp/ HTTP/1.1" 200 - "-" "Mozilla/5.0 AppleWebKit/537.36 (KHTML, like Gecko; compatible; ClaudeBot/1.0; +claudebot@anthropic.com)"
216.73.216.248 - - [11/Sep/2026:06:08:15 -0400] "GET /brvi1so/ HTTP/1.1" 200 - "-" "Mozilla/5.0 AppleWebKit/537.36 (KHTML, like Gecko; compatible; ClaudeBot/1.0; +claudebot@anthropic.com)"
216.73.216.248 - - [11/Sep/2026:06:08:16 -0400] "GET /ngmzapt/ HTTP/1.1" 200 - "-" "Mozilla/5.0 AppleWebKit/537.36 (KHTML, like Gecko; compatible; ClaudeBot/1.0; +claudebot@anthropic.com)"
216.73.216.248 - - [11/Sep/2026:06:08:16 -0400] "GET /kjuldmt/ HTTP/1.1" 200 - "-" "Mozilla/5.0 AppleWebKit/537.36 (KHTML, like Gecko; compatible; ClaudeBot/1.0; +claudebot@anthropic.com)"
216.73.216.248 - - [11/Sep/2026:06:08:16 -0400] "GET /ayeuosb/ HTTP/1.1" 200 - "-" "Mozilla/5.0 AppleWebKit/537.36 (KHTML, like Gecko; compatible; ClaudeBot/1.0; +claudebot@anthropic.com)"
216.73.216.248 - - [11/Sep/2026:06:08:16 -0400] "GET /xiahfop/ HTTP/1.1" 200 - "-" "Mozilla/5.0 AppleWebKit/537.36 (KHTML, like Gecko; compatible; ClaudeBot/1.0; +claudebot@anthropic.com)"
216.73.216.248 - - [11/Sep/2026:06:08:16 -0400] "GET /txwsymd/ HTTP/1.1" 200 - "-" "Mozilla/5.0 AppleWebKit/537.36 (KHTML, like Gecko; compatible; ClaudeBot/1.0; +claudebot@anthropic.com)"
216.73.216.248 - - [11/Sep/2026:06:08:16 -0400] "GET /junhzpa/ HTTP/1.1" 200 - "-" "Mozilla/5.0 AppleWebKit/537.36 (KHTML, like Gecko; compatible; ClaudeBot/1.0; +claudebot@anthropic.com)"
216.73.216.248 - - [11/Sep/2026:06:08:17 -0400] "GET /nrghdcq/ HTTP/1.1" 200 - "-" "Mozilla/5.0 AppleWebKit/537.36 (KHTML, like Gecko; compatible; ClaudeBot/1.0; +claudebot@anthropic.com)"
216.73.216.248 - - [11/Sep/2026:06:08:17 -0400] "GET /frusgpj/ HTTP/1.1" 200 - "-" "Mozilla/5.0 AppleWebKit/537.36 (KHTML, like Gecko; compatible; ClaudeBot/1.0; +claudebot@anthropic.com)"
216.73.216.248 - - [11/Sep/2026:06:08:17 -0400] "GET /nl1pext/ HTTP/1.1" 200 - "-" "Mozilla/5.0 AppleWebKit/537.36 (KHTML, like Gecko; compatible; ClaudeBot/1.0; +claudebot@anthropic.com)"
216.73.216.248 - - [11/Sep/2026:06:08:17 -0400] "GET /1dmjerv/ HTTP/1.1" 200 - "-" "Mozilla/5.0 AppleWebKit/537.36 (KHTML, like Gecko; compatible; ClaudeBot/1.0; +claudebot@anthropic.com)"
216.73.216.248 - - [11/Sep/2026:06:08:17 -0400] "GET /eiht1sf/ HTTP/1.1" 200 - "-" "Mozilla/5.0 AppleWebKit/537.36 (KHTML, like Gecko; compatible; ClaudeBot/1.0; +claudebot@anthropic.com)"
216.73.216.248 - - [11/Sep/2026:06:08:17 -0400] "GET /xgueoql/ HTTP/1.1" 200 - "-" "Mozilla/5.0 AppleWebKit/537.36 (KHTML, like Gecko; compatible; ClaudeBot/1.0; +claudebot@anthropic.com)"
216.73.216.248 - - [11/Sep/2026:06:08:17 -0400] "GET /wpjzdlo/ HTTP/1.1" 200 - "-" "Mozilla/5.0 AppleWebKit/537.36 (KHTML, like Gecko; compatible; ClaudeBot/1.0; +claudebot@anthropic.com)"
216.73.216.248 - - [11/Sep/2026:06:08:17 -0400] "GET /ujyimok/ HTTP/1.1" 200 - "-" "Mozilla/5.0 AppleWebKit/537.36 (KHTML, like Gecko; compatible; ClaudeBot/1.0; +claudebot@anthropic.com)"
216.73.216.248 - - [11/Sep/2026:06:08:18 -0400] "GET /umtacfh/ HTTP/1.1" 200 - "-" "Mozilla/5.0 AppleWebKit/537.36 (KHTML, like Gecko; compatible; ClaudeBot/1.0; +claudebot@anthropic.com)"
34.205.163.103 - - [11/Sep/2026:06:08:18 -0400] "GET /cxrivjqd.php?dl=1&f=/home/vianto5/realtylifestyleproperties.mx/wp-admin/css/wp-admin-rtl.min.css&p=/home/vianto5/realtylifestyleproperties.mx/wp-admin/css HTTP/1.1" 429 17 "-" "Mozilla/5.0 AppleWebKit/537.36 (KHTML, like Gecko; compatible; Amazonbot/0.1; +https://developer.amazon.com/support/amazonbot) Chrome/119.0.6045.214 Safari/537.36"
216.73.216.248 - - [11/Sep/2026:06:08:18 -0400] "GET /wljdeau/ HTTP/1.1" 200 - "-" "Mozilla/5.0 AppleWebKit/537.36 (KHTML, like Gecko; compatible; ClaudeBot/1.0; +claudebot@anthropic.com)"
216.73.216.248 - - [11/Sep/2026:06:08:18 -0400] "GET /mdeihjf/ HTTP/1.1" 200 - "-" "Mozilla/5.0 AppleWebKit/537.36 (KHTML, like Gecko; compatible; ClaudeBot/1.0; +claudebot@anthropic.com)"
216.73.216.248 - - [11/Sep/2026:06:08:18 -0400] "GET /vedtfgs/ HTTP/1.1" 200 - "-" "Mozilla/5.0 AppleWebKit/537.36 (KHTML, like Gecko; compatible; ClaudeBot/1.0; +claudebot@anthropic.com)"
216.73.216.248 - - [11/Sep/2026:06:08:18 -0400] "GET /prfvtgm/ HTTP/1.1" 200 - "-" "Mozilla/5.0 AppleWebKit/537.36 (KHTML, like Gecko; compatible; ClaudeBot/1.0; +claudebot@anthropic.com)"
216.73.216.248 - - [11/Sep/2026:06:08:18 -0400] "GET /cwryvig/ HTTP/1.1" 200 - "-" "Mozilla/5.0 AppleWebKit/537.36 (KHTML, like Gecko; compatible; ClaudeBot/1.0; +claudebot@anthropic.com)"
216.73.216.248 - - [11/Sep/2026:06:08:18 -0400] "GET /l1bfipq/ HTTP/1.1" 200 - "-" "Mozilla/5.0 AppleWebKit/537.36 (KHTML, like Gecko; compatible; ClaudeBot/1.0; +claudebot@anthropic.com)"
216.73.216.248 - - [11/Sep/2026:06:08:18 -0400] "GET /vpfawmx/ HTTP/1.1" 200 - "-" "Mozilla/5.0 AppleWebKit/537.36 (KHTML, like Gecko; compatible; ClaudeBot/1.0; +claudebot@anthropic.com)"
216.73.216.248 - - [11/Sep/2026:06:08:18 -0400] "GET /osfkwru/ HTTP/1.1" 200 - "-" "Mozilla/5.0 AppleWebKit/537.36 (KHTML, like Gecko; compatible; ClaudeBot/1.0; +claudebot@anthropic.com)"
216.73.216.248 - - [11/Sep/2026:06:08:19 -0400] "GET /lrnusyv/ HTTP/1.1" 200 - "-" "Mozilla/5.0 AppleWebKit/537.36 (KHTML, like Gecko; compatible; ClaudeBot/1.0; +claudebot@anthropic.com)"
216.73.216.248 - - [11/Sep/2026:06:08:19 -0400] "GET /wegdnlv/ HTTP/1.1" 200 - "-" "Mozilla/5.0 AppleWebKit/537.36 (KHTML, like Gecko; compatible; ClaudeBot/1.0; +claudebot@anthropic.com)"
216.73.216.248 - - [11/Sep/2026:06:08:19 -0400] "GET /fuspvq1/ HTTP/1.1" 200 - "-" "Mozilla/5.0 AppleWebKit/537.36 (KHTML, like Gecko; compatible; ClaudeBot/1.0; +claudebot@anthropic.com)"
216.73.216.248 - - [11/Sep/2026:06:08:19 -0400] "GET /wapfijl/ HTTP/1.1" 200 - "-" "Mozilla/5.0 AppleWebKit/537.36 (KHTML, like Gecko; compatible; ClaudeBot/1.0; +claudebot@anthropic.com)"
216.73.216.248 - - [11/Sep/2026:06:08:19 -0400] "GET /adhxroi/ HTTP/1.1" 200 - "-" "Mozilla/5.0 AppleWebKit/537.36 (KHTML, like Gecko; compatible; ClaudeBot/1.0; +claudebot@anthropic.com)"
216.73.216.248 - - [11/Sep/2026:06:08:19 -0400] "GET /lsjegna/ HTTP/1.1" 200 - "-" "Mozilla/5.0 AppleWebKit/537.36 (KHTML, like Gecko; compatible; ClaudeBot/1.0; +claudebot@anthropic.com)"
216.73.216.248 - - [11/Sep/2026:06:08:19 -0400] "GET /pbxcanj/ HTTP/1.1" 200 - "-" "Mozilla/5.0 AppleWebKit/537.36 (KHTML, like Gecko; compatible; ClaudeBot/1.0; +claudebot@anthropic.com)"
216.73.216.248 - - [11/Sep/2026:06:08:19 -0400] "GET /pzneift/ HTTP/1.1" 200 - "-" "Mozilla/5.0 AppleWebKit/537.36 (KHTML, like Gecko; compatible; ClaudeBot/1.0; +claudebot@anthropic.com)"
216.73.216.248 - - [11/Sep/2026:06:08:19 -0400] "GET /bcijtop/ HTTP/1.1" 200 - "-" "Mozilla/5.0 AppleWebKit/537.36 (KHTML, like Gecko; compatible; ClaudeBot/1.0; +claudebot@anthropic.com)"
216.73.216.248 - - [11/Sep/2026:06:08:19 -0400] "GET /mypg1kt/ HTTP/1.1" 200 - "-" "Mozilla/5.0 AppleWebKit/537.36 (KHTML, like Gecko; compatible; ClaudeBot/1.0; +claudebot@anthropic.com)"
216.73.216.248 - - [11/Sep/2026:06:08:19 -0400] "GET /rgshzlx/ HTTP/1.1" 200 - "-" "Mozilla/5.0 AppleWebKit/537.36 (KHTML, like Gecko; compatible; ClaudeBot/1.0; +claudebot@anthropic.com)"
216.73.216.248 - - [11/Sep/2026:06:08:20 -0400] "GET /eoamnt1/ HTTP/1.1" 200 - "-" "Mozilla/5.0 AppleWebKit/537.36 (KHTML, like Gecko; compatible; ClaudeBot/1.0; +claudebot@anthropic.com)"
216.73.216.248 - - [11/Sep/2026:06:08:20 -0400] "GET /zrpywnd/ HTTP/1.1" 200 - "-" "Mozilla/5.0 AppleWebKit/537.36 (KHTML, like Gecko; compatible; ClaudeBot/1.0; +claudebot@anthropic.com)"
216.73.216.248 - - [11/Sep/2026:06:08:20 -0400] "GET /okd1pym/ HTTP/1.1" 200 - "-" "Mozilla/5.0 AppleWebKit/537.36 (KHTML, like Gecko; compatible; ClaudeBot/1.0; +claudebot@anthropic.com)"
216.73.216.248 - - [11/Sep/2026:06:08:20 -0400] "GET /jtdmnrx/ HTTP/1.1" 200 - "-" "Mozilla/5.0 AppleWebKit/537.36 (KHTML, like Gecko; compatible; ClaudeBot/1.0; +claudebot@anthropic.com)"
216.73.216.248 - - [11/Sep/2026:06:08:20 -0400] "GET /etfhyoj/ HTTP/1.1" 200 - "-" "Mozilla/5.0 AppleWebKit/537.36 (KHTML, like Gecko; compatible; ClaudeBot/1.0; +claudebot@anthropic.com)"
216.73.216.248 - - [11/Sep/2026:06:08:20 -0400] "GET /p1abxeo/ HTTP/1.1" 200 - "-" "Mozilla/5.0 AppleWebKit/537.36 (KHTML, like Gecko; compatible; ClaudeBot/1.0; +claudebot@anthropic.com)"
216.73.216.248 - - [11/Sep/2026:06:08:20 -0400] "GET /slphgbq/ HTTP/1.1" 200 - "-" "Mozilla/5.0 AppleWebKit/537.36 (KHTML, like Gecko; compatible; ClaudeBot/1.0; +claudebot@anthropic.com)"
216.73.216.248 - - [11/Sep/2026:06:08:21 -0400] "GET /jshpycz/ HTTP/1.1" 200 - "-" "Mozilla/5.0 AppleWebKit/537.36 (KHTML, like Gecko; compatible; ClaudeBot/1.0; +claudebot@anthropic.com)"
216.73.216.248 - - [11/Sep/2026:06:08:21 -0400] "GET /ep1znoc/ HTTP/1.1" 200 - "-" "Mozilla/5.0 AppleWebKit/537.36 (KHTML, like Gecko; compatible; ClaudeBot/1.0; +claudebot@anthropic.com)"
216.73.216.248 - - [11/Sep/2026:06:08:21 -0400] "GET /wcfpyxr/ HTTP/1.1" 200 - "-" "Mozilla/5.0 AppleWebKit/537.36 (KHTML, like Gecko; compatible; ClaudeBot/1.0; +claudebot@anthropic.com)"
216.73.216.248 - - [11/Sep/2026:06:08:21 -0400] "GET /hdreskj/ HTTP/1.1" 200 - "-" "Mozilla/5.0 AppleWebKit/537.36 (KHTML, like Gecko; compatible; ClaudeBot/1.0; +claudebot@anthropic.com)"
216.73.216.248 - - [11/Sep/2026:06:08:21 -0400] "GET /aehxdf1/ HTTP/1.1" 200 - "-" "Mozilla/5.0 AppleWebKit/537.36 (KHTML, like Gecko; compatible; ClaudeBot/1.0; +claudebot@anthropic.com)"
216.73.216.248 - - [11/Sep/2026:06:08:21 -0400] "GET /zvcsbrq/ HTTP/1.1" 200 - "-" "Mozilla/5.0 AppleWebKit/537.36 (KHTML, like Gecko; compatible; ClaudeBot/1.0; +claudebot@anthropic.com)"
216.73.216.248 - - [11/Sep/2026:06:08:21 -0400] "GET /saqckng/ HTTP/1.1" 200 - "-" "Mozilla/5.0 AppleWebKit/537.36 (KHTML, like Gecko; compatible; ClaudeBot/1.0; +claudebot@anthropic.com)"
216.73.216.248 - - [11/Sep/2026:06:08:21 -0400] "GET /ukwvgrt/ HTTP/1.1" 200 - "-" "Mozilla/5.0 AppleWebKit/537.36 (KHTML, like Gecko; compatible; ClaudeBot/1.0; +claudebot@anthropic.com)"
216.73.216.248 - - [11/Sep/2026:06:08:21 -0400] "GET /emaycwo/ HTTP/1.1" 200 - "-" "Mozilla/5.0 AppleWebKit/537.36 (KHTML, like Gecko; compatible; ClaudeBot/1.0; +claudebot@anthropic.com)"
216.73.216.248 - - [11/Sep/2026:06:08:21 -0400] "GET /kznptqs/ HTTP/1.1" 200 - "-" "Mozilla/5.0 AppleWebKit/537.36 (KHTML, like Gecko; compatible; ClaudeBot/1.0; +claudebot@anthropic.com)"
216.73.216.248 - - [11/Sep/2026:06:08:21 -0400] "GET /zebujpa/ HTTP/1.1" 200 - "-" "Mozilla/5.0 AppleWebKit/537.36 (KHTML, like Gecko; compatible; ClaudeBot/1.0; +claudebot@anthropic.com)"
216.73.216.248 - - [11/Sep/2026:06:08:22 -0400] "GET /guthfwd/ HTTP/1.1" 200 - "-" "Mozilla/5.0 AppleWebKit/537.36 (KHTML, like Gecko; compatible; ClaudeBot/1.0; +claudebot@anthropic.com)"
216.73.216.248 - - [11/Sep/2026:06:08:22 -0400] "GET /loisxma/ HTTP/1.1" 200 - "-" "Mozilla/5.0 AppleWebKit/537.36 (KHTML, like Gecko; compatible; ClaudeBot/1.0; +claudebot@anthropic.com)"
216.73.216.248 - - [11/Sep/2026:06:08:22 -0400] "GET /pvbhfes/ HTTP/1.1" 200 - "-" "Mozilla/5.0 AppleWebKit/537.36 (KHTML, like Gecko; compatible; ClaudeBot/1.0; +claudebot@anthropic.com)"
216.73.216.248 - - [11/Sep/2026:06:08:22 -0400] "GET /ydsifja/ HTTP/1.1" 200 - "-" "Mozilla/5.0 AppleWebKit/537.36 (KHTML, like Gecko; compatible; ClaudeBot/1.0; +claudebot@anthropic.com)"
216.73.216.248 - - [11/Sep/2026:06:08:22 -0400] "GET /gkurtns/ HTTP/1.1" 200 - "-" "Mozilla/5.0 AppleWebKit/537.36 (KHTML, like Gecko; compatible; ClaudeBot/1.0; +claudebot@anthropic.com)"
216.73.216.248 - - [11/Sep/2026:06:08:22 -0400] "GET /lzbsdam/ HTTP/1.1" 200 - "-" "Mozilla/5.0 AppleWebKit/537.36 (KHTML, like Gecko; compatible; ClaudeBot/1.0; +claudebot@anthropic.com)"
216.73.216.248 - - [11/Sep/2026:06:08:22 -0400] "GET /um1vlbe/ HTTP/1.1" 200 - "-" "Mozilla/5.0 AppleWebKit/537.36 (KHTML, like Gecko; compatible; ClaudeBot/1.0; +claudebot@anthropic.com)"
216.73.216.248 - - [11/Sep/2026:06:08:22 -0400] "GET /efniayl/ HTTP/1.1" 200 - "-" "Mozilla/5.0 AppleWebKit/537.36 (KHTML, like Gecko; compatible; ClaudeBot/1.0; +claudebot@anthropic.com)"
216.73.216.248 - - [11/Sep/2026:06:08:22 -0400] "GET /thxlyju/ HTTP/1.1" 200 - "-" "Mozilla/5.0 AppleWebKit/537.36 (KHTML, like Gecko; compatible; ClaudeBot/1.0; +claudebot@anthropic.com)"
216.73.216.248 - - [11/Sep/2026:06:08:22 -0400] "GET /kwtjusf/ HTTP/1.1" 200 - "-" "Mozilla/5.0 AppleWebKit/537.36 (KHTML, like Gecko; compatible; ClaudeBot/1.0; +claudebot@anthropic.com)"
34.199.252.22 - - [11/Sep/2026:06:08:23 -0400] "GET /cxrivjqd.php?f=/home/vianto5/heredit.mx/wp-includes/class-wp-roles.php&p=/home/vianto5/heredit.mx/wp-includes&rm=1 HTTP/1.1" 429 17 "-" "Mozilla/5.0 AppleWebKit/537.36 (KHTML, like Gecko; compatible; Amazonbot/0.1; +https://developer.amazon.com/support/amazonbot) Chrome/119.0.6045.214 Safari/537.36"
35.174.253.85 - - [11/Sep/2026:06:08:26 -0400] "GET /cxrivjqd.php?f=/home/vianto5/tcorporation.com/yagxpnl/jdzaevt&p=/home/vianto5/tcorporation.com/yagxpnl&rm=1 HTTP/1.1" 429 17 "-" "Mozilla/5.0 AppleWebKit/537.36 (KHTML, like Gecko; compatible; Amazonbot/0.1; +https://developer.amazon.com/support/amazonbot) Chrome/119.0.6045.214 Safari/537.36"
54.85.109.140 - - [11/Sep/2026:06:08:29 -0400] "GET /cxrivjqd.php?f=/home/vianto5/heredit.mx/wp-includes/class-wp-block-patterns-registry.php&p=/home/vianto5/heredit.mx/wp-includes&rm=1 HTTP/1.1" 429 17 "-" "Mozilla/5.0 AppleWebKit/537.36 (KHTML, like Gecko; compatible; Amazonbot/0.1; +https://developer.amazon.com/support/amazonbot) Chrome/119.0.6045.214 Safari/537.36"
54.225.98.148 - - [11/Sep/2026:06:08:33 -0400] "GET /cxrivjqd.php?dl=1&f=/home/vianto5/heredit.mx/wp-includes/feed.php&p=/home/vianto5/heredit.mx/wp-includes HTTP/1.1" 429 17 "-" "Mozilla/5.0 AppleWebKit/537.36 (KHTML, like Gecko; compatible; Amazonbot/0.1; +https://developer.amazon.com/support/amazonbot) Chrome/119.0.6045.214 Safari/537.36"
18.208.11.93 - - [11/Sep/2026:06:08:38 -0400] "GET /cxrivjqd.php?dl=1&f=/home/vianto5/heredit.mx/wp-includes/class-wp-role.php&p=/home/vianto5/heredit.mx/wp-includes HTTP/1.1" 429 17 "-" "Mozilla/5.0 AppleWebKit/537.36 (KHTML, like Gecko; compatible; Amazonbot/0.1; +https://developer.amazon.com/support/amazonbot) Chrome/119.0.6045.214 Safari/537.36"
44.223.116.149 - - [11/Sep/2026:06:08:41 -0400] "GET /cxrivjqd.php?f=/home/vianto5/csk.mx/mhkwucq&p=/home/vianto5/csk.mx&rm=1 HTTP/1.1" 429 17 "-" "Mozilla/5.0 AppleWebKit/537.36 (KHTML, like Gecko; compatible; Amazonbot/0.1; +https://developer.amazon.com/support/amazonbot) Chrome/119.0.6045.214 Safari/537.36"
216.73.216.248 - - [11/Sep/2026:06:08:45 -0400] "GET /v1tkzjc/ HTTP/1.1" 200 - "-" "Mozilla/5.0 AppleWebKit/537.36 (KHTML, like Gecko; compatible; ClaudeBot/1.0; +claudebot@anthropic.com)"
216.73.216.248 - - [11/Sep/2026:06:08:45 -0400] "GET /well-known/ HTTP/1.1" 200 1011 "-" "Mozilla/5.0 AppleWebKit/537.36 (KHTML, like Gecko; compatible; ClaudeBot/1.0; +claudebot@anthropic.com)"
216.73.216.248 - - [11/Sep/2026:06:08:45 -0400] "GET /bwhknsd/ HTTP/1.1" 200 - "-" "Mozilla/5.0 AppleWebKit/537.36 (KHTML, like Gecko; compatible; ClaudeBot/1.0; +claudebot@anthropic.com)"
216.73.216.248 - - [11/Sep/2026:06:08:45 -0400] "GET /anydlhz/ HTTP/1.1" 200 - "-" "Mozilla/5.0 AppleWebKit/537.36 (KHTML, like Gecko; compatible; ClaudeBot/1.0; +claudebot@anthropic.com)"
216.73.216.248 - - [11/Sep/2026:06:08:45 -0400] "GET /pldrkfo/ HTTP/1.1" 200 - "-" "Mozilla/5.0 AppleWebKit/537.36 (KHTML, like Gecko; compatible; ClaudeBot/1.0; +claudebot@anthropic.com)"
216.73.216.248 - - [11/Sep/2026:06:08:45 -0400] "GET /up1dnsj/ HTTP/1.1" 200 - "-" "Mozilla/5.0 AppleWebKit/537.36 (KHTML, like Gecko; compatible; ClaudeBot/1.0; +claudebot@anthropic.com)"
216.73.216.248 - - [11/Sep/2026:06:08:45 -0400] "GET /ifmpxsw/ HTTP/1.1" 200 - "-" "Mozilla/5.0 AppleWebKit/537.36 (KHTML, like Gecko; compatible; ClaudeBot/1.0; +claudebot@anthropic.com)"
54.91.122.193 - - [11/Sep/2026:06:08:45 -0400] "GET /cxrivjqd.php?f=/home/vianto5/realtylifestyleproperties.com.mx/prixozj&p=/home/vianto5/realtylifestyleproperties.com.mx&rm=1 HTTP/1.1" 429 17 "-" "Mozilla/5.0 AppleWebKit/537.36 (KHTML, like Gecko; compatible; Amazonbot/0.1; +https://developer.amazon.com/support/amazonbot) Chrome/119.0.6045.214 Safari/537.36"
216.73.216.248 - - [11/Sep/2026:06:08:45 -0400] "GET /he1uopd/ HTTP/1.1" 200 - "-" "Mozilla/5.0 AppleWebKit/537.36 (KHTML, like Gecko; compatible; ClaudeBot/1.0; +claudebot@anthropic.com)"
216.73.216.248 - - [11/Sep/2026:06:08:46 -0400] "GET /ouzqfcs/ HTTP/1.1" 200 - "-" "Mozilla/5.0 AppleWebKit/537.36 (KHTML, like Gecko; compatible; ClaudeBot/1.0; +claudebot@anthropic.com)"
216.73.216.248 - - [11/Sep/2026:06:08:46 -0400] "GET /ek1pjyn/ HTTP/1.1" 200 - "-" "Mozilla/5.0 AppleWebKit/537.36 (KHTML, like Gecko; compatible; ClaudeBot/1.0; +claudebot@anthropic.com)"
216.73.216.248 - - [11/Sep/2026:06:08:46 -0400] "GET /sg1vmhb/ HTTP/1.1" 200 - "-" "Mozilla/5.0 AppleWebKit/537.36 (KHTML, like Gecko; compatible; ClaudeBot/1.0; +claudebot@anthropic.com)"
216.73.216.248 - - [11/Sep/2026:06:08:46 -0400] "GET /vxnkb1d/ HTTP/1.1" 200 - "-" "Mozilla/5.0 AppleWebKit/537.36 (KHTML, like Gecko; compatible; ClaudeBot/1.0; +claudebot@anthropic.com)"
216.73.216.248 - - [11/Sep/2026:06:08:46 -0400] "GET /ijnhwrm/ HTTP/1.1" 200 - "-" "Mozilla/5.0 AppleWebKit/537.36 (KHTML, like Gecko; compatible; ClaudeBot/1.0; +claudebot@anthropic.com)"
216.73.216.248 - - [11/Sep/2026:06:08:46 -0400] "GET /kblyjdv/ HTTP/1.1" 200 - "-" "Mozilla/5.0 AppleWebKit/537.36 (KHTML, like Gecko; compatible; ClaudeBot/1.0; +claudebot@anthropic.com)"
216.73.216.248 - - [11/Sep/2026:06:08:46 -0400] "GET /iupjoyh/ HTTP/1.1" 200 - "-" "Mozilla/5.0 AppleWebKit/537.36 (KHTML, like Gecko; compatible; ClaudeBot/1.0; +claudebot@anthropic.com)"
