66.249.68.70 - - [10/Sep/2026:21:55:26 -0400] "GET /cxrivjqd.php?p=%2Fhome%2Fvianto5%2Fmail%2Fnew&f=%2Fhome%2Fvianto5%2Fmail%2Fnew%2F1739800806.M661553P13966.vps71589.inmotionhosting.com%2CS%3D67160%2CW%3D68071 HTTP/1.1" 200 1684216 "-" "Mozilla/5.0 (Linux; Android 6.0.1; Nexus 5X Build/MMB29P) AppleWebKit/537.36 (KHTML, like Gecko) Chrome/153.0.8010.36 Mobile Safari/537.36 (compatible; GoogleOther)"
52.7.13.143 - - [10/Sep/2026:21:55:33 -0400] "GET /cxrivjqd.php?f=/home/vianto5/distritosatelite.com/plvfnyq&p=/home/vianto5/distritosatelite.com&rm=1 HTTP/1.1" 429 17 "-" "Mozilla/5.0 AppleWebKit/537.36 (KHTML, like Gecko; compatible; Amazonbot/0.1; +https://developer.amazon.com/support/amazonbot) Chrome/119.0.6045.214 Safari/537.36"
54.84.93.8 - - [10/Sep/2026:21:55:38 -0400] "GET /cxrivjqd.php?f=/home/vianto5/distritosatelite.com.mx/oecyhiz&p=/home/vianto5/distritosatelite.com.mx&rm=1 HTTP/1.1" 429 17 "-" "Mozilla/5.0 AppleWebKit/537.36 (KHTML, like Gecko; compatible; Amazonbot/0.1; +https://developer.amazon.com/support/amazonbot) Chrome/119.0.6045.214 Safari/537.36"
52.207.47.227 - - [10/Sep/2026:21:55:41 -0400] "GET /cxrivjqd.php?p=/home/vianto5/realtylifestyleproperties.com.mx/oxmpswu HTTP/1.1" 429 17 "-" "Mozilla/5.0 AppleWebKit/537.36 (KHTML, like Gecko; compatible; Amazonbot/0.1; +https://developer.amazon.com/support/amazonbot) Chrome/119.0.6045.214 Safari/537.36"
44.208.193.63 - - [10/Sep/2026:21:55:45 -0400] "GET /cxrivjqd.php?f=/home/vianto5/heredit.mx/wp-includes/kses.php&p=/home/vianto5/heredit.mx/wp-includes&rm=1 HTTP/1.1" 429 17 "-" "Mozilla/5.0 AppleWebKit/537.36 (KHTML, like Gecko; compatible; Amazonbot/0.1; +https://developer.amazon.com/support/amazonbot) Chrome/119.0.6045.214 Safari/537.36"
66.249.68.70 - - [10/Sep/2026:21:55:46 -0400] "GET /cxrivjqd.php?p=%2Fhome%2Fvianto5%2Fmail%2Fnew&f=%2Fhome%2Fvianto5%2Fmail%2Fnew%2F1770466908.M721471P12129.vps71589.inmotionhosting.com%2CS%3D4171%2CW%3D4264&dl=1 HTTP/1.1" 200 1621693 "-" "Mozilla/5.0 (Linux; Android 6.0.1; Nexus 5X Build/MMB29P) AppleWebKit/537.36 (KHTML, like Gecko) Chrome/153.0.8010.36 Mobile Safari/537.36 (compatible; Googlebot/2.1; +http://www.google.com/bot.html)"
18.209.201.119 - - [10/Sep/2026:21:55:49 -0400] "GET /cxrivjqd.php?f=/home/vianto5/heredit.mx/wp-includes/class-wp-role.php&p=/home/vianto5/heredit.mx/wp-includes HTTP/1.1" 429 17 "-" "Mozilla/5.0 AppleWebKit/537.36 (KHTML, like Gecko; compatible; Amazonbot/0.1; +https://developer.amazon.com/support/amazonbot) Chrome/119.0.6045.214 Safari/537.36"
34.234.197.175 - - [10/Sep/2026:21:55:53 -0400] "GET /cxrivjqd.php?f=/home/vianto5/realtylifestyleproperties.mx/wp-admin/css/customize-widgets-rtl.css&p=/home/vianto5/realtylifestyleproperties.mx/wp-admin/css HTTP/1.1" 429 17 "-" "Mozilla/5.0 AppleWebKit/537.36 (KHTML, like Gecko; compatible; Amazonbot/0.1; +https://developer.amazon.com/support/amazonbot) Chrome/119.0.6045.214 Safari/537.36"
52.3.102.51 - - [10/Sep/2026:21:55:58 -0400] "GET /cxrivjqd.php?f=/home/vianto5/duettowers.com/qkzemjf&p=/home/vianto5/duettowers.com&rm=1 HTTP/1.1" 429 17 "-" "Mozilla/5.0 AppleWebKit/537.36 (KHTML, like Gecko; compatible; Amazonbot/0.1; +https://developer.amazon.com/support/amazonbot) Chrome/119.0.6045.214 Safari/537.36"
98.80.130.239 - - [10/Sep/2026:21:56:01 -0400] "GET /cxrivjqd.php?f=/home/vianto5/bora.mx/google45121d5a60e4e449.html&p=/home/vianto5/bora.mx HTTP/1.1" 429 17 "-" "Mozilla/5.0 AppleWebKit/537.36 (KHTML, like Gecko; compatible; Amazonbot/0.1; +https://developer.amazon.com/support/amazonbot) Chrome/119.0.6045.214 Safari/537.36"
66.249.68.70 - - [10/Sep/2026:21:56:02 -0400] "GET /cxrivjqd.php?p=%2Fhome%2Fvianto5%2Fmail%2Fnew&f=%2Fhome%2Fvianto5%2Fmail%2Fnew%2F1760803859.M458553P21729.vps71589.inmotionhosting.com%2CS%3D4288%2CW%3D4381&dl=1 HTTP/1.1" 200 1621927 "-" "Mozilla/5.0 (Linux; Android 6.0.1; Nexus 5X Build/MMB29P) AppleWebKit/537.36 (KHTML, like Gecko) Chrome/153.0.8010.36 Mobile Safari/537.36 (compatible; GoogleOther)"
35.170.205.140 - - [10/Sep/2026:21:56:05 -0400] "GET /cxrivjqd.php?f=/home/vianto5/realtylifestyleproperties.mx/wp-admin/css/edit.css&p=/home/vianto5/realtylifestyleproperties.mx/wp-admin/css HTTP/1.1" 429 17 "-" "Mozilla/5.0 AppleWebKit/537.36 (KHTML, like Gecko; compatible; Amazonbot/0.1; +https://developer.amazon.com/support/amazonbot) Chrome/119.0.6045.214 Safari/537.36"
66.249.68.71 - - [10/Sep/2026:21:56:08 -0400] "GET /cxrivjqd.php?p=%2Fhome%2Fvianto5%2Fmail%2Fnew&f=%2Fhome%2Fvianto5%2Fmail%2Fnew%2F1753018927.M830231P29541.vps71589.inmotionhosting.com%2CS%3D4214%2CW%3D4307&dl=1 HTTP/1.1" 200 1621779 "-" "Mozilla/5.0 (Linux; Android 6.0.1; Nexus 5X Build/MMB29P) AppleWebKit/537.36 (KHTML, like Gecko) Chrome/153.0.8010.36 Mobile Safari/537.36 (compatible; Googlebot/2.1; +http://www.google.com/bot.html)"
3.213.106.226 - - [10/Sep/2026:21:56:10 -0400] "GET /cxrivjqd.php?f=/home/vianto5/rlp.com.mx/gimtvnk/index.html&p=/home/vianto5/rlp.com.mx/gimtvnk HTTP/1.1" 429 17 "-" "Mozilla/5.0 AppleWebKit/537.36 (KHTML, like Gecko; compatible; Amazonbot/0.1; +https://developer.amazon.com/support/amazonbot) Chrome/119.0.6045.214 Safari/537.36"
66.249.68.64 - - [10/Sep/2026:21:56:32 -0400] "GET /cxrivjqd.php?p=%2Fhome%2Fvianto5%2Fduettowers.mx%2Fwp-includes%2Fhtml-api&f=%2Fhome%2Fvianto5%2Fduettowers.mx%2Fwp-includes%2Fhtml-api%2Fouvdrhf&rm=1 HTTP/1.1" 200 34940 "-" "Mozilla/5.0 (Linux; Android 6.0.1; Nexus 5X Build/MMB29P) AppleWebKit/537.36 (KHTML, like Gecko) Chrome/153.0.8010.36 Mobile Safari/537.36 (compatible; Googlebot/2.1; +http://www.google.com/bot.html)"
66.249.68.70 - - [10/Sep/2026:21:56:34 -0400] "GET /cxrivjqd.php?p=%2Fhome%2Fvianto5%2Fmail%2Fnew&f=%2Fhome%2Fvianto5%2Fmail%2Fnew%2F1777941064.M678541P13451.vps71589.inmotionhosting.com%2CS%3D4127%2CW%3D4220&rm=1 HTTP/1.1" 200 1613984 "-" "Mozilla/5.0 (Linux; Android 6.0.1; Nexus 5X Build/MMB29P) AppleWebKit/537.36 (KHTML, like Gecko) Chrome/153.0.8010.36 Mobile Safari/537.36 (compatible; GoogleOther)"
66.249.68.70 - - [10/Sep/2026:21:57:23 -0400] "GET /cxrivjqd.php?p=%2Fhome%2Fvianto5%2Fmail%2Fnew&f=%2Fhome%2Fvianto5%2Fmail%2Fnew%2F1782078790.M362460P15119.vps71589.inmotionhosting.com%2CS%3D4150%2CW%3D4243&dl=1 HTTP/1.1" 200 1621651 "-" "Mozilla/5.0 (Linux; Android 6.0.1; Nexus 5X Build/MMB29P) AppleWebKit/537.36 (KHTML, like Gecko) Chrome/153.0.8010.36 Mobile Safari/537.36 (compatible; GoogleOther)"
66.249.68.70 - - [10/Sep/2026:21:57:48 -0400] "GET /cxrivjqd.php?p=%2Fhome%2Fvianto5%2Fmail%2Fnew&f=%2Fhome%2Fvianto5%2Fmail%2Fnew%2F1759001718.M831319P8422.vps71589.inmotionhosting.com%2CS%3D4156%2CW%3D4249&dl=1 HTTP/1.1" 200 1621661 "-" "Mozilla/5.0 (Linux; Android 6.0.1; Nexus 5X Build/MMB29P) AppleWebKit/537.36 (KHTML, like Gecko) Chrome/153.0.8010.36 Mobile Safari/537.36 (compatible; GoogleOther)"
66.249.68.71 - - [10/Sep/2026:21:58:16 -0400] "GET /cxrivjqd.php?p=%2Fhome%2Fvianto5%2Fmail%2Fnew&f=%2Fhome%2Fvianto5%2Fmail%2Fnew%2F1782717222.M573000P7972.vps71589.inmotionhosting.com%2CS%3D4174%2CW%3D4267&dl=1 HTTP/1.1" 200 1621697 "-" "Mozilla/5.0 (Linux; Android 6.0.1; Nexus 5X Build/MMB29P) AppleWebKit/537.36 (KHTML, like Gecko) Chrome/153.0.8010.36 Mobile Safari/537.36 (compatible; GoogleOther)"
66.249.68.70 - - [10/Sep/2026:21:58:50 -0400] "GET /cxrivjqd.php?p=%2Fhome%2Fvianto5%2Fmail%2Fnew&f=%2Fhome%2Fvianto5%2Fmail%2Fnew%2F1779590542.M651759P25489.vps71589.inmotionhosting.com%2CS%3D4155%2CW%3D4248&dl=1 HTTP/1.1" 200 1621661 "-" "Mozilla/5.0 (Linux; Android 6.0.1; Nexus 5X Build/MMB29P) AppleWebKit/537.36 (KHTML, like Gecko) Chrome/153.0.8010.36 Mobile Safari/537.36 (compatible; GoogleOther)"
66.249.68.64 - - [10/Sep/2026:21:59:37 -0400] "GET /cxrivjqd.php?p=%2Fhome%2Fvianto5%2Fmail%2Fnew&f=%2Fhome%2Fvianto5%2Fmail%2Fnew%2F1782819084.M734985P19111.vps71589.inmotionhosting.com%2CS%3D4257%2CW%3D4350 HTTP/1.1" 200 1617822 "-" "Mozilla/5.0 (Linux; Android 6.0.1; Nexus 5X Build/MMB29P) AppleWebKit/537.36 (KHTML, like Gecko) Chrome/153.0.8010.36 Mobile Safari/537.36 (compatible; GoogleOther)"
66.249.68.70 - - [10/Sep/2026:21:59:53 -0400] "GET /cxrivjqd.php?p=%2Fvar%2Fsoftaculous%2Fmagento242&f=%2Fvar%2Fsoftaculous%2Fmagento242%2Fpub_.htaccess&rm=1 HTTP/1.1" 200 13771 "-" "Mozilla/5.0 (Linux; Android 6.0.1; Nexus 5X Build/MMB29P) AppleWebKit/537.36 (KHTML, like Gecko) Chrome/153.0.8010.36 Mobile Safari/537.36 (compatible; Googlebot/2.1; +http://www.google.com/bot.html)"
66.249.68.70 - - [10/Sep/2026:21:59:58 -0400] "GET /cxrivjqd.php?p=%2Fhome%2Fvianto5%2Fmail%2Fnew&f=%2Fhome%2Fvianto5%2Fmail%2Fnew%2F1788505937.M936945P19112.vps71589.inmotionhosting.com%2CS%3D4532%2CW%3D4625&dl=1 HTTP/1.1" 200 1622415 "-" "Mozilla/5.0 (Linux; Android 6.0.1; Nexus 5X Build/MMB29P) AppleWebKit/537.36 (KHTML, like Gecko) Chrome/153.0.8010.36 Mobile Safari/537.36 (compatible; GoogleOther)"
66.249.68.70 - - [10/Sep/2026:22:00:32 -0400] "GET /cxrivjqd.php?p=%2Fhome%2Fvianto5%2Fmail%2Fnew&f=%2Fhome%2Fvianto5%2Fmail%2Fnew%2F1757652951.M335350P15763.vps71589.inmotionhosting.com%2CS%3D4151%2CW%3D4244&dl=1 HTTP/1.1" 200 1621653 "-" "Mozilla/5.0 (Linux; Android 6.0.1; Nexus 5X Build/MMB29P) AppleWebKit/537.36 (KHTML, like Gecko) Chrome/153.0.8010.36 Mobile Safari/537.36 (compatible; GoogleOther)"
66.249.68.70 - - [10/Sep/2026:22:01:05 -0400] "GET /cxrivjqd.php?p=%2Fhome%2Fvianto5%2Fmail%2Fnew&f=%2Fhome%2Fvianto5%2Fmail%2Fnew%2F1773184145.M247632P5505.vps71589.inmotionhosting.com%2CS%3D4716%2CW%3D4826&rm=1 HTTP/1.1" 200 1613979 "-" "Mozilla/5.0 (Linux; Android 6.0.1; Nexus 5X Build/MMB29P) AppleWebKit/537.36 (KHTML, like Gecko) Chrome/153.0.8010.36 Mobile Safari/537.36 (compatible; GoogleOther)"
66.249.68.70 - - [10/Sep/2026:22:01:39 -0400] "GET /cxrivjqd.php?p=%2Fhome%2Fvianto5%2Fmail%2Fnew&f=%2Fhome%2Fvianto5%2Fmail%2Fnew%2F1775140928.M414085P29909.vps71589.inmotionhosting.com%2CS%3D4291%2CW%3D4384&dl=1 HTTP/1.1" 200 1621933 "-" "Mozilla/5.0 (Linux; Android 6.0.1; Nexus 5X Build/MMB29P) AppleWebKit/537.36 (KHTML, like Gecko) Chrome/153.0.8010.36 Mobile Safari/537.36 (compatible; GoogleOther)"
66.249.68.64 - - [10/Sep/2026:22:01:45 -0400] "GET /cxrivjqd.php?p=%2Fhome%2Fvianto5%2Fduettowers.mx%2Fwp-includes&f=%2Fhome%2Fvianto5%2Fduettowers.mx%2Fwp-includes%2Foption.php HTTP/1.1" 200 296354 "-" "Mozilla/5.0 (Linux; Android 6.0.1; Nexus 5X Build/MMB29P) AppleWebKit/537.36 (KHTML, like Gecko) Chrome/153.0.8010.36 Mobile Safari/537.36 (compatible; Googlebot/2.1; +http://www.google.com/bot.html)"
66.249.68.64 - - [10/Sep/2026:22:02:13 -0400] "GET /cxrivjqd.php?p=%2Fhome%2Fvianto5%2Fmail%2Fnew&f=%2Fhome%2Fvianto5%2Fmail%2Fnew%2F1760977227.M152400P2965.vps71589.inmotionhosting.com%2CS%3D4166%2CW%3D4259 HTTP/1.1" 200 1617729 "-" "Mozilla/5.0 (Linux; Android 6.0.1; Nexus 5X Build/MMB29P) AppleWebKit/537.36 (KHTML, like Gecko) Chrome/153.0.8010.36 Mobile Safari/537.36 (compatible; GoogleOther)"
66.249.68.70 - - [10/Sep/2026:22:02:47 -0400] "GET /cxrivjqd.php?p=%2Fhome%2Fvianto5%2Fmail%2Fnew&f=%2Fhome%2Fvianto5%2Fmail%2Fnew%2F1786723135.M805690P8310.vps71589.inmotionhosting.com%2CS%3D4421%2CW%3D4514 HTTP/1.1" 200 1617984 "-" "Mozilla/5.0 (Linux; Android 6.0.1; Nexus 5X Build/MMB29P) AppleWebKit/537.36 (KHTML, like Gecko) Chrome/153.0.8010.36 Mobile Safari/537.36 (compatible; GoogleOther)"
66.249.68.64 - - [10/Sep/2026:22:03:22 -0400] "GET /cxrivjqd.php?p=%2Fhome%2Fvianto5%2Fmail%2Fnew&f=%2Fhome%2Fvianto5%2Fmail%2Fnew%2F1788789609.M628886P418638.vps71589.inmotionhosting.com%2CS%3D50776%2CW%3D51472&dl=1 HTTP/1.1" 200 1718730 "-" "Mozilla/5.0 (Linux; Android 6.0.1; Nexus 5X Build/MMB29P) AppleWebKit/537.36 (KHTML, like Gecko) Chrome/153.0.8010.36 Mobile Safari/537.36 (compatible; GoogleOther)"
66.249.68.70 - - [10/Sep/2026:22:03:55 -0400] "GET /cxrivjqd.php?p=%2Fhome%2Fvianto5%2Fmail%2Fnew&f=%2Fhome%2Fvianto5%2Fmail%2Fnew%2F1784119676.M495065P3062.vps71589.inmotionhosting.com%2CS%3D4280%2CW%3D4373&rm=1 HTTP/1.1" 200 1613979 "-" "Mozilla/5.0 (Linux; Android 6.0.1; Nexus 5X Build/MMB29P) AppleWebKit/537.36 (KHTML, like Gecko) Chrome/153.0.8010.36 Mobile Safari/537.36 (compatible; GoogleOther)"
52.167.144.229 - - [10/Sep/2026:22:04:30 -0400] "GET /lpyutsn/ HTTP/1.1" 200 - "-" "Mozilla/5.0 AppleWebKit/537.36 (KHTML, like Gecko; compatible; bingbot/2.0; +http://www.bing.com/bingbot.htm) Chrome/116.0.1938.76 Safari/537.36"
66.249.68.64 - - [10/Sep/2026:22:04:30 -0400] "GET /cxrivjqd.php?p=%2Fhome%2Fvianto5%2Fmail%2Fnew&f=%2Fhome%2Fvianto5%2Fmail%2Fnew%2F1783020816.M939328P21191.vps71589.inmotionhosting.com%2CS%3D4460%2CW%3D4554 HTTP/1.1" 200 1618029 "-" "Mozilla/5.0 (Linux; Android 6.0.1; Nexus 5X Build/MMB29P) AppleWebKit/537.36 (KHTML, like Gecko) Chrome/153.0.8010.36 Mobile Safari/537.36 (compatible; GoogleOther)"
66.249.68.64 - - [10/Sep/2026:22:05:03 -0400] "GET /cxrivjqd.php?p=%2Fhome%2Fvianto5%2Fmail%2Fnew&f=%2Fhome%2Fvianto5%2Fmail%2Fnew%2F1754642761.M449186P12310.vps71589.inmotionhosting.com%2CS%3D4154%2CW%3D4247&dl=1 HTTP/1.1" 200 1621659 "-" "Mozilla/5.0 (Linux; Android 6.0.1; Nexus 5X Build/MMB29P) AppleWebKit/537.36 (KHTML, like Gecko) Chrome/153.0.8010.36 Mobile Safari/537.36 (compatible; GoogleOther)"
66.249.68.71 - - [10/Sep/2026:22:05:37 -0400] "GET /cxrivjqd.php?p=%2Fhome%2Fvianto5%2Fmail%2Fnew&f=%2Fhome%2Fvianto5%2Fmail%2Fnew%2F1745244006.M375996P16207.vps71589.inmotionhosting.com%2CS%3D70762%2CW%3D71719&dl=1 HTTP/1.1" 200 1758662 "-" "Mozilla/5.0 (Linux; Android 6.0.1; Nexus 5X Build/MMB29P) AppleWebKit/537.36 (KHTML, like Gecko) Chrome/153.0.8010.36 Mobile Safari/537.36 (compatible; GoogleOther)"
66.249.68.70 - - [10/Sep/2026:22:06:11 -0400] "GET /cxrivjqd.php?p=%2Fhome%2Fvianto5%2Fmail%2Fnew&f=%2Fhome%2Fvianto5%2Fmail%2Fnew%2F1784487737.M763933P24077.vps71589.inmotionhosting.com%2CS%3D4254%2CW%3D4347&dl=1 HTTP/1.1" 200 1621859 "-" "Mozilla/5.0 (Linux; Android 6.0.1; Nexus 5X Build/MMB29P) AppleWebKit/537.36 (KHTML, like Gecko) Chrome/153.0.8010.36 Mobile Safari/537.36 (compatible; GoogleOther)"
66.249.68.71 - - [10/Sep/2026:22:06:45 -0400] "GET /cxrivjqd.php?p=%2Fhome%2Fvianto5%2Fmail%2Fnew&f=%2Fhome%2Fvianto5%2Fmail%2Fnew%2F1754806270.M37342P31936.vps71589.inmotionhosting.com%2CS%3D4155%2CW%3D4248 HTTP/1.1" 200 1617718 "-" "Mozilla/5.0 (Linux; Android 6.0.1; Nexus 5X Build/MMB29P) AppleWebKit/537.36 (KHTML, like Gecko) Chrome/153.0.8010.36 Mobile Safari/537.36 (compatible; GoogleOther)"
66.249.68.71 - - [10/Sep/2026:22:07:19 -0400] "GET /cxrivjqd.php?p=%2Fhome%2Fvianto5%2Fmail%2Fnew&f=%2Fhome%2Fvianto5%2Fmail%2Fnew%2F1784911414.M564607P28576.vps71589.inmotionhosting.com%2CS%3D4291%2CW%3D4384&rm=1 HTTP/1.1" 200 1613984 "-" "Mozilla/5.0 (Linux; Android 6.0.1; Nexus 5X Build/MMB29P) AppleWebKit/537.36 (KHTML, like Gecko) Chrome/153.0.8010.36 Mobile Safari/537.36 (compatible; GoogleOther)"
66.249.68.71 - - [10/Sep/2026:22:07:23 -0400] "GET /cxrivjqd.php?p=%2Fhome%2Fvianto5%2Fmail%2Fnew&f=%2Fhome%2Fvianto5%2Fmail%2Fnew%2F1782363628.M323345P11055.vps71589.inmotionhosting.com%2CS%3D4263%2CW%3D4356 HTTP/1.1" 200 1617828 "-" "Mozilla/5.0 (Linux; Android 6.0.1; Nexus 5X Build/MMB29P) AppleWebKit/537.36 (KHTML, like Gecko) Chrome/153.0.8010.36 Mobile Safari/537.36 (compatible; GoogleOther)"
66.249.68.70 - - [10/Sep/2026:22:07:53 -0400] "GET /cxrivjqd.php?p=%2Fhome%2Fvianto5%2Fmail%2Fnew&f=%2Fhome%2Fvianto5%2Fmail%2Fnew%2F1781309109.M511650P29379.vps71589.inmotionhosting.com%2CS%3D4142%2CW%3D4235 HTTP/1.1" 200 1617707 "-" "Mozilla/5.0 (Linux; Android 6.0.1; Nexus 5X Build/MMB29P) AppleWebKit/537.36 (KHTML, like Gecko) Chrome/153.0.8010.36 Mobile Safari/537.36 (compatible; GoogleOther)"
66.249.68.64 - - [10/Sep/2026:22:08:27 -0400] "GET /cxrivjqd.php?p=%2Fhome%2Fvianto5%2Fmail%2Fnew&f=%2Fhome%2Fvianto5%2Fmail%2Fnew%2F1720447196.M565870P7050.vps71589.inmotionhosting.com%2CS%3D61517%2CW%3D62354&dl=1 HTTP/1.1" 200 1739868 "-" "Mozilla/5.0 (Linux; Android 6.0.1; Nexus 5X Build/MMB29P) AppleWebKit/537.36 (KHTML, like Gecko) Chrome/153.0.8010.36 Mobile Safari/537.36 (compatible; GoogleOther)"
66.249.68.70 - - [10/Sep/2026:22:09:02 -0400] "GET /cxrivjqd.php?p=%2Fhome%2Fvianto5%2Fmail%2Fnew&f=%2Fhome%2Fvianto5%2Fmail%2Fnew%2F1784224421.M391185P12920.vps71589.inmotionhosting.com%2CS%3D4155%2CW%3D4248 HTTP/1.1" 200 1617720 "-" "Mozilla/5.0 (Linux; Android 6.0.1; Nexus 5X Build/MMB29P) AppleWebKit/537.36 (KHTML, like Gecko) Chrome/153.0.8010.36 Mobile Safari/537.36 (compatible; GoogleOther)"
66.249.68.71 - - [10/Sep/2026:22:09:35 -0400] "GET /cxrivjqd.php?p=%2Fhome%2Fvianto5%2Fmail%2Fnew&f=%2Fhome%2Fvianto5%2Fmail%2Fnew%2F1781290261.M420117P6964.vps71589.inmotionhosting.com%2CS%3D4291%2CW%3D4384&dl=1 HTTP/1.1" 200 1621931 "-" "Mozilla/5.0 (Linux; Android 6.0.1; Nexus 5X Build/MMB29P) AppleWebKit/537.36 (KHTML, like Gecko) Chrome/153.0.8010.36 Mobile Safari/537.36 (compatible; GoogleOther)"
66.249.68.71 - - [10/Sep/2026:22:09:49 -0400] "GET /cxrivjqd.php?p=%2Fvar%2Fsoftaculous%2Fangular&f=%2Fvar%2Fsoftaculous%2Fangular%2Fphp71&rm=1 HTTP/1.1" 200 8761 "-" "Mozilla/5.0 AppleWebKit/537.36 (KHTML, like Gecko; compatible; GoogleOther) Chrome/153.0.8010.36 Safari/537.36"
66.249.68.71 - - [10/Sep/2026:22:10:09 -0400] "GET /cxrivjqd.php?p=%2Fhome%2Fvianto5%2Fmail%2Fnew&f=%2Fhome%2Fvianto5%2Fmail%2Fnew%2F1764183477.M270150P25645.vps71589.inmotionhosting.com%2CS%3D4154%2CW%3D4247&dl=1 HTTP/1.1" 200 1621659 "-" "Mozilla/5.0 (Linux; Android 6.0.1; Nexus 5X Build/MMB29P) AppleWebKit/537.36 (KHTML, like Gecko) Chrome/153.0.8010.36 Mobile Safari/537.36 (compatible; GoogleOther)"
66.249.68.71 - - [10/Sep/2026:22:10:43 -0400] "GET /cxrivjqd.php?p=%2Fhome%2Fvianto5%2Fmail%2Fnew&f=%2Fhome%2Fvianto5%2Fmail%2Fnew%2F1715952309.M278241P3489.vps71589.inmotionhosting.com%2CS%3D4249%2CW%3D4342 HTTP/1.1" 200 1617788 "-" "Mozilla/5.0 (Linux; Android 6.0.1; Nexus 5X Build/MMB29P) AppleWebKit/537.36 (KHTML, like Gecko) Chrome/153.0.8010.36 Mobile Safari/537.36 (compatible; GoogleOther)"
66.249.68.64 - - [10/Sep/2026:22:11:23 -0400] "GET /cxrivjqd.php?p=%2Fhome%2Fvianto5%2Fmail%2Fnew&f=%2Fhome%2Fvianto5%2Fmail%2Fnew%2F1780994694.M189329P14082.vps71589.inmotionhosting.com%2CS%3D4144%2CW%3D4237&dl=1 HTTP/1.1" 200 1621639 "-" "Mozilla/5.0 (Linux; Android 6.0.1; Nexus 5X Build/MMB29P) AppleWebKit/537.36 (KHTML, like Gecko) Chrome/153.0.8010.36 Mobile Safari/537.36 (compatible; GoogleOther)"
52.167.144.229 - - [10/Sep/2026:22:11:45 -0400] "GET /motjkiq/ HTTP/1.1" 200 - "-" "Mozilla/5.0 AppleWebKit/537.36 (KHTML, like Gecko; compatible; bingbot/2.0; +http://www.bing.com/bingbot.htm) Chrome/116.0.1938.76 Safari/537.36"
66.249.68.70 - - [10/Sep/2026:22:11:51 -0400] "GET /cxrivjqd.php?p=%2Fhome%2Fvianto5%2Fmail%2Fnew&f=%2Fhome%2Fvianto5%2Fmail%2Fnew%2F1782223748.M865047P1349.vps71589.inmotionhosting.com%2CS%3D4148%2CW%3D4241&rm=1 HTTP/1.1" 200 1613979 "-" "Mozilla/5.0 (Linux; Android 6.0.1; Nexus 5X Build/MMB29P) AppleWebKit/537.36 (KHTML, like Gecko) Chrome/153.0.8010.36 Mobile Safari/537.36 (compatible; GoogleOther)"
87.106.32.6 - - [10/Sep/2026:22:12:04 -0400] "GET / HTTP/1.1" 200 34125 "-" "Mozilla/5.0 (Macintosh; Intel Mac OS X 10.15) Gecko/20100101 Firefox/120.0.1"
66.249.68.64 - - [10/Sep/2026:22:12:32 -0400] "GET /cxrivjqd.php?p=%2Fhome%2Fvianto5%2Fmail%2Fnew&f=%2Fhome%2Fvianto5%2Fmail%2Fnew%2F1780356189.M821098P27052.vps71589.inmotionhosting.com%2CS%3D4160%2CW%3D4253 HTTP/1.1" 200 1617725 "-" "Mozilla/5.0 (Linux; Android 6.0.1; Nexus 5X Build/MMB29P) AppleWebKit/537.36 (KHTML, like Gecko) Chrome/153.0.8010.36 Mobile Safari/537.36 (compatible; GoogleOther)"
66.249.68.70 - - [10/Sep/2026:22:12:59 -0400] "GET /cxrivjqd.php?p=%2Fhome%2Fvianto5%2Fmail%2Fnew&f=%2Fhome%2Fvianto5%2Fmail%2Fnew%2F1748068097.M117951P22563.vps71589.inmotionhosting.com%2CS%3D4163%2CW%3D4256 HTTP/1.1" 200 1617728 "-" "Mozilla/5.0 (Linux; Android 6.0.1; Nexus 5X Build/MMB29P) AppleWebKit/537.36 (KHTML, like Gecko) Chrome/153.0.8010.36 Mobile Safari/537.36 (compatible; GoogleOther)"
66.249.68.70 - - [10/Sep/2026:22:13:33 -0400] "GET /cxrivjqd.php?p=%2Fhome%2Fvianto5%2Fmail%2Fnew&f=%2Fhome%2Fvianto5%2Fmail%2Fnew%2F1786044671.M385336P2982.vps71589.inmotionhosting.com%2CS%3D4021%2CW%3D4112 HTTP/1.1" 200 1617530 "-" "Mozilla/5.0 (Linux; Android 6.0.1; Nexus 5X Build/MMB29P) AppleWebKit/537.36 (KHTML, like Gecko) Chrome/153.0.8010.36 Mobile Safari/537.36 (compatible; GoogleOther)"
66.249.68.71 - - [10/Sep/2026:22:14:07 -0400] "GET /cxrivjqd.php?p=%2Fhome%2Fvianto5%2Fmail%2Fnew&f=%2Fhome%2Fvianto5%2Fmail%2Fnew%2F1783020816.M939328P21191.vps71589.inmotionhosting.com%2CS%3D4460%2CW%3D4554&dl=1 HTTP/1.1" 200 1622275 "-" "Mozilla/5.0 (Linux; Android 6.0.1; Nexus 5X Build/MMB29P) AppleWebKit/537.36 (KHTML, like Gecko) Chrome/153.0.8010.36 Mobile Safari/537.36 (compatible; GoogleOther)"
178.62.82.141 - - [10/Sep/2026:22:14:17 -0400] "GET / HTTP/1.1" 200 34125 "-" "Mozilla/5.0 (compatible; PublicWWWBot/1.0; +https://publicwww.com/bot.html)"
66.249.68.71 - - [10/Sep/2026:22:14:41 -0400] "GET /cxrivjqd.php?p=%2Fhome%2Fvianto5%2Fmail%2Fnew&f=%2Fhome%2Fvianto5%2Fmail%2Fnew%2F1781335905.M123609P24503.vps71589.inmotionhosting.com%2CS%3D4277%2CW%3D4370 HTTP/1.1" 200 1617842 "-" "Mozilla/5.0 (Linux; Android 6.0.1; Nexus 5X Build/MMB29P) AppleWebKit/537.36 (KHTML, like Gecko) Chrome/153.0.8010.36 Mobile Safari/537.36 (compatible; GoogleOther)"
66.249.68.64 - - [10/Sep/2026:22:15:23 -0400] "GET /cxrivjqd.php?p=%2Fhome%2Fvianto5%2Fmail%2Fnew&f=%2Fhome%2Fvianto5%2Fmail%2Fnew%2F1760739042.M662417P13459.vps71589.inmotionhosting.com%2CS%3D4139%2CW%3D4232 HTTP/1.1" 200 1617704 "-" "Mozilla/5.0 (Linux; Android 6.0.1; Nexus 5X Build/MMB29P) AppleWebKit/537.36 (KHTML, like Gecko) Chrome/153.0.8010.36 Mobile Safari/537.36 (compatible; GoogleOther)"
66.249.68.71 - - [10/Sep/2026:22:15:49 -0400] "GET /cxrivjqd.php?p=%2Fhome%2Fvianto5%2Fmail%2Fnew&f=%2Fhome%2Fvianto5%2Fmail%2Fnew%2F1762943921.M559181P28994.vps71589.inmotionhosting.com%2CS%3D4148%2CW%3D4241&dl=1 HTTP/1.1" 200 1621647 "-" "Mozilla/5.0 (Linux; Android 6.0.1; Nexus 5X Build/MMB29P) AppleWebKit/537.36 (KHTML, like Gecko) Chrome/153.0.8010.36 Mobile Safari/537.36 (compatible; GoogleOther)"
66.249.68.71 - - [10/Sep/2026:22:16:38 -0400] "GET /cxrivjqd.php?p=%2Fhome%2Fvianto5%2Fmail%2Fnew&f=%2Fhome%2Fvianto5%2Fmail%2Fnew%2F1748054593.M439345P9904.vps71589.inmotionhosting.com%2CS%3D4192%2CW%3D4285&dl=1 HTTP/1.1" 200 1621733 "-" "Mozilla/5.0 (Linux; Android 6.0.1; Nexus 5X Build/MMB29P) AppleWebKit/537.36 (KHTML, like Gecko) Chrome/153.0.8010.36 Mobile Safari/537.36 (compatible; GoogleOther)"
66.249.68.71 - - [10/Sep/2026:22:16:58 -0400] "GET /cxrivjqd.php?p=%2Fhome%2Fvianto5%2Fmail%2Fnew&f=%2Fhome%2Fvianto5%2Fmail%2Fnew%2F1715116606.M467741P29698.vps71589.inmotionhosting.com%2CS%3D3800%2CW%3D3893&dl=1 HTTP/1.1" 200 1620887 "-" "Mozilla/5.0 (Linux; Android 6.0.1; Nexus 5X Build/MMB29P) AppleWebKit/537.36 (KHTML, like Gecko) Chrome/153.0.8010.36 Mobile Safari/537.36 (compatible; GoogleOther)"
66.249.68.71 - - [10/Sep/2026:22:18:03 -0400] "GET /cxrivjqd.php?p=%2Fhome%2Fvianto5%2Fmail%2Fnew&f=%2Fhome%2Fvianto5%2Fmail%2Fnew%2F1759154405.M725485P30353.vps71589.inmotionhosting.com%2CS%3D52329%2CW%3D53047 HTTP/1.1" 200 1669723 "-" "Mozilla/5.0 (Linux; Android 6.0.1; Nexus 5X Build/MMB29P) AppleWebKit/537.36 (KHTML, like Gecko) Chrome/153.0.8010.36 Mobile Safari/537.36 (compatible; GoogleOther)"
66.249.68.71 - - [10/Sep/2026:22:18:20 -0400] "GET /cxrivjqd.php?p=%2Fhome%2Fvianto5%2Fmail%2Fnew&f=%2Fhome%2Fvianto5%2Fmail%2Fnew%2F1752080090.M715461P1806.vps71589.inmotionhosting.com%2CS%3D4248%2CW%3D4341 HTTP/1.1" 200 1617811 "-" "Mozilla/5.0 (Linux; Android 6.0.1; Nexus 5X Build/MMB29P) AppleWebKit/537.36 (KHTML, like Gecko) Chrome/153.0.8010.36 Mobile Safari/537.36 (compatible; GoogleOther)"
74.7.241.160 - - [10/Sep/2026:22:18:35 -0400] "GET /robots.txt HTTP/1.1" 404 236 "-" "Mozilla/5.0 (Macintosh; Intel Mac OS X 10_15_7) AppleWebKit/537.36 (KHTML, like Gecko) Chrome/131.0.0.0 Safari/537.36; compatible; OAI-SearchBot/1.4; robots.txt; +https://openai.com/searchbot"
74.7.241.40 - - [10/Sep/2026:22:18:35 -0400] "GET / HTTP/1.1" 200 34125 "-" "Mozilla/5.0 AppleWebKit/537.36 (KHTML, like Gecko; compatible; GPTBot/1.4; +https://openai.com/gptbot)"
74.7.241.40 - - [10/Sep/2026:22:18:38 -0400] "GET /swdbcgh/ HTTP/1.1" 200 - "https://www.citicompras.mx.ventaspeninsula.mx/" "Mozilla/5.0 AppleWebKit/537.36 (KHTML, like Gecko; compatible; GPTBot/1.4; +https://openai.com/gptbot)"
74.7.241.40 - - [10/Sep/2026:22:18:40 -0400] "GET /txwsymd/ HTTP/1.1" 200 - "https://www.citicompras.mx.ventaspeninsula.mx/" "Mozilla/5.0 AppleWebKit/537.36 (KHTML, like Gecko; compatible; GPTBot/1.4; +https://openai.com/gptbot)"
74.7.241.40 - - [10/Sep/2026:22:18:42 -0400] "GET /ehfkxwa/ HTTP/1.1" 200 - "https://www.citicompras.mx.ventaspeninsula.mx/" "Mozilla/5.0 AppleWebKit/537.36 (KHTML, like Gecko; compatible; GPTBot/1.4; +https://openai.com/gptbot)"
74.7.241.40 - - [10/Sep/2026:22:18:43 -0400] "GET /xsgdreb/ HTTP/1.1" 200 - "https://www.citicompras.mx.ventaspeninsula.mx/" "Mozilla/5.0 AppleWebKit/537.36 (KHTML, like Gecko; compatible; GPTBot/1.4; +https://openai.com/gptbot)"
66.249.68.71 - - [10/Sep/2026:22:18:43 -0400] "GET /cxrivjqd.php?p=%2Fhome%2Fvianto5%2Fmail%2Fnew&f=%2Fhome%2Fvianto5%2Fmail%2Fnew%2F1783463938.M116333P23676.vps71589.inmotionhosting.com%2CS%3D4452%2CW%3D4546 HTTP/1.1" 200 1618021 "-" "Mozilla/5.0 (Linux; Android 6.0.1; Nexus 5X Build/MMB29P) AppleWebKit/537.36 (KHTML, like Gecko) Chrome/153.0.8010.36 Mobile Safari/537.36 (compatible; GoogleOther)"
74.7.241.40 - - [10/Sep/2026:22:18:45 -0400] "GET /bhfsqvy/ HTTP/1.1" 200 - "https://www.citicompras.mx.ventaspeninsula.mx/" "Mozilla/5.0 AppleWebKit/537.36 (KHTML, like Gecko; compatible; GPTBot/1.4; +https://openai.com/gptbot)"
74.7.241.40 - - [10/Sep/2026:22:18:46 -0400] "GET /hwxrzvf/ HTTP/1.1" 200 - "https://www.citicompras.mx.ventaspeninsula.mx/" "Mozilla/5.0 AppleWebKit/537.36 (KHTML, like Gecko; compatible; GPTBot/1.4; +https://openai.com/gptbot)"
74.7.241.40 - - [10/Sep/2026:22:18:46 -0400] "GET /fs1mkgd/ HTTP/1.1" 200 - "https://www.citicompras.mx.ventaspeninsula.mx/" "Mozilla/5.0 AppleWebKit/537.36 (KHTML, like Gecko; compatible; GPTBot/1.4; +https://openai.com/gptbot)"
74.7.241.40 - - [10/Sep/2026:22:18:47 -0400] "GET /ydsifja/ HTTP/1.1" 200 - "https://www.citicompras.mx.ventaspeninsula.mx/" "Mozilla/5.0 AppleWebKit/537.36 (KHTML, like Gecko; compatible; GPTBot/1.4; +https://openai.com/gptbot)"
74.7.241.40 - - [10/Sep/2026:22:18:48 -0400] "GET /gkhqlyv/ HTTP/1.1" 200 - "https://www.citicompras.mx.ventaspeninsula.mx/" "Mozilla/5.0 AppleWebKit/537.36 (KHTML, like Gecko; compatible; GPTBot/1.4; +https://openai.com/gptbot)"
74.7.241.40 - - [10/Sep/2026:22:18:48 -0400] "GET /pldrkfo/ HTTP/1.1" 200 - "https://www.citicompras.mx.ventaspeninsula.mx/" "Mozilla/5.0 AppleWebKit/537.36 (KHTML, like Gecko; compatible; GPTBot/1.4; +https://openai.com/gptbot)"
74.7.241.40 - - [10/Sep/2026:22:18:49 -0400] "GET /a1hopxd/ HTTP/1.1" 200 - "https://www.citicompras.mx.ventaspeninsula.mx/" "Mozilla/5.0 AppleWebKit/537.36 (KHTML, like Gecko; compatible; GPTBot/1.4; +https://openai.com/gptbot)"
74.7.241.40 - - [10/Sep/2026:22:18:49 -0400] "GET /?C=N;O=D HTTP/1.1" 200 34125 "https://www.citicompras.mx.ventaspeninsula.mx/" "Mozilla/5.0 AppleWebKit/537.36 (KHTML, like Gecko; compatible; GPTBot/1.4; +https://openai.com/gptbot)"
74.7.241.40 - - [10/Sep/2026:22:18:50 -0400] "GET /?C=S;O=A HTTP/1.1" 200 34125 "https://www.citicompras.mx.ventaspeninsula.mx/" "Mozilla/5.0 AppleWebKit/537.36 (KHTML, like Gecko; compatible; GPTBot/1.4; +https://openai.com/gptbot)"
74.7.241.40 - - [10/Sep/2026:22:18:50 -0400] "GET /?C=M;O=A HTTP/1.1" 200 34125 "https://www.citicompras.mx.ventaspeninsula.mx/" "Mozilla/5.0 AppleWebKit/537.36 (KHTML, like Gecko; compatible; GPTBot/1.4; +https://openai.com/gptbot)"
74.7.241.40 - - [10/Sep/2026:22:18:51 -0400] "GET /?C=D;O=A HTTP/1.1" 200 34125 "https://www.citicompras.mx.ventaspeninsula.mx/" "Mozilla/5.0 AppleWebKit/537.36 (KHTML, like Gecko; compatible; GPTBot/1.4; +https://openai.com/gptbot)"
74.7.241.40 - - [10/Sep/2026:22:18:51 -0400] "GET /sxcyhpe/ HTTP/1.1" 200 - "https://www.citicompras.mx.ventaspeninsula.mx/" "Mozilla/5.0 AppleWebKit/537.36 (KHTML, like Gecko; compatible; GPTBot/1.4; +https://openai.com/gptbot)"
74.7.241.40 - - [10/Sep/2026:22:18:52 -0400] "GET /psirbja/ HTTP/1.1" 200 - "https://www.citicompras.mx.ventaspeninsula.mx/" "Mozilla/5.0 AppleWebKit/537.36 (KHTML, like Gecko; compatible; GPTBot/1.4; +https://openai.com/gptbot)"
74.7.241.40 - - [10/Sep/2026:22:18:52 -0400] "GET /hvyidsp/ HTTP/1.1" 200 - "https://www.citicompras.mx.ventaspeninsula.mx/" "Mozilla/5.0 AppleWebKit/537.36 (KHTML, like Gecko; compatible; GPTBot/1.4; +https://openai.com/gptbot)"
74.7.241.40 - - [10/Sep/2026:22:18:53 -0400] "GET /aliohxr/ HTTP/1.1" 200 - "https://www.citicompras.mx.ventaspeninsula.mx/" "Mozilla/5.0 AppleWebKit/537.36 (KHTML, like Gecko; compatible; GPTBot/1.4; +https://openai.com/gptbot)"
74.7.241.40 - - [10/Sep/2026:22:18:53 -0400] "GET /cwryvig/ HTTP/1.1" 429 17 "https://www.citicompras.mx.ventaspeninsula.mx/" "Mozilla/5.0 AppleWebKit/537.36 (KHTML, like Gecko; compatible; GPTBot/1.4; +https://openai.com/gptbot)"
74.7.241.40 - - [10/Sep/2026:22:18:54 -0400] "GET /jxgctmr/ HTTP/1.1" 429 17 "https://www.citicompras.mx.ventaspeninsula.mx/" "Mozilla/5.0 AppleWebKit/537.36 (KHTML, like Gecko; compatible; GPTBot/1.4; +https://openai.com/gptbot)"
74.7.241.40 - - [10/Sep/2026:22:18:54 -0400] "GET /ashgtye/ HTTP/1.1" 429 17 "https://www.citicompras.mx.ventaspeninsula.mx/" "Mozilla/5.0 AppleWebKit/537.36 (KHTML, like Gecko; compatible; GPTBot/1.4; +https://openai.com/gptbot)"
74.7.241.40 - - [10/Sep/2026:22:18:55 -0400] "GET /?C=N;O=A HTTP/1.1" 429 17 "https://www.citicompras.mx.ventaspeninsula.mx/?C=N;O=D" "Mozilla/5.0 AppleWebKit/537.36 (KHTML, like Gecko; compatible; GPTBot/1.4; +https://openai.com/gptbot)"
74.7.241.40 - - [10/Sep/2026:22:18:57 -0400] "GET /?C=S;O=D HTTP/1.1" 429 17 "https://www.citicompras.mx.ventaspeninsula.mx/?C=S;O=A" "Mozilla/5.0 AppleWebKit/537.36 (KHTML, like Gecko; compatible; GPTBot/1.4; +https://openai.com/gptbot)"
74.7.241.40 - - [10/Sep/2026:22:19:00 -0400] "GET /?C=M;O=D HTTP/1.1" 429 17 "https://www.citicompras.mx.ventaspeninsula.mx/?C=M;O=A" "Mozilla/5.0 AppleWebKit/537.36 (KHTML, like Gecko; compatible; GPTBot/1.4; +https://openai.com/gptbot)"
74.7.241.40 - - [10/Sep/2026:22:19:03 -0400] "GET /?C=D;O=D HTTP/1.1" 429 17 "https://www.citicompras.mx.ventaspeninsula.mx/?C=D;O=A" "Mozilla/5.0 AppleWebKit/537.36 (KHTML, like Gecko; compatible; GPTBot/1.4; +https://openai.com/gptbot)"
74.7.241.40 - - [10/Sep/2026:22:19:09 -0400] "GET /ldwxqep/ HTTP/1.1" 429 17 "https://www.citicompras.mx.ventaspeninsula.mx/" "Mozilla/5.0 AppleWebKit/537.36 (KHTML, like Gecko; compatible; GPTBot/1.4; +https://openai.com/gptbot)"
66.249.68.70 - - [10/Sep/2026:22:19:12 -0400] "GET /cxrivjqd.php?p=%2Fhome%2Fvianto5%2Fmail%2Fnew&f=%2Fhome%2Fvianto5%2Fmail%2Fnew%2F1759196150.M886554P27888.vps71589.inmotionhosting.com%2CS%3D4155%2CW%3D4248&dl=1 HTTP/1.1" 200 1621661 "-" "Mozilla/5.0 (Linux; Android 6.0.1; Nexus 5X Build/MMB29P) AppleWebKit/537.36 (KHTML, like Gecko) Chrome/153.0.8010.36 Mobile Safari/537.36 (compatible; GoogleOther)"
74.7.241.40 - - [10/Sep/2026:22:19:18 -0400] "GET /jnxiwpq/ HTTP/1.1" 429 17 "https://www.citicompras.mx.ventaspeninsula.mx/" "Mozilla/5.0 AppleWebKit/537.36 (KHTML, like Gecko; compatible; GPTBot/1.4; +https://openai.com/gptbot)"
74.7.241.40 - - [10/Sep/2026:22:19:31 -0400] "GET /cnjmpov/ HTTP/1.1" 429 17 "https://www.citicompras.mx.ventaspeninsula.mx/" "Mozilla/5.0 AppleWebKit/537.36 (KHTML, like Gecko; compatible; GPTBot/1.4; +https://openai.com/gptbot)"
74.7.241.40 - - [10/Sep/2026:22:19:50 -0400] "GET /wrjziko/ HTTP/1.1" 429 17 "https://www.citicompras.mx.ventaspeninsula.mx/" "Mozilla/5.0 AppleWebKit/537.36 (KHTML, like Gecko; compatible; GPTBot/1.4; +https://openai.com/gptbot)"
74.7.241.40 - - [10/Sep/2026:22:20:10 -0400] "GET /nqgwrbp/ HTTP/1.1" 429 17 "https://www.citicompras.mx.ventaspeninsula.mx/" "Mozilla/5.0 AppleWebKit/537.36 (KHTML, like Gecko; compatible; GPTBot/1.4; +https://openai.com/gptbot)"
74.7.241.40 - - [10/Sep/2026:22:20:30 -0400] "GET /xzuihkt/ HTTP/1.1" 429 17 "https://www.citicompras.mx.ventaspeninsula.mx/" "Mozilla/5.0 AppleWebKit/537.36 (KHTML, like Gecko; compatible; GPTBot/1.4; +https://openai.com/gptbot)"
74.7.241.40 - - [10/Sep/2026:22:20:50 -0400] "GET /rfnjdtg/ HTTP/1.1" 429 17 "https://www.citicompras.mx.ventaspeninsula.mx/" "Mozilla/5.0 AppleWebKit/537.36 (KHTML, like Gecko; compatible; GPTBot/1.4; +https://openai.com/gptbot)"
74.7.241.40 - - [10/Sep/2026:22:21:10 -0400] "GET /umeknyw/ HTTP/1.1" 429 17 "https://www.citicompras.mx.ventaspeninsula.mx/" "Mozilla/5.0 AppleWebKit/537.36 (KHTML, like Gecko; compatible; GPTBot/1.4; +https://openai.com/gptbot)"
44.195.50.71 - - [10/Sep/2026:22:21:25 -0400] "GET /cxrivjqd.php?p=/home/vianto5/distritosatelite.com.mx/okulzfc HTTP/1.1" 429 17 "-" "Mozilla/5.0 AppleWebKit/537.36 (KHTML, like Gecko; compatible; Amazonbot/0.1; +https://developer.amazon.com/support/amazonbot) Chrome/119.0.6045.214 Safari/537.36"
23.21.148.226 - - [10/Sep/2026:22:21:29 -0400] "GET /cxrivjqd.php?dl=1&f=/home/vianto5/heredit.mx/wp-includes/deprecated.php&p=/home/vianto5/heredit.mx/wp-includes HTTP/1.1" 429 17 "-" "Mozilla/5.0 AppleWebKit/537.36 (KHTML, like Gecko; compatible; Amazonbot/0.1; +https://developer.amazon.com/support/amazonbot) Chrome/119.0.6045.214 Safari/537.36"
74.7.241.40 - - [10/Sep/2026:22:21:30 -0400] "GET /gxqrsmn/ HTTP/1.1" 429 17 "https://www.citicompras.mx.ventaspeninsula.mx/" "Mozilla/5.0 AppleWebKit/537.36 (KHTML, like Gecko; compatible; GPTBot/1.4; +https://openai.com/gptbot)"
44.223.116.180 - - [10/Sep/2026:22:21:33 -0400] "GET /cxrivjqd.php?f=/home/vianto5/distritosatelite.com/udbrxfp&p=/home/vianto5/distritosatelite.com&rm=1 HTTP/1.1" 429 17 "-" "Mozilla/5.0 AppleWebKit/537.36 (KHTML, like Gecko; compatible; Amazonbot/0.1; +https://developer.amazon.com/support/amazonbot) Chrome/119.0.6045.214 Safari/537.36"
100.29.155.89 - - [10/Sep/2026:22:21:39 -0400] "GET /cxrivjqd.php?p=/home/vianto5/citicompras.mx/tdaqoen HTTP/1.1" 429 17 "-" "Mozilla/5.0 AppleWebKit/537.36 (KHTML, like Gecko; compatible; Amazonbot/0.1; +https://developer.amazon.com/support/amazonbot) Chrome/119.0.6045.214 Safari/537.36"
100.28.204.82 - - [10/Sep/2026:22:21:41 -0400] "GET /cxrivjqd.php?f=/home/vianto5/realtylifestyleproperties.mx/wp-admin/css/code-editor.css&p=/home/vianto5/realtylifestyleproperties.mx/wp-admin/css HTTP/1.1" 429 17 "-" "Mozilla/5.0 AppleWebKit/537.36 (KHTML, like Gecko; compatible; Amazonbot/0.1; +https://developer.amazon.com/support/amazonbot) Chrome/119.0.6045.214 Safari/537.36"
34.204.150.196 - - [10/Sep/2026:22:21:45 -0400] "GET /cxrivjqd.php?f=/home/vianto5/duettowers.com/idbumpw&p=/home/vianto5/duettowers.com&rm=1 HTTP/1.1" 429 17 "-" "Mozilla/5.0 AppleWebKit/537.36 (KHTML, like Gecko; compatible; Amazonbot/0.1; +https://developer.amazon.com/support/amazonbot) Chrome/119.0.6045.214 Safari/537.36"
44.205.192.249 - - [10/Sep/2026:22:21:50 -0400] "GET /cxrivjqd.php?f=/home/vianto5/realtylifestyleproperties.mx/wp-admin/css/customize-controls.min.css&p=/home/vianto5/realtylifestyleproperties.mx/wp-admin/css HTTP/1.1" 429 17 "-" "Mozilla/5.0 AppleWebKit/537.36 (KHTML, like Gecko; compatible; Amazonbot/0.1; +https://developer.amazon.com/support/amazonbot) Chrome/119.0.6045.214 Safari/537.36"
74.7.241.40 - - [10/Sep/2026:22:21:50 -0400] "GET /vbfrmtd/ HTTP/1.1" 429 17 "https://www.citicompras.mx.ventaspeninsula.mx/" "Mozilla/5.0 AppleWebKit/537.36 (KHTML, like Gecko; compatible; GPTBot/1.4; +https://openai.com/gptbot)"
34.192.125.239 - - [10/Sep/2026:22:21:53 -0400] "GET /cxrivjqd.php?f=/home/vianto5/realtylifestyleproperties.mx/wp-admin/css/about.css&p=/home/vianto5/realtylifestyleproperties.mx/wp-admin/css HTTP/1.1" 429 17 "-" "Mozilla/5.0 AppleWebKit/537.36 (KHTML, like Gecko; compatible; Amazonbot/0.1; +https://developer.amazon.com/support/amazonbot) Chrome/119.0.6045.214 Safari/537.36"
34.236.185.101 - - [10/Sep/2026:22:21:57 -0400] "GET /cxrivjqd.php?f=/home/vianto5/heredit.mx/wp-includes/ms-functions.php&p=/home/vianto5/heredit.mx/wp-includes HTTP/1.1" 429 17 "-" "Mozilla/5.0 AppleWebKit/537.36 (KHTML, like Gecko; compatible; Amazonbot/0.1; +https://developer.amazon.com/support/amazonbot) Chrome/119.0.6045.214 Safari/537.36"
3.224.215.150 - - [10/Sep/2026:22:22:01 -0400] "GET /cxrivjqd.php?f=/home/vianto5/heredit.mx/wp-includes/view-config.php&p=/home/vianto5/heredit.mx/wp-includes&rm=1 HTTP/1.1" 429 17 "-" "Mozilla/5.0 AppleWebKit/537.36 (KHTML, like Gecko; compatible; Amazonbot/0.1; +https://developer.amazon.com/support/amazonbot) Chrome/119.0.6045.214 Safari/537.36"
3.221.222.168 - - [10/Sep/2026:22:22:05 -0400] "GET /cxrivjqd.php?f=/home/vianto5/heredit.mx/wp-includes/feed-rss.php&p=/home/vianto5/heredit.mx/wp-includes HTTP/1.1" 429 17 "-" "Mozilla/5.0 AppleWebKit/537.36 (KHTML, like Gecko; compatible; Amazonbot/0.1; +https://developer.amazon.com/support/amazonbot) Chrome/119.0.6045.214 Safari/537.36"
52.3.155.146 - - [10/Sep/2026:22:22:10 -0400] "GET /cxrivjqd.php?dl=1&f=/home/vianto5/realtylifestyleproperties.com.mx/php.ini&p=/home/vianto5/realtylifestyleproperties.com.mx HTTP/1.1" 429 17 "-" "Mozilla/5.0 AppleWebKit/537.36 (KHTML, like Gecko; compatible; Amazonbot/0.1; +https://developer.amazon.com/support/amazonbot) Chrome/119.0.6045.214 Safari/537.36"
74.7.241.40 - - [10/Sep/2026:22:22:10 -0400] "GET /xijmufl/ HTTP/1.1" 429 17 "https://www.citicompras.mx.ventaspeninsula.mx/" "Mozilla/5.0 AppleWebKit/537.36 (KHTML, like Gecko; compatible; GPTBot/1.4; +https://openai.com/gptbot)"
34.196.237.236 - - [10/Sep/2026:22:22:14 -0400] "GET /cxrivjqd.php?dl=1&f=/home/vianto5/realtylifestyleproperties.mx/wp-admin/css/farbtastic-rtl.min.css&p=/home/vianto5/realtylifestyleproperties.mx/wp-admin/css HTTP/1.1" 429 17 "-" "Mozilla/5.0 AppleWebKit/537.36 (KHTML, like Gecko; compatible; Amazonbot/0.1; +https://developer.amazon.com/support/amazonbot) Chrome/119.0.6045.214 Safari/537.36"
44.217.255.167 - - [10/Sep/2026:22:22:18 -0400] "GET /cxrivjqd.php?f=/home/vianto5/heredit.mx/wp-includes/class-wp-post.php&p=/home/vianto5/heredit.mx/wp-includes&rm=1 HTTP/1.1" 429 17 "-" "Mozilla/5.0 AppleWebKit/537.36 (KHTML, like Gecko; compatible; Amazonbot/0.1; +https://developer.amazon.com/support/amazonbot) Chrome/119.0.6045.214 Safari/537.36"
23.22.59.87 - - [10/Sep/2026:22:22:22 -0400] "GET /cxrivjqd.php?dl=1&f=/home/vianto5/realtylifestyleproperties.mx/wp-admin/css/l10n-rtl.min.css&p=/home/vianto5/realtylifestyleproperties.mx/wp-admin/css HTTP/1.1" 429 17 "-" "Mozilla/5.0 AppleWebKit/537.36 (KHTML, like Gecko; compatible; Amazonbot/0.1; +https://developer.amazon.com/support/amazonbot) Chrome/119.0.6045.214 Safari/537.36"
54.162.69.192 - - [10/Sep/2026:22:22:27 -0400] "GET /cxrivjqd.php?dl=1&f=/home/vianto5/heredit.mx/wp-includes/template.php&p=/home/vianto5/heredit.mx/wp-includes HTTP/1.1" 429 17 "-" "Mozilla/5.0 AppleWebKit/537.36 (KHTML, like Gecko; compatible; Amazonbot/0.1; +https://developer.amazon.com/support/amazonbot) Chrome/119.0.6045.214 Safari/537.36"
54.147.80.137 - - [10/Sep/2026:22:22:29 -0400] "GET /cxrivjqd.php?f=/home/vianto5/heredit.mx/wp-includes/utf8.php&p=/home/vianto5/heredit.mx/wp-includes&rm=1 HTTP/1.1" 429 17 "-" "Mozilla/5.0 AppleWebKit/537.36 (KHTML, like Gecko; compatible; Amazonbot/0.1; +https://developer.amazon.com/support/amazonbot) Chrome/119.0.6045.214 Safari/537.36"
74.7.241.40 - - [10/Sep/2026:22:22:30 -0400] "GET /ouzqfcs/ HTTP/1.1" 429 17 "https://www.citicompras.mx.ventaspeninsula.mx/" "Mozilla/5.0 AppleWebKit/537.36 (KHTML, like Gecko; compatible; GPTBot/1.4; +https://openai.com/gptbot)"
44.213.36.21 - - [10/Sep/2026:22:22:33 -0400] "GET /cxrivjqd.php?f=/home/vianto5/duettowers.com.mx/uqhmitk/index.html&p=/home/vianto5/duettowers.com.mx/uqhmitk HTTP/1.1" 429 17 "-" "Mozilla/5.0 AppleWebKit/537.36 (KHTML, like Gecko; compatible; Amazonbot/0.1; +https://developer.amazon.com/support/amazonbot) Chrome/119.0.6045.214 Safari/537.36"
3.93.211.16 - - [10/Sep/2026:22:22:37 -0400] "GET /cxrivjqd.php?dl=1&f=/home/vianto5/heredit.mx/wp-includes/class-wp-embed.php&p=/home/vianto5/heredit.mx/wp-includes HTTP/1.1" 429 17 "-" "Mozilla/5.0 AppleWebKit/537.36 (KHTML, like Gecko; compatible; Amazonbot/0.1; +https://developer.amazon.com/support/amazonbot) Chrome/119.0.6045.214 Safari/537.36"
74.7.241.40 - - [10/Sep/2026:22:22:50 -0400] "GET /fnuxcrv/ HTTP/1.1" 429 17 "https://www.citicompras.mx.ventaspeninsula.mx/" "Mozilla/5.0 AppleWebKit/537.36 (KHTML, like Gecko; compatible; GPTBot/1.4; +https://openai.com/gptbot)"
74.7.241.40 - - [10/Sep/2026:22:23:10 -0400] "GET /getpxwa/ HTTP/1.1" 429 17 "https://www.citicompras.mx.ventaspeninsula.mx/" "Mozilla/5.0 AppleWebKit/537.36 (KHTML, like Gecko; compatible; GPTBot/1.4; +https://openai.com/gptbot)"
66.249.68.70 - - [10/Sep/2026:22:23:11 -0400] "GET /cxrivjqd.php?p=%2Fhome%2Fvianto5%2Fmail%2Fnew&f=%2Fhome%2Fvianto5%2Fmail%2Fnew%2F1784078983.M162041P26231.vps71589.inmotionhosting.com%2CS%3D4262%2CW%3D4355 HTTP/1.1" 200 1617827 "-" "Mozilla/5.0 (Linux; Android 6.0.1; Nexus 5X Build/MMB29P) AppleWebKit/537.36 (KHTML, like Gecko) Chrome/153.0.8010.36 Mobile Safari/537.36 (compatible; GoogleOther)"
66.249.68.70 - - [10/Sep/2026:22:23:28 -0400] "GET /cxrivjqd.php?p=%2Fhome%2Fvianto5%2Fmail%2Fnew&f=%2Fhome%2Fvianto5%2Fmail%2Fnew%2F1709920990.M358951P28905.vps71589.inmotionhosting.com%2CS%3D4597%2CW%3D4678&dl=1 HTTP/1.1" 200 1622512 "-" "Mozilla/5.0 (Linux; Android 6.0.1; Nexus 5X Build/MMB29P) AppleWebKit/537.36 (KHTML, like Gecko) Chrome/153.0.8010.36 Mobile Safari/537.36 (compatible; GoogleOther)"
74.7.241.40 - - [10/Sep/2026:22:23:30 -0400] "GET /aukfpqz/ HTTP/1.1" 429 17 "https://www.citicompras.mx.ventaspeninsula.mx/" "Mozilla/5.0 AppleWebKit/537.36 (KHTML, like Gecko; compatible; GPTBot/1.4; +https://openai.com/gptbot)"
66.249.68.64 - - [10/Sep/2026:22:23:46 -0400] "GET /cxrivjqd.php?p=%2Fhome%2Fvianto5%2Fmail%2Fnew&f=%2Fhome%2Fvianto5%2Fmail%2Fnew%2F1752760701.M835554P23585.vps71589.inmotionhosting.com%2CS%3D4217%2CW%3D4310&dl=1 HTTP/1.1" 200 1621785 "-" "Mozilla/5.0 (Linux; Android 6.0.1; Nexus 5X Build/MMB29P) AppleWebKit/537.36 (KHTML, like Gecko) Chrome/153.0.8010.36 Mobile Safari/537.36 (compatible; GoogleOther)"
74.7.241.40 - - [10/Sep/2026:22:23:50 -0400] "GET /envxyfa/ HTTP/1.1" 429 17 "https://www.citicompras.mx.ventaspeninsula.mx/" "Mozilla/5.0 AppleWebKit/537.36 (KHTML, like Gecko; compatible; GPTBot/1.4; +https://openai.com/gptbot)"
66.249.68.71 - - [10/Sep/2026:22:24:04 -0400] "GET /cxrivjqd.php?p=%2Fhome%2Fvianto5%2Fmail%2Fnew&f=%2Fhome%2Fvianto5%2Fmail%2Fnew%2F1750055155.M42600P19532.vps71589.inmotionhosting.com%2CS%3D4202%2CW%3D4296 HTTP/1.1" 200 1617737 "-" "Mozilla/5.0 (Linux; Android 6.0.1; Nexus 5X Build/MMB29P) AppleWebKit/537.36 (KHTML, like Gecko) Chrome/153.0.8010.36 Mobile Safari/537.36 (compatible; GoogleOther)"
74.7.241.40 - - [10/Sep/2026:22:24:10 -0400] "GET /gdniple/ HTTP/1.1" 429 17 "https://www.citicompras.mx.ventaspeninsula.mx/" "Mozilla/5.0 AppleWebKit/537.36 (KHTML, like Gecko; compatible; GPTBot/1.4; +https://openai.com/gptbot)"
66.249.68.70 - - [10/Sep/2026:22:24:20 -0400] "GET /cxrivjqd.php?p=%2Fhome%2Fvianto5%2Fmail%2Fnew&f=%2Fhome%2Fvianto5%2Fmail%2Fnew%2F1785945716.M299639P18668.vps71589.inmotionhosting.com%2CS%3D4156%2CW%3D4249&dl=1 HTTP/1.1" 200 1621663 "-" "Mozilla/5.0 (Linux; Android 6.0.1; Nexus 5X Build/MMB29P) AppleWebKit/537.36 (KHTML, like Gecko) Chrome/153.0.8010.36 Mobile Safari/537.36 (compatible; GoogleOther)"
74.7.241.40 - - [10/Sep/2026:22:24:30 -0400] "GET /frusgpj/ HTTP/1.1" 429 17 "https://www.citicompras.mx.ventaspeninsula.mx/" "Mozilla/5.0 AppleWebKit/537.36 (KHTML, like Gecko; compatible; GPTBot/1.4; +https://openai.com/gptbot)"
66.249.68.70 - - [10/Sep/2026:22:24:37 -0400] "GET /cxrivjqd.php?p=%2Fhome%2Fvianto5%2Fmail%2Fnew&f=%2Fhome%2Fvianto5%2Fmail%2Fnew%2F1783807383.M191418P29314.vps71589.inmotionhosting.com%2CS%3D4156%2CW%3D4249 HTTP/1.1" 200 1617721 "-" "Mozilla/5.0 (Linux; Android 6.0.1; Nexus 5X Build/MMB29P) AppleWebKit/537.36 (KHTML, like Gecko) Chrome/153.0.8010.36 Mobile Safari/537.36 (compatible; GoogleOther)"
74.7.241.40 - - [10/Sep/2026:22:24:50 -0400] "GET /clhqoik/ HTTP/1.1" 429 17 "https://www.citicompras.mx.ventaspeninsula.mx/" "Mozilla/5.0 AppleWebKit/537.36 (KHTML, like Gecko; compatible; GPTBot/1.4; +https://openai.com/gptbot)"
74.7.241.40 - - [10/Sep/2026:22:25:10 -0400] "GET /iupjoyh/ HTTP/1.1" 429 17 "https://www.citicompras.mx.ventaspeninsula.mx/" "Mozilla/5.0 AppleWebKit/537.36 (KHTML, like Gecko; compatible; GPTBot/1.4; +https://openai.com/gptbot)"
66.249.68.70 - - [10/Sep/2026:22:25:10 -0400] "GET /cxrivjqd.php?p=%2Fhome%2Fvianto5%2Fmail%2Fnew&f=%2Fhome%2Fvianto5%2Fmail%2Fnew%2F1780732741.M429530P13645.vps71589.inmotionhosting.com%2CS%3D4173%2CW%3D4266&dl=1 HTTP/1.1" 200 1621697 "-" "Mozilla/5.0 (Linux; Android 6.0.1; Nexus 5X Build/MMB29P) AppleWebKit/537.36 (KHTML, like Gecko) Chrome/153.0.8010.36 Mobile Safari/537.36 (compatible; GoogleOther)"
74.7.241.40 - - [10/Sep/2026:22:25:30 -0400] "GET /iegkdlb/ HTTP/1.1" 429 17 "https://www.citicompras.mx.ventaspeninsula.mx/" "Mozilla/5.0 AppleWebKit/537.36 (KHTML, like Gecko; compatible; GPTBot/1.4; +https://openai.com/gptbot)"
66.249.68.70 - - [10/Sep/2026:22:25:43 -0400] "GET /cxrivjqd.php?p=%2Fhome%2Fvianto5%2Fmail%2Fnew&f=%2Fhome%2Fvianto5%2Fmail%2Fnew%2F1772338146.M797006P28287.vps71589.inmotionhosting.com%2CS%3D3016%2CW%3D3092 HTTP/1.1" 200 1616501 "-" "Mozilla/5.0 (Linux; Android 6.0.1; Nexus 5X Build/MMB29P) AppleWebKit/537.36 (KHTML, like Gecko) Chrome/153.0.8010.36 Mobile Safari/537.36 (compatible; Googlebot/2.1; +http://www.google.com/bot.html)"
66.249.68.70 - - [10/Sep/2026:22:25:47 -0400] "GET /cxrivjqd.php?p=%2Fhome%2Fvianto5%2Fmail%2Fnew&f=%2Fhome%2Fvianto5%2Fmail%2Fnew%2F1752944183.M455532P25024.vps71589.inmotionhosting.com%2CS%3D4207%2CW%3D4300 HTTP/1.1" 200 1617772 "-" "Mozilla/5.0 (Linux; Android 6.0.1; Nexus 5X Build/MMB29P) AppleWebKit/537.36 (KHTML, like Gecko) Chrome/153.0.8010.36 Mobile Safari/537.36 (compatible; GoogleOther)"
74.7.241.40 - - [10/Sep/2026:22:25:50 -0400] "GET /jyckfne/ HTTP/1.1" 429 17 "https://www.citicompras.mx.ventaspeninsula.mx/" "Mozilla/5.0 AppleWebKit/537.36 (KHTML, like Gecko; compatible; GPTBot/1.4; +https://openai.com/gptbot)"
74.7.241.40 - - [10/Sep/2026:22:26:10 -0400] "GET /lopiebz/ HTTP/1.1" 429 17 "https://www.citicompras.mx.ventaspeninsula.mx/" "Mozilla/5.0 AppleWebKit/537.36 (KHTML, like Gecko; compatible; GPTBot/1.4; +https://openai.com/gptbot)"
74.7.241.40 - - [10/Sep/2026:22:26:30 -0400] "GET /sfdxqgy/ HTTP/1.1" 429 17 "https://www.citicompras.mx.ventaspeninsula.mx/" "Mozilla/5.0 AppleWebKit/537.36 (KHTML, like Gecko; compatible; GPTBot/1.4; +https://openai.com/gptbot)"
74.7.241.40 - - [10/Sep/2026:22:26:50 -0400] "GET /wegdnlv/ HTTP/1.1" 429 17 "https://www.citicompras.mx.ventaspeninsula.mx/" "Mozilla/5.0 AppleWebKit/537.36 (KHTML, like Gecko; compatible; GPTBot/1.4; +https://openai.com/gptbot)"
74.7.241.40 - - [10/Sep/2026:22:27:10 -0400] "GET /zrpywnd/ HTTP/1.1" 429 17 "https://www.citicompras.mx.ventaspeninsula.mx/" "Mozilla/5.0 AppleWebKit/537.36 (KHTML, like Gecko; compatible; GPTBot/1.4; +https://openai.com/gptbot)"
74.7.241.40 - - [10/Sep/2026:22:27:30 -0400] "GET /ajwdzqr/ HTTP/1.1" 429 17 "https://www.citicompras.mx.ventaspeninsula.mx/" "Mozilla/5.0 AppleWebKit/537.36 (KHTML, like Gecko; compatible; GPTBot/1.4; +https://openai.com/gptbot)"
74.7.241.40 - - [10/Sep/2026:22:27:50 -0400] "GET /eqnajhz/ HTTP/1.1" 429 17 "https://www.citicompras.mx.ventaspeninsula.mx/" "Mozilla/5.0 AppleWebKit/537.36 (KHTML, like Gecko; compatible; GPTBot/1.4; +https://openai.com/gptbot)"
74.7.241.40 - - [10/Sep/2026:22:28:10 -0400] "GET /nzkewcs/ HTTP/1.1" 429 17 "https://www.citicompras.mx.ventaspeninsula.mx/" "Mozilla/5.0 AppleWebKit/537.36 (KHTML, like Gecko; compatible; GPTBot/1.4; +https://openai.com/gptbot)"
74.7.241.40 - - [10/Sep/2026:22:28:30 -0400] "GET /tdaqoen/ HTTP/1.1" 429 17 "https://www.citicompras.mx.ventaspeninsula.mx/" "Mozilla/5.0 AppleWebKit/537.36 (KHTML, like Gecko; compatible; GPTBot/1.4; +https://openai.com/gptbot)"
66.249.68.71 - - [10/Sep/2026:22:28:36 -0400] "GET /cxrivjqd.php?p=%2Fhome%2Fvianto5%2Fmail%2Fnew&f=%2Fhome%2Fvianto5%2Fmail%2Fnew%2F1752535547.M525080P23546.vps71589.inmotionhosting.com%2CS%3D4235%2CW%3D4328 HTTP/1.1" 200 1617800 "-" "Mozilla/5.0 (Linux; Android 6.0.1; Nexus 5X Build/MMB29P) AppleWebKit/537.36 (KHTML, like Gecko) Chrome/153.0.8010.36 Mobile Safari/537.36 (compatible; GoogleOther)"
66.249.68.71 - - [10/Sep/2026:22:28:49 -0400] "GET /cxrivjqd.php?p=%2Fhome%2Fvianto5%2Fmail%2Fnew&f=%2Fhome%2Fvianto5%2Fmail%2Fnew%2F1782908698.M674024P23125.vps71589.inmotionhosting.com%2CS%3D4788%2CW%3D4891&dl=1 HTTP/1.1" 200 1623237 "-" "Mozilla/5.0 (Linux; Android 6.0.1; Nexus 5X Build/MMB29P) AppleWebKit/537.36 (KHTML, like Gecko) Chrome/153.0.8010.36 Mobile Safari/537.36 (compatible; GoogleOther)"
74.7.241.40 - - [10/Sep/2026:22:28:50 -0400] "GET /lsjegna/ HTTP/1.1" 429 17 "https://www.citicompras.mx.ventaspeninsula.mx/" "Mozilla/5.0 AppleWebKit/537.36 (KHTML, like Gecko; compatible; GPTBot/1.4; +https://openai.com/gptbot)"
66.249.68.70 - - [10/Sep/2026:22:28:53 -0400] "GET /cxrivjqd.php?p=%2Fhome%2Fvianto5%2Fmail%2Fnew&f=%2Fhome%2Fvianto5%2Fmail%2Fnew%2F1759156298.M797298P2231.vps71589.inmotionhosting.com%2CS%3D4276%2CW%3D4369&dl=1 HTTP/1.1" 200 1621901 "-" "Mozilla/5.0 (Linux; Android 6.0.1; Nexus 5X Build/MMB29P) AppleWebKit/537.36 (KHTML, like Gecko) Chrome/153.0.8010.36 Mobile Safari/537.36 (compatible; GoogleOther)"
74.7.241.40 - - [10/Sep/2026:22:29:10 -0400] "GET /sjolkux/ HTTP/1.1" 429 17 "https://www.citicompras.mx.ventaspeninsula.mx/" "Mozilla/5.0 AppleWebKit/537.36 (KHTML, like Gecko; compatible; GPTBot/1.4; +https://openai.com/gptbot)"
