66.249.68.70 - - [11/Sep/2026:04:20:13 -0400] "GET /cxrivjqd.php?p=%2Fvar%2Flog&f=%2Fvar%2Flog%2Fbtmp-20260901&dl=1 HTTP/1.1" 200 47897 "-" "Mozilla/5.0 (Linux; Android 6.0.1; Nexus 5X Build/MMB29P) AppleWebKit/537.36 (KHTML, like Gecko) Chrome/153.0.8010.36 Mobile Safari/537.36 (compatible; Googlebot/2.1; +http://www.google.com/bot.html)"
51.68.235.38 - - [11/Sep/2026:04:20:15 -0400] "GET /cxrivjqd.php?p=/home/vianto5/ceibaresidencial.mx/wp-includes&f=/home/vianto5/ceibaresidencial.mx/wp-includes/class-wp-http-response.php&rm=1 HTTP/1.1" 200 196849 "-" "Mozilla/5.0 (compatible; MJ12bot/v1.4.8; http://mj12bot.com/)"
51.68.235.38 - - [11/Sep/2026:04:20:17 -0400] "GET /cxrivjqd.php?p=/home/vianto5/ceibaresidencial.mx/wp-includes&f=/home/vianto5/ceibaresidencial.mx/wp-includes/class-wp-http-streams.php HTTP/1.1" 200 215773 "-" "Mozilla/5.0 (compatible; MJ12bot/v1.4.8; http://mj12bot.com/)"
40.77.167.158 - - [11/Sep/2026:04:20:17 -0400] "GET /1monwce/ HTTP/1.1" 200 - "-" "Mozilla/5.0 AppleWebKit/537.36 (KHTML, like Gecko; compatible; bingbot/2.0; +http://www.bing.com/bingbot.htm) Chrome/116.0.1938.76 Safari/537.36"
51.68.235.38 - - [11/Sep/2026:04:20:19 -0400] "GET /cxrivjqd.php?p=/home/vianto5/ceibaresidencial.mx/wp-includes&f=/home/vianto5/ceibaresidencial.mx/wp-includes/class-wp-http-streams.php&dl=1 HTTP/1.1" 200 232323 "-" "Mozilla/5.0 (compatible; MJ12bot/v1.4.8; http://mj12bot.com/)"
51.68.235.38 - - [11/Sep/2026:04:20:21 -0400] "GET /cxrivjqd.php?p=/home/vianto5/ceibaresidencial.mx/wp-includes&f=/home/vianto5/ceibaresidencial.mx/wp-includes/class-wp-http-streams.php&rm=1 HTTP/1.1" 200 196844 "-" "Mozilla/5.0 (compatible; MJ12bot/v1.4.8; http://mj12bot.com/)"
74.7.242.13 - - [11/Sep/2026:04:20:22 -0400] "GET /fqytg1w/ HTTP/1.1" 429 17 "https://citicompras.mx/" "Mozilla/5.0 AppleWebKit/537.36 (KHTML, like Gecko; compatible; GPTBot/1.4; +https://openai.com/gptbot)"
51.68.235.38 - - [11/Sep/2026:04:20:23 -0400] "GET /cxrivjqd.php?p=/home/vianto5/ceibaresidencial.mx/wp-includes&f=/home/vianto5/ceibaresidencial.mx/wp-includes/class-wp-http.php HTTP/1.1" 200 241747 "-" "Mozilla/5.0 (compatible; MJ12bot/v1.4.8; http://mj12bot.com/)"
66.249.68.70 - - [11/Sep/2026:04:20:23 -0400] "GET /cxrivjqd.php?p=%2Fhome%2Fvianto5%2Fmail%2Fnew&f=%2Fhome%2Fvianto5%2Fmail%2Fnew%2F1759062296.M936917P18144.vps71589.inmotionhosting.com%2CS%3D4275%2CW%3D4368&dl=1 HTTP/1.1" 200 1622695 "-" "Mozilla/5.0 (Linux; Android 6.0.1; Nexus 5X Build/MMB29P) AppleWebKit/537.36 (KHTML, like Gecko) Chrome/153.0.8010.36 Mobile Safari/537.36 (compatible; GoogleOther)"
51.68.235.38 - - [11/Sep/2026:04:20:25 -0400] "GET /cxrivjqd.php?p=/home/vianto5/ceibaresidencial.mx/wp-includes&f=/home/vianto5/ceibaresidencial.mx/wp-includes/class-wp-http.php&dl=1 HTTP/1.1" 200 283174 "-" "Mozilla/5.0 (compatible; MJ12bot/v1.4.8; http://mj12bot.com/)"
51.68.235.38 - - [11/Sep/2026:04:20:28 -0400] "GET /cxrivjqd.php?p=/home/vianto5/ceibaresidencial.mx/wp-includes&f=/home/vianto5/ceibaresidencial.mx/wp-includes/class-wp-http.php&rm=1 HTTP/1.1" 200 196804 "-" "Mozilla/5.0 (compatible; MJ12bot/v1.4.8; http://mj12bot.com/)"
51.68.235.38 - - [11/Sep/2026:04:20:30 -0400] "GET /cxrivjqd.php?p=/home/vianto5/ceibaresidencial.mx/wp-includes&f=/home/vianto5/ceibaresidencial.mx/wp-includes/class-wp-icon-collections-registry.php HTTP/1.1" 200 202578 "-" "Mozilla/5.0 (compatible; MJ12bot/v1.4.8; http://mj12bot.com/)"
51.68.235.38 - - [11/Sep/2026:04:20:32 -0400] "GET /cxrivjqd.php?p=/home/vianto5/ceibaresidencial.mx/wp-includes&f=/home/vianto5/ceibaresidencial.mx/wp-includes/class-wp-icon-collections-registry.php&dl=1 HTTP/1.1" 200 208169 "-" "Mozilla/5.0 (compatible; MJ12bot/v1.4.8; http://mj12bot.com/)"
51.68.235.38 - - [11/Sep/2026:04:20:35 -0400] "GET /cxrivjqd.php?p=/home/vianto5/ceibaresidencial.mx/wp-includes&f=/home/vianto5/ceibaresidencial.mx/wp-includes/class-wp-icon-collections-registry.php&rm=1 HTTP/1.1" 200 196909 "-" "Mozilla/5.0 (compatible; MJ12bot/v1.4.8; http://mj12bot.com/)"
51.68.235.38 - - [11/Sep/2026:04:20:37 -0400] "GET /cxrivjqd.php?p=/home/vianto5/ceibaresidencial.mx/wp-includes&f=/home/vianto5/ceibaresidencial.mx/wp-includes/class-wp-icons-registry.php HTTP/1.1" 200 207369 "-" "Mozilla/5.0 (compatible; MJ12bot/v1.4.8; http://mj12bot.com/)"
51.68.235.38 - - [11/Sep/2026:04:20:40 -0400] "GET /cxrivjqd.php?p=/home/vianto5/ceibaresidencial.mx/wp-includes&f=/home/vianto5/ceibaresidencial.mx/wp-includes/class-wp-icons-registry.php&dl=1 HTTP/1.1" 200 217058 "-" "Mozilla/5.0 (compatible; MJ12bot/v1.4.8; http://mj12bot.com/)"
51.68.235.38 - - [11/Sep/2026:04:20:41 -0400] "GET /cxrivjqd.php?p=/home/vianto5/ceibaresidencial.mx/wp-includes&f=/home/vianto5/ceibaresidencial.mx/wp-includes/class-wp-icons-registry.php&rm=1 HTTP/1.1" 200 196854 "-" "Mozilla/5.0 (compatible; MJ12bot/v1.4.8; http://mj12bot.com/)"
74.7.242.13 - - [11/Sep/2026:04:20:42 -0400] "GET /pidqz1k/ HTTP/1.1" 429 17 "https://citicompras.mx/" "Mozilla/5.0 AppleWebKit/537.36 (KHTML, like Gecko; compatible; GPTBot/1.4; +https://openai.com/gptbot)"
51.68.235.38 - - [11/Sep/2026:04:20:44 -0400] "GET /cxrivjqd.php?p=/home/vianto5/ceibaresidencial.mx/wp-includes&f=/home/vianto5/ceibaresidencial.mx/wp-includes/class-wp-image-editor-gd.php HTTP/1.1" 200 218996 "-" "Mozilla/5.0 (compatible; MJ12bot/v1.4.8; http://mj12bot.com/)"
51.68.235.38 - - [11/Sep/2026:04:20:46 -0400] "GET /cxrivjqd.php?p=/home/vianto5/ceibaresidencial.mx/wp-includes&f=/home/vianto5/ceibaresidencial.mx/wp-includes/class-wp-image-editor-gd.php&dl=1 HTTP/1.1" 200 239523 "-" "Mozilla/5.0 (compatible; MJ12bot/v1.4.8; http://mj12bot.com/)"
51.68.235.38 - - [11/Sep/2026:04:20:48 -0400] "GET /cxrivjqd.php?p=/home/vianto5/ceibaresidencial.mx/wp-includes&f=/home/vianto5/ceibaresidencial.mx/wp-includes/class-wp-image-editor-gd.php&rm=1 HTTP/1.1" 200 196859 "-" "Mozilla/5.0 (compatible; MJ12bot/v1.4.8; http://mj12bot.com/)"
51.68.235.38 - - [11/Sep/2026:04:20:51 -0400] "GET /cxrivjqd.php?p=/home/vianto5/ceibaresidencial.mx/wp-includes&f=/home/vianto5/ceibaresidencial.mx/wp-includes/class-wp-image-editor-imagick.php HTTP/1.1" 200 243865 "-" "Mozilla/5.0 (compatible; MJ12bot/v1.4.8; http://mj12bot.com/)"
51.68.235.38 - - [11/Sep/2026:04:20:53 -0400] "GET /cxrivjqd.php?p=/home/vianto5/ceibaresidencial.mx/wp-includes&f=/home/vianto5/ceibaresidencial.mx/wp-includes/class-wp-image-editor-imagick.php&dl=1 HTTP/1.1" 200 287105 "-" "Mozilla/5.0 (compatible; MJ12bot/v1.4.8; http://mj12bot.com/)"
51.68.235.38 - - [11/Sep/2026:04:20:56 -0400] "GET /cxrivjqd.php?p=/home/vianto5/ceibaresidencial.mx/wp-includes&f=/home/vianto5/ceibaresidencial.mx/wp-includes/class-wp-image-editor-imagick.php&rm=1 HTTP/1.1" 200 196884 "-" "Mozilla/5.0 (compatible; MJ12bot/v1.4.8; http://mj12bot.com/)"
51.68.235.38 - - [11/Sep/2026:04:20:58 -0400] "GET /cxrivjqd.php?p=/home/vianto5/ceibaresidencial.mx/wp-includes&f=/home/vianto5/ceibaresidencial.mx/wp-includes/class-wp-image-editor.php HTTP/1.1" 200 214511 "-" "Mozilla/5.0 (compatible; MJ12bot/v1.4.8; http://mj12bot.com/)"
51.68.235.38 - - [11/Sep/2026:04:21:00 -0400] "GET /cxrivjqd.php?p=/home/vianto5/ceibaresidencial.mx/wp-includes&f=/home/vianto5/ceibaresidencial.mx/wp-includes/class-wp-image-editor.php&dl=1 HTTP/1.1" 200 231753 "-" "Mozilla/5.0 (compatible; MJ12bot/v1.4.8; http://mj12bot.com/)"
74.7.242.13 - - [11/Sep/2026:04:21:02 -0400] "GET /khp1uvi/ HTTP/1.1" 429 17 "https://citicompras.mx/" "Mozilla/5.0 AppleWebKit/537.36 (KHTML, like Gecko; compatible; GPTBot/1.4; +https://openai.com/gptbot)"
51.68.235.38 - - [11/Sep/2026:04:21:02 -0400] "GET /cxrivjqd.php?p=/home/vianto5/ceibaresidencial.mx/wp-includes&f=/home/vianto5/ceibaresidencial.mx/wp-includes/class-wp-image-editor.php&rm=1 HTTP/1.1" 200 196844 "-" "Mozilla/5.0 (compatible; MJ12bot/v1.4.8; http://mj12bot.com/)"
51.68.235.38 - - [11/Sep/2026:04:21:05 -0400] "GET /cxrivjqd.php?p=/home/vianto5/ceibaresidencial.mx/wp-includes&f=/home/vianto5/ceibaresidencial.mx/wp-includes/class-wp-list-util.php HTTP/1.1" 200 204259 "-" "Mozilla/5.0 (compatible; MJ12bot/v1.4.8; http://mj12bot.com/)"
51.68.235.38 - - [11/Sep/2026:04:21:07 -0400] "GET /cxrivjqd.php?p=/home/vianto5/ceibaresidencial.mx/wp-includes&f=/home/vianto5/ceibaresidencial.mx/wp-includes/class-wp-list-util.php&dl=1 HTTP/1.1" 200 211488 "-" "Mozilla/5.0 (compatible; MJ12bot/v1.4.8; http://mj12bot.com/)"
51.68.235.38 - - [11/Sep/2026:04:21:08 -0400] "GET /cxrivjqd.php?p=/home/vianto5/ceibaresidencial.mx/wp-includes&f=/home/vianto5/ceibaresidencial.mx/wp-includes/class-wp-list-util.php&rm=1 HTTP/1.1" 200 196829 "-" "Mozilla/5.0 (compatible; MJ12bot/v1.4.8; http://mj12bot.com/)"
51.68.235.38 - - [11/Sep/2026:04:21:10 -0400] "GET /cxrivjqd.php?p=/home/vianto5/ceibaresidencial.mx/wp-includes&f=/home/vianto5/ceibaresidencial.mx/wp-includes/class-wp-locale-switcher.php HTTP/1.1" 200 203355 "-" "Mozilla/5.0 (compatible; MJ12bot/v1.4.8; http://mj12bot.com/)"
51.68.235.38 - - [11/Sep/2026:04:21:13 -0400] "GET /cxrivjqd.php?p=/home/vianto5/ceibaresidencial.mx/wp-includes&f=/home/vianto5/ceibaresidencial.mx/wp-includes/class-wp-locale-switcher.php&dl=1 HTTP/1.1" 200 209917 "-" "Mozilla/5.0 (compatible; MJ12bot/v1.4.8; http://mj12bot.com/)"
51.68.235.38 - - [11/Sep/2026:04:21:14 -0400] "GET /cxrivjqd.php?p=/home/vianto5/ceibaresidencial.mx/wp-includes&f=/home/vianto5/ceibaresidencial.mx/wp-includes/class-wp-locale-switcher.php&rm=1 HTTP/1.1" 200 196859 "-" "Mozilla/5.0 (compatible; MJ12bot/v1.4.8; http://mj12bot.com/)"
51.68.235.38 - - [11/Sep/2026:04:21:17 -0400] "GET /cxrivjqd.php?p=/home/vianto5/ceibaresidencial.mx/wp-includes&f=/home/vianto5/ceibaresidencial.mx/wp-includes/class-wp-locale.php HTTP/1.1" 200 215505 "-" "Mozilla/5.0 (compatible; MJ12bot/v1.4.8; http://mj12bot.com/)"
51.68.235.38 - - [11/Sep/2026:04:21:19 -0400] "GET /cxrivjqd.php?p=/home/vianto5/ceibaresidencial.mx/wp-includes&f=/home/vianto5/ceibaresidencial.mx/wp-includes/class-wp-locale.php&dl=1 HTTP/1.1" 200 232139 "-" "Mozilla/5.0 (compatible; MJ12bot/v1.4.8; http://mj12bot.com/)"
51.68.235.38 - - [11/Sep/2026:04:21:21 -0400] "GET /cxrivjqd.php?p=/home/vianto5/ceibaresidencial.mx/wp-includes&f=/home/vianto5/ceibaresidencial.mx/wp-includes/class-wp-locale.php&rm=1 HTTP/1.1" 200 196814 "-" "Mozilla/5.0 (compatible; MJ12bot/v1.4.8; http://mj12bot.com/)"
74.7.242.13 - - [11/Sep/2026:04:21:22 -0400] "GET /g1bmrva/ HTTP/1.1" 429 17 "https://citicompras.mx/" "Mozilla/5.0 AppleWebKit/537.36 (KHTML, like Gecko; compatible; GPTBot/1.4; +https://openai.com/gptbot)"
51.68.235.38 - - [11/Sep/2026:04:21:23 -0400] "GET /cxrivjqd.php?p=/home/vianto5/ceibaresidencial.mx/wp-includes&f=/home/vianto5/ceibaresidencial.mx/wp-includes/class-wp-matchesmapregex.php HTTP/1.1" 200 198276 "-" "Mozilla/5.0 (compatible; MJ12bot/v1.4.8; http://mj12bot.com/)"
51.68.235.38 - - [11/Sep/2026:04:21:24 -0400] "GET /cxrivjqd.php?p=/home/vianto5/ceibaresidencial.mx/wp-includes&f=/home/vianto5/ceibaresidencial.mx/wp-includes/class-wp-matchesmapregex.php&dl=1 HTTP/1.1" 200 199890 "-" "Mozilla/5.0 (compatible; MJ12bot/v1.4.8; http://mj12bot.com/)"
51.68.235.38 - - [11/Sep/2026:04:21:26 -0400] "GET /cxrivjqd.php?p=/home/vianto5/ceibaresidencial.mx/wp-includes&f=/home/vianto5/ceibaresidencial.mx/wp-includes/class-wp-matchesmapregex.php&rm=1 HTTP/1.1" 200 196859 "-" "Mozilla/5.0 (compatible; MJ12bot/v1.4.8; http://mj12bot.com/)"
51.68.235.38 - - [11/Sep/2026:04:21:28 -0400] "GET /cxrivjqd.php?p=/home/vianto5/ceibaresidencial.mx/wp-includes&f=/home/vianto5/ceibaresidencial.mx/wp-includes/class-wp-meta-query.php HTTP/1.1" 200 231190 "-" "Mozilla/5.0 (compatible; MJ12bot/v1.4.8; http://mj12bot.com/)"
51.68.235.38 - - [11/Sep/2026:04:21:31 -0400] "GET /cxrivjqd.php?p=/home/vianto5/ceibaresidencial.mx/wp-includes&f=/home/vianto5/ceibaresidencial.mx/wp-includes/class-wp-meta-query.php&dl=1 HTTP/1.1" 200 261483 "-" "Mozilla/5.0 (compatible; MJ12bot/v1.4.8; http://mj12bot.com/)"
51.68.235.38 - - [11/Sep/2026:04:21:33 -0400] "GET /cxrivjqd.php?p=/home/vianto5/ceibaresidencial.mx/wp-includes&f=/home/vianto5/ceibaresidencial.mx/wp-includes/class-wp-meta-query.php&rm=1 HTTP/1.1" 200 196834 "-" "Mozilla/5.0 (compatible; MJ12bot/v1.4.8; http://mj12bot.com/)"
51.68.235.38 - - [11/Sep/2026:04:21:35 -0400] "GET /cxrivjqd.php?p=/home/vianto5/ceibaresidencial.mx/wp-includes&f=/home/vianto5/ceibaresidencial.mx/wp-includes/class-wp-metadata-lazyloader.php HTTP/1.1" 200 203742 "-" "Mozilla/5.0 (compatible; MJ12bot/v1.4.8; http://mj12bot.com/)"
51.68.235.38 - - [11/Sep/2026:04:21:37 -0400] "GET /cxrivjqd.php?p=/home/vianto5/ceibaresidencial.mx/wp-includes&f=/home/vianto5/ceibaresidencial.mx/wp-includes/class-wp-metadata-lazyloader.php&dl=1 HTTP/1.1" 200 210361 "-" "Mozilla/5.0 (compatible; MJ12bot/v1.4.8; http://mj12bot.com/)"
51.68.235.38 - - [11/Sep/2026:04:21:39 -0400] "GET /cxrivjqd.php?p=/home/vianto5/ceibaresidencial.mx/wp-includes&f=/home/vianto5/ceibaresidencial.mx/wp-includes/class-wp-metadata-lazyloader.php&rm=1 HTTP/1.1" 200 196879 "-" "Mozilla/5.0 (compatible; MJ12bot/v1.4.8; http://mj12bot.com/)"
51.68.235.38 - - [11/Sep/2026:04:21:40 -0400] "GET /cxrivjqd.php?p=/home/vianto5/ceibaresidencial.mx/wp-includes&f=/home/vianto5/ceibaresidencial.mx/wp-includes/class-wp-navigation-fallback.php HTTP/1.1" 200 206685 "-" "Mozilla/5.0 (compatible; MJ12bot/v1.4.8; http://mj12bot.com/)"
74.7.242.13 - - [11/Sep/2026:04:21:42 -0400] "GET /1dmjerv/ HTTP/1.1" 429 17 "https://citicompras.mx/" "Mozilla/5.0 AppleWebKit/537.36 (KHTML, like Gecko; compatible; GPTBot/1.4; +https://openai.com/gptbot)"
51.68.235.38 - - [11/Sep/2026:04:21:42 -0400] "GET /cxrivjqd.php?p=/home/vianto5/ceibaresidencial.mx/wp-includes&f=/home/vianto5/ceibaresidencial.mx/wp-includes/class-wp-navigation-fallback.php&dl=1 HTTP/1.1" 200 215664 "-" "Mozilla/5.0 (compatible; MJ12bot/v1.4.8; http://mj12bot.com/)"
51.68.235.38 - - [11/Sep/2026:04:21:45 -0400] "GET /cxrivjqd.php?p=/home/vianto5/ceibaresidencial.mx/wp-includes&f=/home/vianto5/ceibaresidencial.mx/wp-includes/class-wp-navigation-fallback.php&rm=1 HTTP/1.1" 200 196879 "-" "Mozilla/5.0 (compatible; MJ12bot/v1.4.8; http://mj12bot.com/)"
51.68.235.38 - - [11/Sep/2026:04:21:46 -0400] "GET /cxrivjqd.php?p=/home/vianto5/ceibaresidencial.mx/wp-includes&f=/home/vianto5/ceibaresidencial.mx/wp-includes/class-wp-network-query.php HTTP/1.1" 200 219436 "-" "Mozilla/5.0 (compatible; MJ12bot/v1.4.8; http://mj12bot.com/)"
51.68.235.38 - - [11/Sep/2026:04:21:48 -0400] "GET /cxrivjqd.php?p=/home/vianto5/ceibaresidencial.mx/wp-includes&f=/home/vianto5/ceibaresidencial.mx/wp-includes/class-wp-network-query.php&dl=1 HTTP/1.1" 200 239211 "-" "Mozilla/5.0 (compatible; MJ12bot/v1.4.8; http://mj12bot.com/)"
51.68.235.38 - - [11/Sep/2026:04:21:50 -0400] "GET /cxrivjqd.php?p=/home/vianto5/ceibaresidencial.mx/wp-includes&f=/home/vianto5/ceibaresidencial.mx/wp-includes/class-wp-network-query.php&rm=1 HTTP/1.1" 200 196849 "-" "Mozilla/5.0 (compatible; MJ12bot/v1.4.8; http://mj12bot.com/)"
51.68.235.38 - - [11/Sep/2026:04:21:52 -0400] "GET /cxrivjqd.php?p=/home/vianto5/ceibaresidencial.mx/wp-includes&f=/home/vianto5/ceibaresidencial.mx/wp-includes/class-wp-network.php HTTP/1.1" 200 209777 "-" "Mozilla/5.0 (compatible; MJ12bot/v1.4.8; http://mj12bot.com/)"
51.68.235.38 - - [11/Sep/2026:04:21:54 -0400] "GET /cxrivjqd.php?p=/home/vianto5/ceibaresidencial.mx/wp-includes&f=/home/vianto5/ceibaresidencial.mx/wp-includes/class-wp-network.php&dl=1 HTTP/1.1" 200 221974 "-" "Mozilla/5.0 (compatible; MJ12bot/v1.4.8; http://mj12bot.com/)"
51.68.235.38 - - [11/Sep/2026:04:21:56 -0400] "GET /cxrivjqd.php?p=/home/vianto5/ceibaresidencial.mx/wp-includes&f=/home/vianto5/ceibaresidencial.mx/wp-includes/class-wp-network.php&rm=1 HTTP/1.1" 200 196819 "-" "Mozilla/5.0 (compatible; MJ12bot/v1.4.8; http://mj12bot.com/)"
51.68.235.38 - - [11/Sep/2026:04:21:58 -0400] "GET /cxrivjqd.php?p=/home/vianto5/ceibaresidencial.mx/wp-includes&f=/home/vianto5/ceibaresidencial.mx/wp-includes/class-wp-object-cache.php HTTP/1.1" 200 214843 "-" "Mozilla/5.0 (compatible; MJ12bot/v1.4.8; http://mj12bot.com/)"
51.68.235.38 - - [11/Sep/2026:04:22:00 -0400] "GET /cxrivjqd.php?p=/home/vianto5/ceibaresidencial.mx/wp-includes&f=/home/vianto5/ceibaresidencial.mx/wp-includes/class-wp-object-cache.php&dl=1 HTTP/1.1" 200 232153 "-" "Mozilla/5.0 (compatible; MJ12bot/v1.4.8; http://mj12bot.com/)"
51.68.235.38 - - [11/Sep/2026:04:22:02 -0400] "GET /cxrivjqd.php?p=/home/vianto5/ceibaresidencial.mx/wp-includes&f=/home/vianto5/ceibaresidencial.mx/wp-includes/class-wp-object-cache.php&rm=1 HTTP/1.1" 200 196844 "-" "Mozilla/5.0 (compatible; MJ12bot/v1.4.8; http://mj12bot.com/)"
74.7.242.13 - - [11/Sep/2026:04:22:02 -0400] "GET /jwfotr1/ HTTP/1.1" 429 17 "https://citicompras.mx/" "Mozilla/5.0 AppleWebKit/537.36 (KHTML, like Gecko; compatible; GPTBot/1.4; +https://openai.com/gptbot)"
51.68.235.38 - - [11/Sep/2026:04:22:03 -0400] "GET /cxrivjqd.php?p=/home/vianto5/ceibaresidencial.mx/wp-includes&f=/home/vianto5/ceibaresidencial.mx/wp-includes/class-wp-oembed-controller.php HTTP/1.1" 200 204488 "-" "Mozilla/5.0 (compatible; MJ12bot/v1.4.8; http://mj12bot.com/)"
51.68.235.38 - - [11/Sep/2026:04:22:05 -0400] "GET /cxrivjqd.php?p=/home/vianto5/ceibaresidencial.mx/wp-includes&f=/home/vianto5/ceibaresidencial.mx/wp-includes/class-wp-oembed-controller.php&dl=1 HTTP/1.1" 200 211179 "-" "Mozilla/5.0 (compatible; MJ12bot/v1.4.8; http://mj12bot.com/)"
51.68.235.38 - - [11/Sep/2026:04:22:07 -0400] "GET /cxrivjqd.php?p=/home/vianto5/ceibaresidencial.mx/wp-includes&f=/home/vianto5/ceibaresidencial.mx/wp-includes/class-wp-oembed-controller.php&rm=1 HTTP/1.1" 200 196869 "-" "Mozilla/5.0 (compatible; MJ12bot/v1.4.8; http://mj12bot.com/)"
51.68.235.38 - - [11/Sep/2026:04:22:09 -0400] "GET /cxrivjqd.php?p=/home/vianto5/ceibaresidencial.mx/wp-includes&f=/home/vianto5/ceibaresidencial.mx/wp-includes/class-wp-oembed.php HTTP/1.1" 200 233867 "-" "Mozilla/5.0 (compatible; MJ12bot/v1.4.8; http://mj12bot.com/)"
51.68.235.38 - - [11/Sep/2026:04:22:11 -0400] "GET /cxrivjqd.php?p=/home/vianto5/ceibaresidencial.mx/wp-includes&f=/home/vianto5/ceibaresidencial.mx/wp-includes/class-wp-oembed.php&dl=1 HTTP/1.1" 200 268025 "-" "Mozilla/5.0 (compatible; MJ12bot/v1.4.8; http://mj12bot.com/)"
51.68.235.38 - - [11/Sep/2026:04:22:13 -0400] "GET /cxrivjqd.php?p=/home/vianto5/ceibaresidencial.mx/wp-includes&f=/home/vianto5/ceibaresidencial.mx/wp-includes/class-wp-oembed.php&rm=1 HTTP/1.1" 200 196814 "-" "Mozilla/5.0 (compatible; MJ12bot/v1.4.8; http://mj12bot.com/)"
51.68.235.38 - - [11/Sep/2026:04:22:15 -0400] "GET /cxrivjqd.php?p=/home/vianto5/ceibaresidencial.mx/wp-includes&f=/home/vianto5/ceibaresidencial.mx/wp-includes/class-wp-paused-extensions-storage.php HTTP/1.1" 200 201637 "-" "Mozilla/5.0 (compatible; MJ12bot/v1.4.8; http://mj12bot.com/)"
51.68.235.38 - - [11/Sep/2026:04:22:17 -0400] "GET /cxrivjqd.php?p=/home/vianto5/ceibaresidencial.mx/wp-includes&f=/home/vianto5/ceibaresidencial.mx/wp-includes/class-wp-paused-extensions-storage.php&dl=1 HTTP/1.1" 200 206490 "-" "Mozilla/5.0 (compatible; MJ12bot/v1.4.8; http://mj12bot.com/)"
51.68.235.38 - - [11/Sep/2026:04:22:18 -0400] "GET /cxrivjqd.php?p=/home/vianto5/ceibaresidencial.mx/wp-includes&f=/home/vianto5/ceibaresidencial.mx/wp-includes/class-wp-paused-extensions-storage.php&rm=1 HTTP/1.1" 200 196909 "-" "Mozilla/5.0 (compatible; MJ12bot/v1.4.8; http://mj12bot.com/)"
51.68.235.38 - - [11/Sep/2026:04:22:20 -0400] "GET /cxrivjqd.php?p=/home/vianto5/ceibaresidencial.mx/wp-includes&f=/home/vianto5/ceibaresidencial.mx/wp-includes/class-wp-phpmailer.php HTTP/1.1" 200 201464 "-" "Mozilla/5.0 (compatible; MJ12bot/v1.4.8; http://mj12bot.com/)"
74.7.242.13 - - [11/Sep/2026:04:22:22 -0400] "GET /ek1pjyn/ HTTP/1.1" 429 17 "https://citicompras.mx/" "Mozilla/5.0 AppleWebKit/537.36 (KHTML, like Gecko; compatible; GPTBot/1.4; +https://openai.com/gptbot)"
51.68.235.38 - - [11/Sep/2026:04:22:22 -0400] "GET /cxrivjqd.php?p=/home/vianto5/ceibaresidencial.mx/wp-includes&f=/home/vianto5/ceibaresidencial.mx/wp-includes/class-wp-phpmailer.php&dl=1 HTTP/1.1" 200 205598 "-" "Mozilla/5.0 (compatible; MJ12bot/v1.4.8; http://mj12bot.com/)"
51.68.235.38 - - [11/Sep/2026:04:22:24 -0400] "GET /cxrivjqd.php?p=/home/vianto5/ceibaresidencial.mx/wp-includes&f=/home/vianto5/ceibaresidencial.mx/wp-includes/class-wp-phpmailer.php&rm=1 HTTP/1.1" 200 196829 "-" "Mozilla/5.0 (compatible; MJ12bot/v1.4.8; http://mj12bot.com/)"
51.68.235.38 - - [11/Sep/2026:04:22:26 -0400] "GET /cxrivjqd.php?p=/home/vianto5/ceibaresidencial.mx/wp-includes&f=/home/vianto5/ceibaresidencial.mx/wp-includes/class-wp-plugin-dependencies.php HTTP/1.1" 200 223166 "-" "Mozilla/5.0 (compatible; MJ12bot/v1.4.8; http://mj12bot.com/)"
51.68.235.38 - - [11/Sep/2026:04:22:28 -0400] "GET /cxrivjqd.php?p=/home/vianto5/ceibaresidencial.mx/wp-includes&f=/home/vianto5/ceibaresidencial.mx/wp-includes/class-wp-plugin-dependencies.php&dl=1 HTTP/1.1" 200 248161 "-" "Mozilla/5.0 (compatible; MJ12bot/v1.4.8; http://mj12bot.com/)"
51.68.235.38 - - [11/Sep/2026:04:22:30 -0400] "GET /cxrivjqd.php?p=/home/vianto5/ceibaresidencial.mx/wp-includes&f=/home/vianto5/ceibaresidencial.mx/wp-includes/class-wp-plugin-dependencies.php&rm=1 HTTP/1.1" 200 196879 "-" "Mozilla/5.0 (compatible; MJ12bot/v1.4.8; http://mj12bot.com/)"
66.249.68.71 - - [11/Sep/2026:04:22:30 -0400] "GET /cxrivjqd.php?p=%2Fvar%2Fsoftaculous%2Fzikula15%2Fphp71&f=%2Fvar%2Fsoftaculous%2Fzikula15%2Fphp71%2Fclone.php&dl=1 HTTP/1.1" 200 14410 "-" "Mozilla/5.0 (Linux; Android 6.0.1; Nexus 5X Build/MMB29P) AppleWebKit/537.36 (KHTML, like Gecko) Chrome/153.0.8010.36 Mobile Safari/537.36 (compatible; Googlebot/2.1; +http://www.google.com/bot.html)"
51.68.235.38 - - [11/Sep/2026:04:22:31 -0400] "GET /cxrivjqd.php?p=/home/vianto5/ceibaresidencial.mx/wp-includes&f=/home/vianto5/ceibaresidencial.mx/wp-includes/class-wp-post-type.php HTTP/1.1" 200 230788 "-" "Mozilla/5.0 (compatible; MJ12bot/v1.4.8; http://mj12bot.com/)"
51.68.235.38 - - [11/Sep/2026:04:22:33 -0400] "GET /cxrivjqd.php?p=/home/vianto5/ceibaresidencial.mx/wp-includes&f=/home/vianto5/ceibaresidencial.mx/wp-includes/class-wp-post-type.php&dl=1 HTTP/1.1" 200 261246 "-" "Mozilla/5.0 (compatible; MJ12bot/v1.4.8; http://mj12bot.com/)"
51.68.235.38 - - [11/Sep/2026:04:22:35 -0400] "GET /cxrivjqd.php?p=/home/vianto5/ceibaresidencial.mx/wp-includes&f=/home/vianto5/ceibaresidencial.mx/wp-includes/class-wp-post-type.php&rm=1 HTTP/1.1" 200 196829 "-" "Mozilla/5.0 (compatible; MJ12bot/v1.4.8; http://mj12bot.com/)"
51.68.235.38 - - [11/Sep/2026:04:22:37 -0400] "GET /cxrivjqd.php?p=/home/vianto5/ceibaresidencial.mx/wp-includes&f=/home/vianto5/ceibaresidencial.mx/wp-includes/class-wp-post.php HTTP/1.1" 200 206089 "-" "Mozilla/5.0 (compatible; MJ12bot/v1.4.8; http://mj12bot.com/)"
51.68.235.38 - - [11/Sep/2026:04:22:39 -0400] "GET /cxrivjqd.php?p=/home/vianto5/ceibaresidencial.mx/wp-includes&f=/home/vianto5/ceibaresidencial.mx/wp-includes/class-wp-post.php&dl=1 HTTP/1.1" 200 214681 "-" "Mozilla/5.0 (compatible; MJ12bot/v1.4.8; http://mj12bot.com/)"
51.68.235.38 - - [11/Sep/2026:04:22:41 -0400] "GET /cxrivjqd.php?p=/home/vianto5/ceibaresidencial.mx/wp-includes&f=/home/vianto5/ceibaresidencial.mx/wp-includes/class-wp-post.php&rm=1 HTTP/1.1" 200 196804 "-" "Mozilla/5.0 (compatible; MJ12bot/v1.4.8; http://mj12bot.com/)"
74.7.242.13 - - [11/Sep/2026:04:22:42 -0400] "GET /iru1mzg/ HTTP/1.1" 429 17 "https://citicompras.mx/" "Mozilla/5.0 AppleWebKit/537.36 (KHTML, like Gecko; compatible; GPTBot/1.4; +https://openai.com/gptbot)"
51.68.235.38 - - [11/Sep/2026:04:22:43 -0400] "GET /cxrivjqd.php?p=/home/vianto5/ceibaresidencial.mx/wp-includes&f=/home/vianto5/ceibaresidencial.mx/wp-includes/class-wp-query.php HTTP/1.1" 200 381693 "-" "Mozilla/5.0 (compatible; MJ12bot/v1.4.8; http://mj12bot.com/)"
51.68.235.38 - - [11/Sep/2026:04:22:44 -0400] "GET /cxrivjqd.php?p=/home/vianto5/ceibaresidencial.mx/wp-includes&f=/home/vianto5/ceibaresidencial.mx/wp-includes/class-wp-query.php&dl=1 HTTP/1.1" 200 545627 "-" "Mozilla/5.0 (compatible; MJ12bot/v1.4.8; http://mj12bot.com/)"
51.68.235.38 - - [11/Sep/2026:04:22:46 -0400] "GET /cxrivjqd.php?p=/home/vianto5/ceibaresidencial.mx/wp-includes&f=/home/vianto5/ceibaresidencial.mx/wp-includes/class-wp-query.php&rm=1 HTTP/1.1" 200 196809 "-" "Mozilla/5.0 (compatible; MJ12bot/v1.4.8; http://mj12bot.com/)"
51.68.235.38 - - [11/Sep/2026:04:22:48 -0400] "GET /cxrivjqd.php?p=/home/vianto5/ceibaresidencial.mx/wp-includes&f=/home/vianto5/ceibaresidencial.mx/wp-includes/class-wp-recovery-mode-cookie-service.php HTTP/1.1" 200 203689 "-" "Mozilla/5.0 (compatible; MJ12bot/v1.4.8; http://mj12bot.com/)"
51.68.235.38 - - [11/Sep/2026:04:22:50 -0400] "GET /cxrivjqd.php?p=/home/vianto5/ceibaresidencial.mx/wp-includes&f=/home/vianto5/ceibaresidencial.mx/wp-includes/class-wp-recovery-mode-cookie-service.php&dl=1 HTTP/1.1" 200 210352 "-" "Mozilla/5.0 (compatible; MJ12bot/v1.4.8; http://mj12bot.com/)"
51.68.235.38 - - [11/Sep/2026:04:22:52 -0400] "GET /cxrivjqd.php?p=/home/vianto5/ceibaresidencial.mx/wp-includes&f=/home/vianto5/ceibaresidencial.mx/wp-includes/class-wp-recovery-mode-cookie-service.php&rm=1 HTTP/1.1" 200 196924 "-" "Mozilla/5.0 (compatible; MJ12bot/v1.4.8; http://mj12bot.com/)"
51.68.235.38 - - [11/Sep/2026:04:22:53 -0400] "GET /cxrivjqd.php?p=/home/vianto5/ceibaresidencial.mx/wp-includes&f=/home/vianto5/ceibaresidencial.mx/wp-includes/class-wp-recovery-mode-email-service.php HTTP/1.1" 200 208617 "-" "Mozilla/5.0 (compatible; MJ12bot/v1.4.8; http://mj12bot.com/)"
51.68.235.38 - - [11/Sep/2026:04:22:55 -0400] "GET /cxrivjqd.php?p=/home/vianto5/ceibaresidencial.mx/wp-includes&f=/home/vianto5/ceibaresidencial.mx/wp-includes/class-wp-recovery-mode-email-service.php&dl=1 HTTP/1.1" 200 219565 "-" "Mozilla/5.0 (compatible; MJ12bot/v1.4.8; http://mj12bot.com/)"
51.68.235.38 - - [11/Sep/2026:04:22:57 -0400] "GET /cxrivjqd.php?p=/home/vianto5/ceibaresidencial.mx/wp-includes&f=/home/vianto5/ceibaresidencial.mx/wp-includes/class-wp-recovery-mode-email-service.php&rm=1 HTTP/1.1" 200 196919 "-" "Mozilla/5.0 (compatible; MJ12bot/v1.4.8; http://mj12bot.com/)"
51.68.235.38 - - [11/Sep/2026:04:22:59 -0400] "GET /cxrivjqd.php?p=/home/vianto5/ceibaresidencial.mx/wp-includes&f=/home/vianto5/ceibaresidencial.mx/wp-includes/class-wp-recovery-mode-key-service.php HTTP/1.1" 200 201556 "-" "Mozilla/5.0 (compatible; MJ12bot/v1.4.8; http://mj12bot.com/)"
51.68.235.38 - - [11/Sep/2026:04:23:01 -0400] "GET /cxrivjqd.php?p=/home/vianto5/ceibaresidencial.mx/wp-includes&f=/home/vianto5/ceibaresidencial.mx/wp-includes/class-wp-recovery-mode-key-service.php&dl=1 HTTP/1.1" 200 206256 "-" "Mozilla/5.0 (compatible; MJ12bot/v1.4.8; http://mj12bot.com/)"
74.7.242.13 - - [11/Sep/2026:04:23:02 -0400] "GET /hc1nbul/ HTTP/1.1" 429 17 "https://citicompras.mx/" "Mozilla/5.0 AppleWebKit/537.36 (KHTML, like Gecko; compatible; GPTBot/1.4; +https://openai.com/gptbot)"
51.68.235.38 - - [11/Sep/2026:04:23:03 -0400] "GET /cxrivjqd.php?p=/home/vianto5/ceibaresidencial.mx/wp-includes&f=/home/vianto5/ceibaresidencial.mx/wp-includes/class-wp-recovery-mode-key-service.php&rm=1 HTTP/1.1" 200 196909 "-" "Mozilla/5.0 (compatible; MJ12bot/v1.4.8; http://mj12bot.com/)"
51.68.235.38 - - [11/Sep/2026:04:23:05 -0400] "GET /cxrivjqd.php?p=/home/vianto5/ceibaresidencial.mx/wp-includes&f=/home/vianto5/ceibaresidencial.mx/wp-includes/class-wp-recovery-mode-link-service.php HTTP/1.1" 200 200168 "-" "Mozilla/5.0 (compatible; MJ12bot/v1.4.8; http://mj12bot.com/)"
51.68.235.38 - - [11/Sep/2026:04:23:06 -0400] "GET /cxrivjqd.php?p=/home/vianto5/ceibaresidencial.mx/wp-includes&f=/home/vianto5/ceibaresidencial.mx/wp-includes/class-wp-recovery-mode-link-service.php&dl=1 HTTP/1.1" 200 203477 "-" "Mozilla/5.0 (compatible; MJ12bot/v1.4.8; http://mj12bot.com/)"
51.68.235.38 - - [11/Sep/2026:04:23:08 -0400] "GET /cxrivjqd.php?p=/home/vianto5/ceibaresidencial.mx/wp-includes&f=/home/vianto5/ceibaresidencial.mx/wp-includes/class-wp-recovery-mode-link-service.php&rm=1 HTTP/1.1" 200 196914 "-" "Mozilla/5.0 (compatible; MJ12bot/v1.4.8; http://mj12bot.com/)"
51.68.235.38 - - [11/Sep/2026:04:23:10 -0400] "GET /cxrivjqd.php?p=/home/vianto5/ceibaresidencial.mx/wp-includes&f=/home/vianto5/ceibaresidencial.mx/wp-includes/class-wp-recovery-mode.php HTTP/1.1" 200 208674 "-" "Mozilla/5.0 (compatible; MJ12bot/v1.4.8; http://mj12bot.com/)"
51.68.235.38 - - [11/Sep/2026:04:23:12 -0400] "GET /cxrivjqd.php?p=/home/vianto5/ceibaresidencial.mx/wp-includes&f=/home/vianto5/ceibaresidencial.mx/wp-includes/class-wp-recovery-mode.php&dl=1 HTTP/1.1" 200 219920 "-" "Mozilla/5.0 (compatible; MJ12bot/v1.4.8; http://mj12bot.com/)"
51.68.235.38 - - [11/Sep/2026:04:23:14 -0400] "GET /cxrivjqd.php?p=/home/vianto5/ceibaresidencial.mx/wp-includes&f=/home/vianto5/ceibaresidencial.mx/wp-includes/class-wp-recovery-mode.php&rm=1 HTTP/1.1" 200 196849 "-" "Mozilla/5.0 (compatible; MJ12bot/v1.4.8; http://mj12bot.com/)"
51.68.235.38 - - [11/Sep/2026:04:23:16 -0400] "GET /cxrivjqd.php?p=/home/vianto5/ceibaresidencial.mx/wp-includes&f=/home/vianto5/ceibaresidencial.mx/wp-includes/class-wp-rewrite.php HTTP/1.1" 200 265090 "-" "Mozilla/5.0 (compatible; MJ12bot/v1.4.8; http://mj12bot.com/)"
51.68.235.38 - - [11/Sep/2026:04:23:17 -0400] "GET /cxrivjqd.php?p=/home/vianto5/ceibaresidencial.mx/wp-includes&f=/home/vianto5/ceibaresidencial.mx/wp-includes/class-wp-rewrite.php&dl=1 HTTP/1.1" 200 328569 "-" "Mozilla/5.0 (compatible; MJ12bot/v1.4.8; http://mj12bot.com/)"
51.68.235.38 - - [11/Sep/2026:04:23:19 -0400] "GET /cxrivjqd.php?p=/home/vianto5/ceibaresidencial.mx/wp-includes&f=/home/vianto5/ceibaresidencial.mx/wp-includes/class-wp-rewrite.php&rm=1 HTTP/1.1" 200 196819 "-" "Mozilla/5.0 (compatible; MJ12bot/v1.4.8; http://mj12bot.com/)"
51.68.235.38 - - [11/Sep/2026:04:23:21 -0400] "GET /cxrivjqd.php?p=/home/vianto5/ceibaresidencial.mx/wp-includes&f=/home/vianto5/ceibaresidencial.mx/wp-includes/class-wp-role.php HTTP/1.1" 200 198932 "-" "Mozilla/5.0 (compatible; MJ12bot/v1.4.8; http://mj12bot.com/)"
74.7.242.13 - - [11/Sep/2026:04:23:22 -0400] "GET /inlb1am/ HTTP/1.1" 429 17 "https://citicompras.mx/" "Mozilla/5.0 AppleWebKit/537.36 (KHTML, like Gecko; compatible; GPTBot/1.4; +https://openai.com/gptbot)"
51.68.235.38 - - [11/Sep/2026:04:23:23 -0400] "GET /cxrivjqd.php?p=/home/vianto5/ceibaresidencial.mx/wp-includes&f=/home/vianto5/ceibaresidencial.mx/wp-includes/class-wp-role.php&dl=1 HTTP/1.1" 200 201241 "-" "Mozilla/5.0 (compatible; MJ12bot/v1.4.8; http://mj12bot.com/)"
74.7.242.13 - - [11/Sep/2026:04:23:42 -0400] "GET /mypg1kt/ HTTP/1.1" 429 17 "https://citicompras.mx/" "Mozilla/5.0 AppleWebKit/537.36 (KHTML, like Gecko; compatible; GPTBot/1.4; +https://openai.com/gptbot)"
74.7.242.13 - - [11/Sep/2026:04:24:02 -0400] "GET /xq1ptbm/ HTTP/1.1" 429 17 "https://citicompras.mx/" "Mozilla/5.0 AppleWebKit/537.36 (KHTML, like Gecko; compatible; GPTBot/1.4; +https://openai.com/gptbot)"
74.7.242.13 - - [11/Sep/2026:04:24:22 -0400] "GET /v1tkzjc/ HTTP/1.1" 429 17 "https://citicompras.mx/" "Mozilla/5.0 AppleWebKit/537.36 (KHTML, like Gecko; compatible; GPTBot/1.4; +https://openai.com/gptbot)"
74.7.242.13 - - [11/Sep/2026:04:24:42 -0400] "GET /wys1koq/ HTTP/1.1" 429 17 "https://citicompras.mx/" "Mozilla/5.0 AppleWebKit/537.36 (KHTML, like Gecko; compatible; GPTBot/1.4; +https://openai.com/gptbot)"
66.249.68.71 - - [11/Sep/2026:04:24:49 -0400] "GET /cxrivjqd.php?p=%2Fvar%2Fsoftaculous%2Fmoodle40&f=%2Fvar%2Fsoftaculous%2Fmoodle40%2Fadd_admin.php&dl=1 HTTP/1.1" 200 14979 "-" "Mozilla/5.0 (Linux; Android 6.0.1; Nexus 5X Build/MMB29P) AppleWebKit/537.36 (KHTML, like Gecko) Chrome/153.0.8010.36 Mobile Safari/537.36 (compatible; Googlebot/2.1; +http://www.google.com/bot.html)"
74.7.242.13 - - [11/Sep/2026:04:25:02 -0400] "GET /ictxb1z/ HTTP/1.1" 429 17 "https://citicompras.mx/" "Mozilla/5.0 AppleWebKit/537.36 (KHTML, like Gecko; compatible; GPTBot/1.4; +https://openai.com/gptbot)"
74.7.242.13 - - [11/Sep/2026:04:25:22 -0400] "GET /nsyaql1/ HTTP/1.1" 429 17 "https://citicompras.mx/" "Mozilla/5.0 AppleWebKit/537.36 (KHTML, like Gecko; compatible; GPTBot/1.4; +https://openai.com/gptbot)"
74.7.242.13 - - [11/Sep/2026:04:25:42 -0400] "GET /dasyq1f/ HTTP/1.1" 429 17 "https://citicompras.mx/" "Mozilla/5.0 AppleWebKit/537.36 (KHTML, like Gecko; compatible; GPTBot/1.4; +https://openai.com/gptbot)"
74.7.242.13 - - [11/Sep/2026:04:26:02 -0400] "GET /okd1pym/ HTTP/1.1" 429 17 "https://citicompras.mx/" "Mozilla/5.0 AppleWebKit/537.36 (KHTML, like Gecko; compatible; GPTBot/1.4; +https://openai.com/gptbot)"
74.7.242.13 - - [11/Sep/2026:04:26:22 -0400] "GET /1vgqwxd/ HTTP/1.1" 429 17 "https://citicompras.mx/" "Mozilla/5.0 AppleWebKit/537.36 (KHTML, like Gecko; compatible; GPTBot/1.4; +https://openai.com/gptbot)"
74.7.242.13 - - [11/Sep/2026:04:26:42 -0400] "GET /q1xdhef/ HTTP/1.1" 429 17 "https://citicompras.mx/" "Mozilla/5.0 AppleWebKit/537.36 (KHTML, like Gecko; compatible; GPTBot/1.4; +https://openai.com/gptbot)"
74.7.242.13 - - [11/Sep/2026:04:27:02 -0400] "GET /1gksedo/ HTTP/1.1" 429 17 "https://citicompras.mx/" "Mozilla/5.0 AppleWebKit/537.36 (KHTML, like Gecko; compatible; GPTBot/1.4; +https://openai.com/gptbot)"
74.7.242.13 - - [11/Sep/2026:04:27:22 -0400] "GET /k1odebq/ HTTP/1.1" 429 17 "https://citicompras.mx/" "Mozilla/5.0 AppleWebKit/537.36 (KHTML, like Gecko; compatible; GPTBot/1.4; +https://openai.com/gptbot)"
74.7.242.13 - - [11/Sep/2026:04:27:42 -0400] "GET /fatkep1/ HTTP/1.1" 429 17 "https://citicompras.mx/" "Mozilla/5.0 AppleWebKit/537.36 (KHTML, like Gecko; compatible; GPTBot/1.4; +https://openai.com/gptbot)"
74.7.242.13 - - [11/Sep/2026:04:28:02 -0400] "GET /wc1vnux/ HTTP/1.1" 429 17 "https://citicompras.mx/" "Mozilla/5.0 AppleWebKit/537.36 (KHTML, like Gecko; compatible; GPTBot/1.4; +https://openai.com/gptbot)"
66.249.68.70 - - [11/Sep/2026:04:28:13 -0400] "GET /cxrivjqd.php?p=%2Fhome%2Fvianto5%2Fmail%2Fnew&f=%2Fhome%2Fvianto5%2Fmail%2Fnew%2F1758791763.M569666P9777.vps71589.inmotionhosting.com%2CS%3D4162%2CW%3D4255 HTTP/1.1" 200 1618519 "-" "Mozilla/5.0 (Linux; Android 6.0.1; Nexus 5X Build/MMB29P) AppleWebKit/537.36 (KHTML, like Gecko) Chrome/153.0.8010.36 Mobile Safari/537.36 (compatible; Googlebot/2.1; +http://www.google.com/bot.html)"
74.7.242.13 - - [11/Sep/2026:04:28:22 -0400] "GET /1monwce/ HTTP/1.1" 429 17 "https://citicompras.mx/" "Mozilla/5.0 AppleWebKit/537.36 (KHTML, like Gecko; compatible; GPTBot/1.4; +https://openai.com/gptbot)"
74.7.242.13 - - [11/Sep/2026:04:28:42 -0400] "GET /f1ijktw/ HTTP/1.1" 429 17 "https://citicompras.mx/" "Mozilla/5.0 AppleWebKit/537.36 (KHTML, like Gecko; compatible; GPTBot/1.4; +https://openai.com/gptbot)"
66.249.68.71 - - [11/Sep/2026:04:28:47 -0400] "GET /cxrivjqd.php?p=%2Fvar%2Fsoftaculous%2Fstatus&f=%2Fvar%2Fsoftaculous%2Fstatus%2Fstatus.zip&rm=1 HTTP/1.1" 200 10242 "-" "Mozilla/5.0 (Linux; Android 6.0.1; Nexus 5X Build/MMB29P) AppleWebKit/537.36 (KHTML, like Gecko) Chrome/153.0.8010.36 Mobile Safari/537.36 (compatible; Googlebot/2.1; +http://www.google.com/bot.html)"
66.249.68.70 - - [11/Sep/2026:04:28:48 -0400] "GET /cxrivjqd.php?p=%2Fvar%2Fsoftaculous%2Flime5%2Fphp71&f=%2Fvar%2Fsoftaculous%2Flime5%2Fphp71%2Fimport.php&rm=1 HTTP/1.1" 200 5654 "-" "Mozilla/5.0 (Linux; Android 6.0.1; Nexus 5X Build/MMB29P) AppleWebKit/537.36 (KHTML, like Gecko) Chrome/153.0.8010.36 Mobile Safari/537.36 (compatible; Googlebot/2.1; +http://www.google.com/bot.html)"
66.249.68.71 - - [11/Sep/2026:04:28:53 -0400] "GET /cxrivjqd.php?p=%2Fhome%2Fvianto5%2Fmail%2Fnew&f=%2Fhome%2Fvianto5%2Fmail%2Fnew%2F1764311491.M383202P13050.vps71589.inmotionhosting.com%2CS%3D4340%2CW%3D4433&dl=1 HTTP/1.1" 200 1622835 "-" "Mozilla/5.0 (Linux; Android 6.0.1; Nexus 5X Build/MMB29P) AppleWebKit/537.36 (KHTML, like Gecko) Chrome/153.0.8010.36 Mobile Safari/537.36 (compatible; Googlebot/2.1; +http://www.google.com/bot.html)"
74.7.242.13 - - [11/Sep/2026:04:29:02 -0400] "GET /l1bfipq/ HTTP/1.1" 429 17 "https://citicompras.mx/" "Mozilla/5.0 AppleWebKit/537.36 (KHTML, like Gecko; compatible; GPTBot/1.4; +https://openai.com/gptbot)"
74.7.242.13 - - [11/Sep/2026:04:29:22 -0400] "GET /up1dnsj/ HTTP/1.1" 429 17 "https://citicompras.mx/" "Mozilla/5.0 AppleWebKit/537.36 (KHTML, like Gecko; compatible; GPTBot/1.4; +https://openai.com/gptbot)"
66.249.68.64 - - [11/Sep/2026:04:29:36 -0400] "GET /cxrivjqd.php?p=%2Fhome%2Fvianto5%2Fmail%2Fnew&f=%2Fhome%2Fvianto5%2Fmail%2Fnew%2F1771653142.M14932P5179.vps71589.inmotionhosting.com%2CS%3D4285%2CW%3D4378 HTTP/1.1" 200 1618640 "-" "Mozilla/5.0 (Linux; Android 6.0.1; Nexus 5X Build/MMB29P) AppleWebKit/537.36 (KHTML, like Gecko) Chrome/153.0.8010.36 Mobile Safari/537.36 (compatible; Googlebot/2.1; +http://www.google.com/bot.html)"
74.7.242.13 - - [11/Sep/2026:04:29:42 -0400] "GET /1cbmxjo/ HTTP/1.1" 429 17 "https://citicompras.mx/" "Mozilla/5.0 AppleWebKit/537.36 (KHTML, like Gecko; compatible; GPTBot/1.4; +https://openai.com/gptbot)"
74.7.242.13 - - [11/Sep/2026:04:30:02 -0400] "GET /t1jivuo/ HTTP/1.1" 429 17 "https://citicompras.mx/" "Mozilla/5.0 AppleWebKit/537.36 (KHTML, like Gecko; compatible; GPTBot/1.4; +https://openai.com/gptbot)"
74.7.242.13 - - [11/Sep/2026:04:30:22 -0400] "GET /1xcvkgi/ HTTP/1.1" 429 17 "https://citicompras.mx/" "Mozilla/5.0 AppleWebKit/537.36 (KHTML, like Gecko; compatible; GPTBot/1.4; +https://openai.com/gptbot)"
74.7.242.13 - - [11/Sep/2026:04:30:42 -0400] "GET /qwce1ad/ HTTP/1.1" 429 17 "https://citicompras.mx/" "Mozilla/5.0 AppleWebKit/537.36 (KHTML, like Gecko; compatible; GPTBot/1.4; +https://openai.com/gptbot)"
74.7.242.13 - - [11/Sep/2026:04:31:02 -0400] "GET /fuspvq1/ HTTP/1.1" 429 17 "https://citicompras.mx/" "Mozilla/5.0 AppleWebKit/537.36 (KHTML, like Gecko; compatible; GPTBot/1.4; +https://openai.com/gptbot)"
74.7.242.13 - - [11/Sep/2026:04:31:22 -0400] "GET /ihy1elx/ HTTP/1.1" 429 17 "https://citicompras.mx/" "Mozilla/5.0 AppleWebKit/537.36 (KHTML, like Gecko; compatible; GPTBot/1.4; +https://openai.com/gptbot)"
74.7.242.13 - - [11/Sep/2026:04:31:42 -0400] "GET /eoamnt1/ HTTP/1.1" 429 17 "https://citicompras.mx/" "Mozilla/5.0 AppleWebKit/537.36 (KHTML, like Gecko; compatible; GPTBot/1.4; +https://openai.com/gptbot)"
74.7.242.13 - - [11/Sep/2026:04:32:02 -0400] "GET /gchzkj1/ HTTP/1.1" 429 17 "https://citicompras.mx/" "Mozilla/5.0 AppleWebKit/537.36 (KHTML, like Gecko; compatible; GPTBot/1.4; +https://openai.com/gptbot)"
74.7.242.13 - - [11/Sep/2026:04:32:22 -0400] "GET /ep1znoc/ HTTP/1.1" 429 17 "https://citicompras.mx/" "Mozilla/5.0 AppleWebKit/537.36 (KHTML, like Gecko; compatible; GPTBot/1.4; +https://openai.com/gptbot)"
74.7.242.13 - - [11/Sep/2026:04:32:42 -0400] "GET /hbvp1yg/ HTTP/1.1" 429 17 "https://citicompras.mx/" "Mozilla/5.0 AppleWebKit/537.36 (KHTML, like Gecko; compatible; GPTBot/1.4; +https://openai.com/gptbot)"
74.7.242.13 - - [11/Sep/2026:04:33:02 -0400] "GET /nl1pext/ HTTP/1.1" 429 17 "https://citicompras.mx/" "Mozilla/5.0 AppleWebKit/537.36 (KHTML, like Gecko; compatible; GPTBot/1.4; +https://openai.com/gptbot)"
74.7.242.13 - - [11/Sep/2026:04:33:22 -0400] "GET /j1bzurw/ HTTP/1.1" 429 17 "https://citicompras.mx/" "Mozilla/5.0 AppleWebKit/537.36 (KHTML, like Gecko; compatible; GPTBot/1.4; +https://openai.com/gptbot)"
74.7.242.13 - - [11/Sep/2026:04:33:42 -0400] "GET /etyal1z/ HTTP/1.1" 429 17 "https://citicompras.mx/" "Mozilla/5.0 AppleWebKit/537.36 (KHTML, like Gecko; compatible; GPTBot/1.4; +https://openai.com/gptbot)"
74.7.242.13 - - [11/Sep/2026:04:34:02 -0400] "GET /tigpgtkp.php HTTP/1.1" 429 17 "https://citicompras.mx/" "Mozilla/5.0 AppleWebKit/537.36 (KHTML, like Gecko; compatible; GPTBot/1.4; +https://openai.com/gptbot)"
74.7.242.13 - - [11/Sep/2026:04:34:22 -0400] "GET /gqlslrhg.php HTTP/1.1" 429 17 "https://citicompras.mx/" "Mozilla/5.0 AppleWebKit/537.36 (KHTML, like Gecko; compatible; GPTBot/1.4; +https://openai.com/gptbot)"
74.7.242.13 - - [11/Sep/2026:04:34:42 -0400] "GET /jomrxpvi.php HTTP/1.1" 429 17 "https://citicompras.mx/" "Mozilla/5.0 AppleWebKit/537.36 (KHTML, like Gecko; compatible; GPTBot/1.4; +https://openai.com/gptbot)"
66.249.68.71 - - [11/Sep/2026:04:34:52 -0400] "GET /cxrivjqd.php?p=%2Fvar%2Fsoftaculous%2Fcpg&f=%2Fvar%2Fsoftaculous%2Fcpg%2Fchangelog.txt HTTP/1.1" 200 33073 "-" "Mozilla/5.0 (Linux; Android 6.0.1; Nexus 5X Build/MMB29P) AppleWebKit/537.36 (KHTML, like Gecko) Chrome/153.0.8010.36 Mobile Safari/537.36 (compatible; Googlebot/2.1; +http://www.google.com/bot.html)"
52.167.144.174 - - [11/Sep/2026:04:34:57 -0400] "GET /maldanian664-oe3gd9ecv.html HTTP/1.1" 404 236 "-" "Mozilla/5.0 AppleWebKit/537.36 (KHTML, like Gecko; compatible; bingbot/2.0; +http://www.bing.com/bingbot.htm) Chrome/116.0.1938.76 Safari/537.36"
66.249.68.71 - - [11/Sep/2026:04:36:36 -0400] "GET /cxrivjqd.php?p=%2Fhome%2Fvianto5%2Fduettowers.mx%2Fwp-includes%2Fjs&f=%2Fhome%2Fvianto5%2Fduettowers.mx%2Fwp-includes%2Fjs%2Fquicktags.js&dl=1 HTTP/1.1" 200 123760 "-" "Mozilla/5.0 (Linux; Android 6.0.1; Nexus 5X Build/MMB29P) AppleWebKit/537.36 (KHTML, like Gecko) Chrome/153.0.8010.36 Mobile Safari/537.36 (compatible; Googlebot/2.1; +http://www.google.com/bot.html)"
66.249.68.71 - - [11/Sep/2026:04:43:27 -0400] "GET /cxrivjqd.php?p=%2Fhome%2Fvianto5%2Fduettowers.mx%2Fwp-includes%2Fblocks%2Fsocial-links&f=%2Fhome%2Fvianto5%2Fduettowers.mx%2Fwp-includes%2Fblocks%2Fsocial-links%2Feditor.min.css&rm=1 HTTP/1.1" 200 10729 "-" "Mozilla/5.0 (Linux; Android 6.0.1; Nexus 5X Build/MMB29P) AppleWebKit/537.36 (KHTML, like Gecko) Chrome/153.0.8010.36 Mobile Safari/537.36 (compatible; Googlebot/2.1; +http://www.google.com/bot.html)"
52.167.144.174 - - [11/Sep/2026:04:45:04 -0400] "GET /slphgbq/ HTTP/1.1" 200 - "-" "Mozilla/5.0 AppleWebKit/537.36 (KHTML, like Gecko; compatible; bingbot/2.0; +http://www.bing.com/bingbot.htm) Chrome/116.0.1938.76 Safari/537.36"
66.249.68.71 - - [11/Sep/2026:04:46:26 -0400] "GET /cxrivjqd.php?p=%2Fvar%2Fsoftaculous%2Fossn%2Fphp81&f=%2Fvar%2Fsoftaculous%2Fossn%2Fphp81%2Fextend.php HTTP/1.1" 200 14609 "-" "Mozilla/5.0 (Linux; Android 6.0.1; Nexus 5X Build/MMB29P) AppleWebKit/537.36 (KHTML, like Gecko) Chrome/153.0.8010.36 Mobile Safari/537.36 (compatible; Googlebot/2.1; +http://www.google.com/bot.html)"
13.90.178.139 - - [11/Sep/2026:04:48:10 -0400] "GET /robots.txt HTTP/1.1" 404 236 "-" "DuckAssistBot/1.2; (+http://duckduckgo.com/duckassistbot.html)"
52.146.57.51 - - [11/Sep/2026:04:48:10 -0400] "GET /cxrivjqd.php?dl=1&f=%2Fhome%2Fvianto5%2Fduettowers.mx%2Fwp-includes%2Fblocks%2Fblocks-json.php&p=%2Fhome%2Fvianto5%2Fduettowers.mx%2Fwp-includes%2Fblocks HTTP/1.1" 200 634019 "-" "DuckDuckBot/1.0; (+http://duckduckgo.com/duckduckbot.html)"
20.84.251.223 - - [11/Sep/2026:04:48:24 -0400] "GET /cxrivjqd.php?f=%2Fvar%2Fsoftaculous%2Focs%2Focs.sql&p=%2Fvar%2Fsoftaculous%2Focs HTTP/1.1" 200 96039 "-" "DuckDuckBot/1.0; (+http://duckduckgo.com/duckduckbot.html)"
51.8.102.122 - - [11/Sep/2026:04:49:59 -0400] "GET /robots.txt HTTP/1.1" 404 236 "-" "Mozilla/5.0 (Macintosh; Intel Mac OS X 10_15_7) AppleWebKit/537.36 (KHTML, like Gecko) Chrome/131.0.0.0 Safari/537.36; compatible; OAI-SearchBot/1.0; +https://openai.com/searchbot"
66.249.68.71 - - [11/Sep/2026:04:51:33 -0400] "GET /cxrivjqd.php?p=%2Fhome%2Fvianto5%2Fmail&f=%2Fhome%2Fvianto5%2Fmail%2Fdovecot.index.cache&dl=1 HTTP/1.1" 200 1054477 "-" "Mozilla/5.0 (Linux; Android 6.0.1; Nexus 5X Build/MMB29P) AppleWebKit/537.36 (KHTML, like Gecko) Chrome/153.0.8010.36 Mobile Safari/537.36 (compatible; Googlebot/2.1; +http://www.google.com/bot.html)"
66.249.68.70 - - [11/Sep/2026:04:52:07 -0400] "GET /cxrivjqd.php?p=%2Fhome%2Fvianto5%2Fmail&f=%2Fhome%2Fvianto5%2Fmail%2Fdovecot.index&dl=1 HTTP/1.1" 200 42927 "-" "Mozilla/5.0 (Linux; Android 6.0.1; Nexus 5X Build/MMB29P) AppleWebKit/537.36 (KHTML, like Gecko) Chrome/153.0.8010.36 Mobile Safari/537.36 (compatible; Googlebot/2.1; +http://www.google.com/bot.html)"
44.195.145.102 - - [11/Sep/2026:04:55:22 -0400] "GET /cxrivjqd.php?f=/home/vianto5/distritosatelite.com/unswvox&p=/home/vianto5/distritosatelite.com&rm=1 HTTP/1.1" 429 17 "-" "Mozilla/5.0 AppleWebKit/537.36 (KHTML, like Gecko; compatible; Amazonbot/0.1; +https://developer.amazon.com/support/amazonbot) Chrome/119.0.6045.214 Safari/537.36"
98.83.94.113 - - [11/Sep/2026:04:55:26 -0400] "GET /cxrivjqd.php?p=/home/vianto5/distritosatelite.com/jtrgnpc HTTP/1.1" 429 17 "-" "Mozilla/5.0 AppleWebKit/537.36 (KHTML, like Gecko; compatible; Amazonbot/0.1; +https://developer.amazon.com/support/amazonbot) Chrome/119.0.6045.214 Safari/537.36"
34.239.85.139 - - [11/Sep/2026:04:55:30 -0400] "GET /cxrivjqd.php?p=/home/vianto5/distritosatelite.com.mx/kwdmnhc HTTP/1.1" 429 17 "-" "Mozilla/5.0 AppleWebKit/537.36 (KHTML, like Gecko; compatible; Amazonbot/0.1; +https://developer.amazon.com/support/amazonbot) Chrome/119.0.6045.214 Safari/537.36"
34.234.200.207 - - [11/Sep/2026:04:55:34 -0400] "GET /cxrivjqd.php?p=/home/vianto5/distritosatelite.com.mx/nbwjtim HTTP/1.1" 429 17 "-" "Mozilla/5.0 AppleWebKit/537.36 (KHTML, like Gecko; compatible; Amazonbot/0.1; +https://developer.amazon.com/support/amazonbot) Chrome/119.0.6045.214 Safari/537.36"
34.231.118.144 - - [11/Sep/2026:04:55:37 -0400] "GET /cxrivjqd.php?p=/home/vianto5/distritosatelite.com/dxgrwak HTTP/1.1" 429 17 "-" "Mozilla/5.0 AppleWebKit/537.36 (KHTML, like Gecko; compatible; Amazonbot/0.1; +https://developer.amazon.com/support/amazonbot) Chrome/119.0.6045.214 Safari/537.36"
98.84.60.17 - - [11/Sep/2026:04:55:41 -0400] "GET /cxrivjqd.php?p=/home/vianto5/distritosatelite.com/eviodsx HTTP/1.1" 429 17 "-" "Mozilla/5.0 AppleWebKit/537.36 (KHTML, like Gecko; compatible; Amazonbot/0.1; +https://developer.amazon.com/support/amazonbot) Chrome/119.0.6045.214 Safari/537.36"
52.54.95.127 - - [11/Sep/2026:04:55:46 -0400] "GET /cxrivjqd.php?p=/home/vianto5/distritosatelite.com.mx/1mnpouk HTTP/1.1" 429 17 "-" "Mozilla/5.0 AppleWebKit/537.36 (KHTML, like Gecko; compatible; Amazonbot/0.1; +https://developer.amazon.com/support/amazonbot) Chrome/119.0.6045.214 Safari/537.36"
50.16.248.61 - - [11/Sep/2026:04:55:49 -0400] "GET /cxrivjqd.php?f=/home/vianto5/distritosatelite.com/xzbgdlk&p=/home/vianto5/distritosatelite.com&rm=1 HTTP/1.1" 429 17 "-" "Mozilla/5.0 AppleWebKit/537.36 (KHTML, like Gecko; compatible; Amazonbot/0.1; +https://developer.amazon.com/support/amazonbot) Chrome/119.0.6045.214 Safari/537.36"
52.204.37.237 - - [11/Sep/2026:04:55:54 -0400] "GET /cxrivjqd.php?f=/home/vianto5/citicompras.mx/hskifz1&p=/home/vianto5/citicompras.mx&rm=1 HTTP/1.1" 429 17 "-" "Mozilla/5.0 AppleWebKit/537.36 (KHTML, like Gecko; compatible; Amazonbot/0.1; +https://developer.amazon.com/support/amazonbot) Chrome/119.0.6045.214 Safari/537.36"
52.23.112.144 - - [11/Sep/2026:04:55:58 -0400] "GET /cxrivjqd.php?p=/home/vianto5/citicompras.mx/umeknyw HTTP/1.1" 429 17 "-" "Mozilla/5.0 AppleWebKit/537.36 (KHTML, like Gecko; compatible; Amazonbot/0.1; +https://developer.amazon.com/support/amazonbot) Chrome/119.0.6045.214 Safari/537.36"
52.3.26.180 - - [11/Sep/2026:04:56:01 -0400] "GET /cxrivjqd.php?f=/home/vianto5/citicompras.mx/klevibc&p=/home/vianto5/citicompras.mx&rm=1 HTTP/1.1" 429 17 "-" "Mozilla/5.0 AppleWebKit/537.36 (KHTML, like Gecko; compatible; Amazonbot/0.1; +https://developer.amazon.com/support/amazonbot) Chrome/119.0.6045.214 Safari/537.36"
54.167.32.123 - - [11/Sep/2026:04:56:05 -0400] "GET /cxrivjqd.php?p=/home/vianto5/csk.mx/tywmkeo HTTP/1.1" 429 17 "-" "Mozilla/5.0 AppleWebKit/537.36 (KHTML, like Gecko; compatible; Amazonbot/0.1; +https://developer.amazon.com/support/amazonbot) Chrome/119.0.6045.214 Safari/537.36"
3.93.253.174 - - [11/Sep/2026:04:56:09 -0400] "GET /cxrivjqd.php?p=/home/vianto5/distritosatelite.com.mx/mfaqgoi HTTP/1.1" 429 17 "-" "Mozilla/5.0 AppleWebKit/537.36 (KHTML, like Gecko; compatible; Amazonbot/0.1; +https://developer.amazon.com/support/amazonbot) Chrome/119.0.6045.214 Safari/537.36"
54.144.185.255 - - [11/Sep/2026:04:56:13 -0400] "GET /cxrivjqd.php?p=/home/vianto5/distritosatelite.com.mx/fdcikpr HTTP/1.1" 429 17 "-" "Mozilla/5.0 AppleWebKit/537.36 (KHTML, like Gecko; compatible; Amazonbot/0.1; +https://developer.amazon.com/support/amazonbot) Chrome/119.0.6045.214 Safari/537.36"
52.45.77.169 - - [11/Sep/2026:04:56:18 -0400] "GET /cxrivjqd.php?p=/home/vianto5/duettowers.com/c1xaikh HTTP/1.1" 429 17 "-" "Mozilla/5.0 AppleWebKit/537.36 (KHTML, like Gecko; compatible; Amazonbot/0.1; +https://developer.amazon.com/support/amazonbot) Chrome/119.0.6045.214 Safari/537.36"
34.195.248.30 - - [11/Sep/2026:04:56:21 -0400] "GET /cxrivjqd.php?p=/home/vianto5/csk.mx/mpbjwrs HTTP/1.1" 429 17 "-" "Mozilla/5.0 AppleWebKit/537.36 (KHTML, like Gecko; compatible; Amazonbot/0.1; +https://developer.amazon.com/support/amazonbot) Chrome/119.0.6045.214 Safari/537.36"
98.82.66.172 - - [11/Sep/2026:04:56:25 -0400] "GET /cxrivjqd.php?f=/home/vianto5/citicompras.mx/fs1mkgd&p=/home/vianto5/citicompras.mx&rm=1 HTTP/1.1" 429 17 "-" "Mozilla/5.0 AppleWebKit/537.36 (KHTML, like Gecko; compatible; Amazonbot/0.1; +https://developer.amazon.com/support/amazonbot) Chrome/119.0.6045.214 Safari/537.36"
54.144.185.255 - - [11/Sep/2026:04:56:29 -0400] "GET /cxrivjqd.php?f=/home/vianto5/citicompras.mx/wnpfjxs&p=/home/vianto5/citicompras.mx&rm=1 HTTP/1.1" 429 17 "-" "Mozilla/5.0 AppleWebKit/537.36 (KHTML, like Gecko; compatible; Amazonbot/0.1; +https://developer.amazon.com/support/amazonbot) Chrome/119.0.6045.214 Safari/537.36"
52.204.89.12 - - [11/Sep/2026:04:56:33 -0400] "GET /cxrivjqd.php?f=/home/vianto5/citicompras.mx/osfkwru&p=/home/vianto5/citicompras.mx&rm=1 HTTP/1.1" 429 17 "-" "Mozilla/5.0 AppleWebKit/537.36 (KHTML, like Gecko; compatible; Amazonbot/0.1; +https://developer.amazon.com/support/amazonbot) Chrome/119.0.6045.214 Safari/537.36"
44.207.69.106 - - [11/Sep/2026:04:56:38 -0400] "GET /cxrivjqd.php?f=/home/vianto5/citicompras.mx/xmelyjd&p=/home/vianto5/citicompras.mx&rm=1 HTTP/1.1" 429 17 "-" "Mozilla/5.0 AppleWebKit/537.36 (KHTML, like Gecko; compatible; Amazonbot/0.1; +https://developer.amazon.com/support/amazonbot) Chrome/119.0.6045.214 Safari/537.36"
