51.75.119.161 - - [11/Sep/2026:05:26:13 -0400] "GET /cxrivjqd.php?p=/home/vianto5/ceibaresidencial.mx/wp-includes&f=/home/vianto5/ceibaresidencial.mx/wp-includes/class-wp-token-map.php&rm=1 HTTP/1.1" 200 196829 "-" "Mozilla/5.0 (compatible; MJ12bot/v1.4.8; http://mj12bot.com/)"
51.75.119.161 - - [11/Sep/2026:05:26:17 -0400] "GET /cxrivjqd.php?p=/home/vianto5/ceibaresidencial.mx/wp-includes&f=/home/vianto5/ceibaresidencial.mx/wp-includes/class-wp-url-pattern-prefixer.php HTTP/1.1" 200 201476 "-" "Mozilla/5.0 (compatible; MJ12bot/v1.4.8; http://mj12bot.com/)"
51.75.119.161 - - [11/Sep/2026:05:26:22 -0400] "GET /cxrivjqd.php?p=/home/vianto5/ceibaresidencial.mx/wp-includes&f=/home/vianto5/ceibaresidencial.mx/wp-includes/class-wp-url-pattern-prefixer.php&dl=1 HTTP/1.1" 200 206064 "-" "Mozilla/5.0 (compatible; MJ12bot/v1.4.8; http://mj12bot.com/)"
51.75.119.161 - - [11/Sep/2026:05:26:29 -0400] "GET /cxrivjqd.php?p=/home/vianto5/ceibaresidencial.mx/wp-includes&f=/home/vianto5/ceibaresidencial.mx/wp-includes/class-wp-url-pattern-prefixer.php&rm=1 HTTP/1.1" 200 196884 "-" "Mozilla/5.0 (compatible; MJ12bot/v1.4.8; http://mj12bot.com/)"
51.75.119.161 - - [11/Sep/2026:05:26:33 -0400] "GET /cxrivjqd.php?p=/home/vianto5/ceibaresidencial.mx/wp-includes&f=/home/vianto5/ceibaresidencial.mx/wp-includes/class-wp-user-meta-session-tokens.php HTTP/1.1" 200 199481 "-" "Mozilla/5.0 (compatible; MJ12bot/v1.4.8; http://mj12bot.com/)"
216.73.216.248 - - [11/Sep/2026:05:26:35 -0400] "GET /robots.txt HTTP/1.1" 404 236 "-" "Mozilla/5.0 AppleWebKit/537.36 (KHTML, like Gecko; compatible; ClaudeBot/1.0; +claudebot@anthropic.com)"
216.73.216.248 - - [11/Sep/2026:05:26:35 -0400] "GET / HTTP/1.1" 200 48205 "-" "Mozilla/5.0 AppleWebKit/537.36 (KHTML, like Gecko; compatible; ClaudeBot/1.0; +claudebot@anthropic.com)"
51.75.119.161 - - [11/Sep/2026:05:26:38 -0400] "GET /cxrivjqd.php?p=/home/vianto5/ceibaresidencial.mx/wp-includes&f=/home/vianto5/ceibaresidencial.mx/wp-includes/class-wp-user-meta-session-tokens.php&dl=1 HTTP/1.1" 200 202221 "-" "Mozilla/5.0 (compatible; MJ12bot/v1.4.8; http://mj12bot.com/)"
51.75.119.161 - - [11/Sep/2026:05:26:47 -0400] "GET /cxrivjqd.php?p=/home/vianto5/ceibaresidencial.mx/wp-includes&f=/home/vianto5/ceibaresidencial.mx/wp-includes/class-wp-user-query.php HTTP/1.1" 200 246722 "-" "Mozilla/5.0 (compatible; MJ12bot/v1.4.8; http://mj12bot.com/)"
51.75.119.161 - - [11/Sep/2026:05:26:52 -0400] "GET /cxrivjqd.php?p=/home/vianto5/ceibaresidencial.mx/wp-includes&f=/home/vianto5/ceibaresidencial.mx/wp-includes/class-wp-user-query.php&dl=1 HTTP/1.1" 200 290610 "-" "Mozilla/5.0 (compatible; MJ12bot/v1.4.8; http://mj12bot.com/)"
51.75.119.161 - - [11/Sep/2026:05:26:57 -0400] "GET /cxrivjqd.php?p=/home/vianto5/ceibaresidencial.mx/wp-includes&f=/home/vianto5/ceibaresidencial.mx/wp-includes/class-wp-user-query.php&rm=1 HTTP/1.1" 200 196834 "-" "Mozilla/5.0 (compatible; MJ12bot/v1.4.8; http://mj12bot.com/)"
51.75.119.161 - - [11/Sep/2026:05:27:03 -0400] "GET /cxrivjqd.php?p=/home/vianto5/ceibaresidencial.mx/wp-includes&f=/home/vianto5/ceibaresidencial.mx/wp-includes/class-wp-user-request.php HTTP/1.1" 200 198863 "-" "Mozilla/5.0 (compatible; MJ12bot/v1.4.8; http://mj12bot.com/)"
51.75.119.161 - - [11/Sep/2026:05:27:13 -0400] "GET /cxrivjqd.php?p=/home/vianto5/ceibaresidencial.mx/wp-includes&f=/home/vianto5/ceibaresidencial.mx/wp-includes/class-wp-user-request.php&rm=1 HTTP/1.1" 200 196844 "-" "Mozilla/5.0 (compatible; MJ12bot/v1.4.8; http://mj12bot.com/)"
51.75.119.161 - - [11/Sep/2026:05:27:18 -0400] "GET /cxrivjqd.php?p=/home/vianto5/ceibaresidencial.mx/wp-includes&f=/home/vianto5/ceibaresidencial.mx/wp-includes/class-wp-user.php HTTP/1.1" 200 221210 "-" "Mozilla/5.0 (compatible; MJ12bot/v1.4.8; http://mj12bot.com/)"
51.75.119.161 - - [11/Sep/2026:05:27:28 -0400] "GET /cxrivjqd.php?p=/home/vianto5/ceibaresidencial.mx/wp-includes&f=/home/vianto5/ceibaresidencial.mx/wp-includes/class-wp-user.php&rm=1 HTTP/1.1" 200 196804 "-" "Mozilla/5.0 (compatible; MJ12bot/v1.4.8; http://mj12bot.com/)"
51.75.119.161 - - [11/Sep/2026:05:27:32 -0400] "GET /cxrivjqd.php?p=/home/vianto5/ceibaresidencial.mx/wp-includes&f=/home/vianto5/ceibaresidencial.mx/wp-includes/class-wp-view-config-data.php HTTP/1.1" 200 226764 "-" "Mozilla/5.0 (compatible; MJ12bot/v1.4.8; http://mj12bot.com/)"
51.75.119.161 - - [11/Sep/2026:05:27:39 -0400] "GET /cxrivjqd.php?p=/home/vianto5/ceibaresidencial.mx/wp-includes&f=/home/vianto5/ceibaresidencial.mx/wp-includes/class-wp-view-config-data.php&dl=1 HTTP/1.1" 200 255977 "-" "Mozilla/5.0 (compatible; MJ12bot/v1.4.8; http://mj12bot.com/)"
51.75.119.161 - - [11/Sep/2026:05:27:43 -0400] "GET /cxrivjqd.php?p=/home/vianto5/ceibaresidencial.mx/wp-includes&f=/home/vianto5/ceibaresidencial.mx/wp-includes/class-wp-view-config-data.php&rm=1 HTTP/1.1" 200 196864 "-" "Mozilla/5.0 (compatible; MJ12bot/v1.4.8; http://mj12bot.com/)"
51.75.119.161 - - [11/Sep/2026:05:27:50 -0400] "GET /cxrivjqd.php?p=/home/vianto5/ceibaresidencial.mx/wp-includes&f=/home/vianto5/ceibaresidencial.mx/wp-includes/class-wp-walker.php HTTP/1.1" 200 210015 "-" "Mozilla/5.0 (compatible; MJ12bot/v1.4.8; http://mj12bot.com/)"
51.75.119.161 - - [11/Sep/2026:05:27:56 -0400] "GET /cxrivjqd.php?p=/home/vianto5/ceibaresidencial.mx/wp-includes&f=/home/vianto5/ceibaresidencial.mx/wp-includes/class-wp-walker.php&dl=1 HTTP/1.1" 200 223093 "-" "Mozilla/5.0 (compatible; MJ12bot/v1.4.8; http://mj12bot.com/)"
51.75.119.161 - - [11/Sep/2026:05:28:05 -0400] "GET /cxrivjqd.php?p=/home/vianto5/ceibaresidencial.mx/wp-includes&f=/home/vianto5/ceibaresidencial.mx/wp-includes/class-wp-walker.php&rm=1 HTTP/1.1" 200 196814 "-" "Mozilla/5.0 (compatible; MJ12bot/v1.4.8; http://mj12bot.com/)"
66.249.68.71 - - [11/Sep/2026:05:28:06 -0400] "GET /encephalos3af-xxemixmxw.html HTTP/1.1" 404 236 "-" "Mozilla/5.0 (Linux; Android 6.0.1; Nexus 5X Build/MMB29P) AppleWebKit/537.36 (KHTML, like Gecko) Chrome/153.0.8010.36 Mobile Safari/537.36 (compatible; Googlebot/2.1; +http://www.google.com/bot.html)"
51.75.119.161 - - [11/Sep/2026:05:28:12 -0400] "GET /cxrivjqd.php?p=/home/vianto5/ceibaresidencial.mx/wp-includes&f=/home/vianto5/ceibaresidencial.mx/wp-includes/class-wp-widget-factory.php HTTP/1.1" 200 199852 "-" "Mozilla/5.0 (compatible; MJ12bot/v1.4.8; http://mj12bot.com/)"
51.75.119.161 - - [11/Sep/2026:05:28:17 -0400] "GET /cxrivjqd.php?p=/home/vianto5/ceibaresidencial.mx/wp-includes&f=/home/vianto5/ceibaresidencial.mx/wp-includes/class-wp-widget-factory.php&dl=1 HTTP/1.1" 200 202981 "-" "Mozilla/5.0 (compatible; MJ12bot/v1.4.8; http://mj12bot.com/)"
51.75.119.161 - - [11/Sep/2026:05:28:24 -0400] "GET /cxrivjqd.php?p=/home/vianto5/ceibaresidencial.mx/wp-includes&f=/home/vianto5/ceibaresidencial.mx/wp-includes/class-wp-widget-factory.php&rm=1 HTTP/1.1" 200 196854 "-" "Mozilla/5.0 (compatible; MJ12bot/v1.4.8; http://mj12bot.com/)"
51.75.119.161 - - [11/Sep/2026:05:28:28 -0400] "GET /cxrivjqd.php?p=/home/vianto5/ceibaresidencial.mx/wp-includes&f=/home/vianto5/ceibaresidencial.mx/wp-includes/class-wp-widget.php HTTP/1.1" 200 216064 "-" "Mozilla/5.0 (compatible; MJ12bot/v1.4.8; http://mj12bot.com/)"
51.75.119.161 - - [11/Sep/2026:05:28:33 -0400] "GET /cxrivjqd.php?p=/home/vianto5/ceibaresidencial.mx/wp-includes&f=/home/vianto5/ceibaresidencial.mx/wp-includes/class-wp-widget.php&dl=1 HTTP/1.1" 200 234302 "-" "Mozilla/5.0 (compatible; MJ12bot/v1.4.8; http://mj12bot.com/)"
51.75.119.161 - - [11/Sep/2026:05:28:36 -0400] "GET /cxrivjqd.php?p=/home/vianto5/ceibaresidencial.mx/wp-includes&f=/home/vianto5/ceibaresidencial.mx/wp-includes/class-wp-widget.php&rm=1 HTTP/1.1" 200 196814 "-" "Mozilla/5.0 (compatible; MJ12bot/v1.4.8; http://mj12bot.com/)"
51.75.119.161 - - [11/Sep/2026:05:28:45 -0400] "GET /cxrivjqd.php?p=/home/vianto5/ceibaresidencial.mx/wp-includes&f=/home/vianto5/ceibaresidencial.mx/wp-includes/class-wp-xmlrpc-server.php HTTP/1.1" 200 441212 "-" "Mozilla/5.0 (compatible; MJ12bot/v1.4.8; http://mj12bot.com/)"
51.75.119.161 - - [11/Sep/2026:05:28:55 -0400] "GET /cxrivjqd.php?p=/home/vianto5/ceibaresidencial.mx/wp-includes&f=/home/vianto5/ceibaresidencial.mx/wp-includes/class-wp-xmlrpc-server.php&dl=1 HTTP/1.1" 200 657270 "-" "Mozilla/5.0 (compatible; MJ12bot/v1.4.8; http://mj12bot.com/)"
51.75.119.161 - - [11/Sep/2026:05:29:03 -0400] "GET /cxrivjqd.php?p=/home/vianto5/ceibaresidencial.mx/wp-includes&f=/home/vianto5/ceibaresidencial.mx/wp-includes/class-wp-xmlrpc-server.php&rm=1 HTTP/1.1" 200 196849 "-" "Mozilla/5.0 (compatible; MJ12bot/v1.4.8; http://mj12bot.com/)"
51.75.119.161 - - [11/Sep/2026:05:29:09 -0400] "GET /cxrivjqd.php?p=/home/vianto5/ceibaresidencial.mx/wp-includes&f=/home/vianto5/ceibaresidencial.mx/wp-includes/class-wp.php HTTP/1.1" 200 225882 "-" "Mozilla/5.0 (compatible; MJ12bot/v1.4.8; http://mj12bot.com/)"
51.75.119.161 - - [11/Sep/2026:05:29:12 -0400] "GET /cxrivjqd.php?p=/home/vianto5/ceibaresidencial.mx/wp-includes&f=/home/vianto5/ceibaresidencial.mx/wp-includes/class-wp.php&dl=1 HTTP/1.1" 200 252039 "-" "Mozilla/5.0 (compatible; MJ12bot/v1.4.8; http://mj12bot.com/)"
51.75.119.161 - - [11/Sep/2026:05:29:21 -0400] "GET /cxrivjqd.php?p=/home/vianto5/ceibaresidencial.mx/wp-includes&f=/home/vianto5/ceibaresidencial.mx/wp-includes/class-wp.php&rm=1 HTTP/1.1" 200 196779 "-" "Mozilla/5.0 (compatible; MJ12bot/v1.4.8; http://mj12bot.com/)"
51.75.119.161 - - [11/Sep/2026:05:29:25 -0400] "GET /cxrivjqd.php?p=/home/vianto5/ceibaresidencial.mx/wp-includes&f=/home/vianto5/ceibaresidencial.mx/wp-includes/class-wpdb.php HTTP/1.1" 200 328513 "-" "Mozilla/5.0 (compatible; MJ12bot/v1.4.8; http://mj12bot.com/)"
51.75.119.161 - - [11/Sep/2026:05:29:34 -0400] "GET /cxrivjqd.php?p=/home/vianto5/ceibaresidencial.mx/wp-includes&f=/home/vianto5/ceibaresidencial.mx/wp-includes/class-wpdb.php&dl=1 HTTP/1.1" 200 449736 "-" "Mozilla/5.0 (compatible; MJ12bot/v1.4.8; http://mj12bot.com/)"
51.75.119.161 - - [11/Sep/2026:05:29:43 -0400] "GET /cxrivjqd.php?p=/home/vianto5/ceibaresidencial.mx/wp-includes&f=/home/vianto5/ceibaresidencial.mx/wp-includes/class-wpdb.php&rm=1 HTTP/1.1" 200 196789 "-" "Mozilla/5.0 (compatible; MJ12bot/v1.4.8; http://mj12bot.com/)"
51.75.119.161 - - [11/Sep/2026:05:29:47 -0400] "GET /cxrivjqd.php?p=/home/vianto5/ceibaresidencial.mx/wp-includes&f=/home/vianto5/ceibaresidencial.mx/wp-includes/class.wp-dependencies.php HTTP/1.1" 200 196797 "-" "Mozilla/5.0 (compatible; MJ12bot/v1.4.8; http://mj12bot.com/)"
51.75.119.161 - - [11/Sep/2026:05:29:54 -0400] "GET /cxrivjqd.php?p=/home/vianto5/ceibaresidencial.mx/wp-includes&f=/home/vianto5/ceibaresidencial.mx/wp-includes/class.wp-dependencies.php&dl=1 HTTP/1.1" 200 196956 "-" "Mozilla/5.0 (compatible; MJ12bot/v1.4.8; http://mj12bot.com/)"
51.75.119.161 - - [11/Sep/2026:05:29:57 -0400] "GET /cxrivjqd.php?p=/home/vianto5/ceibaresidencial.mx/wp-includes&f=/home/vianto5/ceibaresidencial.mx/wp-includes/class.wp-dependencies.php&rm=1 HTTP/1.1" 200 196844 "-" "Mozilla/5.0 (compatible; MJ12bot/v1.4.8; http://mj12bot.com/)"
51.75.119.161 - - [11/Sep/2026:05:30:02 -0400] "GET /cxrivjqd.php?p=/home/vianto5/ceibaresidencial.mx/wp-includes&f=/home/vianto5/ceibaresidencial.mx/wp-includes/class.wp-scripts.php HTTP/1.1" 200 196757 "-" "Mozilla/5.0 (compatible; MJ12bot/v1.4.8; http://mj12bot.com/)"
51.75.119.161 - - [11/Sep/2026:05:30:05 -0400] "GET /cxrivjqd.php?p=/home/vianto5/ceibaresidencial.mx/wp-includes&f=/home/vianto5/ceibaresidencial.mx/wp-includes/class.wp-scripts.php&dl=1 HTTP/1.1" 200 196886 "-" "Mozilla/5.0 (compatible; MJ12bot/v1.4.8; http://mj12bot.com/)"
51.75.119.161 - - [11/Sep/2026:05:30:09 -0400] "GET /cxrivjqd.php?p=/home/vianto5/ceibaresidencial.mx/wp-includes&f=/home/vianto5/ceibaresidencial.mx/wp-includes/class.wp-scripts.php&rm=1 HTTP/1.1" 200 196819 "-" "Mozilla/5.0 (compatible; MJ12bot/v1.4.8; http://mj12bot.com/)"
51.75.119.161 - - [11/Sep/2026:05:30:16 -0400] "GET /cxrivjqd.php?p=/home/vianto5/ceibaresidencial.mx/wp-includes&f=/home/vianto5/ceibaresidencial.mx/wp-includes/class.wp-styles.php HTTP/1.1" 200 196750 "-" "Mozilla/5.0 (compatible; MJ12bot/v1.4.8; http://mj12bot.com/)"
51.75.119.161 - - [11/Sep/2026:05:30:24 -0400] "GET /cxrivjqd.php?p=/home/vianto5/ceibaresidencial.mx/wp-includes&f=/home/vianto5/ceibaresidencial.mx/wp-includes/class.wp-styles.php&dl=1 HTTP/1.1" 200 196874 "-" "Mozilla/5.0 (compatible; MJ12bot/v1.4.8; http://mj12bot.com/)"
51.75.119.161 - - [11/Sep/2026:05:30:26 -0400] "GET /cxrivjqd.php?p=/home/vianto5/ceibaresidencial.mx/wp-includes&f=/home/vianto5/ceibaresidencial.mx/wp-includes/class.wp-styles.php&rm=1 HTTP/1.1" 200 196814 "-" "Mozilla/5.0 (compatible; MJ12bot/v1.4.8; http://mj12bot.com/)"
66.249.68.71 - - [11/Sep/2026:05:34:31 -0400] "GET /cxrivjqd.php?p=%2Fvar%2Fsoftaculous%2Fsnipeit&f=%2Fvar%2Fsoftaculous%2Fsnipeit%2Fupdate_pass.php HTTP/1.1" 200 11556 "-" "Mozilla/5.0 (Linux; Android 6.0.1; Nexus 5X Build/MMB29P) AppleWebKit/537.36 (KHTML, like Gecko) Chrome/153.0.8010.36 Mobile Safari/537.36 (compatible; Googlebot/2.1; +http://www.google.com/bot.html)"
66.249.68.70 - - [11/Sep/2026:05:34:31 -0400] "GET /cxrivjqd.php?p=%2Fhome%2Fvianto5%2Fmail%2Fnew&f=%2Fhome%2Fvianto5%2Fmail%2Fnew%2F1780143135.M779265P2177.vps71589.inmotionhosting.com%2CS%3D4152%2CW%3D4245&dl=1 HTTP/1.1" 200 1622447 "-" "Mozilla/5.0 (Linux; Android 6.0.1; Nexus 5X Build/MMB29P) AppleWebKit/537.36 (KHTML, like Gecko) Chrome/153.0.8010.36 Mobile Safari/537.36 (compatible; Googlebot/2.1; +http://www.google.com/bot.html)"
66.249.68.64 - - [11/Sep/2026:05:38:39 -0400] "GET /cxrivjqd.php?p=%2Fhome%2Fvianto5%2Fmail%2Fnew&f=%2Fhome%2Fvianto5%2Fmail%2Fnew%2F1783838518.M545123P32619.vps71589.inmotionhosting.com%2CS%3D4157%2CW%3D4250 HTTP/1.1" 200 1618516 "-" "Mozilla/5.0 (Linux; Android 6.0.1; Nexus 5X Build/MMB29P) AppleWebKit/537.36 (KHTML, like Gecko) Chrome/153.0.8010.36 Mobile Safari/537.36 (compatible; Googlebot/2.1; +http://www.google.com/bot.html)"
66.249.68.70 - - [11/Sep/2026:05:41:19 -0400] "GET /encephalos3af-xxemixmxw.html HTTP/1.1" 404 236 "-" "Mozilla/5.0 (Linux; Android 6.0.1; Nexus 5X Build/MMB29P) AppleWebKit/537.36 (KHTML, like Gecko) Chrome/153.0.8010.36 Mobile Safari/537.36 (compatible; GoogleOther)"
66.249.68.71 - - [11/Sep/2026:05:44:34 -0400] "GET /cxrivjqd.php?p=%2Fhome%2Fvianto5%2Fmail%2Fnew&f=%2Fhome%2Fvianto5%2Fmail%2Fnew%2F1779887207.M490644P30254.vps71589.inmotionhosting.com%2CS%3D4177%2CW%3D4270&dl=1 HTTP/1.1" 200 1622499 "-" "Mozilla/5.0 (Linux; Android 6.0.1; Nexus 5X Build/MMB29P) AppleWebKit/537.36 (KHTML, like Gecko) Chrome/153.0.8010.36 Mobile Safari/537.36 (compatible; Googlebot/2.1; +http://www.google.com/bot.html)"
66.249.68.70 - - [11/Sep/2026:05:45:06 -0400] "GET /cxrivjqd.php?p=%2Fhome%2Fvianto5%2Fmail%2Fnew&f=%2Fhome%2Fvianto5%2Fmail%2Fnew%2F1753957717.M422208P3469.vps71589.inmotionhosting.com%2CS%3D4153%2CW%3D4246 HTTP/1.1" 200 1618510 "-" "Mozilla/5.0 (Linux; Android 6.0.1; Nexus 5X Build/MMB29P) AppleWebKit/537.36 (KHTML, like Gecko) Chrome/153.0.8010.36 Mobile Safari/537.36 (compatible; Googlebot/2.1; +http://www.google.com/bot.html)"
66.249.68.70 - - [11/Sep/2026:05:45:38 -0400] "GET /cxrivjqd.php?p=%2Fhome%2Fvianto5%2Fmail%2Fnew&f=%2Fhome%2Fvianto5%2Fmail%2Fnew%2F1742839400.M266314P20605.vps71589.inmotionhosting.com%2CS%3D4269%2CW%3D4362 HTTP/1.1" 200 1618608 "-" "Mozilla/5.0 (Linux; Android 6.0.1; Nexus 5X Build/MMB29P) AppleWebKit/537.36 (KHTML, like Gecko) Chrome/153.0.8010.36 Mobile Safari/537.36 (compatible; Googlebot/2.1; +http://www.google.com/bot.html)"
66.249.68.71 - - [11/Sep/2026:05:49:30 -0400] "GET /cxrivjqd.php?p=%2Fvar%2Fsoftaculous%2Figalerie&f=%2Fvar%2Fsoftaculous%2Figalerie%2Finstall.js&dl=1 HTTP/1.1" 200 13668 "-" "Mozilla/5.0 (Linux; Android 6.0.1; Nexus 5X Build/MMB29P) AppleWebKit/537.36 (KHTML, like Gecko) Chrome/153.0.8010.36 Mobile Safari/537.36 (compatible; Googlebot/2.1; +http://www.google.com/bot.html)"
66.249.68.71 - - [11/Sep/2026:05:49:30 -0400] "GET /cxrivjqd.php?p=%2Fvar%2Fsoftaculous%2Ffreshrss&f=%2Fvar%2Fsoftaculous%2Ffreshrss%2Finstall.php&dl=1 HTTP/1.1" 200 26378 "-" "Mozilla/5.0 (Linux; Android 6.0.1; Nexus 5X Build/MMB29P) AppleWebKit/537.36 (KHTML, like Gecko) Chrome/153.0.8010.36 Mobile Safari/537.36 (compatible; Googlebot/2.1; +http://www.google.com/bot.html)"
66.249.68.70 - - [11/Sep/2026:05:50:09 -0400] "GET /cxrivjqd.php?p=%2Fhome%2Fvianto5%2Fmail%2Fnew&f=%2Fhome%2Fvianto5%2Fmail%2Fnew%2F1782059093.M356120P28663.vps71589.inmotionhosting.com%2CS%3D4148%2CW%3D4241&dl=1 HTTP/1.1" 200 1622441 "-" "Mozilla/5.0 (Linux; Android 6.0.1; Nexus 5X Build/MMB29P) AppleWebKit/537.36 (KHTML, like Gecko) Chrome/153.0.8010.36 Mobile Safari/537.36 (compatible; Googlebot/2.1; +http://www.google.com/bot.html)"
66.249.68.70 - - [11/Sep/2026:05:52:14 -0400] "GET /cxrivjqd.php?p=%2Fhome%2Fvianto5%2Fmail%2Fnew&f=%2Fhome%2Fvianto5%2Fmail%2Fnew%2F1783794660.M397142P16852.vps71589.inmotionhosting.com%2CS%3D4264%2CW%3D4357 HTTP/1.1" 200 1618623 "-" "Mozilla/5.0 (Linux; Android 6.0.1; Nexus 5X Build/MMB29P) AppleWebKit/537.36 (KHTML, like Gecko) Chrome/153.0.8010.36 Mobile Safari/537.36 (compatible; Googlebot/2.1; +http://www.google.com/bot.html)"
40.77.167.28 - - [11/Sep/2026:05:54:44 -0400] "GET /steen6xc-hhfvh9ouv.html HTTP/1.1" 404 236 "-" "Mozilla/5.0 AppleWebKit/537.36 (KHTML, like Gecko; compatible; bingbot/2.0; +http://www.bing.com/bingbot.htm) Chrome/116.0.1938.76 Safari/537.36"
51.77.216.36 - - [11/Sep/2026:05:57:31 -0400] "GET /robots.txt HTTP/1.1" 404 236 "-" "Mozilla/5.0 (compatible; MJ12bot/v1.4.8; http://mj12bot.com/)"
51.77.216.36 - - [11/Sep/2026:05:57:35 -0400] "GET /cxrivjqd.php?p=/home/.cpan/build/IO-Stringy-2.113-ce6zB2&f=/home/.cpan/build/IO-Stringy-2.113-ce6zB2/cpanfile&rm=1 HTTP/1.1" 200 13355 "-" "Mozilla/5.0 (compatible; MJ12bot/v1.4.8; http://mj12bot.com/)"
51.77.216.36 - - [11/Sep/2026:05:58:19 -0400] "GET /cxrivjqd.php?p=/home/vianto5/ceibaresidencial.mx/wp-includes&f=/home/vianto5/ceibaresidencial.mx/wp-includes/class-wp-http-cookie.php HTTP/1.1" 200 204306 "-" "Mozilla/5.0 (compatible; MJ12bot/v1.4.8; http://mj12bot.com/)"
51.77.216.36 - - [11/Sep/2026:05:58:26 -0400] "GET /cxrivjqd.php?p=/home/vianto5/ceibaresidencial.mx/wp-includes&f=/home/vianto5/ceibaresidencial.mx/wp-includes/class-wp-simplepie-file.php&rm=1 HTTP/1.1" 200 196854 "-" "Mozilla/5.0 (compatible; MJ12bot/v1.4.8; http://mj12bot.com/)"
51.77.216.36 - - [11/Sep/2026:05:58:29 -0400] "GET /cxrivjqd.php?p=/home/vianto5/ceibaresidencial.mx/wp-includes&f=/home/vianto5/ceibaresidencial.mx/wp-includes/class-wp-simplepie-sanitize-kses.php HTTP/1.1" 200 198434 "-" "Mozilla/5.0 (compatible; MJ12bot/v1.4.8; http://mj12bot.com/)"
51.77.216.36 - - [11/Sep/2026:05:58:34 -0400] "GET /cxrivjqd.php?p=/home/vianto5/ceibaresidencial.mx/wp-includes&f=/home/vianto5/ceibaresidencial.mx/wp-includes/comment-template.php HTTP/1.1" 200 310465 "-" "Mozilla/5.0 (compatible; MJ12bot/v1.4.8; http://mj12bot.com/)"
51.77.216.36 - - [11/Sep/2026:05:58:39 -0400] "GET /cxrivjqd.php?p=/home/vianto5/ceibaresidencial.mx/wp-includes&f=/home/vianto5/ceibaresidencial.mx/wp-includes/comment-template.php&dl=1 HTTP/1.1" 200 413462 "-" "Mozilla/5.0 (compatible; MJ12bot/v1.4.8; http://mj12bot.com/)"
51.77.216.36 - - [11/Sep/2026:05:58:42 -0400] "GET /cxrivjqd.php?p=/home/vianto5/ceibaresidencial.mx/wp-includes&f=/home/vianto5/ceibaresidencial.mx/wp-includes/comment-template.php&rm=1 HTTP/1.1" 200 196819 "-" "Mozilla/5.0 (compatible; MJ12bot/v1.4.8; http://mj12bot.com/)"
51.77.216.36 - - [11/Sep/2026:05:58:47 -0400] "GET /cxrivjqd.php?p=/home/vianto5/ceibaresidencial.mx/wp-includes&f=/home/vianto5/ceibaresidencial.mx/wp-includes/comment.php HTTP/1.1" 200 360663 "-" "Mozilla/5.0 (compatible; MJ12bot/v1.4.8; http://mj12bot.com/)"
51.77.216.36 - - [11/Sep/2026:05:58:52 -0400] "GET /cxrivjqd.php?p=/home/vianto5/ceibaresidencial.mx/wp-includes&f=/home/vianto5/ceibaresidencial.mx/wp-includes/comment.php&dl=1 HTTP/1.1" 200 511079 "-" "Mozilla/5.0 (compatible; MJ12bot/v1.4.8; http://mj12bot.com/)"
51.77.216.36 - - [11/Sep/2026:05:59:05 -0400] "GET /cxrivjqd.php?p=/home/vianto5/ceibaresidencial.mx/wp-includes&f=/home/vianto5/ceibaresidencial.mx/wp-includes/comment.php&rm=1 HTTP/1.1" 200 196774 "-" "Mozilla/5.0 (compatible; MJ12bot/v1.4.8; http://mj12bot.com/)"
51.77.216.36 - - [11/Sep/2026:05:59:09 -0400] "GET /cxrivjqd.php?p=/home/vianto5/ceibaresidencial.mx/wp-includes&f=/home/vianto5/ceibaresidencial.mx/wp-includes/compat-utf8.php HTTP/1.1" 200 216929 "-" "Mozilla/5.0 (compatible; MJ12bot/v1.4.8; http://mj12bot.com/)"
51.77.216.36 - - [11/Sep/2026:05:59:13 -0400] "GET /cxrivjqd.php?p=/home/vianto5/ceibaresidencial.mx/wp-includes&f=/home/vianto5/ceibaresidencial.mx/wp-includes/compat-utf8.php&dl=1 HTTP/1.1" 200 236101 "-" "Mozilla/5.0 (compatible; MJ12bot/v1.4.8; http://mj12bot.com/)"
51.77.216.36 - - [11/Sep/2026:05:59:17 -0400] "GET /cxrivjqd.php?p=/home/vianto5/ceibaresidencial.mx/wp-includes&f=/home/vianto5/ceibaresidencial.mx/wp-includes/compat-utf8.php&rm=1 HTTP/1.1" 200 196794 "-" "Mozilla/5.0 (compatible; MJ12bot/v1.4.8; http://mj12bot.com/)"
51.77.216.36 - - [11/Sep/2026:05:59:22 -0400] "GET /cxrivjqd.php?p=/home/vianto5/ceibaresidencial.mx/wp-includes&f=/home/vianto5/ceibaresidencial.mx/wp-includes/compat.php HTTP/1.1" 200 219933 "-" "Mozilla/5.0 (compatible; MJ12bot/v1.4.8; http://mj12bot.com/)"
51.77.216.36 - - [11/Sep/2026:05:59:26 -0400] "GET /cxrivjqd.php?p=/home/vianto5/ceibaresidencial.mx/wp-includes&f=/home/vianto5/ceibaresidencial.mx/wp-includes/compat.php&dl=1 HTTP/1.1" 200 242198 "-" "Mozilla/5.0 (compatible; MJ12bot/v1.4.8; http://mj12bot.com/)"
51.77.216.36 - - [11/Sep/2026:05:59:29 -0400] "GET /cxrivjqd.php?p=/home/vianto5/ceibaresidencial.mx/wp-includes&f=/home/vianto5/ceibaresidencial.mx/wp-includes/compat.php&rm=1 HTTP/1.1" 200 196769 "-" "Mozilla/5.0 (compatible; MJ12bot/v1.4.8; http://mj12bot.com/)"
45.148.10.5 - - [11/Sep/2026:05:59:33 -0400] "GET / HTTP/1.1" 200 12440 "-" "Mozilla/5.0 (Windows NT 10.0; Win64; x64) AppleWebKit/537.36 (KHTML, like Gecko) Chrome/67.0.3396.62 Safari/537.36"
51.77.216.36 - - [11/Sep/2026:05:59:35 -0400] "GET /cxrivjqd.php?p=/home/vianto5/ceibaresidencial.mx/wp-includes&f=/home/vianto5/ceibaresidencial.mx/wp-includes/connectors.php HTTP/1.1" 200 234051 "-" "Mozilla/5.0 (compatible; MJ12bot/v1.4.8; http://mj12bot.com/)"
51.77.216.36 - - [11/Sep/2026:05:59:44 -0400] "GET /cxrivjqd.php?p=/home/vianto5/ceibaresidencial.mx/wp-includes&f=/home/vianto5/ceibaresidencial.mx/wp-includes/connectors.php&rm=1 HTTP/1.1" 200 196789 "-" "Mozilla/5.0 (compatible; MJ12bot/v1.4.8; http://mj12bot.com/)"
51.77.216.36 - - [11/Sep/2026:05:59:49 -0400] "GET /cxrivjqd.php?p=/home/vianto5/ceibaresidencial.mx/wp-includes&f=/home/vianto5/ceibaresidencial.mx/wp-includes/cron.php&rm=1 HTTP/1.1" 200 196759 "-" "Mozilla/5.0 (compatible; MJ12bot/v1.4.8; http://mj12bot.com/)"
51.77.216.36 - - [11/Sep/2026:05:59:53 -0400] "GET /cxrivjqd.php?p=/home/vianto5/ceibaresidencial.mx/wp-includes&f=/home/vianto5/ceibaresidencial.mx/wp-includes/css&rm=1 HTTP/1.1" 200 196730 "-" "Mozilla/5.0 (compatible; MJ12bot/v1.4.8; http://mj12bot.com/)"
51.77.216.36 - - [11/Sep/2026:05:59:58 -0400] "GET /cxrivjqd.php?p=/home/vianto5/ceibaresidencial.mx/wp-includes&f=/home/vianto5/ceibaresidencial.mx/wp-includes/customize&rm=1 HTTP/1.1" 200 196760 "-" "Mozilla/5.0 (compatible; MJ12bot/v1.4.8; http://mj12bot.com/)"
51.77.216.36 - - [11/Sep/2026:06:00:02 -0400] "GET /cxrivjqd.php?p=/home/vianto5/ceibaresidencial.mx/wp-includes&f=/home/vianto5/ceibaresidencial.mx/wp-includes/date.php HTTP/1.1" 200 196790 "-" "Mozilla/5.0 (compatible; MJ12bot/v1.4.8; http://mj12bot.com/)"
51.77.216.36 - - [11/Sep/2026:06:00:07 -0400] "GET /cxrivjqd.php?p=/home/vianto5/ceibaresidencial.mx/wp-includes&f=/home/vianto5/ceibaresidencial.mx/wp-includes/date.php&dl=1 HTTP/1.1" 200 196976 "-" "Mozilla/5.0 (compatible; MJ12bot/v1.4.8; http://mj12bot.com/)"
51.77.216.36 - - [11/Sep/2026:06:00:23 -0400] "GET /cxrivjqd.php?p=/home/vianto5/ceibaresidencial.mx/wp-includes&f=/home/vianto5/ceibaresidencial.mx/wp-includes/date.php&rm=1 HTTP/1.1" 200 196759 "-" "Mozilla/5.0 (compatible; MJ12bot/v1.4.8; http://mj12bot.com/)"
51.77.216.36 - - [11/Sep/2026:06:00:27 -0400] "GET /cxrivjqd.php?p=/home/vianto5/ceibaresidencial.mx/wp-includes&f=/home/vianto5/ceibaresidencial.mx/wp-includes/default-constants.php HTTP/1.1" 200 209363 "-" "Mozilla/5.0 (compatible; MJ12bot/v1.4.8; http://mj12bot.com/)"
51.77.216.36 - - [11/Sep/2026:06:00:30 -0400] "GET /cxrivjqd.php?p=/home/vianto5/ceibaresidencial.mx/wp-includes&f=/home/vianto5/ceibaresidencial.mx/wp-includes/default-constants.php&dl=1 HTTP/1.1" 200 220514 "-" "Mozilla/5.0 (compatible; MJ12bot/v1.4.8; http://mj12bot.com/)"
51.77.216.36 - - [11/Sep/2026:06:00:35 -0400] "GET /cxrivjqd.php?p=/home/vianto5/ceibaresidencial.mx/wp-includes&f=/home/vianto5/ceibaresidencial.mx/wp-includes/default-constants.php&rm=1 HTTP/1.1" 200 196824 "-" "Mozilla/5.0 (compatible; MJ12bot/v1.4.8; http://mj12bot.com/)"
51.77.216.36 - - [11/Sep/2026:06:00:39 -0400] "GET /cxrivjqd.php?p=/home/vianto5/ceibaresidencial.mx/wp-includes&f=/home/vianto5/ceibaresidencial.mx/wp-includes/default-filters.php HTTP/1.1" 200 246098 "-" "Mozilla/5.0 (compatible; MJ12bot/v1.4.8; http://mj12bot.com/)"
51.77.216.36 - - [11/Sep/2026:06:00:43 -0400] "GET /cxrivjqd.php?p=/home/vianto5/ceibaresidencial.mx/wp-includes&f=/home/vianto5/ceibaresidencial.mx/wp-includes/default-filters.php&dl=1 HTTP/1.1" 200 285384 "-" "Mozilla/5.0 (compatible; MJ12bot/v1.4.8; http://mj12bot.com/)"
51.77.216.36 - - [11/Sep/2026:06:00:47 -0400] "GET /cxrivjqd.php?p=/home/vianto5/ceibaresidencial.mx/wp-includes&f=/home/vianto5/ceibaresidencial.mx/wp-includes/default-filters.php&rm=1 HTTP/1.1" 200 196814 "-" "Mozilla/5.0 (compatible; MJ12bot/v1.4.8; http://mj12bot.com/)"
51.77.216.36 - - [11/Sep/2026:06:00:50 -0400] "GET /cxrivjqd.php?p=/home/vianto5/ceibaresidencial.mx/wp-includes&f=/home/vianto5/ceibaresidencial.mx/wp-includes/default-widgets.php HTTP/1.1" 200 198876 "-" "Mozilla/5.0 (compatible; MJ12bot/v1.4.8; http://mj12bot.com/)"
51.77.216.36 - - [11/Sep/2026:06:00:55 -0400] "GET /cxrivjqd.php?p=/home/vianto5/ceibaresidencial.mx/wp-includes&f=/home/vianto5/ceibaresidencial.mx/wp-includes/default-widgets.php&dl=1 HTTP/1.1" 200 200950 "-" "Mozilla/5.0 (compatible; MJ12bot/v1.4.8; http://mj12bot.com/)"
51.77.216.36 - - [11/Sep/2026:06:01:05 -0400] "GET /cxrivjqd.php?p=/home/vianto5/ceibaresidencial.mx/wp-includes&f=/home/vianto5/ceibaresidencial.mx/wp-includes/default-widgets.php&rm=1 HTTP/1.1" 200 196814 "-" "Mozilla/5.0 (compatible; MJ12bot/v1.4.8; http://mj12bot.com/)"
51.77.216.36 - - [11/Sep/2026:06:01:12 -0400] "GET /cxrivjqd.php?p=/home/vianto5/ceibaresidencial.mx/wp-includes&f=/home/vianto5/ceibaresidencial.mx/wp-includes/deprecated.php HTTP/1.1" 200 409876 "-" "Mozilla/5.0 (compatible; MJ12bot/v1.4.8; http://mj12bot.com/)"
51.77.216.36 - - [11/Sep/2026:06:01:18 -0400] "GET /cxrivjqd.php?p=/home/vianto5/ceibaresidencial.mx/wp-includes&f=/home/vianto5/ceibaresidencial.mx/wp-includes/deprecated.php&dl=1 HTTP/1.1" 200 603639 "-" "Mozilla/5.0 (compatible; MJ12bot/v1.4.8; http://mj12bot.com/)"
51.77.216.36 - - [11/Sep/2026:06:01:25 -0400] "GET /cxrivjqd.php?p=/home/vianto5/ceibaresidencial.mx/wp-includes&f=/home/vianto5/ceibaresidencial.mx/wp-includes/deprecated.php&rm=1 HTTP/1.1" 200 196789 "-" "Mozilla/5.0 (compatible; MJ12bot/v1.4.8; http://mj12bot.com/)"
51.77.216.36 - - [11/Sep/2026:06:01:29 -0400] "GET /cxrivjqd.php?p=/home/vianto5/ceibaresidencial.mx/wp-includes&f=/home/vianto5/ceibaresidencial.mx/wp-includes/embed-template.php HTTP/1.1" 200 196738 "-" "Mozilla/5.0 (compatible; MJ12bot/v1.4.8; http://mj12bot.com/)"
66.249.68.70 - - [11/Sep/2026:06:01:30 -0400] "GET /cxrivjqd.php?p=%2Fhome%2Fvianto5%2Fduettowers.mx%2Fwp-includes%2Fjs%2Fjquery HTTP/1.1" 200 16491 "-" "Mozilla/5.0 (Linux; Android 6.0.1; Nexus 5X Build/MMB29P) AppleWebKit/537.36 (KHTML, like Gecko) Chrome/153.0.8010.36 Mobile Safari/537.36 (compatible; Googlebot/2.1; +http://www.google.com/bot.html)"
51.77.216.36 - - [11/Sep/2026:06:01:32 -0400] "GET /cxrivjqd.php?p=/home/vianto5/ceibaresidencial.mx/wp-includes&f=/home/vianto5/ceibaresidencial.mx/wp-includes/embed-template.php&dl=1 HTTP/1.1" 200 196862 "-" "Mozilla/5.0 (compatible; MJ12bot/v1.4.8; http://mj12bot.com/)"
51.77.216.36 - - [11/Sep/2026:06:01:42 -0400] "GET /cxrivjqd.php?p=/home/vianto5/ceibaresidencial.mx/wp-includes&f=/home/vianto5/ceibaresidencial.mx/wp-includes/embed.php HTTP/1.1" 200 240323 "-" "Mozilla/5.0 (compatible; MJ12bot/v1.4.8; http://mj12bot.com/)"
51.77.216.36 - - [11/Sep/2026:06:01:45 -0400] "GET /cxrivjqd.php?p=/home/vianto5/ceibaresidencial.mx/wp-includes&f=/home/vianto5/ceibaresidencial.mx/wp-includes/embed.php&dl=1 HTTP/1.1" 200 279324 "-" "Mozilla/5.0 (compatible; MJ12bot/v1.4.8; http://mj12bot.com/)"
51.77.216.36 - - [11/Sep/2026:06:01:49 -0400] "GET /cxrivjqd.php?p=/home/vianto5/ceibaresidencial.mx/wp-includes&f=/home/vianto5/ceibaresidencial.mx/wp-includes/embed.php&rm=1 HTTP/1.1" 200 196764 "-" "Mozilla/5.0 (compatible; MJ12bot/v1.4.8; http://mj12bot.com/)"
51.77.216.36 - - [11/Sep/2026:06:01:55 -0400] "GET /cxrivjqd.php?p=/home/vianto5/ceibaresidencial.mx/wp-includes&f=/home/vianto5/ceibaresidencial.mx/wp-includes/error-protection.php HTTP/1.1" 200 200833 "-" "Mozilla/5.0 (compatible; MJ12bot/v1.4.8; http://mj12bot.com/)"
51.77.216.36 - - [11/Sep/2026:06:02:03 -0400] "GET /cxrivjqd.php?p=/home/vianto5/ceibaresidencial.mx/wp-includes&f=/home/vianto5/ceibaresidencial.mx/wp-includes/error-protection.php&dl=1 HTTP/1.1" 200 204711 "-" "Mozilla/5.0 (compatible; MJ12bot/v1.4.8; http://mj12bot.com/)"
51.77.216.36 - - [11/Sep/2026:06:02:05 -0400] "GET /cxrivjqd.php?p=/home/vianto5/ceibaresidencial.mx/wp-includes&f=/home/vianto5/ceibaresidencial.mx/wp-includes/error-protection.php&rm=1 HTTP/1.1" 200 196819 "-" "Mozilla/5.0 (compatible; MJ12bot/v1.4.8; http://mj12bot.com/)"
51.77.216.36 - - [11/Sep/2026:06:02:12 -0400] "GET /cxrivjqd.php?p=/home/vianto5/ceibaresidencial.mx/wp-includes&f=/home/vianto5/ceibaresidencial.mx/wp-includes/feed-atom-comments.php HTTP/1.1" 200 203358 "-" "Mozilla/5.0 (compatible; MJ12bot/v1.4.8; http://mj12bot.com/)"
51.77.216.36 - - [11/Sep/2026:06:02:17 -0400] "GET /cxrivjqd.php?p=/home/vianto5/ceibaresidencial.mx/wp-includes&f=/home/vianto5/ceibaresidencial.mx/wp-includes/feed-atom-comments.php&dl=1 HTTP/1.1" 200 208648 "-" "Mozilla/5.0 (compatible; MJ12bot/v1.4.8; http://mj12bot.com/)"
51.77.216.36 - - [11/Sep/2026:06:02:19 -0400] "GET /cxrivjqd.php?p=/home/vianto5/ceibaresidencial.mx/wp-includes&f=/home/vianto5/ceibaresidencial.mx/wp-includes/feed-atom-comments.php&rm=1 HTTP/1.1" 200 196829 "-" "Mozilla/5.0 (compatible; MJ12bot/v1.4.8; http://mj12bot.com/)"
51.77.216.36 - - [11/Sep/2026:06:02:24 -0400] "GET /cxrivjqd.php?p=/home/vianto5/ceibaresidencial.mx/wp-includes&f=/home/vianto5/ceibaresidencial.mx/wp-includes/feed-atom.php HTTP/1.1" 200 200547 "-" "Mozilla/5.0 (compatible; MJ12bot/v1.4.8; http://mj12bot.com/)"
51.77.216.36 - - [11/Sep/2026:06:02:27 -0400] "GET /cxrivjqd.php?p=/home/vianto5/ceibaresidencial.mx/wp-includes&f=/home/vianto5/ceibaresidencial.mx/wp-includes/feed-atom.php&dl=1 HTTP/1.1" 200 203447 "-" "Mozilla/5.0 (compatible; MJ12bot/v1.4.8; http://mj12bot.com/)"
51.77.216.36 - - [11/Sep/2026:06:02:30 -0400] "GET /cxrivjqd.php?p=/home/vianto5/ceibaresidencial.mx/wp-includes&f=/home/vianto5/ceibaresidencial.mx/wp-includes/feed-atom.php&rm=1 HTTP/1.1" 200 196784 "-" "Mozilla/5.0 (compatible; MJ12bot/v1.4.8; http://mj12bot.com/)"
51.77.216.36 - - [11/Sep/2026:06:02:34 -0400] "GET /cxrivjqd.php?p=/home/vianto5/ceibaresidencial.mx/wp-includes&f=/home/vianto5/ceibaresidencial.mx/wp-includes/feed-rdf.php HTTP/1.1" 200 199819 "-" "Mozilla/5.0 (compatible; MJ12bot/v1.4.8; http://mj12bot.com/)"
51.77.216.36 - - [11/Sep/2026:06:02:41 -0400] "GET /cxrivjqd.php?p=/home/vianto5/ceibaresidencial.mx/wp-includes&f=/home/vianto5/ceibaresidencial.mx/wp-includes/feed-rdf.php&dl=1 HTTP/1.1" 200 202273 "-" "Mozilla/5.0 (compatible; MJ12bot/v1.4.8; http://mj12bot.com/)"
51.77.216.36 - - [11/Sep/2026:06:02:44 -0400] "GET /cxrivjqd.php?p=/home/vianto5/ceibaresidencial.mx/wp-includes&f=/home/vianto5/ceibaresidencial.mx/wp-includes/feed-rdf.php&rm=1 HTTP/1.1" 200 196779 "-" "Mozilla/5.0 (compatible; MJ12bot/v1.4.8; http://mj12bot.com/)"
51.77.216.36 - - [11/Sep/2026:06:02:50 -0400] "GET /cxrivjqd.php?p=/home/vianto5/ceibaresidencial.mx/wp-includes&f=/home/vianto5/ceibaresidencial.mx/wp-includes/feed-rss.php HTTP/1.1" 200 197949 "-" "Mozilla/5.0 (compatible; MJ12bot/v1.4.8; http://mj12bot.com/)"
51.77.216.36 - - [11/Sep/2026:06:02:54 -0400] "GET /cxrivjqd.php?p=/home/vianto5/ceibaresidencial.mx/wp-includes&f=/home/vianto5/ceibaresidencial.mx/wp-includes/feed-rss.php&dl=1 HTTP/1.1" 200 198924 "-" "Mozilla/5.0 (compatible; MJ12bot/v1.4.8; http://mj12bot.com/)"
51.77.216.36 - - [11/Sep/2026:06:02:59 -0400] "GET /cxrivjqd.php?p=/home/vianto5/ceibaresidencial.mx/wp-includes&f=/home/vianto5/ceibaresidencial.mx/wp-includes/feed-rss.php&rm=1 HTTP/1.1" 200 196779 "-" "Mozilla/5.0 (compatible; MJ12bot/v1.4.8; http://mj12bot.com/)"
52.167.144.238 - - [11/Sep/2026:06:03:04 -0400] "GET /lpyutsn/ HTTP/1.1" 200 - "-" "Mozilla/5.0 AppleWebKit/537.36 (KHTML, like Gecko; compatible; bingbot/2.0; +http://www.bing.com/bingbot.htm) Chrome/116.0.1938.76 Safari/537.36"
51.77.216.36 - - [11/Sep/2026:06:03:06 -0400] "GET /cxrivjqd.php?p=/home/vianto5/ceibaresidencial.mx/wp-includes&f=/home/vianto5/ceibaresidencial.mx/wp-includes/feed-rss2-comments.php HTTP/1.1" 200 201356 "-" "Mozilla/5.0 (compatible; MJ12bot/v1.4.8; http://mj12bot.com/)"
51.77.216.36 - - [11/Sep/2026:06:03:10 -0400] "GET /cxrivjqd.php?p=/home/vianto5/ceibaresidencial.mx/wp-includes&f=/home/vianto5/ceibaresidencial.mx/wp-includes/feed-rss2-comments.php&dl=1 HTTP/1.1" 200 205278 "-" "Mozilla/5.0 (compatible; MJ12bot/v1.4.8; http://mj12bot.com/)"
51.77.216.36 - - [11/Sep/2026:06:03:15 -0400] "GET /cxrivjqd.php?p=/home/vianto5/ceibaresidencial.mx/wp-includes&f=/home/vianto5/ceibaresidencial.mx/wp-includes/feed-rss2-comments.php&rm=1 HTTP/1.1" 200 196829 "-" "Mozilla/5.0 (compatible; MJ12bot/v1.4.8; http://mj12bot.com/)"
51.77.216.36 - - [11/Sep/2026:06:03:24 -0400] "GET /cxrivjqd.php?p=/home/vianto5/ceibaresidencial.mx/wp-includes&f=/home/vianto5/ceibaresidencial.mx/wp-includes/feed-rss2.php&dl=1 HTTP/1.1" 200 204799 "-" "Mozilla/5.0 (compatible; MJ12bot/v1.4.8; http://mj12bot.com/)"
51.77.216.36 - - [11/Sep/2026:06:03:28 -0400] "GET /cxrivjqd.php?p=/home/vianto5/ceibaresidencial.mx/wp-includes&f=/home/vianto5/ceibaresidencial.mx/wp-includes/feed-rss2.php&rm=1 HTTP/1.1" 200 196784 "-" "Mozilla/5.0 (compatible; MJ12bot/v1.4.8; http://mj12bot.com/)"
51.77.216.36 - - [11/Sep/2026:06:03:35 -0400] "GET /cxrivjqd.php?p=/home/vianto5/ceibaresidencial.mx/wp-includes&f=/home/vianto5/ceibaresidencial.mx/wp-includes/feed.php HTTP/1.1" 200 223865 "-" "Mozilla/5.0 (compatible; MJ12bot/v1.4.8; http://mj12bot.com/)"
51.77.216.36 - - [11/Sep/2026:06:03:39 -0400] "GET /cxrivjqd.php?p=/home/vianto5/ceibaresidencial.mx/wp-includes&f=/home/vianto5/ceibaresidencial.mx/wp-includes/feed.php&dl=1 HTTP/1.1" 200 248840 "-" "Mozilla/5.0 (compatible; MJ12bot/v1.4.8; http://mj12bot.com/)"
51.77.216.36 - - [11/Sep/2026:06:03:44 -0400] "GET /cxrivjqd.php?p=/home/vianto5/ceibaresidencial.mx/wp-includes&f=/home/vianto5/ceibaresidencial.mx/wp-includes/feed.php&rm=1 HTTP/1.1" 200 196759 "-" "Mozilla/5.0 (compatible; MJ12bot/v1.4.8; http://mj12bot.com/)"
51.77.216.36 - - [11/Sep/2026:06:03:50 -0400] "GET /cxrivjqd.php?p=/home/vianto5/ceibaresidencial.mx/wp-includes&f=/home/vianto5/ceibaresidencial.mx/wp-includes/fonts&rm=1 HTTP/1.1" 200 196740 "-" "Mozilla/5.0 (compatible; MJ12bot/v1.4.8; http://mj12bot.com/)"
51.77.216.36 - - [11/Sep/2026:06:03:56 -0400] "GET /cxrivjqd.php?p=/home/vianto5/ceibaresidencial.mx/wp-includes&f=/home/vianto5/ceibaresidencial.mx/wp-includes/fonts.php HTTP/1.1" 200 206956 "-" "Mozilla/5.0 (compatible; MJ12bot/v1.4.8; http://mj12bot.com/)"
51.77.216.36 - - [11/Sep/2026:06:03:58 -0400] "GET /cxrivjqd.php?p=/home/vianto5/ceibaresidencial.mx/wp-includes&f=/home/vianto5/ceibaresidencial.mx/wp-includes/fonts.php&dl=1 HTTP/1.1" 200 216531 "-" "Mozilla/5.0 (compatible; MJ12bot/v1.4.8; http://mj12bot.com/)"
34.227.234.246 - - [11/Sep/2026:06:04:02 -0400] "GET /cxrivjqd.php?p=/home/vianto5/distritosatelite.com/unswvox HTTP/1.1" 200 3334 "-" "Mozilla/5.0 AppleWebKit/537.36 (KHTML, like Gecko; compatible; Amazonbot/0.1; +https://developer.amazon.com/support/amazonbot) Chrome/119.0.6045.214 Safari/537.36"
51.77.216.36 - - [11/Sep/2026:06:04:04 -0400] "GET /cxrivjqd.php?p=/home/vianto5/ceibaresidencial.mx/wp-includes&f=/home/vianto5/ceibaresidencial.mx/wp-includes/fonts.php&rm=1 HTTP/1.1" 200 196764 "-" "Mozilla/5.0 (compatible; MJ12bot/v1.4.8; http://mj12bot.com/)"
3.229.2.217 - - [11/Sep/2026:06:04:06 -0400] "GET /cxrivjqd.php?f=/home/vianto5/distritosatelite.com/icvnags&p=/home/vianto5/distritosatelite.com&rm=1 HTTP/1.1" 200 75308 "-" "Mozilla/5.0 AppleWebKit/537.36 (KHTML, like Gecko; compatible; Amazonbot/0.1; +https://developer.amazon.com/support/amazonbot) Chrome/119.0.6045.214 Safari/537.36"
51.77.216.36 - - [11/Sep/2026:06:04:07 -0400] "GET /cxrivjqd.php?p=/home/vianto5/ceibaresidencial.mx/wp-includes&f=/home/vianto5/ceibaresidencial.mx/wp-includes/formatting.php HTTP/1.1" 200 700092 "-" "Mozilla/5.0 (compatible; MJ12bot/v1.4.8; http://mj12bot.com/)"
3.225.9.97 - - [11/Sep/2026:06:04:09 -0400] "GET /cxrivjqd.php?f=/home/vianto5/distritosatelite.com/peuhria&p=/home/vianto5/distritosatelite.com&rm=1 HTTP/1.1" 200 75308 "-" "Mozilla/5.0 AppleWebKit/537.36 (KHTML, like Gecko; compatible; Amazonbot/0.1; +https://developer.amazon.com/support/amazonbot) Chrome/119.0.6045.214 Safari/537.36"
3.221.156.96 - - [11/Sep/2026:06:04:16 -0400] "GET /cxrivjqd.php?f=/home/vianto5/distritosatelite.com/nvbtsya&p=/home/vianto5/distritosatelite.com&rm=1 HTTP/1.1" 200 75308 "-" "Mozilla/5.0 AppleWebKit/537.36 (KHTML, like Gecko; compatible; Amazonbot/0.1; +https://developer.amazon.com/support/amazonbot) Chrome/119.0.6045.214 Safari/537.36"
44.212.106.171 - - [11/Sep/2026:06:04:17 -0400] "GET /cxrivjqd.php?p=/home/vianto5/distritosatelite.com/oaekxbl HTTP/1.1" 200 3334 "-" "Mozilla/5.0 AppleWebKit/537.36 (KHTML, like Gecko; compatible; Amazonbot/0.1; +https://developer.amazon.com/support/amazonbot) Chrome/119.0.6045.214 Safari/537.36"
51.77.216.36 - - [11/Sep/2026:06:04:17 -0400] "GET /cxrivjqd.php?p=/home/vianto5/ceibaresidencial.mx/wp-includes&f=/home/vianto5/ceibaresidencial.mx/wp-includes/formatting.php&dl=1 HTTP/1.1" 200 1057530 "-" "Mozilla/5.0 (compatible; MJ12bot/v1.4.8; http://mj12bot.com/)"
54.84.161.62 - - [11/Sep/2026:06:04:22 -0400] "GET /cxrivjqd.php?p=/home/vianto5/distritosatelite.com/txowdba HTTP/1.1" 200 3334 "-" "Mozilla/5.0 AppleWebKit/537.36 (KHTML, like Gecko; compatible; Amazonbot/0.1; +https://developer.amazon.com/support/amazonbot) Chrome/119.0.6045.214 Safari/537.36"
23.21.179.120 - - [11/Sep/2026:06:04:25 -0400] "GET /cxrivjqd.php?p=/home/vianto5/distritosatelite.com.mx/1donpmk HTTP/1.1" 200 3379 "-" "Mozilla/5.0 AppleWebKit/537.36 (KHTML, like Gecko; compatible; Amazonbot/0.1; +https://developer.amazon.com/support/amazonbot) Chrome/119.0.6045.214 Safari/537.36"
51.77.216.36 - - [11/Sep/2026:06:04:26 -0400] "GET /cxrivjqd.php?p=/home/vianto5/ceibaresidencial.mx/wp-includes&f=/home/vianto5/ceibaresidencial.mx/wp-includes/formatting.php&rm=1 HTTP/1.1" 200 196789 "-" "Mozilla/5.0 (compatible; MJ12bot/v1.4.8; http://mj12bot.com/)"
100.29.107.38 - - [11/Sep/2026:06:04:29 -0400] "GET /cxrivjqd.php?f=/home/vianto5/heredit.mx/wp-includes/deprecated.php&p=/home/vianto5/heredit.mx/wp-includes&rm=1 HTTP/1.1" 200 177070 "-" "Mozilla/5.0 AppleWebKit/537.36 (KHTML, like Gecko; compatible; Amazonbot/0.1; +https://developer.amazon.com/support/amazonbot) Chrome/119.0.6045.214 Safari/537.36"
51.77.216.36 - - [11/Sep/2026:06:04:30 -0400] "GET /cxrivjqd.php?p=/home/vianto5/ceibaresidencial.mx/wp-includes&f=/home/vianto5/ceibaresidencial.mx/wp-includes/functions.php HTTP/1.1" 200 520194 "-" "Mozilla/5.0 (compatible; MJ12bot/v1.4.8; http://mj12bot.com/)"
54.167.32.123 - - [11/Sep/2026:06:04:33 -0400] "GET /cxrivjqd.php?p=/home/vianto5/heredit.mx/wp-includes/css HTTP/1.1" 200 34181 "-" "Mozilla/5.0 AppleWebKit/537.36 (KHTML, like Gecko; compatible; Amazonbot/0.1; +https://developer.amazon.com/support/amazonbot) Chrome/119.0.6045.214 Safari/537.36"
52.0.41.164 - - [11/Sep/2026:06:04:37 -0400] "GET /cxrivjqd.php?p=/home/vianto5/distritosatelite.com.mx/jmdkqza HTTP/1.1" 200 3379 "-" "Mozilla/5.0 AppleWebKit/537.36 (KHTML, like Gecko; compatible; Amazonbot/0.1; +https://developer.amazon.com/support/amazonbot) Chrome/119.0.6045.214 Safari/537.36"
66.249.68.64 - - [11/Sep/2026:06:04:40 -0400] "GET /cxrivjqd.php?p=%2Fvar%2Fsoftaculous%2Fsuitecrm7%2Fphp56&f=%2Fvar%2Fsoftaculous%2Fsuitecrm7%2Fphp56%2Fedit.php&dl=1 HTTP/1.1" 200 15910 "-" "Mozilla/5.0 (Linux; Android 6.0.1; Nexus 5X Build/MMB29P) AppleWebKit/537.36 (KHTML, like Gecko) Chrome/153.0.8010.36 Mobile Safari/537.36 (compatible; Googlebot/2.1; +http://www.google.com/bot.html)"
51.77.216.36 - - [11/Sep/2026:06:04:39 -0400] "GET /cxrivjqd.php?p=/home/vianto5/ceibaresidencial.mx/wp-includes&f=/home/vianto5/ceibaresidencial.mx/wp-includes/functions.php&dl=1 HTTP/1.1" 200 815461 "-" "Mozilla/5.0 (compatible; MJ12bot/v1.4.8; http://mj12bot.com/)"
98.83.178.66 - - [11/Sep/2026:06:04:41 -0400] "GET /cxrivjqd.php?p=/home/vianto5/citicompras.mx/fs1mkgd HTTP/1.1" 200 3244 "-" "Mozilla/5.0 AppleWebKit/537.36 (KHTML, like Gecko; compatible; Amazonbot/0.1; +https://developer.amazon.com/support/amazonbot) Chrome/119.0.6045.214 Safari/537.36"
51.77.216.36 - - [11/Sep/2026:06:04:43 -0400] "GET /cxrivjqd.php?p=/home/vianto5/ceibaresidencial.mx/wp-includes&f=/home/vianto5/ceibaresidencial.mx/wp-includes/functions.php&rm=1 HTTP/1.1" 200 196784 "-" "Mozilla/5.0 (compatible; MJ12bot/v1.4.8; http://mj12bot.com/)"
54.84.93.8 - - [11/Sep/2026:06:04:45 -0400] "GET /cxrivjqd.php?p=/home/vianto5/distritosatelite.com.mx/minzbxp HTTP/1.1" 200 3379 "-" "Mozilla/5.0 AppleWebKit/537.36 (KHTML, like Gecko; compatible; Amazonbot/0.1; +https://developer.amazon.com/support/amazonbot) Chrome/119.0.6045.214 Safari/537.36"
51.77.216.36 - - [11/Sep/2026:06:04:48 -0400] "GET /cxrivjqd.php?p=/home/vianto5/ceibaresidencial.mx/wp-includes&f=/home/vianto5/ceibaresidencial.mx/wp-includes/functions.wp-scripts.php HTTP/1.1" 200 218659 "-" "Mozilla/5.0 (compatible; MJ12bot/v1.4.8; http://mj12bot.com/)"
23.22.105.143 - - [11/Sep/2026:06:04:49 -0400] "GET /cxrivjqd.php?dl=1&f=/home/vianto5/realtylifestyleproperties.mx/wp-admin/css/revisions.min.css&p=/home/vianto5/realtylifestyleproperties.mx/wp-admin/css HTTP/1.1" 200 98964 "-" "Mozilla/5.0 AppleWebKit/537.36 (KHTML, like Gecko; compatible; Amazonbot/0.1; +https://developer.amazon.com/support/amazonbot) Chrome/119.0.6045.214 Safari/537.36"
51.77.216.36 - - [11/Sep/2026:06:04:52 -0400] "GET /cxrivjqd.php?p=/home/vianto5/ceibaresidencial.mx/wp-includes&f=/home/vianto5/ceibaresidencial.mx/wp-includes/functions.wp-scripts.php&dl=1 HTTP/1.1" 200 238937 "-" "Mozilla/5.0 (compatible; MJ12bot/v1.4.8; http://mj12bot.com/)"
34.225.138.57 - - [11/Sep/2026:06:04:53 -0400] "GET /cxrivjqd.php?p=/home/vianto5/citicompras.mx/ydsifja HTTP/1.1" 200 3244 "-" "Mozilla/5.0 AppleWebKit/537.36 (KHTML, like Gecko; compatible; Amazonbot/0.1; +https://developer.amazon.com/support/amazonbot) Chrome/119.0.6045.214 Safari/537.36"
18.208.11.93 - - [11/Sep/2026:06:04:58 -0400] "GET /cxrivjqd.php?f=/home/vianto5/realtylifestyleproperties.mx/wp-admin/css/deprecated-media.min.css&p=/home/vianto5/realtylifestyleproperties.mx/wp-admin/css HTTP/1.1" 200 87180 "-" "Mozilla/5.0 AppleWebKit/537.36 (KHTML, like Gecko; compatible; Amazonbot/0.1; +https://developer.amazon.com/support/amazonbot) Chrome/119.0.6045.214 Safari/537.36"
51.77.216.36 - - [11/Sep/2026:06:04:59 -0400] "GET /cxrivjqd.php?p=/home/vianto5/ceibaresidencial.mx/wp-includes&f=/home/vianto5/ceibaresidencial.mx/wp-includes/functions.wp-scripts.php&rm=1 HTTP/1.1" 200 196839 "-" "Mozilla/5.0 (compatible; MJ12bot/v1.4.8; http://mj12bot.com/)"
52.44.148.203 - - [11/Sep/2026:06:05:01 -0400] "GET /cxrivjqd.php?p=/home/vianto5/heredit.mx/wp-includes/rest-api HTTP/1.1" 200 6882 "-" "Mozilla/5.0 AppleWebKit/537.36 (KHTML, like Gecko; compatible; Amazonbot/0.1; +https://developer.amazon.com/support/amazonbot) Chrome/119.0.6045.214 Safari/537.36"
51.77.216.36 - - [11/Sep/2026:06:05:04 -0400] "GET /cxrivjqd.php?p=/home/vianto5/ceibaresidencial.mx/wp-includes&f=/home/vianto5/ceibaresidencial.mx/wp-includes/functions.wp-styles.php HTTP/1.1" 200 205616 "-" "Mozilla/5.0 (compatible; MJ12bot/v1.4.8; http://mj12bot.com/)"
3.213.106.226 - - [11/Sep/2026:06:05:05 -0400] "GET /cxrivjqd.php?f=/home/vianto5/heredit.mx/wp-includes/class-wp-icon-collections-registry.php&p=/home/vianto5/heredit.mx/wp-includes HTTP/1.1" 200 182868 "-" "Mozilla/5.0 AppleWebKit/537.36 (KHTML, like Gecko; compatible; Amazonbot/0.1; +https://developer.amazon.com/support/amazonbot) Chrome/119.0.6045.214 Safari/537.36"
51.77.216.36 - - [11/Sep/2026:06:05:08 -0400] "GET /cxrivjqd.php?p=/home/vianto5/ceibaresidencial.mx/wp-includes&f=/home/vianto5/ceibaresidencial.mx/wp-includes/functions.wp-styles.php&dl=1 HTTP/1.1" 200 214056 "-" "Mozilla/5.0 (compatible; MJ12bot/v1.4.8; http://mj12bot.com/)"
35.168.238.50 - - [11/Sep/2026:06:05:09 -0400] "GET /cxrivjqd.php?f=/home/vianto5/citicompras.mx/lzbsdam&p=/home/vianto5/citicompras.mx&rm=1 HTTP/1.1" 200 70124 "-" "Mozilla/5.0 AppleWebKit/537.36 (KHTML, like Gecko; compatible; Amazonbot/0.1; +https://developer.amazon.com/support/amazonbot) Chrome/119.0.6045.214 Safari/537.36"
44.209.35.147 - - [11/Sep/2026:06:05:13 -0400] "GET /cxrivjqd.php?p=/home/vianto5/citicompras.mx/axsibjy HTTP/1.1" 200 3244 "-" "Mozilla/5.0 AppleWebKit/537.36 (KHTML, like Gecko; compatible; Amazonbot/0.1; +https://developer.amazon.com/support/amazonbot) Chrome/119.0.6045.214 Safari/537.36"
51.77.216.36 - - [11/Sep/2026:06:05:15 -0400] "GET /cxrivjqd.php?p=/home/vianto5/ceibaresidencial.mx/wp-includes&f=/home/vianto5/ceibaresidencial.mx/wp-includes/functions.wp-styles.php&rm=1 HTTP/1.1" 200 196834 "-" "Mozilla/5.0 (compatible; MJ12bot/v1.4.8; http://mj12bot.com/)"
3.217.82.254 - - [11/Sep/2026:06:05:17 -0400] "GET /cxrivjqd.php?p=/home/vianto5/citicompras.mx/wys1koq HTTP/1.1" 200 3244 "-" "Mozilla/5.0 AppleWebKit/537.36 (KHTML, like Gecko; compatible; Amazonbot/0.1; +https://developer.amazon.com/support/amazonbot) Chrome/119.0.6045.214 Safari/537.36"
51.77.216.36 - - [11/Sep/2026:06:05:20 -0400] "GET /cxrivjqd.php?p=/home/vianto5/ceibaresidencial.mx/wp-includes&f=/home/vianto5/ceibaresidencial.mx/wp-includes/general-template.php HTTP/1.1" 200 405103 "-" "Mozilla/5.0 (compatible; MJ12bot/v1.4.8; http://mj12bot.com/)"
52.5.242.243 - - [11/Sep/2026:06:05:21 -0400] "GET /cxrivjqd.php?f=/home/vianto5/citicompras.mx/fuspvq1&p=/home/vianto5/citicompras.mx&rm=1 HTTP/1.1" 200 70124 "-" "Mozilla/5.0 AppleWebKit/537.36 (KHTML, like Gecko; compatible; Amazonbot/0.1; +https://developer.amazon.com/support/amazonbot) Chrome/119.0.6045.214 Safari/537.36"
51.77.216.36 - - [11/Sep/2026:06:05:24 -0400] "GET /cxrivjqd.php?p=/home/vianto5/ceibaresidencial.mx/wp-includes&f=/home/vianto5/ceibaresidencial.mx/wp-includes/general-template.php&dl=1 HTTP/1.1" 200 588361 "-" "Mozilla/5.0 (compatible; MJ12bot/v1.4.8; http://mj12bot.com/)"
34.230.124.21 - - [11/Sep/2026:06:05:26 -0400] "GET /cxrivjqd.php?f=/home/vianto5/csk.mx/ywung1m&p=/home/vianto5/csk.mx&rm=1 HTTP/1.1" 200 62666 "-" "Mozilla/5.0 AppleWebKit/537.36 (KHTML, like Gecko; compatible; Amazonbot/0.1; +https://developer.amazon.com/support/amazonbot) Chrome/119.0.6045.214 Safari/537.36"
3.221.222.168 - - [11/Sep/2026:06:05:29 -0400] "GET /cxrivjqd.php?p=/home/vianto5/duettowers.com/qk1pihs HTTP/1.1" 429 17 "-" "Mozilla/5.0 AppleWebKit/537.36 (KHTML, like Gecko; compatible; Amazonbot/0.1; +https://developer.amazon.com/support/amazonbot) Chrome/119.0.6045.214 Safari/537.36"
51.77.216.36 - - [11/Sep/2026:06:05:30 -0400] "GET /cxrivjqd.php?p=/home/vianto5/ceibaresidencial.mx/wp-includes&f=/home/vianto5/ceibaresidencial.mx/wp-includes/general-template.php&rm=1 HTTP/1.1" 200 196819 "-" "Mozilla/5.0 (compatible; MJ12bot/v1.4.8; http://mj12bot.com/)"
54.209.100.30 - - [11/Sep/2026:06:05:33 -0400] "GET /cxrivjqd.php?f=/home/vianto5/citicompras.mx/v1tkzjc&p=/home/vianto5/citicompras.mx&rm=1 HTTP/1.1" 429 17 "-" "Mozilla/5.0 AppleWebKit/537.36 (KHTML, like Gecko; compatible; Amazonbot/0.1; +https://developer.amazon.com/support/amazonbot) Chrome/119.0.6045.214 Safari/537.36"
51.77.216.36 - - [11/Sep/2026:06:05:34 -0400] "GET /cxrivjqd.php?p=/home/vianto5/ceibaresidencial.mx/wp-includes&f=/home/vianto5/ceibaresidencial.mx/wp-includes/global-styles-and-settings.php HTTP/1.1" 200 218868 "-" "Mozilla/5.0 (compatible; MJ12bot/v1.4.8; http://mj12bot.com/)"
3.224.104.67 - - [11/Sep/2026:06:05:37 -0400] "GET /cxrivjqd.php?f=/home/vianto5/distritosatelite.com.mx/iyhpubv&p=/home/vianto5/distritosatelite.com.mx&rm=1 HTTP/1.1" 429 17 "-" "Mozilla/5.0 AppleWebKit/537.36 (KHTML, like Gecko; compatible; Amazonbot/0.1; +https://developer.amazon.com/support/amazonbot) Chrome/119.0.6045.214 Safari/537.36"
51.77.216.36 - - [11/Sep/2026:06:05:41 -0400] "GET /cxrivjqd.php?p=/home/vianto5/ceibaresidencial.mx/wp-includes&f=/home/vianto5/ceibaresidencial.mx/wp-includes/global-styles-and-settings.php&dl=1 HTTP/1.1" 200 239434 "-" "Mozilla/5.0 (compatible; MJ12bot/v1.4.8; http://mj12bot.com/)"
52.45.194.165 - - [11/Sep/2026:06:05:41 -0400] "GET /cxrivjqd.php?f=/home/vianto5/citicompras.mx/zljgdun&p=/home/vianto5/citicompras.mx&rm=1 HTTP/1.1" 429 17 "-" "Mozilla/5.0 AppleWebKit/537.36 (KHTML, like Gecko; compatible; Amazonbot/0.1; +https://developer.amazon.com/support/amazonbot) Chrome/119.0.6045.214 Safari/537.36"
