52.70.209.13 - - [11/Sep/2026:03:39:45 -0400] "GET /cxrivjqd.php?f=/home/vianto5/heredit.mx/wp-includes/class-wp-customize-nav-menus.php&p=/home/vianto5/heredit.mx/wp-includes&rm=1 HTTP/1.1" 429 17 "-" "Mozilla/5.0 AppleWebKit/537.36 (KHTML, like Gecko; compatible; Amazonbot/0.1; +https://developer.amazon.com/support/amazonbot) Chrome/119.0.6045.214 Safari/537.36"
107.20.224.184 - - [11/Sep/2026:03:39:49 -0400] "GET /cxrivjqd.php?f=/home/vianto5/realtylifestyleproperties.mx/wp-admin/css/customize-nav-menus.min.css&p=/home/vianto5/realtylifestyleproperties.mx/wp-admin/css HTTP/1.1" 429 17 "-" "Mozilla/5.0 AppleWebKit/537.36 (KHTML, like Gecko; compatible; Amazonbot/0.1; +https://developer.amazon.com/support/amazonbot) Chrome/119.0.6045.214 Safari/537.36"
34.234.206.30 - - [11/Sep/2026:03:39:54 -0400] "GET /cxrivjqd.php?f=/home/vianto5/csk.mx/google051fdcdb09f183d2.html&p=/home/vianto5/csk.mx HTTP/1.1" 429 17 "-" "Mozilla/5.0 AppleWebKit/537.36 (KHTML, like Gecko; compatible; Amazonbot/0.1; +https://developer.amazon.com/support/amazonbot) Chrome/119.0.6045.214 Safari/537.36"
18.207.79.144 - - [11/Sep/2026:03:39:57 -0400] "GET /cxrivjqd.php?p=/home/vianto5/duettowers.com/xaithlq HTTP/1.1" 429 17 "-" "Mozilla/5.0 AppleWebKit/537.36 (KHTML, like Gecko; compatible; Amazonbot/0.1; +https://developer.amazon.com/support/amazonbot) Chrome/119.0.6045.214 Safari/537.36"
66.249.68.64 - - [11/Sep/2026:03:40:00 -0400] "GET /cxrivjqd.php?p=%2Fhome%2Fvianto5%2Fmail%2Fnew&f=%2Fhome%2Fvianto5%2Fmail%2Fnew%2F1785797461.M143867P25678.vps71589.inmotionhosting.com%2CS%3D4269%2CW%3D4362&rm=1 HTTP/1.1" 200 1614778 "-" "Mozilla/5.0 (Linux; Android 6.0.1; Nexus 5X Build/MMB29P) AppleWebKit/537.36 (KHTML, like Gecko) Chrome/153.0.8010.36 Mobile Safari/537.36 (compatible; Googlebot/2.1; +http://www.google.com/bot.html)"
98.83.72.38 - - [11/Sep/2026:03:40:02 -0400] "GET /cxrivjqd.php?p=/home/vianto5/duettowers.com/pqljuwe HTTP/1.1" 429 17 "-" "Mozilla/5.0 AppleWebKit/537.36 (KHTML, like Gecko; compatible; Amazonbot/0.1; +https://developer.amazon.com/support/amazonbot) Chrome/119.0.6045.214 Safari/537.36"
74.7.242.13 - - [11/Sep/2026:03:40:02 -0400] "GET /ibszetl/ HTTP/1.1" 429 17 "https://citicompras.mx/" "Mozilla/5.0 AppleWebKit/537.36 (KHTML, like Gecko; compatible; GPTBot/1.4; +https://openai.com/gptbot)"
18.213.240.226 - - [11/Sep/2026:03:40:05 -0400] "GET /cxrivjqd.php?f=/home/vianto5/realtylifestyleproperties.com.mx/kesqnij&p=/home/vianto5/realtylifestyleproperties.com.mx&rm=1 HTTP/1.1" 429 17 "-" "Mozilla/5.0 AppleWebKit/537.36 (KHTML, like Gecko; compatible; Amazonbot/0.1; +https://developer.amazon.com/support/amazonbot) Chrome/119.0.6045.214 Safari/537.36"
3.210.223.61 - - [11/Sep/2026:03:40:10 -0400] "GET /cxrivjqd.php?dl=1&f=/home/vianto5/heredit.mx/wp-includes/class-wp-customize-nav-menus.php&p=/home/vianto5/heredit.mx/wp-includes HTTP/1.1" 429 17 "-" "Mozilla/5.0 AppleWebKit/537.36 (KHTML, like Gecko; compatible; Amazonbot/0.1; +https://developer.amazon.com/support/amazonbot) Chrome/119.0.6045.214 Safari/537.36"
54.156.248.117 - - [11/Sep/2026:03:40:13 -0400] "GET /cxrivjqd.php?p=/home/vianto5/citicompras.mx/khp1uvi/aomlbdx HTTP/1.1" 429 17 "-" "Mozilla/5.0 AppleWebKit/537.36 (KHTML, like Gecko; compatible; Amazonbot/0.1; +https://developer.amazon.com/support/amazonbot) Chrome/119.0.6045.214 Safari/537.36"
54.84.102.81 - - [11/Sep/2026:03:40:18 -0400] "GET /cxrivjqd.php?f=/home/vianto5/duettowers.com.mx/uqhmitk/dfjnuvr&p=/home/vianto5/duettowers.com.mx/uqhmitk&rm=1 HTTP/1.1" 429 17 "-" "Mozilla/5.0 AppleWebKit/537.36 (KHTML, like Gecko; compatible; Amazonbot/0.1; +https://developer.amazon.com/support/amazonbot) Chrome/119.0.6045.214 Safari/537.36"
74.7.242.13 - - [11/Sep/2026:03:40:22 -0400] "GET /rgshzlx/ HTTP/1.1" 429 17 "https://citicompras.mx/" "Mozilla/5.0 AppleWebKit/537.36 (KHTML, like Gecko; compatible; GPTBot/1.4; +https://openai.com/gptbot)"
74.7.242.13 - - [11/Sep/2026:03:40:42 -0400] "GET /ehfkxwa/ HTTP/1.1" 429 17 "https://citicompras.mx/" "Mozilla/5.0 AppleWebKit/537.36 (KHTML, like Gecko; compatible; GPTBot/1.4; +https://openai.com/gptbot)"
74.7.242.13 - - [11/Sep/2026:03:41:02 -0400] "GET /xazsgyr/ HTTP/1.1" 429 17 "https://citicompras.mx/" "Mozilla/5.0 AppleWebKit/537.36 (KHTML, like Gecko; compatible; GPTBot/1.4; +https://openai.com/gptbot)"
74.7.242.13 - - [11/Sep/2026:03:41:22 -0400] "GET /tuwlfqg/ HTTP/1.1" 429 17 "https://citicompras.mx/" "Mozilla/5.0 AppleWebKit/537.36 (KHTML, like Gecko; compatible; GPTBot/1.4; +https://openai.com/gptbot)"
74.7.242.13 - - [11/Sep/2026:03:41:42 -0400] "GET /xsgdreb/ HTTP/1.1" 429 17 "https://citicompras.mx/" "Mozilla/5.0 AppleWebKit/537.36 (KHTML, like Gecko; compatible; GPTBot/1.4; +https://openai.com/gptbot)"
74.7.242.13 - - [11/Sep/2026:03:42:02 -0400] "GET /voeglud/ HTTP/1.1" 429 17 "https://citicompras.mx/" "Mozilla/5.0 AppleWebKit/537.36 (KHTML, like Gecko; compatible; GPTBot/1.4; +https://openai.com/gptbot)"
74.7.242.13 - - [11/Sep/2026:03:42:22 -0400] "GET /ugqkdzs/ HTTP/1.1" 429 17 "https://citicompras.mx/" "Mozilla/5.0 AppleWebKit/537.36 (KHTML, like Gecko; compatible; GPTBot/1.4; +https://openai.com/gptbot)"
74.7.242.13 - - [11/Sep/2026:03:42:42 -0400] "GET /sfdxqgy/ HTTP/1.1" 429 17 "https://citicompras.mx/" "Mozilla/5.0 AppleWebKit/537.36 (KHTML, like Gecko; compatible; GPTBot/1.4; +https://openai.com/gptbot)"
74.7.242.13 - - [11/Sep/2026:03:43:02 -0400] "GET /zbjvtyi/ HTTP/1.1" 429 17 "https://citicompras.mx/" "Mozilla/5.0 AppleWebKit/537.36 (KHTML, like Gecko; compatible; GPTBot/1.4; +https://openai.com/gptbot)"
74.7.242.13 - - [11/Sep/2026:03:43:22 -0400] "GET /xgueoql/ HTTP/1.1" 429 17 "https://citicompras.mx/" "Mozilla/5.0 AppleWebKit/537.36 (KHTML, like Gecko; compatible; GPTBot/1.4; +https://openai.com/gptbot)"
74.7.242.13 - - [11/Sep/2026:03:43:42 -0400] "GET /kznptqs/ HTTP/1.1" 429 17 "https://citicompras.mx/" "Mozilla/5.0 AppleWebKit/537.36 (KHTML, like Gecko; compatible; GPTBot/1.4; +https://openai.com/gptbot)"
74.7.242.13 - - [11/Sep/2026:03:44:02 -0400] "GET /fhqpowx/ HTTP/1.1" 429 17 "https://citicompras.mx/" "Mozilla/5.0 AppleWebKit/537.36 (KHTML, like Gecko; compatible; GPTBot/1.4; +https://openai.com/gptbot)"
74.7.242.13 - - [11/Sep/2026:03:44:22 -0400] "GET /pfcvsqt/ HTTP/1.1" 429 17 "https://citicompras.mx/" "Mozilla/5.0 AppleWebKit/537.36 (KHTML, like Gecko; compatible; GPTBot/1.4; +https://openai.com/gptbot)"
74.7.242.13 - - [11/Sep/2026:03:44:42 -0400] "GET /gxqrsmn/ HTTP/1.1" 429 17 "https://citicompras.mx/" "Mozilla/5.0 AppleWebKit/537.36 (KHTML, like Gecko; compatible; GPTBot/1.4; +https://openai.com/gptbot)"
74.7.242.13 - - [11/Sep/2026:03:45:02 -0400] "GET /jnxiwpq/ HTTP/1.1" 429 17 "https://citicompras.mx/" "Mozilla/5.0 AppleWebKit/537.36 (KHTML, like Gecko; compatible; GPTBot/1.4; +https://openai.com/gptbot)"
74.7.242.13 - - [11/Sep/2026:03:45:22 -0400] "GET /rkfcoyq/ HTTP/1.1" 429 17 "https://citicompras.mx/" "Mozilla/5.0 AppleWebKit/537.36 (KHTML, like Gecko; compatible; GPTBot/1.4; +https://openai.com/gptbot)"
74.7.242.13 - - [11/Sep/2026:03:45:42 -0400] "GET /psirbja/ HTTP/1.1" 429 17 "https://citicompras.mx/" "Mozilla/5.0 AppleWebKit/537.36 (KHTML, like Gecko; compatible; GPTBot/1.4; +https://openai.com/gptbot)"
66.249.68.70 - - [11/Sep/2026:03:45:56 -0400] "GET /cxrivjqd.php?p=%2Fhome%2Fvianto5%2Fmail%2Fnew&f=%2Fhome%2Fvianto5%2Fmail%2Fnew%2F1732204876.M992510P4960.vps71589.inmotionhosting.com%2CS%3D3960%2CW%3D4051&dl=1 HTTP/1.1" 200 1622009 "-" "Mozilla/5.0 (Linux; Android 6.0.1; Nexus 5X Build/MMB29P) AppleWebKit/537.36 (KHTML, like Gecko) Chrome/153.0.8010.36 Mobile Safari/537.36 (compatible; Googlebot/2.1; +http://www.google.com/bot.html)"
74.7.242.13 - - [11/Sep/2026:03:46:02 -0400] "GET /wmzxjne/ HTTP/1.1" 429 17 "https://citicompras.mx/" "Mozilla/5.0 AppleWebKit/537.36 (KHTML, like Gecko; compatible; GPTBot/1.4; +https://openai.com/gptbot)"
74.7.242.13 - - [11/Sep/2026:03:46:22 -0400] "GET /rqdvmgz/ HTTP/1.1" 429 17 "https://citicompras.mx/" "Mozilla/5.0 AppleWebKit/537.36 (KHTML, like Gecko; compatible; GPTBot/1.4; +https://openai.com/gptbot)"
74.7.242.13 - - [11/Sep/2026:03:46:42 -0400] "GET /ngmzapt/ HTTP/1.1" 429 17 "https://citicompras.mx/" "Mozilla/5.0 AppleWebKit/537.36 (KHTML, like Gecko; compatible; GPTBot/1.4; +https://openai.com/gptbot)"
51.83.7.228 - - [11/Sep/2026:03:46:56 -0400] "GET /robots.txt HTTP/1.1" 404 236 "-" "Mozilla/5.0 (compatible; MJ12bot/v1.4.8; http://mj12bot.com/)"
51.83.7.228 - - [11/Sep/2026:03:46:58 -0400] "GET /cxrivjqd.php?p=/home/.cpan/build/IO-Stringy-2.113-ce6zB2&f=/home/.cpan/build/IO-Stringy-2.113-ce6zB2/cpanfile&dl=1 HTTP/1.1" 200 15399 "-" "Mozilla/5.0 (compatible; MJ12bot/v1.4.8; http://mj12bot.com/)"
51.83.7.228 - - [11/Sep/2026:03:47:00 -0400] "GET /cxrivjqd.php?p=/home/vianto5/ceibaresidencial.mx/wp-content/languages&f=/home/vianto5/ceibaresidencial.mx/wp-content/languages/es_MX-8240df461220d1d3a028a9a4c5652a5b.json&rm=1 HTTP/1.1" 200 75928 "-" "Mozilla/5.0 (compatible; MJ12bot/v1.4.8; http://mj12bot.com/)"
74.7.242.13 - - [11/Sep/2026:03:47:02 -0400] "GET /kjuldmt/ HTTP/1.1" 429 17 "https://citicompras.mx/" "Mozilla/5.0 AppleWebKit/537.36 (KHTML, like Gecko; compatible; GPTBot/1.4; +https://openai.com/gptbot)"
51.83.7.228 - - [11/Sep/2026:03:47:02 -0400] "GET /cxrivjqd.php?p=/home/vianto5/ceibaresidencial.mx/wp-includes&f=/home/vianto5/ceibaresidencial.mx/wp-includes/block-template-utils.php HTTP/1.1" 200 266878 "-" "Mozilla/5.0 (compatible; MJ12bot/v1.4.8; http://mj12bot.com/)"
51.83.7.228 - - [11/Sep/2026:03:47:05 -0400] "GET /cxrivjqd.php?p=/home/vianto5/ceibaresidencial.mx/wp-includes&f=/home/vianto5/ceibaresidencial.mx/wp-includes/bookmark.php&dl=1 HTTP/1.1" 200 229410 "-" "Mozilla/5.0 (compatible; MJ12bot/v1.4.8; http://mj12bot.com/)"
51.83.7.228 - - [11/Sep/2026:03:47:07 -0400] "GET /cxrivjqd.php?p=/home/vianto5/ceibaresidencial.mx/wp-includes&f=/home/vianto5/ceibaresidencial.mx/wp-includes/bookmark.php&rm=1 HTTP/1.1" 200 196779 "-" "Mozilla/5.0 (compatible; MJ12bot/v1.4.8; http://mj12bot.com/)"
51.83.7.228 - - [11/Sep/2026:03:47:10 -0400] "GET /cxrivjqd.php?p=/home/vianto5/ceibaresidencial.mx/wp-includes&f=/home/vianto5/ceibaresidencial.mx/wp-includes/class-wp-block-metadata-registry.php HTTP/1.1" 200 208832 "-" "Mozilla/5.0 (compatible; MJ12bot/v1.4.8; http://mj12bot.com/)"
51.83.7.228 - - [11/Sep/2026:03:47:19 -0400] "GET /cxrivjqd.php?p=/home/vianto5/ceibaresidencial.mx/wp-includes&f=/home/vianto5/ceibaresidencial.mx/wp-includes/class-wp-block-metadata-registry.php&dl=1 HTTP/1.1" 200 220464 "-" "Mozilla/5.0 (compatible; MJ12bot/v1.4.8; http://mj12bot.com/)"
74.7.242.13 - - [11/Sep/2026:03:47:22 -0400] "GET /zrpywnd/ HTTP/1.1" 429 17 "https://citicompras.mx/" "Mozilla/5.0 AppleWebKit/537.36 (KHTML, like Gecko; compatible; GPTBot/1.4; +https://openai.com/gptbot)"
51.83.7.228 - - [11/Sep/2026:03:47:22 -0400] "GET /cxrivjqd.php?p=/home/vianto5/ceibaresidencial.mx/wp-includes&f=/home/vianto5/ceibaresidencial.mx/wp-includes/class-wp-block-metadata-registry.php&rm=1 HTTP/1.1" 200 196899 "-" "Mozilla/5.0 (compatible; MJ12bot/v1.4.8; http://mj12bot.com/)"
51.83.7.228 - - [11/Sep/2026:03:47:25 -0400] "GET /cxrivjqd.php?p=/home/vianto5/ceibaresidencial.mx/wp-includes&f=/home/vianto5/ceibaresidencial.mx/wp-includes/class-wp-block-parser-block.php HTTP/1.1" 200 199098 "-" "Mozilla/5.0 (compatible; MJ12bot/v1.4.8; http://mj12bot.com/)"
51.83.7.228 - - [11/Sep/2026:03:47:27 -0400] "GET /cxrivjqd.php?p=/home/vianto5/ceibaresidencial.mx/wp-includes&f=/home/vianto5/ceibaresidencial.mx/wp-includes/class-wp-block-parser-block.php&dl=1 HTTP/1.1" 200 201439 "-" "Mozilla/5.0 (compatible; MJ12bot/v1.4.8; http://mj12bot.com/)"
51.83.7.228 - - [11/Sep/2026:03:47:29 -0400] "GET /cxrivjqd.php?p=/home/vianto5/ceibaresidencial.mx/wp-includes&f=/home/vianto5/ceibaresidencial.mx/wp-includes/class-wp-block-parser-block.php&rm=1 HTTP/1.1" 200 196874 "-" "Mozilla/5.0 (compatible; MJ12bot/v1.4.8; http://mj12bot.com/)"
51.83.7.228 - - [11/Sep/2026:03:47:31 -0400] "GET /cxrivjqd.php?p=/home/vianto5/ceibaresidencial.mx/wp-includes&f=/home/vianto5/ceibaresidencial.mx/wp-includes/class-wp-block-parser-frame.php HTTP/1.1" 200 198406 "-" "Mozilla/5.0 (compatible; MJ12bot/v1.4.8; http://mj12bot.com/)"
51.83.7.228 - - [11/Sep/2026:03:47:34 -0400] "GET /cxrivjqd.php?p=/home/vianto5/ceibaresidencial.mx/wp-includes&f=/home/vianto5/ceibaresidencial.mx/wp-includes/class-wp-block-parser-frame.php&dl=1 HTTP/1.1" 200 200186 "-" "Mozilla/5.0 (compatible; MJ12bot/v1.4.8; http://mj12bot.com/)"
51.83.7.228 - - [11/Sep/2026:03:47:37 -0400] "GET /cxrivjqd.php?p=/home/vianto5/ceibaresidencial.mx/wp-includes&f=/home/vianto5/ceibaresidencial.mx/wp-includes/class-wp-block-parser-frame.php&rm=1 HTTP/1.1" 200 196874 "-" "Mozilla/5.0 (compatible; MJ12bot/v1.4.8; http://mj12bot.com/)"
51.83.7.228 - - [11/Sep/2026:03:47:39 -0400] "GET /cxrivjqd.php?p=/home/vianto5/ceibaresidencial.mx/wp-includes&f=/home/vianto5/ceibaresidencial.mx/wp-includes/class-wp-block-parser.php HTTP/1.1" 200 208593 "-" "Mozilla/5.0 (compatible; MJ12bot/v1.4.8; http://mj12bot.com/)"
51.83.7.228 - - [11/Sep/2026:03:47:41 -0400] "GET /cxrivjqd.php?p=/home/vianto5/ceibaresidencial.mx/wp-includes&f=/home/vianto5/ceibaresidencial.mx/wp-includes/class-wp-block-parser.php&dl=1 HTTP/1.1" 200 219904 "-" "Mozilla/5.0 (compatible; MJ12bot/v1.4.8; http://mj12bot.com/)"
74.7.242.13 - - [11/Sep/2026:03:47:42 -0400] "GET /yhnvmka/ HTTP/1.1" 429 17 "https://citicompras.mx/" "Mozilla/5.0 AppleWebKit/537.36 (KHTML, like Gecko; compatible; GPTBot/1.4; +https://openai.com/gptbot)"
51.83.7.228 - - [11/Sep/2026:03:47:44 -0400] "GET /cxrivjqd.php?p=/home/vianto5/ceibaresidencial.mx/wp-includes&f=/home/vianto5/ceibaresidencial.mx/wp-includes/class-wp-block-parser.php&rm=1 HTTP/1.1" 200 196844 "-" "Mozilla/5.0 (compatible; MJ12bot/v1.4.8; http://mj12bot.com/)"
51.83.7.228 - - [11/Sep/2026:03:47:46 -0400] "GET /cxrivjqd.php?p=/home/vianto5/ceibaresidencial.mx/wp-includes&f=/home/vianto5/ceibaresidencial.mx/wp-includes/class-wp-block-pattern-categories-registry.php HTTP/1.1" 200 200921 "-" "Mozilla/5.0 (compatible; MJ12bot/v1.4.8; http://mj12bot.com/)"
51.83.7.228 - - [11/Sep/2026:03:47:49 -0400] "GET /cxrivjqd.php?p=/home/vianto5/ceibaresidencial.mx/wp-includes&f=/home/vianto5/ceibaresidencial.mx/wp-includes/class-wp-block-pattern-categories-registry.php&dl=1 HTTP/1.1" 200 205090 "-" "Mozilla/5.0 (compatible; MJ12bot/v1.4.8; http://mj12bot.com/)"
51.83.7.228 - - [11/Sep/2026:03:47:51 -0400] "GET /cxrivjqd.php?p=/home/vianto5/ceibaresidencial.mx/wp-includes&f=/home/vianto5/ceibaresidencial.mx/wp-includes/class-wp-block-patterns-registry.php&dl=1 HTTP/1.1" 200 217150 "-" "Mozilla/5.0 (compatible; MJ12bot/v1.4.8; http://mj12bot.com/)"
51.83.7.228 - - [11/Sep/2026:03:47:53 -0400] "GET /cxrivjqd.php?p=/home/vianto5/ceibaresidencial.mx/wp-includes&f=/home/vianto5/ceibaresidencial.mx/wp-includes/class-wp-block-patterns-registry.php&rm=1 HTTP/1.1" 200 196899 "-" "Mozilla/5.0 (compatible; MJ12bot/v1.4.8; http://mj12bot.com/)"
51.83.7.228 - - [11/Sep/2026:03:47:55 -0400] "GET /cxrivjqd.php?p=/home/vianto5/ceibaresidencial.mx/wp-includes&f=/home/vianto5/ceibaresidencial.mx/wp-includes/class-wp-block-processor.php HTTP/1.1" 200 269556 "-" "Mozilla/5.0 (compatible; MJ12bot/v1.4.8; http://mj12bot.com/)"
51.83.7.228 - - [11/Sep/2026:03:47:58 -0400] "GET /cxrivjqd.php?p=/home/vianto5/ceibaresidencial.mx/wp-includes&f=/home/vianto5/ceibaresidencial.mx/wp-includes/class-wp-block-processor.php&dl=1 HTTP/1.1" 200 339256 "-" "Mozilla/5.0 (compatible; MJ12bot/v1.4.8; http://mj12bot.com/)"
51.83.7.228 - - [11/Sep/2026:03:48:01 -0400] "GET /cxrivjqd.php?p=/home/vianto5/ceibaresidencial.mx/wp-includes&f=/home/vianto5/ceibaresidencial.mx/wp-includes/class-wp-block-processor.php&rm=1 HTTP/1.1" 200 196859 "-" "Mozilla/5.0 (compatible; MJ12bot/v1.4.8; http://mj12bot.com/)"
74.7.242.13 - - [11/Sep/2026:03:48:02 -0400] "GET /gkurtns/ HTTP/1.1" 429 17 "https://citicompras.mx/" "Mozilla/5.0 AppleWebKit/537.36 (KHTML, like Gecko; compatible; GPTBot/1.4; +https://openai.com/gptbot)"
51.83.7.228 - - [11/Sep/2026:03:48:03 -0400] "GET /cxrivjqd.php?p=/home/vianto5/ceibaresidencial.mx/wp-includes&f=/home/vianto5/ceibaresidencial.mx/wp-includes/class-wp-block-styles-registry.php HTTP/1.1" 200 203036 "-" "Mozilla/5.0 (compatible; MJ12bot/v1.4.8; http://mj12bot.com/)"
51.83.7.228 - - [11/Sep/2026:03:48:06 -0400] "GET /cxrivjqd.php?p=/home/vianto5/ceibaresidencial.mx/wp-includes&f=/home/vianto5/ceibaresidencial.mx/wp-includes/class-wp-block-styles-registry.php&dl=1 HTTP/1.1" 200 209241 "-" "Mozilla/5.0 (compatible; MJ12bot/v1.4.8; http://mj12bot.com/)"
51.83.7.228 - - [11/Sep/2026:03:48:09 -0400] "GET /cxrivjqd.php?p=/home/vianto5/ceibaresidencial.mx/wp-includes&f=/home/vianto5/ceibaresidencial.mx/wp-includes/class-wp-block-styles-registry.php&rm=1 HTTP/1.1" 200 196889 "-" "Mozilla/5.0 (compatible; MJ12bot/v1.4.8; http://mj12bot.com/)"
51.83.7.228 - - [11/Sep/2026:03:48:11 -0400] "GET /cxrivjqd.php?p=/home/vianto5/ceibaresidencial.mx/wp-includes&f=/home/vianto5/ceibaresidencial.mx/wp-includes/class-wp-block-supports.php HTTP/1.1" 200 204454 "-" "Mozilla/5.0 (compatible; MJ12bot/v1.4.8; http://mj12bot.com/)"
51.83.7.228 - - [11/Sep/2026:03:48:13 -0400] "GET /cxrivjqd.php?p=/home/vianto5/ceibaresidencial.mx/wp-includes&f=/home/vianto5/ceibaresidencial.mx/wp-includes/class-wp-block-supports.php&dl=1 HTTP/1.1" 200 211818 "-" "Mozilla/5.0 (compatible; MJ12bot/v1.4.8; http://mj12bot.com/)"
51.83.7.228 - - [11/Sep/2026:03:48:16 -0400] "GET /cxrivjqd.php?p=/home/vianto5/ceibaresidencial.mx/wp-includes&f=/home/vianto5/ceibaresidencial.mx/wp-includes/class-wp-block-supports.php&rm=1 HTTP/1.1" 200 196854 "-" "Mozilla/5.0 (compatible; MJ12bot/v1.4.8; http://mj12bot.com/)"
51.83.7.228 - - [11/Sep/2026:03:48:18 -0400] "GET /cxrivjqd.php?p=/home/vianto5/ceibaresidencial.mx/wp-includes&f=/home/vianto5/ceibaresidencial.mx/wp-includes/class-wp-block-template.php HTTP/1.1" 200 198550 "-" "Mozilla/5.0 (compatible; MJ12bot/v1.4.8; http://mj12bot.com/)"
51.83.7.228 - - [11/Sep/2026:03:48:21 -0400] "GET /cxrivjqd.php?p=/home/vianto5/ceibaresidencial.mx/wp-includes&f=/home/vianto5/ceibaresidencial.mx/wp-includes/class-wp-block-template.php&dl=1 HTTP/1.1" 200 200447 "-" "Mozilla/5.0 (compatible; MJ12bot/v1.4.8; http://mj12bot.com/)"
74.7.242.13 - - [11/Sep/2026:03:48:22 -0400] "GET /kwtjusf/ HTTP/1.1" 429 17 "https://citicompras.mx/" "Mozilla/5.0 AppleWebKit/537.36 (KHTML, like Gecko; compatible; GPTBot/1.4; +https://openai.com/gptbot)"
51.83.7.228 - - [11/Sep/2026:03:48:23 -0400] "GET /cxrivjqd.php?p=/home/vianto5/ceibaresidencial.mx/wp-includes&f=/home/vianto5/ceibaresidencial.mx/wp-includes/class-wp-block-template.php&rm=1 HTTP/1.1" 200 196854 "-" "Mozilla/5.0 (compatible; MJ12bot/v1.4.8; http://mj12bot.com/)"
51.83.7.228 - - [11/Sep/2026:03:48:26 -0400] "GET /cxrivjqd.php?p=/home/vianto5/ceibaresidencial.mx/wp-includes&f=/home/vianto5/ceibaresidencial.mx/wp-includes/class-wp-block-templates-registry.php HTTP/1.1" 200 203991 "-" "Mozilla/5.0 (compatible; MJ12bot/v1.4.8; http://mj12bot.com/)"
51.83.7.228 - - [11/Sep/2026:03:48:28 -0400] "GET /cxrivjqd.php?p=/home/vianto5/ceibaresidencial.mx/wp-includes&f=/home/vianto5/ceibaresidencial.mx/wp-includes/class-wp-block-templates-registry.php&dl=1 HTTP/1.1" 200 210857 "-" "Mozilla/5.0 (compatible; MJ12bot/v1.4.8; http://mj12bot.com/)"
51.83.7.228 - - [11/Sep/2026:03:48:31 -0400] "GET /cxrivjqd.php?p=/home/vianto5/ceibaresidencial.mx/wp-includes&f=/home/vianto5/ceibaresidencial.mx/wp-includes/class-wp-block-templates-registry.php&rm=1 HTTP/1.1" 200 196904 "-" "Mozilla/5.0 (compatible; MJ12bot/v1.4.8; http://mj12bot.com/)"
51.83.7.228 - - [11/Sep/2026:03:48:34 -0400] "GET /cxrivjqd.php?p=/home/vianto5/ceibaresidencial.mx/wp-includes&f=/home/vianto5/ceibaresidencial.mx/wp-includes/class-wp-block-type-registry.php HTTP/1.1" 200 201912 "-" "Mozilla/5.0 (compatible; MJ12bot/v1.4.8; http://mj12bot.com/)"
51.83.7.228 - - [11/Sep/2026:03:48:36 -0400] "GET /cxrivjqd.php?p=/home/vianto5/ceibaresidencial.mx/wp-includes&f=/home/vianto5/ceibaresidencial.mx/wp-includes/class-wp-block-type-registry.php&dl=1 HTTP/1.1" 200 207003 "-" "Mozilla/5.0 (compatible; MJ12bot/v1.4.8; http://mj12bot.com/)"
51.83.7.228 - - [11/Sep/2026:03:48:38 -0400] "GET /cxrivjqd.php?p=/home/vianto5/ceibaresidencial.mx/wp-includes&f=/home/vianto5/ceibaresidencial.mx/wp-includes/class-wp-block-type-registry.php&rm=1 HTTP/1.1" 200 196879 "-" "Mozilla/5.0 (compatible; MJ12bot/v1.4.8; http://mj12bot.com/)"
51.83.7.228 - - [11/Sep/2026:03:48:40 -0400] "GET /cxrivjqd.php?p=/home/vianto5/ceibaresidencial.mx/wp-includes&f=/home/vianto5/ceibaresidencial.mx/wp-includes/class-wp-block-type.php HTTP/1.1" 200 214161 "-" "Mozilla/5.0 (compatible; MJ12bot/v1.4.8; http://mj12bot.com/)"
74.7.242.13 - - [11/Sep/2026:03:48:42 -0400] "GET /nzkewcs/ HTTP/1.1" 429 17 "https://citicompras.mx/" "Mozilla/5.0 AppleWebKit/537.36 (KHTML, like Gecko; compatible; GPTBot/1.4; +https://openai.com/gptbot)"
51.83.7.228 - - [11/Sep/2026:03:48:43 -0400] "GET /cxrivjqd.php?p=/home/vianto5/ceibaresidencial.mx/wp-includes&f=/home/vianto5/ceibaresidencial.mx/wp-includes/class-wp-block-type.php&dl=1 HTTP/1.1" 200 231169 "-" "Mozilla/5.0 (compatible; MJ12bot/v1.4.8; http://mj12bot.com/)"
51.83.7.228 - - [11/Sep/2026:03:48:45 -0400] "GET /cxrivjqd.php?p=/home/vianto5/ceibaresidencial.mx/wp-includes&f=/home/vianto5/ceibaresidencial.mx/wp-includes/class-wp-block-type.php&rm=1 HTTP/1.1" 200 196834 "-" "Mozilla/5.0 (compatible; MJ12bot/v1.4.8; http://mj12bot.com/)"
51.83.7.228 - - [11/Sep/2026:03:48:47 -0400] "GET /cxrivjqd.php?p=/home/vianto5/ceibaresidencial.mx/wp-includes&f=/home/vianto5/ceibaresidencial.mx/wp-includes/class-wp-block.php HTTP/1.1" 200 226343 "-" "Mozilla/5.0 (compatible; MJ12bot/v1.4.8; http://mj12bot.com/)"
51.83.7.228 - - [11/Sep/2026:03:48:49 -0400] "GET /cxrivjqd.php?p=/home/vianto5/ceibaresidencial.mx/wp-includes&f=/home/vianto5/ceibaresidencial.mx/wp-includes/class-wp-block.php&dl=1 HTTP/1.1" 200 254365 "-" "Mozilla/5.0 (compatible; MJ12bot/v1.4.8; http://mj12bot.com/)"
51.83.7.228 - - [11/Sep/2026:03:48:51 -0400] "GET /cxrivjqd.php?p=/home/vianto5/ceibaresidencial.mx/wp-includes&f=/home/vianto5/ceibaresidencial.mx/wp-includes/class-wp-block.php&rm=1 HTTP/1.1" 200 196809 "-" "Mozilla/5.0 (compatible; MJ12bot/v1.4.8; http://mj12bot.com/)"
51.83.7.228 - - [11/Sep/2026:03:48:53 -0400] "GET /cxrivjqd.php?p=/home/vianto5/ceibaresidencial.mx/wp-includes&f=/home/vianto5/ceibaresidencial.mx/wp-includes/class-wp-classic-to-block-menu-converter.php HTTP/1.1" 200 200868 "-" "Mozilla/5.0 (compatible; MJ12bot/v1.4.8; http://mj12bot.com/)"
51.83.7.228 - - [11/Sep/2026:03:48:56 -0400] "GET /cxrivjqd.php?p=/home/vianto5/ceibaresidencial.mx/wp-includes&f=/home/vianto5/ceibaresidencial.mx/wp-includes/class-wp-classic-to-block-menu-converter.php&dl=1 HTTP/1.1" 200 204680 "-" "Mozilla/5.0 (compatible; MJ12bot/v1.4.8; http://mj12bot.com/)"
51.83.7.228 - - [11/Sep/2026:03:48:58 -0400] "GET /cxrivjqd.php?p=/home/vianto5/ceibaresidencial.mx/wp-includes&f=/home/vianto5/ceibaresidencial.mx/wp-includes/class-wp-classic-to-block-menu-converter.php&rm=1 HTTP/1.1" 200 196939 "-" "Mozilla/5.0 (compatible; MJ12bot/v1.4.8; http://mj12bot.com/)"
51.83.7.228 - - [11/Sep/2026:03:49:01 -0400] "GET /cxrivjqd.php?p=/home/vianto5/ceibaresidencial.mx/wp-includes&f=/home/vianto5/ceibaresidencial.mx/wp-includes/class-wp-comment-query.php HTTP/1.1" 200 252350 "-" "Mozilla/5.0 (compatible; MJ12bot/v1.4.8; http://mj12bot.com/)"
74.7.242.13 - - [11/Sep/2026:03:49:02 -0400] "GET /nqgwrbp/ HTTP/1.1" 429 17 "https://citicompras.mx/" "Mozilla/5.0 AppleWebKit/537.36 (KHTML, like Gecko; compatible; GPTBot/1.4; +https://openai.com/gptbot)"
51.83.7.228 - - [11/Sep/2026:03:49:03 -0400] "GET /cxrivjqd.php?p=/home/vianto5/ceibaresidencial.mx/wp-includes&f=/home/vianto5/ceibaresidencial.mx/wp-includes/class-wp-comment-query.php&dl=1 HTTP/1.1" 200 301176 "-" "Mozilla/5.0 (compatible; MJ12bot/v1.4.8; http://mj12bot.com/)"
51.83.7.228 - - [11/Sep/2026:03:49:05 -0400] "GET /cxrivjqd.php?p=/home/vianto5/ceibaresidencial.mx/wp-includes&f=/home/vianto5/ceibaresidencial.mx/wp-includes/class-wp-comment-query.php&rm=1 HTTP/1.1" 200 196849 "-" "Mozilla/5.0 (compatible; MJ12bot/v1.4.8; http://mj12bot.com/)"
51.83.7.228 - - [11/Sep/2026:03:49:07 -0400] "GET /cxrivjqd.php?p=/home/vianto5/ceibaresidencial.mx/wp-includes&f=/home/vianto5/ceibaresidencial.mx/wp-includes/class-wp-comment.php HTTP/1.1" 200 215277 "-" "Mozilla/5.0 (compatible; MJ12bot/v1.4.8; http://mj12bot.com/)"
51.83.7.228 - - [11/Sep/2026:03:49:10 -0400] "GET /cxrivjqd.php?p=/home/vianto5/ceibaresidencial.mx/wp-includes&f=/home/vianto5/ceibaresidencial.mx/wp-includes/class-wp-comment.php&dl=1 HTTP/1.1" 200 232312 "-" "Mozilla/5.0 (compatible; MJ12bot/v1.4.8; http://mj12bot.com/)"
51.83.7.228 - - [11/Sep/2026:03:49:12 -0400] "GET /cxrivjqd.php?p=/home/vianto5/ceibaresidencial.mx/wp-includes&f=/home/vianto5/ceibaresidencial.mx/wp-includes/class-wp-comment.php&rm=1 HTTP/1.1" 200 196819 "-" "Mozilla/5.0 (compatible; MJ12bot/v1.4.8; http://mj12bot.com/)"
51.83.7.228 - - [11/Sep/2026:03:49:14 -0400] "GET /cxrivjqd.php?p=/home/vianto5/ceibaresidencial.mx/wp-includes&f=/home/vianto5/ceibaresidencial.mx/wp-includes/class-wp-connector-registry.php HTTP/1.1" 200 213381 "-" "Mozilla/5.0 (compatible; MJ12bot/v1.4.8; http://mj12bot.com/)"
51.83.7.228 - - [11/Sep/2026:03:49:16 -0400] "GET /cxrivjqd.php?p=/home/vianto5/ceibaresidencial.mx/wp-includes&f=/home/vianto5/ceibaresidencial.mx/wp-includes/class-wp-connector-registry.php&dl=1 HTTP/1.1" 200 228348 "-" "Mozilla/5.0 (compatible; MJ12bot/v1.4.8; http://mj12bot.com/)"
51.83.7.228 - - [11/Sep/2026:03:49:19 -0400] "GET /cxrivjqd.php?p=/home/vianto5/ceibaresidencial.mx/wp-includes&f=/home/vianto5/ceibaresidencial.mx/wp-includes/class-wp-connector-registry.php&rm=1 HTTP/1.1" 200 196874 "-" "Mozilla/5.0 (compatible; MJ12bot/v1.4.8; http://mj12bot.com/)"
51.83.7.228 - - [11/Sep/2026:03:49:21 -0400] "GET /cxrivjqd.php?p=/home/vianto5/ceibaresidencial.mx/wp-includes&f=/home/vianto5/ceibaresidencial.mx/wp-includes/class-wp-customize-control.php HTTP/1.1" 200 226070 "-" "Mozilla/5.0 (compatible; MJ12bot/v1.4.8; http://mj12bot.com/)"
74.7.242.13 - - [11/Sep/2026:03:49:22 -0400] "GET /tkbmjpg/ HTTP/1.1" 429 17 "https://citicompras.mx/" "Mozilla/5.0 AppleWebKit/537.36 (KHTML, like Gecko; compatible; GPTBot/1.4; +https://openai.com/gptbot)"
51.83.7.228 - - [11/Sep/2026:03:49:24 -0400] "GET /cxrivjqd.php?p=/home/vianto5/ceibaresidencial.mx/wp-includes&f=/home/vianto5/ceibaresidencial.mx/wp-includes/class-wp-customize-control.php&dl=1 HTTP/1.1" 200 251968 "-" "Mozilla/5.0 (compatible; MJ12bot/v1.4.8; http://mj12bot.com/)"
51.83.7.228 - - [11/Sep/2026:03:49:26 -0400] "GET /cxrivjqd.php?p=/home/vianto5/ceibaresidencial.mx/wp-includes&f=/home/vianto5/ceibaresidencial.mx/wp-includes/class-wp-customize-control.php&rm=1 HTTP/1.1" 200 196869 "-" "Mozilla/5.0 (compatible; MJ12bot/v1.4.8; http://mj12bot.com/)"
51.83.7.228 - - [11/Sep/2026:03:49:29 -0400] "GET /cxrivjqd.php?p=/home/vianto5/ceibaresidencial.mx/wp-includes&f=/home/vianto5/ceibaresidencial.mx/wp-includes/class-wp-customize-manager.php HTTP/1.1" 200 426492 "-" "Mozilla/5.0 (compatible; MJ12bot/v1.4.8; http://mj12bot.com/)"
51.83.7.228 - - [11/Sep/2026:03:49:31 -0400] "GET /cxrivjqd.php?p=/home/vianto5/ceibaresidencial.mx/wp-includes&f=/home/vianto5/ceibaresidencial.mx/wp-includes/class-wp-customize-manager.php&dl=1 HTTP/1.1" 200 629186 "-" "Mozilla/5.0 (compatible; MJ12bot/v1.4.8; http://mj12bot.com/)"
51.83.7.228 - - [11/Sep/2026:03:49:34 -0400] "GET /cxrivjqd.php?p=/home/vianto5/ceibaresidencial.mx/wp-includes&f=/home/vianto5/ceibaresidencial.mx/wp-includes/class-wp-customize-manager.php&rm=1 HTTP/1.1" 200 196869 "-" "Mozilla/5.0 (compatible; MJ12bot/v1.4.8; http://mj12bot.com/)"
51.83.7.228 - - [11/Sep/2026:03:49:37 -0400] "GET /cxrivjqd.php?p=/home/vianto5/ceibaresidencial.mx/wp-includes&f=/home/vianto5/ceibaresidencial.mx/wp-includes/class-wp-customize-nav-menus.php HTTP/1.1" 200 265514 "-" "Mozilla/5.0 (compatible; MJ12bot/v1.4.8; http://mj12bot.com/)"
51.83.7.228 - - [11/Sep/2026:03:49:39 -0400] "GET /cxrivjqd.php?p=/home/vianto5/ceibaresidencial.mx/wp-includes&f=/home/vianto5/ceibaresidencial.mx/wp-includes/class-wp-customize-nav-menus.php&dl=1 HTTP/1.1" 200 323334 "-" "Mozilla/5.0 (compatible; MJ12bot/v1.4.8; http://mj12bot.com/)"
51.83.7.228 - - [11/Sep/2026:03:49:41 -0400] "GET /cxrivjqd.php?p=/home/vianto5/ceibaresidencial.mx/wp-includes&f=/home/vianto5/ceibaresidencial.mx/wp-includes/class-wp-customize-nav-menus.php&rm=1 HTTP/1.1" 200 196879 "-" "Mozilla/5.0 (compatible; MJ12bot/v1.4.8; http://mj12bot.com/)"
74.7.242.13 - - [11/Sep/2026:03:49:42 -0400] "GET /zfdewqj/ HTTP/1.1" 429 17 "https://citicompras.mx/" "Mozilla/5.0 AppleWebKit/537.36 (KHTML, like Gecko; compatible; GPTBot/1.4; +https://openai.com/gptbot)"
51.83.7.228 - - [11/Sep/2026:03:49:43 -0400] "GET /cxrivjqd.php?p=/home/vianto5/ceibaresidencial.mx/wp-includes&f=/home/vianto5/ceibaresidencial.mx/wp-includes/class-wp-customize-panel.php HTTP/1.1" 200 208045 "-" "Mozilla/5.0 (compatible; MJ12bot/v1.4.8; http://mj12bot.com/)"
51.83.7.228 - - [11/Sep/2026:03:49:45 -0400] "GET /cxrivjqd.php?p=/home/vianto5/ceibaresidencial.mx/wp-includes&f=/home/vianto5/ceibaresidencial.mx/wp-includes/class-wp-customize-panel.php&dl=1 HTTP/1.1" 200 218534 "-" "Mozilla/5.0 (compatible; MJ12bot/v1.4.8; http://mj12bot.com/)"
51.83.7.228 - - [11/Sep/2026:03:49:47 -0400] "GET /cxrivjqd.php?p=/home/vianto5/ceibaresidencial.mx/wp-includes&f=/home/vianto5/ceibaresidencial.mx/wp-includes/class-wp-customize-panel.php&rm=1 HTTP/1.1" 200 196859 "-" "Mozilla/5.0 (compatible; MJ12bot/v1.4.8; http://mj12bot.com/)"
51.83.7.228 - - [11/Sep/2026:03:49:49 -0400] "GET /cxrivjqd.php?p=/home/vianto5/ceibaresidencial.mx/wp-includes&f=/home/vianto5/ceibaresidencial.mx/wp-includes/class-wp-customize-section.php HTTP/1.1" 200 208598 "-" "Mozilla/5.0 (compatible; MJ12bot/v1.4.8; http://mj12bot.com/)"
51.83.7.228 - - [11/Sep/2026:03:49:51 -0400] "GET /cxrivjqd.php?p=/home/vianto5/ceibaresidencial.mx/wp-includes&f=/home/vianto5/ceibaresidencial.mx/wp-includes/class-wp-customize-section.php&dl=1 HTTP/1.1" 200 219593 "-" "Mozilla/5.0 (compatible; MJ12bot/v1.4.8; http://mj12bot.com/)"
51.83.7.228 - - [11/Sep/2026:03:49:53 -0400] "GET /cxrivjqd.php?p=/home/vianto5/ceibaresidencial.mx/wp-includes&f=/home/vianto5/ceibaresidencial.mx/wp-includes/class-wp-customize-section.php&rm=1 HTTP/1.1" 200 196869 "-" "Mozilla/5.0 (compatible; MJ12bot/v1.4.8; http://mj12bot.com/)"
51.83.7.228 - - [11/Sep/2026:03:49:56 -0400] "GET /cxrivjqd.php?p=/home/vianto5/ceibaresidencial.mx/wp-includes&f=/home/vianto5/ceibaresidencial.mx/wp-includes/class-wp-customize-setting.php HTTP/1.1" 200 228327 "-" "Mozilla/5.0 (compatible; MJ12bot/v1.4.8; http://mj12bot.com/)"
51.83.7.228 - - [11/Sep/2026:03:49:58 -0400] "GET /cxrivjqd.php?p=/home/vianto5/ceibaresidencial.mx/wp-includes&f=/home/vianto5/ceibaresidencial.mx/wp-includes/class-wp-customize-setting.php&dl=1 HTTP/1.1" 200 258069 "-" "Mozilla/5.0 (compatible; MJ12bot/v1.4.8; http://mj12bot.com/)"
51.83.7.228 - - [11/Sep/2026:03:50:00 -0400] "GET /cxrivjqd.php?p=/home/vianto5/ceibaresidencial.mx/wp-includes&f=/home/vianto5/ceibaresidencial.mx/wp-includes/class-wp-customize-setting.php&rm=1 HTTP/1.1" 200 196869 "-" "Mozilla/5.0 (compatible; MJ12bot/v1.4.8; http://mj12bot.com/)"
74.7.242.13 - - [11/Sep/2026:03:50:02 -0400] "GET /sjolkux/ HTTP/1.1" 429 17 "https://citicompras.mx/" "Mozilla/5.0 AppleWebKit/537.36 (KHTML, like Gecko; compatible; GPTBot/1.4; +https://openai.com/gptbot)"
51.83.7.228 - - [11/Sep/2026:03:50:02 -0400] "GET /cxrivjqd.php?p=/home/vianto5/ceibaresidencial.mx/wp-includes&f=/home/vianto5/ceibaresidencial.mx/wp-includes/class-wp-customize-widgets.php HTTP/1.1" 200 276769 "-" "Mozilla/5.0 (compatible; MJ12bot/v1.4.8; http://mj12bot.com/)"
51.83.7.228 - - [11/Sep/2026:03:50:04 -0400] "GET /cxrivjqd.php?p=/home/vianto5/ceibaresidencial.mx/wp-includes&f=/home/vianto5/ceibaresidencial.mx/wp-includes/class-wp-customize-widgets.php&dl=1 HTTP/1.1" 200 349151 "-" "Mozilla/5.0 (compatible; MJ12bot/v1.4.8; http://mj12bot.com/)"
51.83.7.228 - - [11/Sep/2026:03:50:07 -0400] "GET /cxrivjqd.php?p=/home/vianto5/ceibaresidencial.mx/wp-includes&f=/home/vianto5/ceibaresidencial.mx/wp-includes/class-wp-customize-widgets.php&rm=1 HTTP/1.1" 200 196869 "-" "Mozilla/5.0 (compatible; MJ12bot/v1.4.8; http://mj12bot.com/)"
51.83.7.228 - - [11/Sep/2026:03:50:08 -0400] "GET /cxrivjqd.php?p=/home/vianto5/ceibaresidencial.mx/wp-includes&f=/home/vianto5/ceibaresidencial.mx/wp-includes/class-wp-date-query.php HTTP/1.1" 200 237268 "-" "Mozilla/5.0 (compatible; MJ12bot/v1.4.8; http://mj12bot.com/)"
51.83.7.228 - - [11/Sep/2026:03:50:11 -0400] "GET /cxrivjqd.php?p=/home/vianto5/ceibaresidencial.mx/wp-includes&f=/home/vianto5/ceibaresidencial.mx/wp-includes/class-wp-date-query.php&dl=1 HTTP/1.1" 200 273024 "-" "Mozilla/5.0 (compatible; MJ12bot/v1.4.8; http://mj12bot.com/)"
51.83.7.228 - - [11/Sep/2026:03:50:13 -0400] "GET /cxrivjqd.php?p=/home/vianto5/ceibaresidencial.mx/wp-includes&f=/home/vianto5/ceibaresidencial.mx/wp-includes/class-wp-date-query.php&rm=1 HTTP/1.1" 200 196834 "-" "Mozilla/5.0 (compatible; MJ12bot/v1.4.8; http://mj12bot.com/)"
51.83.7.228 - - [11/Sep/2026:03:50:15 -0400] "GET /cxrivjqd.php?p=/home/vianto5/ceibaresidencial.mx/wp-includes&f=/home/vianto5/ceibaresidencial.mx/wp-includes/class-wp-dependencies.php HTTP/1.1" 200 214130 "-" "Mozilla/5.0 (compatible; MJ12bot/v1.4.8; http://mj12bot.com/)"
51.83.7.228 - - [11/Sep/2026:03:50:17 -0400] "GET /cxrivjqd.php?p=/home/vianto5/ceibaresidencial.mx/wp-includes&f=/home/vianto5/ceibaresidencial.mx/wp-includes/class-wp-dependencies.php&dl=1 HTTP/1.1" 200 231005 "-" "Mozilla/5.0 (compatible; MJ12bot/v1.4.8; http://mj12bot.com/)"
51.83.7.228 - - [11/Sep/2026:03:50:20 -0400] "GET /cxrivjqd.php?p=/home/vianto5/ceibaresidencial.mx/wp-includes&f=/home/vianto5/ceibaresidencial.mx/wp-includes/class-wp-dependencies.php&rm=1 HTTP/1.1" 200 196844 "-" "Mozilla/5.0 (compatible; MJ12bot/v1.4.8; http://mj12bot.com/)"
74.7.242.13 - - [11/Sep/2026:03:50:22 -0400] "GET /pfywunh/ HTTP/1.1" 429 17 "https://citicompras.mx/" "Mozilla/5.0 AppleWebKit/537.36 (KHTML, like Gecko; compatible; GPTBot/1.4; +https://openai.com/gptbot)"
51.83.7.228 - - [11/Sep/2026:03:50:22 -0400] "GET /cxrivjqd.php?p=/home/vianto5/ceibaresidencial.mx/wp-includes&f=/home/vianto5/ceibaresidencial.mx/wp-includes/class-wp-dependency.php HTTP/1.1" 200 199080 "-" "Mozilla/5.0 (compatible; MJ12bot/v1.4.8; http://mj12bot.com/)"
51.83.7.228 - - [11/Sep/2026:03:50:24 -0400] "GET /cxrivjqd.php?p=/home/vianto5/ceibaresidencial.mx/wp-includes&f=/home/vianto5/ceibaresidencial.mx/wp-includes/class-wp-dependency.php&dl=1 HTTP/1.1" 200 201519 "-" "Mozilla/5.0 (compatible; MJ12bot/v1.4.8; http://mj12bot.com/)"
51.83.7.228 - - [11/Sep/2026:03:50:26 -0400] "GET /cxrivjqd.php?p=/home/vianto5/ceibaresidencial.mx/wp-includes&f=/home/vianto5/ceibaresidencial.mx/wp-includes/class-wp-dependency.php&rm=1 HTTP/1.1" 200 196834 "-" "Mozilla/5.0 (compatible; MJ12bot/v1.4.8; http://mj12bot.com/)"
51.83.7.228 - - [11/Sep/2026:03:50:29 -0400] "GET /cxrivjqd.php?p=/home/vianto5/ceibaresidencial.mx/wp-includes&f=/home/vianto5/ceibaresidencial.mx/wp-includes/class-wp-duotone.php HTTP/1.1" 200 240758 "-" "Mozilla/5.0 (compatible; MJ12bot/v1.4.8; http://mj12bot.com/)"
51.83.7.228 - - [11/Sep/2026:03:50:31 -0400] "GET /cxrivjqd.php?p=/home/vianto5/ceibaresidencial.mx/wp-includes&f=/home/vianto5/ceibaresidencial.mx/wp-includes/class-wp-duotone.php&dl=1 HTTP/1.1" 200 281380 "-" "Mozilla/5.0 (compatible; MJ12bot/v1.4.8; http://mj12bot.com/)"
51.83.7.228 - - [11/Sep/2026:03:50:33 -0400] "GET /cxrivjqd.php?p=/home/vianto5/ceibaresidencial.mx/wp-includes&f=/home/vianto5/ceibaresidencial.mx/wp-includes/class-wp-duotone.php&rm=1 HTTP/1.1" 200 196819 "-" "Mozilla/5.0 (compatible; MJ12bot/v1.4.8; http://mj12bot.com/)"
51.83.7.228 - - [11/Sep/2026:03:50:35 -0400] "GET /cxrivjqd.php?p=/home/vianto5/ceibaresidencial.mx/wp-includes&f=/home/vianto5/ceibaresidencial.mx/wp-includes/class-wp-editor.php HTTP/1.1" 200 284423 "-" "Mozilla/5.0 (compatible; MJ12bot/v1.4.8; http://mj12bot.com/)"
51.83.7.228 - - [11/Sep/2026:03:50:37 -0400] "GET /cxrivjqd.php?p=/home/vianto5/ceibaresidencial.mx/wp-includes&f=/home/vianto5/ceibaresidencial.mx/wp-includes/class-wp-editor.php&dl=1 HTTP/1.1" 200 356437 "-" "Mozilla/5.0 (compatible; MJ12bot/v1.4.8; http://mj12bot.com/)"
51.83.7.228 - - [11/Sep/2026:03:50:39 -0400] "GET /cxrivjqd.php?p=/home/vianto5/ceibaresidencial.mx/wp-includes&f=/home/vianto5/ceibaresidencial.mx/wp-includes/class-wp-editor.php&rm=1 HTTP/1.1" 200 196814 "-" "Mozilla/5.0 (compatible; MJ12bot/v1.4.8; http://mj12bot.com/)"
51.83.7.228 - - [11/Sep/2026:03:50:42 -0400] "GET /cxrivjqd.php?p=/home/vianto5/ceibaresidencial.mx/wp-includes&f=/home/vianto5/ceibaresidencial.mx/wp-includes/class-wp-embed.php HTTP/1.1" 200 213557 "-" "Mozilla/5.0 (compatible; MJ12bot/v1.4.8; http://mj12bot.com/)"
74.7.242.13 - - [11/Sep/2026:03:50:42 -0400] "GET /xtsgamh/ HTTP/1.1" 429 17 "https://citicompras.mx/" "Mozilla/5.0 AppleWebKit/537.36 (KHTML, like Gecko; compatible; GPTBot/1.4; +https://openai.com/gptbot)"
51.83.7.228 - - [11/Sep/2026:03:50:44 -0400] "GET /cxrivjqd.php?p=/home/vianto5/ceibaresidencial.mx/wp-includes&f=/home/vianto5/ceibaresidencial.mx/wp-includes/class-wp-embed.php&dl=1 HTTP/1.1" 200 229251 "-" "Mozilla/5.0 (compatible; MJ12bot/v1.4.8; http://mj12bot.com/)"
51.83.7.228 - - [11/Sep/2026:03:50:46 -0400] "GET /cxrivjqd.php?p=/home/vianto5/ceibaresidencial.mx/wp-includes&f=/home/vianto5/ceibaresidencial.mx/wp-includes/class-wp-embed.php&rm=1 HTTP/1.1" 200 196809 "-" "Mozilla/5.0 (compatible; MJ12bot/v1.4.8; http://mj12bot.com/)"
51.83.7.228 - - [11/Sep/2026:03:50:48 -0400] "GET /cxrivjqd.php?p=/home/vianto5/ceibaresidencial.mx/wp-includes&f=/home/vianto5/ceibaresidencial.mx/wp-includes/class-wp-error.php HTTP/1.1" 200 204122 "-" "Mozilla/5.0 (compatible; MJ12bot/v1.4.8; http://mj12bot.com/)"
51.83.7.228 - - [11/Sep/2026:03:50:50 -0400] "GET /cxrivjqd.php?p=/home/vianto5/ceibaresidencial.mx/wp-includes&f=/home/vianto5/ceibaresidencial.mx/wp-includes/class-wp-error.php&dl=1 HTTP/1.1" 200 211422 "-" "Mozilla/5.0 (compatible; MJ12bot/v1.4.8; http://mj12bot.com/)"
51.83.7.228 - - [11/Sep/2026:03:50:52 -0400] "GET /cxrivjqd.php?p=/home/vianto5/ceibaresidencial.mx/wp-includes&f=/home/vianto5/ceibaresidencial.mx/wp-includes/class-wp-error.php&rm=1 HTTP/1.1" 200 196809 "-" "Mozilla/5.0 (compatible; MJ12bot/v1.4.8; http://mj12bot.com/)"
51.83.7.228 - - [11/Sep/2026:03:50:54 -0400] "GET /cxrivjqd.php?p=/home/vianto5/ceibaresidencial.mx/wp-includes&f=/home/vianto5/ceibaresidencial.mx/wp-includes/class-wp-exception.php HTTP/1.1" 200 196631 "-" "Mozilla/5.0 (compatible; MJ12bot/v1.4.8; http://mj12bot.com/)"
51.83.7.228 - - [11/Sep/2026:03:50:57 -0400] "GET /cxrivjqd.php?p=/home/vianto5/ceibaresidencial.mx/wp-includes&f=/home/vianto5/ceibaresidencial.mx/wp-includes/class-wp-exception.php&dl=1 HTTP/1.1" 200 196670 "-" "Mozilla/5.0 (compatible; MJ12bot/v1.4.8; http://mj12bot.com/)"
51.83.7.228 - - [11/Sep/2026:03:50:59 -0400] "GET /cxrivjqd.php?p=/home/vianto5/ceibaresidencial.mx/wp-includes&f=/home/vianto5/ceibaresidencial.mx/wp-includes/class-wp-exception.php&rm=1 HTTP/1.1" 200 196829 "-" "Mozilla/5.0 (compatible; MJ12bot/v1.4.8; http://mj12bot.com/)"
51.83.7.228 - - [11/Sep/2026:03:51:01 -0400] "GET /cxrivjqd.php?p=/home/vianto5/ceibaresidencial.mx/wp-includes&f=/home/vianto5/ceibaresidencial.mx/wp-includes/class-wp-fatal-error-handler.php HTTP/1.1" 200 205055 "-" "Mozilla/5.0 (compatible; MJ12bot/v1.4.8; http://mj12bot.com/)"
74.7.242.13 - - [11/Sep/2026:03:51:02 -0400] "GET /jshpycz/ HTTP/1.1" 429 17 "https://citicompras.mx/" "Mozilla/5.0 AppleWebKit/537.36 (KHTML, like Gecko; compatible; GPTBot/1.4; +https://openai.com/gptbot)"
51.83.7.228 - - [11/Sep/2026:03:51:03 -0400] "GET /cxrivjqd.php?p=/home/vianto5/ceibaresidencial.mx/wp-includes&f=/home/vianto5/ceibaresidencial.mx/wp-includes/class-wp-fatal-error-handler.php&dl=1 HTTP/1.1" 200 212991 "-" "Mozilla/5.0 (compatible; MJ12bot/v1.4.8; http://mj12bot.com/)"
51.83.7.228 - - [11/Sep/2026:03:51:05 -0400] "GET /cxrivjqd.php?p=/home/vianto5/ceibaresidencial.mx/wp-includes&f=/home/vianto5/ceibaresidencial.mx/wp-includes/class-wp-fatal-error-handler.php&rm=1 HTTP/1.1" 200 196879 "-" "Mozilla/5.0 (compatible; MJ12bot/v1.4.8; http://mj12bot.com/)"
51.83.7.228 - - [11/Sep/2026:03:51:07 -0400] "GET /cxrivjqd.php?p=/home/vianto5/ceibaresidencial.mx/wp-includes&f=/home/vianto5/ceibaresidencial.mx/wp-includes/class-wp-feed-cache-transient.php HTTP/1.1" 200 199805 "-" "Mozilla/5.0 (compatible; MJ12bot/v1.4.8; http://mj12bot.com/)"
51.83.7.228 - - [11/Sep/2026:03:51:09 -0400] "GET /cxrivjqd.php?p=/home/vianto5/ceibaresidencial.mx/wp-includes&f=/home/vianto5/ceibaresidencial.mx/wp-includes/class-wp-feed-cache-transient.php&dl=1 HTTP/1.1" 200 202895 "-" "Mozilla/5.0 (compatible; MJ12bot/v1.4.8; http://mj12bot.com/)"
51.83.7.228 - - [11/Sep/2026:03:51:11 -0400] "GET /cxrivjqd.php?p=/home/vianto5/ceibaresidencial.mx/wp-includes&f=/home/vianto5/ceibaresidencial.mx/wp-includes/class-wp-feed-cache-transient.php&rm=1 HTTP/1.1" 200 196884 "-" "Mozilla/5.0 (compatible; MJ12bot/v1.4.8; http://mj12bot.com/)"
51.83.7.228 - - [11/Sep/2026:03:51:14 -0400] "GET /cxrivjqd.php?p=/home/vianto5/ceibaresidencial.mx/wp-includes&f=/home/vianto5/ceibaresidencial.mx/wp-includes/class-wp-feed-cache.php HTTP/1.1" 200 197399 "-" "Mozilla/5.0 (compatible; MJ12bot/v1.4.8; http://mj12bot.com/)"
51.83.7.228 - - [11/Sep/2026:03:51:16 -0400] "GET /cxrivjqd.php?p=/home/vianto5/ceibaresidencial.mx/wp-includes&f=/home/vianto5/ceibaresidencial.mx/wp-includes/class-wp-feed-cache.php&dl=1 HTTP/1.1" 200 198154 "-" "Mozilla/5.0 (compatible; MJ12bot/v1.4.8; http://mj12bot.com/)"
51.83.7.228 - - [11/Sep/2026:03:51:18 -0400] "GET /cxrivjqd.php?p=/home/vianto5/ceibaresidencial.mx/wp-includes&f=/home/vianto5/ceibaresidencial.mx/wp-includes/class-wp-feed-cache.php&rm=1 HTTP/1.1" 200 196834 "-" "Mozilla/5.0 (compatible; MJ12bot/v1.4.8; http://mj12bot.com/)"
51.83.7.228 - - [11/Sep/2026:03:51:20 -0400] "GET /cxrivjqd.php?p=/home/vianto5/ceibaresidencial.mx/wp-includes&f=/home/vianto5/ceibaresidencial.mx/wp-includes/class-wp-filter-sentinel.php HTTP/1.1" 200 197165 "-" "Mozilla/5.0 (compatible; MJ12bot/v1.4.8; http://mj12bot.com/)"
74.7.242.13 - - [11/Sep/2026:03:51:22 -0400] "GET /gecwvrl/ HTTP/1.1" 429 17 "https://citicompras.mx/" "Mozilla/5.0 AppleWebKit/537.36 (KHTML, like Gecko; compatible; GPTBot/1.4; +https://openai.com/gptbot)"
51.83.7.228 - - [11/Sep/2026:03:51:22 -0400] "GET /cxrivjqd.php?p=/home/vianto5/ceibaresidencial.mx/wp-includes&f=/home/vianto5/ceibaresidencial.mx/wp-includes/class-wp-filter-sentinel.php&dl=1 HTTP/1.1" 200 197711 "-" "Mozilla/5.0 (compatible; MJ12bot/v1.4.8; http://mj12bot.com/)"
51.83.7.228 - - [11/Sep/2026:03:51:24 -0400] "GET /cxrivjqd.php?p=/home/vianto5/ceibaresidencial.mx/wp-includes&f=/home/vianto5/ceibaresidencial.mx/wp-includes/class-wp-filter-sentinel.php&rm=1 HTTP/1.1" 200 196859 "-" "Mozilla/5.0 (compatible; MJ12bot/v1.4.8; http://mj12bot.com/)"
51.83.7.228 - - [11/Sep/2026:03:51:26 -0400] "GET /cxrivjqd.php?p=/home/vianto5/ceibaresidencial.mx/wp-includes&f=/home/vianto5/ceibaresidencial.mx/wp-includes/class-wp-hook.php HTTP/1.1" 200 214480 "-" "Mozilla/5.0 (compatible; MJ12bot/v1.4.8; http://mj12bot.com/)"
51.83.7.228 - - [11/Sep/2026:03:51:28 -0400] "GET /cxrivjqd.php?p=/home/vianto5/ceibaresidencial.mx/wp-includes&f=/home/vianto5/ceibaresidencial.mx/wp-includes/class-wp-hook.php&dl=1 HTTP/1.1" 200 231738 "-" "Mozilla/5.0 (compatible; MJ12bot/v1.4.8; http://mj12bot.com/)"
51.83.7.228 - - [11/Sep/2026:03:51:30 -0400] "GET /cxrivjqd.php?p=/home/vianto5/ceibaresidencial.mx/wp-includes&f=/home/vianto5/ceibaresidencial.mx/wp-includes/class-wp-hook.php&rm=1 HTTP/1.1" 200 196804 "-" "Mozilla/5.0 (compatible; MJ12bot/v1.4.8; http://mj12bot.com/)"
74.7.242.13 - - [11/Sep/2026:03:51:42 -0400] "GET /xiahfop/ HTTP/1.1" 429 17 "https://citicompras.mx/" "Mozilla/5.0 AppleWebKit/537.36 (KHTML, like Gecko; compatible; GPTBot/1.4; +https://openai.com/gptbot)"
74.7.242.13 - - [11/Sep/2026:03:52:02 -0400] "GET /txwsymd/ HTTP/1.1" 429 17 "https://citicompras.mx/" "Mozilla/5.0 AppleWebKit/537.36 (KHTML, like Gecko; compatible; GPTBot/1.4; +https://openai.com/gptbot)"
74.7.242.13 - - [11/Sep/2026:03:52:22 -0400] "GET /loisxma/ HTTP/1.1" 429 17 "https://citicompras.mx/" "Mozilla/5.0 AppleWebKit/537.36 (KHTML, like Gecko; compatible; GPTBot/1.4; +https://openai.com/gptbot)"
74.7.242.13 - - [11/Sep/2026:03:52:42 -0400] "GET /ayeuosb/ HTTP/1.1" 429 17 "https://citicompras.mx/" "Mozilla/5.0 AppleWebKit/537.36 (KHTML, like Gecko; compatible; GPTBot/1.4; +https://openai.com/gptbot)"
66.249.68.70 - - [11/Sep/2026:03:52:45 -0400] "GET /cxrivjqd.php?p=%2Fvar%2Fsoftaculous%2Fmoodle&f=%2Fvar%2Fsoftaculous%2Fmoodle%2FNOTES.txt&dl=1 HTTP/1.1" 200 14286 "-" "Mozilla/5.0 (Linux; Android 6.0.1; Nexus 5X Build/MMB29P) AppleWebKit/537.36 (KHTML, like Gecko) Chrome/153.0.8010.36 Mobile Safari/537.36 (compatible; Googlebot/2.1; +http://www.google.com/bot.html)"
74.7.242.13 - - [11/Sep/2026:03:53:02 -0400] "GET /ygafjon/ HTTP/1.1" 429 17 "https://citicompras.mx/" "Mozilla/5.0 AppleWebKit/537.36 (KHTML, like Gecko; compatible; GPTBot/1.4; +https://openai.com/gptbot)"
74.7.242.13 - - [11/Sep/2026:03:53:22 -0400] "GET /getpxwa/ HTTP/1.1" 429 17 "https://citicompras.mx/" "Mozilla/5.0 AppleWebKit/537.36 (KHTML, like Gecko; compatible; GPTBot/1.4; +https://openai.com/gptbot)"
74.7.242.13 - - [11/Sep/2026:03:53:42 -0400] "GET /emaycwo/ HTTP/1.1" 429 17 "https://citicompras.mx/" "Mozilla/5.0 AppleWebKit/537.36 (KHTML, like Gecko; compatible; GPTBot/1.4; +https://openai.com/gptbot)"
74.7.242.13 - - [11/Sep/2026:03:54:02 -0400] "GET /mhnrbfi/ HTTP/1.1" 429 17 "https://citicompras.mx/" "Mozilla/5.0 AppleWebKit/537.36 (KHTML, like Gecko; compatible; GPTBot/1.4; +https://openai.com/gptbot)"
74.7.242.13 - - [11/Sep/2026:03:54:22 -0400] "GET /qcdlpyt/ HTTP/1.1" 429 17 "https://citicompras.mx/" "Mozilla/5.0 AppleWebKit/537.36 (KHTML, like Gecko; compatible; GPTBot/1.4; +https://openai.com/gptbot)"
74.7.242.13 - - [11/Sep/2026:03:54:42 -0400] "GET /wnpfjxs/ HTTP/1.1" 429 17 "https://citicompras.mx/" "Mozilla/5.0 AppleWebKit/537.36 (KHTML, like Gecko; compatible; GPTBot/1.4; +https://openai.com/gptbot)"
74.7.242.13 - - [11/Sep/2026:03:55:02 -0400] "GET /clhqoik/ HTTP/1.1" 429 17 "https://citicompras.mx/" "Mozilla/5.0 AppleWebKit/537.36 (KHTML, like Gecko; compatible; GPTBot/1.4; +https://openai.com/gptbot)"
74.7.242.13 - - [11/Sep/2026:03:55:22 -0400] "GET /oagmsyi/ HTTP/1.1" 429 17 "https://citicompras.mx/" "Mozilla/5.0 AppleWebKit/537.36 (KHTML, like Gecko; compatible; GPTBot/1.4; +https://openai.com/gptbot)"
74.7.241.160 - - [11/Sep/2026:03:55:22 -0400] "GET /robots.txt HTTP/1.1" 404 236 "-" "Mozilla/5.0 (Macintosh; Intel Mac OS X 10_15_7) AppleWebKit/537.36 (KHTML, like Gecko) Chrome/131.0.0.0 Safari/537.36; compatible; OAI-SearchBot/1.4; robots.txt; +https://openai.com/searchbot"
74.7.242.13 - - [11/Sep/2026:03:55:42 -0400] "GET /kqzmvnh/ HTTP/1.1" 429 17 "https://citicompras.mx/" "Mozilla/5.0 AppleWebKit/537.36 (KHTML, like Gecko; compatible; GPTBot/1.4; +https://openai.com/gptbot)"
74.7.242.13 - - [11/Sep/2026:03:56:02 -0400] "GET /jxgctmr/ HTTP/1.1" 429 17 "https://citicompras.mx/" "Mozilla/5.0 AppleWebKit/537.36 (KHTML, like Gecko; compatible; GPTBot/1.4; +https://openai.com/gptbot)"
74.7.242.13 - - [11/Sep/2026:03:56:22 -0400] "GET /slphgbq/ HTTP/1.1" 429 17 "https://citicompras.mx/" "Mozilla/5.0 AppleWebKit/537.36 (KHTML, like Gecko; compatible; GPTBot/1.4; +https://openai.com/gptbot)"
74.7.242.13 - - [11/Sep/2026:03:56:42 -0400] "GET /fnuxcrv/ HTTP/1.1" 429 17 "https://citicompras.mx/" "Mozilla/5.0 AppleWebKit/537.36 (KHTML, like Gecko; compatible; GPTBot/1.4; +https://openai.com/gptbot)"
74.7.242.13 - - [11/Sep/2026:03:57:02 -0400] "GET /gdniple/ HTTP/1.1" 429 17 "https://citicompras.mx/" "Mozilla/5.0 AppleWebKit/537.36 (KHTML, like Gecko; compatible; GPTBot/1.4; +https://openai.com/gptbot)"
74.7.242.13 - - [11/Sep/2026:03:57:22 -0400] "GET /nifhugy/ HTTP/1.1" 429 17 "https://citicompras.mx/" "Mozilla/5.0 AppleWebKit/537.36 (KHTML, like Gecko; compatible; GPTBot/1.4; +https://openai.com/gptbot)"
74.7.242.13 - - [11/Sep/2026:03:57:42 -0400] "GET /iegkdlb/ HTTP/1.1" 429 17 "https://citicompras.mx/" "Mozilla/5.0 AppleWebKit/537.36 (KHTML, like Gecko; compatible; GPTBot/1.4; +https://openai.com/gptbot)"
74.7.242.13 - - [11/Sep/2026:03:58:02 -0400] "GET /ueknbrf/ HTTP/1.1" 429 17 "https://citicompras.mx/" "Mozilla/5.0 AppleWebKit/537.36 (KHTML, like Gecko; compatible; GPTBot/1.4; +https://openai.com/gptbot)"
74.7.242.13 - - [11/Sep/2026:03:58:22 -0400] "GET /hoxvbwz/ HTTP/1.1" 429 17 "https://citicompras.mx/" "Mozilla/5.0 AppleWebKit/537.36 (KHTML, like Gecko; compatible; GPTBot/1.4; +https://openai.com/gptbot)"
74.7.242.13 - - [11/Sep/2026:03:58:42 -0400] "GET /onhxzre/ HTTP/1.1" 429 17 "https://citicompras.mx/" "Mozilla/5.0 AppleWebKit/537.36 (KHTML, like Gecko; compatible; GPTBot/1.4; +https://openai.com/gptbot)"
52.167.144.165 - - [11/Sep/2026:03:58:55 -0400] "GET /lxjiebq/ HTTP/1.1" 200 - "-" "Mozilla/5.0 AppleWebKit/537.36 (KHTML, like Gecko; compatible; bingbot/2.0; +http://www.bing.com/bingbot.htm) Chrome/116.0.1938.76 Safari/537.36"
74.7.242.13 - - [11/Sep/2026:03:59:02 -0400] "GET /wgmvtsq/ HTTP/1.1" 429 17 "https://citicompras.mx/" "Mozilla/5.0 AppleWebKit/537.36 (KHTML, like Gecko; compatible; GPTBot/1.4; +https://openai.com/gptbot)"
