49.144.201.74 - - [10/Sep/2026:23:39:01 -0400] "POST /xmlrpc.php HTTP/1.1" 200 416 "-" "Jetpack/13.0; WordPress/6.3; http://site54756491.com"
49.144.201.74 - - [10/Sep/2026:23:39:12 -0400] "POST /xmlrpc.php HTTP/1.1" 200 416 "-" "Jetpack/12.0; WordPress/6.1; http://site82848826.com"
49.144.201.74 - - [10/Sep/2026:23:39:23 -0400] "POST /xmlrpc.php HTTP/1.1" 200 416 "-" "Jetpack by WordPress.com (Jetpack 12.1; WordPress 6.3)"
199.250.222.155 - - [10/Sep/2026:23:39:35 -0400] "POST /wp-cron.php?doing_wp_cron=1789097975.0175731182098388671875 HTTP/1.1" 200 - "-" "WordPress/6.9.7; https://cititower.mx"
49.144.201.74 - - [10/Sep/2026:23:39:34 -0400] "POST /xmlrpc.php HTTP/1.1" 200 416 "-" "Jetpack/13.0; WordPress/6.2; http://site51310948.com"
199.250.222.155 - - [10/Sep/2026:23:39:44 -0400] "GET /wp-includes/Text/mizvsaq/ocildek/qtcvgbe/index.php?pass=lF4R5qkZ3Do HTTP/1.1" 200 5710 "-" "Mozilla/5.0 (Windows NT 10.0; Win64; x64) AppleWebKit/537.36 (KHTML, like Gecko) Chrome/118.0.5993.88 Safari/537.36"
49.144.201.74 - - [10/Sep/2026:23:39:45 -0400] "POST /xmlrpc.php HTTP/1.1" 200 416 "-" "Jetpack/12.1; WordPress/6.2; http://site64367812.com"
49.144.201.74 - - [10/Sep/2026:23:39:57 -0400] "POST /xmlrpc.php HTTP/1.1" 406 300 "-" "WordPress.com; https://wordpress.com"
49.144.201.74 - - [10/Sep/2026:23:40:07 -0400] "POST /xmlrpc.php HTTP/1.1" 200 416 "-" "Jetpack by WordPress.com (Jetpack 13.0; WordPress 6.1)"
49.144.201.74 - - [10/Sep/2026:23:40:18 -0400] "POST /xmlrpc.php HTTP/1.1" 200 416 "-" "Jetpack/12.5; WordPress/6.2; http://site52151131.com"
199.250.222.155 - - [10/Sep/2026:23:40:20 -0400] "GET /wp-includes/Text/u1zfhao/hnlyrbd/przgnak/index.php?pass=Q46oMCVhynk HTTP/1.1" 200 5710 "-" "Mozilla/5.0 (Windows NT 10.0; Win64; x64) AppleWebKit/537.36 (KHTML, like Gecko) Chrome/120.0.6099.130 Safari/537.36"
49.144.201.74 - - [10/Sep/2026:23:40:29 -0400] "POST /xmlrpc.php HTTP/1.1" 406 300 "-" "WordPress.com; https://wordpress.com"
199.250.222.155 - - [10/Sep/2026:23:40:40 -0400] "POST /wp-cron.php?doing_wp_cron=1789098040.2926740646362304687500 HTTP/1.1" 200 - "-" "WordPress/6.9.7; https://cititower.mx"
49.144.201.74 - - [10/Sep/2026:23:40:40 -0400] "POST /xmlrpc.php HTTP/1.1" 200 416 "-" "Jetpack by WordPress.com"
45.146.55.106 - - [10/Sep/2026:23:40:43 -0400] "POST /wp-login.php HTTP/1.1" 200 9575 "-" "Mozilla/5.0 (Windows NT 10.0; Win64; rv:143.0) Gecko/20100101 Firefox/143.0"
49.144.201.74 - - [10/Sep/2026:23:40:50 -0400] "POST /xmlrpc.php HTTP/1.1" 406 300 "-" "WordPress.com; https://wordpress.com"
49.144.201.74 - - [10/Sep/2026:23:41:01 -0400] "POST /xmlrpc.php HTTP/1.1" 406 300 "-" "WordPress.com; https://wordpress.com"
49.144.201.74 - - [10/Sep/2026:23:41:11 -0400] "POST /xmlrpc.php HTTP/1.1" 200 416 "-" "Jetpack/12.0; WordPress/6.2; http://site75875115.com"
49.144.201.74 - - [10/Sep/2026:23:41:22 -0400] "POST /xmlrpc.php HTTP/1.1" 200 416 "-" "Jetpack by WordPress.com (Jetpack 12.1; WordPress 6.1)"
49.144.201.74 - - [10/Sep/2026:23:41:33 -0400] "POST /xmlrpc.php HTTP/1.1" 200 416 "-" "Jetpack/12.5; WordPress/6.1; http://site41376396.com"
199.250.222.155 - - [10/Sep/2026:23:41:39 -0400] "GET /wp-content/uploads/1hsqpoi/rsaz1eg/afdvjcq/index.php?pass=LKwDzGl85Ai HTTP/1.1" 200 5710 "-" "Mozilla/5.0 (Macintosh; Intel Mac OS X 10_15_7) AppleWebKit/605.1.15 (KHTML, like Gecko) Version/17.2.1 Safari/605.1.15"
199.250.222.155 - - [10/Sep/2026:23:41:43 -0400] "POST /wp-cron.php?doing_wp_cron=1789098103.9278860092163085937500 HTTP/1.1" 200 - "-" "WordPress/6.9.7; https://cititower.mx"
49.144.201.74 - - [10/Sep/2026:23:41:43 -0400] "POST /xmlrpc.php HTTP/1.1" 200 416 "-" "Jetpack by WordPress.com (Jetpack 12.0; WordPress 6.2)"
49.144.201.74 - - [10/Sep/2026:23:41:54 -0400] "POST /xmlrpc.php HTTP/1.1" 200 416 "-" "Jetpack by WordPress.com (Jetpack 12.1; WordPress 6.1)"
49.144.201.74 - - [10/Sep/2026:23:42:05 -0400] "POST /xmlrpc.php HTTP/1.1" 200 416 "-" "Jetpack by WordPress.com (Jetpack 12.1; WordPress 6.3)"
49.144.201.74 - - [10/Sep/2026:23:42:16 -0400] "POST /xmlrpc.php HTTP/1.1" 200 416 "-" "Jetpack by WordPress.com (Jetpack 13.0; WordPress 6.1)"
49.144.201.74 - - [10/Sep/2026:23:42:27 -0400] "POST /xmlrpc.php HTTP/1.1" 200 416 "-" "Jetpack by WordPress.com (Jetpack 13.0; WordPress 6.2)"
49.144.201.74 - - [10/Sep/2026:23:42:38 -0400] "POST /xmlrpc.php HTTP/1.1" 406 300 "-" "WordPress.com; https://wordpress.com"
49.144.201.74 - - [10/Sep/2026:23:42:49 -0400] "POST /xmlrpc.php HTTP/1.1" 406 300 "-" "WordPress.com; https://wordpress.com"
17.166.22.132 - - [10/Sep/2026:23:42:52 -0400] "GET /shop/spiral-notebooks HTTP/1.1" 404 236 "-" "Mozilla/5.0 (Macintosh; Intel Mac OS X 10_15_7) AppleWebKit/605.1.15 (KHTML, like Gecko) Version/17.4 Safari/605.1.15 (Applebot/0.1; +http://www.apple.com/go/applebot)"
49.144.201.74 - - [10/Sep/2026:23:43:00 -0400] "POST /xmlrpc.php HTTP/1.1" 406 300 "-" "WordPress.com; https://wordpress.com"
199.250.222.155 - - [10/Sep/2026:23:43:06 -0400] "GET /wp-includes/sitemaps/iqobfnv/yclmkxd/z1rxlgh/index.php?pass=TdENUD5va2w HTTP/1.1" 200 5710 "-" "Mozilla/5.0 (X11; Ubuntu; Linux x86_64) AppleWebKit/537.36 (KHTML, like Gecko) Chrome/121.0.6167.85 Safari/537.36"
49.144.201.74 - - [10/Sep/2026:23:43:12 -0400] "POST /xmlrpc.php HTTP/1.1" 406 300 "-" "WordPress.com; https://wordpress.com"
199.250.222.155 - - [10/Sep/2026:23:43:21 -0400] "GET /wp-includes/html-api/pltywhv/nrbpyst/xavspcw/index.php?pass=F4Q1GHz9DnZ HTTP/1.1" 200 5710 "-" "Mozilla/5.0 (Macintosh; Intel Mac OS X 13_6_2) AppleWebKit/537.36 (KHTML, like Gecko) Chrome/121.0.6167.85 Safari/537.36"
49.144.201.74 - - [10/Sep/2026:23:43:24 -0400] "POST /xmlrpc.php HTTP/1.1" 406 300 "-" "WordPress.com; https://wordpress.com"
49.144.201.74 - - [10/Sep/2026:23:43:36 -0400] "POST /xmlrpc.php HTTP/1.1" 406 300 "-" "WordPress.com; https://wordpress.com"
52.167.144.229 - - [10/Sep/2026:23:43:45 -0400] "GET /shop/mortgage+rates+t-shirts HTTP/1.1" 404 236 "-" "Mozilla/5.0 AppleWebKit/537.36 (KHTML, like Gecko; compatible; bingbot/2.0; +http://www.bing.com/bingbot.htm) Chrome/116.0.1938.76 Safari/537.36"
199.250.222.155 - - [10/Sep/2026:23:43:47 -0400] "POST /wp-cron.php?doing_wp_cron=1789098227.4110069274902343750000 HTTP/1.1" 200 - "-" "WordPress/6.9.7; https://cititower.mx"
49.144.201.74 - - [10/Sep/2026:23:43:47 -0400] "POST /xmlrpc.php HTTP/1.1" 200 416 "-" "Jetpack by WordPress.com"
49.144.201.74 - - [10/Sep/2026:23:43:57 -0400] "POST /xmlrpc.php HTTP/1.1" 406 300 "-" "WordPress.com; https://wordpress.com"
49.144.201.74 - - [10/Sep/2026:23:44:08 -0400] "POST /xmlrpc.php HTTP/1.1" 406 300 "-" "WordPress.com; https://wordpress.com"
49.144.201.74 - - [10/Sep/2026:23:44:19 -0400] "POST /xmlrpc.php HTTP/1.1" 200 416 "-" "Jetpack by WordPress.com (Jetpack 12.0; WordPress 6.3)"
49.144.201.74 - - [10/Sep/2026:23:44:30 -0400] "POST /xmlrpc.php HTTP/1.1" 200 416 "-" "Jetpack by WordPress.com (Jetpack 12.1; WordPress 6.1)"
199.250.222.155 - - [10/Sep/2026:23:44:42 -0400] "POST /wp-cron.php?doing_wp_cron=1789098282.5028419494628906250000 HTTP/1.1" 200 - "-" "WordPress/6.9.7; https://cititower.mx"
49.144.201.74 - - [10/Sep/2026:23:44:42 -0400] "POST /xmlrpc.php HTTP/1.1" 200 416 "-" "Jetpack by WordPress.com"
49.144.201.74 - - [10/Sep/2026:23:44:53 -0400] "POST /xmlrpc.php HTTP/1.1" 200 416 "-" "Jetpack by WordPress.com"
49.144.201.74 - - [10/Sep/2026:23:45:05 -0400] "POST /xmlrpc.php HTTP/1.1" 406 300 "-" "WordPress.com; https://wordpress.com"
49.144.201.74 - - [10/Sep/2026:23:45:16 -0400] "POST /xmlrpc.php HTTP/1.1" 200 416 "-" "Jetpack by WordPress.com (Jetpack 12.0; WordPress 6.1)"
49.144.201.74 - - [10/Sep/2026:23:45:28 -0400] "POST /xmlrpc.php HTTP/1.1" 200 416 "-" "Jetpack by WordPress.com (Jetpack 12.5; WordPress 6.1)"
199.250.222.155 - - [10/Sep/2026:23:45:33 -0400] "GET /wp-includes/sitemaps/ocbhfe1/xkijefg/fxitpls/index.php?pass=mPIv95qscjK HTTP/1.1" 200 5710 "-" "Mozilla/5.0 (Macintosh; Intel Mac OS X 12_6_2) AppleWebKit/605.1.15 (KHTML, like Gecko) Version/17.0 Safari/605.1.15"
199.250.222.155 - - [10/Sep/2026:23:45:39 -0400] "POST /wp-cron.php?doing_wp_cron=1789098339.5563039779663085937500 HTTP/1.1" 200 - "-" "WordPress/6.9.7; https://cititower.mx"
49.144.201.74 - - [10/Sep/2026:23:45:39 -0400] "POST /xmlrpc.php HTTP/1.1" 200 416 "-" "Jetpack by WordPress.com (Jetpack 12.1; WordPress 6.4)"
49.144.201.74 - - [10/Sep/2026:23:45:50 -0400] "POST /xmlrpc.php HTTP/1.1" 200 416 "-" "Jetpack by WordPress.com"
49.144.201.74 - - [10/Sep/2026:23:46:00 -0400] "POST /xmlrpc.php HTTP/1.1" 200 416 "-" "Jetpack by WordPress.com (Jetpack 12.1; WordPress 6.1)"
49.144.201.74 - - [10/Sep/2026:23:46:11 -0400] "POST /xmlrpc.php HTTP/1.1" 200 416 "-" "Jetpack by WordPress.com"
49.144.201.74 - - [10/Sep/2026:23:46:23 -0400] "POST /xmlrpc.php HTTP/1.1" 200 416 "-" "Jetpack by WordPress.com"
199.250.222.155 - - [10/Sep/2026:23:46:34 -0400] "POST /wp-cron.php?doing_wp_cron=1789098394.5285260677337646484375 HTTP/1.1" 200 - "-" "WordPress/6.9.7; https://cititower.mx"
49.144.201.74 - - [10/Sep/2026:23:46:34 -0400] "POST /xmlrpc.php HTTP/1.1" 200 416 "-" "Jetpack by WordPress.com (Jetpack 12.5; WordPress 6.1)"
199.250.222.155 - - [10/Sep/2026:23:46:38 -0400] "GET /wp-includes/sitemaps/oqf1asy/obqltxr/teqnkmc/index.php?pass=Dae7vGSQxWV HTTP/1.1" 200 5710 "-" "Mozilla/5.0 (Macintosh; Intel Mac OS X 10.15) Gecko/20100101 Firefox/121.0"
49.144.201.74 - - [10/Sep/2026:23:46:47 -0400] "POST /xmlrpc.php HTTP/1.1" 200 416 "-" "Jetpack/12.5; WordPress/6.2; http://site88399172.com"
49.144.201.74 - - [10/Sep/2026:23:46:58 -0400] "POST /xmlrpc.php HTTP/1.1" 200 416 "-" "Jetpack/13.0; WordPress/6.3; http://site47918497.com"
49.144.201.74 - - [10/Sep/2026:23:47:09 -0400] "POST /xmlrpc.php HTTP/1.1" 200 416 "-" "Jetpack by WordPress.com"
49.144.201.74 - - [10/Sep/2026:23:47:20 -0400] "POST /xmlrpc.php HTTP/1.1" 200 416 "-" "Jetpack by WordPress.com (Jetpack 12.5; WordPress 6.2)"
49.144.201.74 - - [10/Sep/2026:23:47:31 -0400] "POST /xmlrpc.php HTTP/1.1" 200 416 "-" "Jetpack by WordPress.com (Jetpack 12.0; WordPress 6.4)"
199.250.222.155 - - [10/Sep/2026:23:47:36 -0400] "GET /wp-includes/Text/hpxfyws/iwheszr/itpkdrn/index.php?pass=gZWLDJBtl9R HTTP/1.1" 200 5710 "-" "Mozilla/5.0 (Windows NT 10.0; Win64; x64) AppleWebKit/537.36 (KHTML, like Gecko) Chrome/121.0.0.0 Safari/537.36 Edg/121.0.2277.83"
49.144.201.74 - - [10/Sep/2026:23:47:42 -0400] "POST /xmlrpc.php HTTP/1.1" 406 300 "-" "WordPress.com; https://wordpress.com"
49.144.201.74 - - [10/Sep/2026:23:47:53 -0400] "POST /xmlrpc.php HTTP/1.1" 406 300 "-" "WordPress.com; https://wordpress.com"
49.144.201.74 - - [10/Sep/2026:23:48:05 -0400] "POST /xmlrpc.php HTTP/1.1" 406 300 "-" "WordPress.com; https://wordpress.com"
199.250.222.155 - - [10/Sep/2026:23:48:15 -0400] "POST /wp-cron.php?doing_wp_cron=1789098495.9064359664916992187500 HTTP/1.1" 200 - "-" "WordPress/6.9.7; https://cititower.mx"
49.144.201.74 - - [10/Sep/2026:23:48:15 -0400] "POST /xmlrpc.php HTTP/1.1" 200 416 "-" "Jetpack/12.1; WordPress/6.3; http://site75935109.com"
49.144.201.74 - - [10/Sep/2026:23:48:26 -0400] "POST /xmlrpc.php HTTP/1.1" 200 416 "-" "Jetpack by WordPress.com"
199.250.222.155 - - [10/Sep/2026:23:48:34 -0400] "GET /wp-includes/sitemaps/ctyxhjb/elximqn/s1dzjlq/index.php?pass=N9zUKQ3jCWv HTTP/1.1" 200 5710 "-" "Mozilla/5.0 (Macintosh; Intel Mac OS X 10.15) Gecko/20100101 Firefox/122.0"
49.144.201.74 - - [10/Sep/2026:23:48:38 -0400] "POST /xmlrpc.php HTTP/1.1" 406 300 "-" "WordPress.com; https://wordpress.com"
199.250.222.155 - - [10/Sep/2026:23:48:50 -0400] "POST /wp-cron.php?doing_wp_cron=1789098530.2552289962768554687500 HTTP/1.1" 200 - "-" "WordPress/6.9.7; https://cititower.mx"
49.144.201.74 - - [10/Sep/2026:23:48:49 -0400] "POST /xmlrpc.php HTTP/1.1" 200 416 "-" "Jetpack by WordPress.com"
49.144.201.74 - - [10/Sep/2026:23:49:00 -0400] "POST /xmlrpc.php HTTP/1.1" 200 416 "-" "Jetpack by WordPress.com (Jetpack 12.1; WordPress 6.3)"
49.144.201.74 - - [10/Sep/2026:23:49:11 -0400] "POST /xmlrpc.php HTTP/1.1" 406 300 "-" "WordPress.com; https://wordpress.com"
49.144.201.74 - - [10/Sep/2026:23:49:22 -0400] "POST /xmlrpc.php HTTP/1.1" 406 300 "-" "WordPress.com; https://wordpress.com"
49.144.201.74 - - [10/Sep/2026:23:49:33 -0400] "POST /xmlrpc.php HTTP/1.1" 406 300 "-" "WordPress.com; https://wordpress.com"
199.250.222.155 - - [10/Sep/2026:23:49:45 -0400] "POST /wp-cron.php?doing_wp_cron=1789098585.4632949829101562500000 HTTP/1.1" 200 - "-" "WordPress/6.9.7; https://cititower.mx"
49.144.201.74 - - [10/Sep/2026:23:49:45 -0400] "POST /xmlrpc.php HTTP/1.1" 200 416 "-" "Jetpack by WordPress.com (Jetpack 12.5; WordPress 6.3)"
49.144.201.74 - - [10/Sep/2026:23:49:56 -0400] "POST /xmlrpc.php HTTP/1.1" 200 416 "-" "Jetpack by WordPress.com"
49.144.201.74 - - [10/Sep/2026:23:50:07 -0400] "POST /xmlrpc.php HTTP/1.1" 200 416 "-" "Jetpack by WordPress.com (Jetpack 13.0; WordPress 6.4)"
199.250.222.155 - - [10/Sep/2026:23:50:11 -0400] "GET /wp-includes/html-api/wskcerd/sbkiqvo/o1sblxi/index.php?pass=iz7gbtUSo9N HTTP/1.1" 200 5710 "-" "Mozilla/5.0 (Windows NT 11.0; Win64; x64) AppleWebKit/537.36 (KHTML, like Gecko) Chrome/122.0.6261.57 Safari/537.36"
49.144.201.74 - - [10/Sep/2026:23:50:17 -0400] "POST /xmlrpc.php HTTP/1.1" 406 300 "-" "WordPress.com; https://wordpress.com"
49.144.201.74 - - [10/Sep/2026:23:50:28 -0400] "POST /xmlrpc.php HTTP/1.1" 200 416 "-" "Jetpack by WordPress.com (Jetpack 12.0; WordPress 6.3)"
199.250.222.155 - - [10/Sep/2026:23:50:42 -0400] "POST /wp-cron.php?doing_wp_cron=1789098642.0063879489898681640625 HTTP/1.1" 200 - "-" "WordPress/6.9.7; https://cititower.mx"
49.144.201.74 - - [10/Sep/2026:23:50:41 -0400] "POST /xmlrpc.php HTTP/1.1" 200 416 "-" "Jetpack by WordPress.com (Jetpack 12.1; WordPress 6.3)"
193.56.116.67 - - [10/Sep/2026:23:50:47 -0400] "POST /wp-login.php HTTP/1.1" 200 9575 "-" "Mozilla/5.0 (Macintosh; Intel Mac OS X 10_15_7) AppleWebKit/605.1.15 Version/17.0 Safari/605.1.15"
49.144.201.74 - - [10/Sep/2026:23:50:53 -0400] "POST /xmlrpc.php HTTP/1.1" 406 300 "-" "WordPress.com; https://wordpress.com"
49.144.201.74 - - [10/Sep/2026:23:51:05 -0400] "POST /xmlrpc.php HTTP/1.1" 200 416 "-" "Jetpack/12.0; WordPress/6.4; http://site95372404.com"
49.144.201.74 - - [10/Sep/2026:23:51:16 -0400] "POST /xmlrpc.php HTTP/1.1" 200 416 "-" "Jetpack by WordPress.com"
49.144.201.74 - - [10/Sep/2026:23:51:27 -0400] "POST /xmlrpc.php HTTP/1.1" 200 416 "-" "Jetpack/12.0; WordPress/6.1; http://site95751969.com"
199.250.222.155 - - [10/Sep/2026:23:51:38 -0400] "POST /wp-cron.php?doing_wp_cron=1789098698.2605049610137939453125 HTTP/1.1" 200 - "-" "WordPress/6.9.7; https://cititower.mx"
49.144.201.74 - - [10/Sep/2026:23:51:38 -0400] "POST /xmlrpc.php HTTP/1.1" 200 416 "-" "Jetpack/12.0; WordPress/6.2; http://site32251176.com"
49.144.201.74 - - [10/Sep/2026:23:51:49 -0400] "POST /xmlrpc.php HTTP/1.1" 200 416 "-" "Jetpack/13.0; WordPress/6.2; http://site48944961.com"
49.144.201.74 - - [10/Sep/2026:23:52:00 -0400] "POST /xmlrpc.php HTTP/1.1" 200 416 "-" "Jetpack by WordPress.com"
49.144.201.74 - - [10/Sep/2026:23:52:12 -0400] "POST /xmlrpc.php HTTP/1.1" 200 416 "-" "Jetpack by WordPress.com"
49.144.201.74 - - [10/Sep/2026:23:52:24 -0400] "POST /xmlrpc.php HTTP/1.1" 200 416 "-" "Jetpack/12.1; WordPress/6.3; http://site81908660.com"
199.250.222.155 - - [10/Sep/2026:23:52:34 -0400] "POST /wp-cron.php?doing_wp_cron=1789098754.5564289093017578125000 HTTP/1.1" 200 - "-" "WordPress/6.9.7; https://cititower.mx"
49.144.201.74 - - [10/Sep/2026:23:52:34 -0400] "POST /xmlrpc.php HTTP/1.1" 200 416 "-" "Jetpack/12.1; WordPress/6.3; http://site44963499.com"
49.144.201.74 - - [10/Sep/2026:23:52:45 -0400] "POST /xmlrpc.php HTTP/1.1" 406 300 "-" "WordPress.com; https://wordpress.com"
49.144.201.74 - - [10/Sep/2026:23:52:59 -0400] "POST /xmlrpc.php HTTP/1.1" 200 416 "-" "Jetpack by WordPress.com (Jetpack 12.5; WordPress 6.3)"
49.144.201.74 - - [10/Sep/2026:23:53:11 -0400] "POST /xmlrpc.php HTTP/1.1" 200 416 "-" "Jetpack/12.5; WordPress/6.1; http://site20963215.com"
49.144.201.74 - - [10/Sep/2026:23:53:22 -0400] "POST /xmlrpc.php HTTP/1.1" 200 416 "-" "Jetpack by WordPress.com"
49.144.201.74 - - [10/Sep/2026:23:53:33 -0400] "POST /xmlrpc.php HTTP/1.1" 200 416 "-" "Jetpack/12.5; WordPress/6.4; http://site48816868.com"
199.250.222.155 - - [10/Sep/2026:23:53:44 -0400] "POST /wp-cron.php?doing_wp_cron=1789098824.6167900562286376953125 HTTP/1.1" 200 - "-" "WordPress/6.9.7; https://cititower.mx"
49.144.201.74 - - [10/Sep/2026:23:53:44 -0400] "POST /xmlrpc.php HTTP/1.1" 200 416 "-" "Jetpack by WordPress.com"
49.144.201.74 - - [10/Sep/2026:23:53:55 -0400] "POST /xmlrpc.php HTTP/1.1" 406 300 "-" "WordPress.com; https://wordpress.com"
49.144.201.74 - - [10/Sep/2026:23:54:06 -0400] "POST /xmlrpc.php HTTP/1.1" 200 416 "-" "Jetpack by WordPress.com (Jetpack 12.1; WordPress 6.2)"
199.250.222.155 - - [10/Sep/2026:23:54:13 -0400] "GET /wp-includes/sitemaps/etgmoci/zykwmjo/vcpl1gy/index.php?pass=9dA1UxQwLr4 HTTP/1.1" 200 5710 "-" "Mozilla/5.0 (Windows NT 11.0; Win64; x64) AppleWebKit/537.36 (KHTML, like Gecko) Chrome/118.0.5993.88 Safari/537.36"
49.144.201.74 - - [10/Sep/2026:23:54:16 -0400] "POST /xmlrpc.php HTTP/1.1" 200 416 "-" "Jetpack/12.5; WordPress/6.4; http://site57878190.com"
49.144.201.74 - - [10/Sep/2026:23:54:30 -0400] "POST /xmlrpc.php HTTP/1.1" 200 416 "-" "Jetpack by WordPress.com"
49.144.201.74 - - [10/Sep/2026:23:54:42 -0400] "POST /xmlrpc.php HTTP/1.1" 406 300 "-" "WordPress.com; https://wordpress.com"
199.250.222.155 - - [10/Sep/2026:23:54:54 -0400] "POST /wp-cron.php?doing_wp_cron=1789098894.3471560478210449218750 HTTP/1.1" 200 - "-" "WordPress/6.9.7; https://cititower.mx"
49.144.201.74 - - [10/Sep/2026:23:54:54 -0400] "POST /xmlrpc.php HTTP/1.1" 200 416 "-" "Jetpack/12.5; WordPress/6.3; http://site48697708.com"
49.144.201.74 - - [10/Sep/2026:23:55:10 -0400] "POST /xmlrpc.php HTTP/1.1" 406 300 "-" "WordPress.com; https://wordpress.com"
49.144.201.74 - - [10/Sep/2026:23:55:22 -0400] "POST /xmlrpc.php HTTP/1.1" 200 416 "-" "Jetpack by WordPress.com"
49.144.201.74 - - [10/Sep/2026:23:55:32 -0400] "POST /xmlrpc.php HTTP/1.1" 200 416 "-" "Jetpack by WordPress.com"
199.250.222.155 - - [10/Sep/2026:23:55:44 -0400] "POST /wp-cron.php?doing_wp_cron=1789098944.0042340755462646484375 HTTP/1.1" 200 - "-" "WordPress/6.9.7; https://cititower.mx"
49.144.201.74 - - [10/Sep/2026:23:55:43 -0400] "POST /xmlrpc.php HTTP/1.1" 200 416 "-" "Jetpack/12.0; WordPress/6.1; http://site94809520.com"
49.144.201.74 - - [10/Sep/2026:23:55:54 -0400] "POST /xmlrpc.php HTTP/1.1" 200 416 "-" "Jetpack by WordPress.com (Jetpack 12.0; WordPress 6.3)"
66.132.224.232 - - [10/Sep/2026:23:56:31 -0400] "GET / HTTP/1.1" 301 - "-" "Mozilla/5.0 (compatible; CensysInspect/1.1; +https://about.censys.io/)"
199.250.222.155 - - [10/Sep/2026:23:58:28 -0400] "GET /wp-includes/html-api/lvptwnx/ilpndck/xsotwfu/index.php?pass=5xaTp2zjcoK HTTP/1.1" 200 5710 "-" "Mozilla/5.0 (X11; Ubuntu; Linux x86_64) AppleWebKit/537.36 (KHTML, like Gecko) Chrome/118.0.5993.88 Safari/537.36"
199.250.222.155 - - [10/Sep/2026:23:59:12 -0400] "GET /wp-includes/Text/usdte1y/nm1ftil/fbkjhou/index.php?pass=APpTJnLYoux HTTP/1.1" 200 5710 "-" "Mozilla/5.0 (Windows NT 10.0; Win64; x64) AppleWebKit/537.36 (KHTML, like Gecko) Chrome/119.0.6045.159 Safari/537.36"
199.250.222.155 - - [11/Sep/2026:00:00:51 -0400] "POST /wp-cron.php?doing_wp_cron=1789099250.9441421031951904296875 HTTP/1.1" 200 - "-" "WordPress/6.9.7; https://cititower.mx"
45.146.55.91 - - [11/Sep/2026:00:00:50 -0400] "POST /wp-login.php HTTP/1.1" 200 9575 "-" "Mozilla/5.0 (Windows NT 10.0; Win64; rv:143.0) Gecko/20100101 Firefox/143.0"
199.250.222.155 - - [11/Sep/2026:00:02:00 -0400] "GET /wp-includes/Text/ncbtdku/shvfxuk/mbqszun/index.php?pass=jaRpP2O73sE HTTP/1.1" 200 5710 "-" "Mozilla/5.0 (X11; Ubuntu; Linux x86_64; rv:119.0.1) Gecko/20100101 Firefox/119.0.1"
199.250.222.155 - - [11/Sep/2026:00:02:04 -0400] "POST /wp-cron.php?doing_wp_cron=1789099324.9344859123229980468750 HTTP/1.1" 200 - "-" "WordPress/6.9.7; https://cititower.mx"
115.244.164.14 - - [11/Sep/2026:00:02:04 -0400] "POST /xmlrpc.php HTTP/1.1" 200 416 "-" "Jetpack by WordPress.com"
199.250.222.155 - - [11/Sep/2026:00:02:10 -0400] "GET /wp-includes/Text/lzyvufi/lapbknz/ywxkunq/index.php?pass=hncJfXSeBLA HTTP/1.1" 200 5710 "-" "Mozilla/5.0 (Windows NT 10.0; Win64; x64) Gecko/20100101 Firefox/120.0.1"
115.244.164.14 - - [11/Sep/2026:00:02:14 -0400] "POST /xmlrpc.php HTTP/1.1" 406 300 "-" "WordPress.com; https://wordpress.com"
115.244.164.14 - - [11/Sep/2026:00:02:25 -0400] "POST /xmlrpc.php HTTP/1.1" 200 416 "-" "Jetpack by WordPress.com"
199.250.222.155 - - [11/Sep/2026:00:02:36 -0400] "POST /wp-cron.php?doing_wp_cron=1789099356.2662279605865478515625 HTTP/1.1" 200 - "-" "WordPress/6.9.7; https://cititower.mx"
115.244.164.14 - - [11/Sep/2026:00:02:36 -0400] "POST /xmlrpc.php HTTP/1.1" 200 416 "-" "Jetpack/12.0; WordPress/6.2; http://site76321864.com"
115.244.164.14 - - [11/Sep/2026:00:02:46 -0400] "POST /xmlrpc.php HTTP/1.1" 200 416 "-" "Jetpack/12.5; WordPress/6.4; http://site79230023.com"
115.244.164.14 - - [11/Sep/2026:00:02:57 -0400] "POST /xmlrpc.php HTTP/1.1" 406 300 "-" "WordPress.com; https://wordpress.com"
115.244.164.14 - - [11/Sep/2026:00:03:07 -0400] "POST /xmlrpc.php HTTP/1.1" 200 416 "-" "Jetpack by WordPress.com"
115.244.164.14 - - [11/Sep/2026:00:03:18 -0400] "POST /xmlrpc.php HTTP/1.1" 200 416 "-" "Jetpack by WordPress.com"
115.244.164.14 - - [11/Sep/2026:00:03:28 -0400] "POST /xmlrpc.php HTTP/1.1" 200 416 "-" "Jetpack by WordPress.com (Jetpack 12.0; WordPress 6.2)"
199.250.222.155 - - [11/Sep/2026:00:03:39 -0400] "POST /wp-cron.php?doing_wp_cron=1789099419.8320529460906982421875 HTTP/1.1" 200 - "-" "WordPress/6.9.7; https://cititower.mx"
115.244.164.14 - - [11/Sep/2026:00:03:39 -0400] "POST /xmlrpc.php HTTP/1.1" 200 416 "-" "Jetpack by WordPress.com"
115.244.164.14 - - [11/Sep/2026:00:03:50 -0400] "POST /xmlrpc.php HTTP/1.1" 200 416 "-" "Jetpack/13.0; WordPress/6.1; http://site41140926.com"
115.244.164.14 - - [11/Sep/2026:00:04:00 -0400] "POST /xmlrpc.php HTTP/1.1" 200 416 "-" "Jetpack/12.0; WordPress/6.2; http://site33170570.com"
115.244.164.14 - - [11/Sep/2026:00:04:11 -0400] "POST /xmlrpc.php HTTP/1.1" 200 416 "-" "Jetpack by WordPress.com (Jetpack 13.0; WordPress 6.3)"
115.244.164.14 - - [11/Sep/2026:00:04:21 -0400] "POST /xmlrpc.php HTTP/1.1" 200 416 "-" "Jetpack by WordPress.com (Jetpack 12.0; WordPress 6.3)"
115.244.164.14 - - [11/Sep/2026:00:04:33 -0400] "POST /xmlrpc.php HTTP/1.1" 200 416 "-" "Jetpack by WordPress.com"
199.250.222.155 - - [11/Sep/2026:00:04:43 -0400] "POST /wp-cron.php?doing_wp_cron=1789099483.3091759681701660156250 HTTP/1.1" 200 - "-" "WordPress/6.9.7; https://cititower.mx"
115.244.164.14 - - [11/Sep/2026:00:04:43 -0400] "POST /xmlrpc.php HTTP/1.1" 200 416 "-" "Jetpack by WordPress.com (Jetpack 12.1; WordPress 6.1)"
115.244.164.14 - - [11/Sep/2026:00:04:53 -0400] "POST /xmlrpc.php HTTP/1.1" 200 416 "-" "Jetpack by WordPress.com (Jetpack 12.1; WordPress 6.3)"
115.244.164.14 - - [11/Sep/2026:00:05:04 -0400] "POST /xmlrpc.php HTTP/1.1" 200 416 "-" "Jetpack/12.0; WordPress/6.1; http://site48884408.com"
115.244.164.14 - - [11/Sep/2026:00:05:14 -0400] "POST /xmlrpc.php HTTP/1.1" 200 416 "-" "Jetpack by WordPress.com (Jetpack 12.0; WordPress 6.1)"
64.233.172.102 - - [11/Sep/2026:00:05:23 -0400] "GET /.well-known/traffic-advice HTTP/1.1" 404 236 "-" "Chrome Privacy Preserving Prefetch Proxy"
162.120.185.226 - - [11/Sep/2026:00:05:23 -0400] "GET /ubicacion/ HTTP/1.1" 200 254154 "https://www.google.com/" "Mozilla/5.0 (Windows NT 10.0; Win64; x64) AppleWebKit/537.36 (KHTML, like Gecko) Chrome/152.0.0.0 Safari/537.36"
115.244.164.14 - - [11/Sep/2026:00:05:25 -0400] "POST /xmlrpc.php HTTP/1.1" 200 416 "-" "Jetpack by WordPress.com (Jetpack 13.0; WordPress 6.1)"
115.244.164.14 - - [11/Sep/2026:00:05:36 -0400] "POST /xmlrpc.php HTTP/1.1" 406 300 "-" "WordPress.com; https://wordpress.com"
162.120.185.224 - - [11/Sep/2026:00:05:43 -0400] "GET /ubicacion/ HTTP/1.1" 200 254154 "https://www.google.com/" "Mozilla/5.0 (Windows NT 10.0; Win64; x64) AppleWebKit/537.36 (KHTML, like Gecko) Chrome/152.0.0.0 Safari/537.36"
199.250.222.155 - - [11/Sep/2026:00:05:46 -0400] "POST /wp-cron.php?doing_wp_cron=1789099546.8216729164123535156250 HTTP/1.1" 200 - "-" "WordPress/6.9.7; https://cititower.mx"
115.244.164.14 - - [11/Sep/2026:00:05:46 -0400] "POST /xmlrpc.php HTTP/1.1" 200 416 "-" "Jetpack by WordPress.com (Jetpack 12.5; WordPress 6.4)"
115.244.164.14 - - [11/Sep/2026:00:05:57 -0400] "POST /xmlrpc.php HTTP/1.1" 406 300 "-" "WordPress.com; https://wordpress.com"
115.244.164.14 - - [11/Sep/2026:00:06:07 -0400] "POST /xmlrpc.php HTTP/1.1" 200 416 "-" "Jetpack by WordPress.com (Jetpack 13.0; WordPress 6.2)"
115.244.164.14 - - [11/Sep/2026:00:06:18 -0400] "POST /xmlrpc.php HTTP/1.1" 200 416 "-" "Jetpack/12.1; WordPress/6.4; http://site90544180.com"
115.244.164.14 - - [11/Sep/2026:00:06:28 -0400] "POST /xmlrpc.php HTTP/1.1" 200 416 "-" "Jetpack/12.0; WordPress/6.1; http://site50614040.com"
199.250.222.155 - - [11/Sep/2026:00:06:39 -0400] "POST /wp-cron.php?doing_wp_cron=1789099599.7534110546112060546875 HTTP/1.1" 200 - "-" "WordPress/6.9.7; https://cititower.mx"
115.244.164.14 - - [11/Sep/2026:00:06:39 -0400] "POST /xmlrpc.php HTTP/1.1" 200 416 "-" "Jetpack by WordPress.com (Jetpack 12.0; WordPress 6.3)"
115.244.164.14 - - [11/Sep/2026:00:06:50 -0400] "POST /xmlrpc.php HTTP/1.1" 406 300 "-" "WordPress.com; https://wordpress.com"
115.244.164.14 - - [11/Sep/2026:00:07:00 -0400] "POST /xmlrpc.php HTTP/1.1" 200 416 "-" "Jetpack by WordPress.com"
115.244.164.14 - - [11/Sep/2026:00:07:11 -0400] "POST /xmlrpc.php HTTP/1.1" 200 416 "-" "Jetpack by WordPress.com (Jetpack 13.0; WordPress 6.1)"
115.244.164.14 - - [11/Sep/2026:00:07:21 -0400] "POST /xmlrpc.php HTTP/1.1" 200 416 "-" "Jetpack by WordPress.com"
115.244.164.14 - - [11/Sep/2026:00:07:32 -0400] "POST /xmlrpc.php HTTP/1.1" 200 416 "-" "Jetpack/13.0; WordPress/6.4; http://site77552833.com"
199.250.222.155 - - [11/Sep/2026:00:07:43 -0400] "POST /wp-cron.php?doing_wp_cron=1789099663.1693720817565917968750 HTTP/1.1" 200 - "-" "WordPress/6.9.7; https://cititower.mx"
115.244.164.14 - - [11/Sep/2026:00:07:42 -0400] "POST /xmlrpc.php HTTP/1.1" 200 416 "-" "Jetpack by WordPress.com (Jetpack 12.1; WordPress 6.4)"
115.244.164.14 - - [11/Sep/2026:00:07:53 -0400] "POST /xmlrpc.php HTTP/1.1" 200 416 "-" "Jetpack by WordPress.com"
115.244.164.14 - - [11/Sep/2026:00:08:04 -0400] "POST /xmlrpc.php HTTP/1.1" 200 416 "-" "Jetpack/12.5; WordPress/6.3; http://site32979116.com"
115.244.164.14 - - [11/Sep/2026:00:08:14 -0400] "POST /xmlrpc.php HTTP/1.1" 200 416 "-" "Jetpack by WordPress.com"
115.244.164.14 - - [11/Sep/2026:00:08:25 -0400] "POST /xmlrpc.php HTTP/1.1" 406 300 "-" "WordPress.com; https://wordpress.com"
199.250.222.155 - - [11/Sep/2026:00:08:35 -0400] "GET /wp-includes/Text/ofytq1z/htoicdj/deofbqm/index.php?pass=eXoIgckzAtN HTTP/1.1" 200 5710 "-" "Mozilla/5.0 (Macintosh; Intel Mac OS X 12_6_2) AppleWebKit/605.1.15 (KHTML, like Gecko) Version/17.2.1 Safari/605.1.15"
199.250.222.155 - - [11/Sep/2026:00:08:36 -0400] "POST /wp-cron.php?doing_wp_cron=1789099716.0655529499053955078125 HTTP/1.1" 200 - "-" "WordPress/6.9.7; https://cititower.mx"
115.244.164.14 - - [11/Sep/2026:00:08:35 -0400] "POST /xmlrpc.php HTTP/1.1" 200 416 "-" "Jetpack by WordPress.com (Jetpack 13.0; WordPress 6.1)"
115.244.164.14 - - [11/Sep/2026:00:08:46 -0400] "POST /xmlrpc.php HTTP/1.1" 200 416 "-" "Jetpack by WordPress.com"
115.244.164.14 - - [11/Sep/2026:00:08:57 -0400] "POST /xmlrpc.php HTTP/1.1" 200 416 "-" "Jetpack by WordPress.com"
115.244.164.14 - - [11/Sep/2026:00:09:07 -0400] "POST /xmlrpc.php HTTP/1.1" 200 416 "-" "Jetpack/12.1; WordPress/6.2; http://site23697982.com"
115.244.164.14 - - [11/Sep/2026:00:09:18 -0400] "POST /xmlrpc.php HTTP/1.1" 200 416 "-" "Jetpack by WordPress.com (Jetpack 13.0; WordPress 6.2)"
115.244.164.14 - - [11/Sep/2026:00:09:28 -0400] "POST /xmlrpc.php HTTP/1.1" 200 416 "-" "Jetpack/12.5; WordPress/6.1; http://site23580911.com"
115.244.164.14 - - [11/Sep/2026:00:09:39 -0400] "POST /xmlrpc.php HTTP/1.1" 406 300 "-" "WordPress.com; https://wordpress.com"
115.244.164.14 - - [11/Sep/2026:00:09:50 -0400] "POST /xmlrpc.php HTTP/1.1" 406 300 "-" "WordPress.com; https://wordpress.com"
199.250.222.155 - - [11/Sep/2026:00:10:00 -0400] "POST /wp-cron.php?doing_wp_cron=1789099800.8617119789123535156250 HTTP/1.1" 200 - "-" "WordPress/6.9.7; https://cititower.mx"
115.244.164.14 - - [11/Sep/2026:00:10:00 -0400] "POST /xmlrpc.php HTTP/1.1" 200 416 "-" "Jetpack/12.1; WordPress/6.2; http://site19353182.com"
115.244.164.14 - - [11/Sep/2026:00:10:11 -0400] "POST /xmlrpc.php HTTP/1.1" 406 300 "-" "WordPress.com; https://wordpress.com"
115.244.164.14 - - [11/Sep/2026:00:10:21 -0400] "POST /xmlrpc.php HTTP/1.1" 200 416 "-" "Jetpack/12.5; WordPress/6.3; http://site30642518.com"
115.244.164.14 - - [11/Sep/2026:00:10:32 -0400] "POST /xmlrpc.php HTTP/1.1" 406 300 "-" "WordPress.com; https://wordpress.com"
199.250.222.155 - - [11/Sep/2026:00:10:43 -0400] "POST /wp-cron.php?doing_wp_cron=1789099843.1705350875854492187500 HTTP/1.1" 200 - "-" "WordPress/6.9.7; https://cititower.mx"
115.244.164.14 - - [11/Sep/2026:00:10:42 -0400] "POST /xmlrpc.php HTTP/1.1" 200 416 "-" "Jetpack/12.1; WordPress/6.4; http://site13046467.com"
115.244.164.14 - - [11/Sep/2026:00:10:53 -0400] "POST /xmlrpc.php HTTP/1.1" 406 300 "-" "WordPress.com; https://wordpress.com"
45.146.55.72 - - [11/Sep/2026:00:10:56 -0400] "POST /wp-login.php HTTP/1.1" 200 9575 "-" "Mozilla/5.0 (Windows NT 10.0; Win64; rv:143.0) Gecko/20100101 Firefox/143.0"
115.244.164.14 - - [11/Sep/2026:00:11:04 -0400] "POST /xmlrpc.php HTTP/1.1" 406 300 "-" "WordPress.com; https://wordpress.com"
115.244.164.14 - - [11/Sep/2026:00:11:15 -0400] "POST /xmlrpc.php HTTP/1.1" 200 416 "-" "Jetpack by WordPress.com (Jetpack 13.0; WordPress 6.2)"
115.244.164.14 - - [11/Sep/2026:00:11:25 -0400] "POST /xmlrpc.php HTTP/1.1" 406 300 "-" "WordPress.com; https://wordpress.com"
199.250.222.155 - - [11/Sep/2026:00:11:36 -0400] "POST /wp-cron.php?doing_wp_cron=1789099896.8183190822601318359375 HTTP/1.1" 200 - "-" "WordPress/6.9.7; https://cititower.mx"
115.244.164.14 - - [11/Sep/2026:00:11:36 -0400] "POST /xmlrpc.php HTTP/1.1" 200 416 "-" "Jetpack by WordPress.com (Jetpack 13.0; WordPress 6.1)"
115.244.164.14 - - [11/Sep/2026:00:11:46 -0400] "POST /xmlrpc.php HTTP/1.1" 200 416 "-" "Jetpack/12.1; WordPress/6.1; http://site42770566.com"
115.244.164.14 - - [11/Sep/2026:00:11:57 -0400] "POST /xmlrpc.php HTTP/1.1" 200 416 "-" "Jetpack/12.0; WordPress/6.1; http://site24635938.com"
115.244.164.14 - - [11/Sep/2026:00:12:07 -0400] "POST /xmlrpc.php HTTP/1.1" 406 300 "-" "WordPress.com; https://wordpress.com"
115.244.164.14 - - [11/Sep/2026:00:12:19 -0400] "POST /xmlrpc.php HTTP/1.1" 200 416 "-" "Jetpack by WordPress.com"
115.244.164.14 - - [11/Sep/2026:00:12:28 -0400] "POST /xmlrpc.php HTTP/1.1" 200 416 "-" "Jetpack by WordPress.com (Jetpack 12.5; WordPress 6.4)"
199.250.222.155 - - [11/Sep/2026:00:12:39 -0400] "POST /wp-cron.php?doing_wp_cron=1789099959.6634459495544433593750 HTTP/1.1" 200 - "-" "WordPress/6.9.7; https://cititower.mx"
115.244.164.14 - - [11/Sep/2026:00:12:39 -0400] "POST /xmlrpc.php HTTP/1.1" 200 416 "-" "Jetpack by WordPress.com"
115.244.164.14 - - [11/Sep/2026:00:12:49 -0400] "POST /xmlrpc.php HTTP/1.1" 200 416 "-" "Jetpack/12.5; WordPress/6.3; http://site20205544.com"
115.244.164.14 - - [11/Sep/2026:00:13:00 -0400] "POST /xmlrpc.php HTTP/1.1" 200 416 "-" "Jetpack/12.1; WordPress/6.4; http://site11465970.com"
115.244.164.14 - - [11/Sep/2026:00:13:11 -0400] "POST /xmlrpc.php HTTP/1.1" 200 416 "-" "Jetpack/12.5; WordPress/6.3; http://site82754814.com"
115.244.164.14 - - [11/Sep/2026:00:13:21 -0400] "POST /xmlrpc.php HTTP/1.1" 200 416 "-" "Jetpack/12.0; WordPress/6.3; http://site82484791.com"
115.244.164.14 - - [11/Sep/2026:00:13:32 -0400] "POST /xmlrpc.php HTTP/1.1" 200 416 "-" "Jetpack by WordPress.com"
199.250.222.155 - - [11/Sep/2026:00:13:43 -0400] "POST /wp-cron.php?doing_wp_cron=1789100023.1375269889831542968750 HTTP/1.1" 200 - "-" "WordPress/6.9.7; https://cititower.mx"
115.244.164.14 - - [11/Sep/2026:00:13:42 -0400] "POST /xmlrpc.php HTTP/1.1" 200 416 "-" "Jetpack by WordPress.com (Jetpack 12.1; WordPress 6.1)"
115.244.164.14 - - [11/Sep/2026:00:13:53 -0400] "POST /xmlrpc.php HTTP/1.1" 200 416 "-" "Jetpack by WordPress.com (Jetpack 12.1; WordPress 6.1)"
115.244.164.14 - - [11/Sep/2026:00:14:04 -0400] "POST /xmlrpc.php HTTP/1.1" 200 416 "-" "Jetpack by WordPress.com (Jetpack 13.0; WordPress 6.4)"
199.250.222.155 - - [11/Sep/2026:00:14:14 -0400] "POST /wp-cron.php?doing_wp_cron=1789100054.9156539440155029296875 HTTP/1.1" 200 - "-" "WordPress/6.9.7; https://cititower.mx"
115.244.164.14 - - [11/Sep/2026:00:14:14 -0400] "POST /xmlrpc.php HTTP/1.1" 200 416 "-" "Jetpack by WordPress.com (Jetpack 12.0; WordPress 6.1)"
115.244.164.14 - - [11/Sep/2026:00:14:25 -0400] "POST /xmlrpc.php HTTP/1.1" 406 300 "-" "WordPress.com; https://wordpress.com"
115.244.164.14 - - [11/Sep/2026:00:14:35 -0400] "POST /xmlrpc.php HTTP/1.1" 406 300 "-" "WordPress.com; https://wordpress.com"
199.250.222.155 - - [11/Sep/2026:00:14:46 -0400] "POST /wp-cron.php?doing_wp_cron=1789100086.6806368827819824218750 HTTP/1.1" 200 - "-" "WordPress/6.9.7; https://cititower.mx"
115.244.164.14 - - [11/Sep/2026:00:14:46 -0400] "POST /xmlrpc.php HTTP/1.1" 200 416 "-" "Jetpack/12.5; WordPress/6.4; http://site21523765.com"
115.244.164.14 - - [11/Sep/2026:00:14:57 -0400] "POST /xmlrpc.php HTTP/1.1" 200 416 "-" "Jetpack by WordPress.com (Jetpack 12.1; WordPress 6.4)"
115.244.164.14 - - [11/Sep/2026:00:15:07 -0400] "POST /xmlrpc.php HTTP/1.1" 200 416 "-" "Jetpack by WordPress.com (Jetpack 13.0; WordPress 6.4)"
115.244.164.14 - - [11/Sep/2026:00:15:18 -0400] "POST /xmlrpc.php HTTP/1.1" 200 416 "-" "Jetpack/12.5; WordPress/6.4; http://site59296099.com"
115.244.164.14 - - [11/Sep/2026:00:15:28 -0400] "POST /xmlrpc.php HTTP/1.1" 200 416 "-" "Jetpack/12.5; WordPress/6.4; http://site51516746.com"
115.244.164.14 - - [11/Sep/2026:00:15:39 -0400] "POST /xmlrpc.php HTTP/1.1" 406 300 "-" "WordPress.com; https://wordpress.com"
199.250.222.155 - - [11/Sep/2026:00:15:50 -0400] "POST /wp-cron.php?doing_wp_cron=1789100150.3008859157562255859375 HTTP/1.1" 200 - "-" "WordPress/6.9.7; https://cititower.mx"
115.244.164.14 - - [11/Sep/2026:00:15:50 -0400] "POST /xmlrpc.php HTTP/1.1" 200 416 "-" "Jetpack by WordPress.com (Jetpack 13.0; WordPress 6.3)"
115.244.164.14 - - [11/Sep/2026:00:16:00 -0400] "POST /xmlrpc.php HTTP/1.1" 406 300 "-" "WordPress.com; https://wordpress.com"
115.244.164.14 - - [11/Sep/2026:00:16:11 -0400] "POST /xmlrpc.php HTTP/1.1" 200 416 "-" "Jetpack/12.5; WordPress/6.3; http://site87573845.com"
115.244.164.14 - - [11/Sep/2026:00:16:21 -0400] "POST /xmlrpc.php HTTP/1.1" 406 300 "-" "WordPress.com; https://wordpress.com"
115.244.164.14 - - [11/Sep/2026:00:16:32 -0400] "POST /xmlrpc.php HTTP/1.1" 200 416 "-" "Jetpack by WordPress.com"
115.244.164.14 - - [11/Sep/2026:00:16:42 -0400] "POST /xmlrpc.php HTTP/1.1" 406 300 "-" "WordPress.com; https://wordpress.com"
199.250.222.155 - - [11/Sep/2026:00:16:53 -0400] "POST /wp-cron.php?doing_wp_cron=1789100213.8598179817199707031250 HTTP/1.1" 200 - "-" "WordPress/6.9.7; https://cititower.mx"
115.244.164.14 - - [11/Sep/2026:00:16:53 -0400] "POST /xmlrpc.php HTTP/1.1" 200 416 "-" "Jetpack by WordPress.com (Jetpack 12.0; WordPress 6.2)"
115.244.164.14 - - [11/Sep/2026:00:17:04 -0400] "POST /xmlrpc.php HTTP/1.1" 200 416 "-" "Jetpack by WordPress.com"
199.250.222.155 - - [11/Sep/2026:00:17:15 -0400] "POST /wp-cron.php?doing_wp_cron=1789100235.6358509063720703125000 HTTP/1.1" 200 - "-" "WordPress/6.9.7; https://cititower.mx"
115.244.164.14 - - [11/Sep/2026:00:17:15 -0400] "POST /xmlrpc.php HTTP/1.1" 200 416 "-" "Jetpack by WordPress.com"
115.244.164.14 - - [11/Sep/2026:00:17:25 -0400] "POST /xmlrpc.php HTTP/1.1" 200 416 "-" "Jetpack by WordPress.com (Jetpack 12.5; WordPress 6.4)"
66.249.79.33 - - [11/Sep/2026:00:17:30 -0400] "GET /wp-content/plugins/wordfence/images/logo.png HTTP/1.1" 404 236 "-" "Googlebot-Image/1.0"
115.244.164.14 - - [11/Sep/2026:00:17:35 -0400] "POST /xmlrpc.php HTTP/1.1" 406 300 "-" "WordPress.com; https://wordpress.com"
199.250.222.155 - - [11/Sep/2026:00:17:46 -0400] "POST /wp-cron.php?doing_wp_cron=1789100266.7831170558929443359375 HTTP/1.1" 200 - "-" "WordPress/6.9.7; https://cititower.mx"
115.244.164.14 - - [11/Sep/2026:00:17:46 -0400] "POST /xmlrpc.php HTTP/1.1" 200 416 "-" "Jetpack by WordPress.com"
115.244.164.14 - - [11/Sep/2026:00:17:57 -0400] "POST /xmlrpc.php HTTP/1.1" 406 300 "-" "WordPress.com; https://wordpress.com"
115.244.164.14 - - [11/Sep/2026:00:18:07 -0400] "POST /xmlrpc.php HTTP/1.1" 406 300 "-" "WordPress.com; https://wordpress.com"
115.244.164.14 - - [11/Sep/2026:00:18:18 -0400] "POST /xmlrpc.php HTTP/1.1" 406 300 "-" "WordPress.com; https://wordpress.com"
182.2.135.118 - - [11/Sep/2026:00:18:24 -0400] "GET /en/rental-of-premises/ HTTP/1.1" 200 397633 "https://www.google.com/" "Mozilla/5.0 (Linux; Android 10; K) AppleWebKit/537.36 (KHTML, like Gecko) Chrome/150.0.0.0 Mobile Safari/537.36"
182.2.135.118 - - [11/Sep/2026:00:18:26 -0400] "GET /en/rental-of-premises/?v=1757450054&width=823 HTTP/1.1" 200 397633 "https://cititower.mx/en/rental-of-premises/" "Mozilla/5.0 (Linux; Android 10; K) AppleWebKit/537.36 (KHTML, like Gecko) Chrome/150.0.0.0 Mobile Safari/537.36"
182.2.135.118 - - [11/Sep/2026:00:18:26 -0400] "GET /cdn-cgi/scripts/5c5dd728/cloudflare-static/email-decode.min.js HTTP/1.1" 404 236 "https://cititower.mx/en/rental-of-premises/" "Mozilla/5.0 (Linux; Android 10; K) AppleWebKit/537.36 (KHTML, like Gecko) Chrome/150.0.0.0 Mobile Safari/537.36"
182.2.135.118 - - [11/Sep/2026:00:18:27 -0400] "GET /checkouts/internal/preloads.js?locale=en-SG HTTP/1.1" 404 236 "https://cititower.mx/en/rental-of-premises/" "Mozilla/5.0 (Linux; Android 10; K) AppleWebKit/537.36 (KHTML, like Gecko) Chrome/150.0.0.0 Mobile Safari/537.36"
182.2.135.118 - - [11/Sep/2026:00:18:26 -0400] "GET /en/rental-of-premises/ HTTP/1.1" 200 397633 "https://cititower.mx/en/rental-of-premises/" "Mozilla/5.0 (Linux; Android 10; K) AppleWebKit/537.36 (KHTML, like Gecko) Chrome/150.0.0.0 Mobile Safari/537.36"
115.244.164.14 - - [11/Sep/2026:00:18:28 -0400] "POST /xmlrpc.php HTTP/1.1" 200 416 "-" "Jetpack/12.5; WordPress/6.2; http://site53266784.com"
182.2.135.118 - - [11/Sep/2026:00:18:29 -0400] "GET /en/rental-of-premises/?v=1757657995&width=100 HTTP/1.1" 200 397633 "https://cititower.mx/en/rental-of-premises/" "Mozilla/5.0 (Linux; Android 10; K) AppleWebKit/537.36 (KHTML, like Gecko) Chrome/150.0.0.0 Mobile Safari/537.36"
182.2.135.118 - - [11/Sep/2026:00:18:31 -0400] "GET /en/rental-of-premises/?section_id=sections--17605520031924__header HTTP/1.1" 200 397633 "https://cititower.mx/en/rental-of-premises/" "Mozilla/5.0 (Linux; Android 10; K) AppleWebKit/537.36 (KHTML, like Gecko) Chrome/150.0.0.0 Mobile Safari/537.36"
182.2.135.118 - - [11/Sep/2026:00:18:33 -0400] "POST /api/collect HTTP/1.1" 404 236 "https://cititower.mx/en/rental-of-premises/" "Mozilla/5.0 (Linux; Android 10; K) AppleWebKit/537.36 (KHTML, like Gecko) Chrome/150.0.0.0 Mobile Safari/537.36"
182.2.135.118 - - [11/Sep/2026:00:18:34 -0400] "POST /cdn-cgi/rum? HTTP/1.1" 404 236 "https://cititower.mx/en/rental-of-premises/" "Mozilla/5.0 (Linux; Android 10; K) AppleWebKit/537.36 (KHTML, like Gecko) Chrome/150.0.0.0 Mobile Safari/537.36"
182.2.135.118 - - [11/Sep/2026:00:18:34 -0400] "POST /api/collect HTTP/1.1" 404 236 "https://cititower.mx/en/rental-of-premises/" "Mozilla/5.0 (Linux; Android 10; K) AppleWebKit/537.36 (KHTML, like Gecko) Chrome/150.0.0.0 Mobile Safari/537.36"
182.2.135.118 - - [11/Sep/2026:00:18:37 -0400] "POST /api/collect HTTP/1.1" 404 236 "https://cititower.mx/en/rental-of-premises/" "Mozilla/5.0 (Linux; Android 10; K) AppleWebKit/537.36 (KHTML, like Gecko) Chrome/150.0.0.0 Mobile Safari/537.36"
182.2.135.118 - - [11/Sep/2026:00:18:38 -0400] "POST /.well-known/shopify/monorail/v1/produce HTTP/1.1" 404 236 "https://cititower.mx/en/rental-of-premises/" "Mozilla/5.0 (Linux; Android 10; K) AppleWebKit/537.36 (KHTML, like Gecko) Chrome/150.0.0.0 Mobile Safari/537.36"
182.2.135.118 - - [11/Sep/2026:00:18:38 -0400] "POST /cdn-cgi/rum? HTTP/1.1" 404 236 "https://cititower.mx/en/rental-of-premises/" "Mozilla/5.0 (Linux; Android 10; K) AppleWebKit/537.36 (KHTML, like Gecko) Chrome/150.0.0.0 Mobile Safari/537.36"
115.244.164.14 - - [11/Sep/2026:00:18:39 -0400] "POST /xmlrpc.php HTTP/1.1" 406 300 "-" "WordPress.com; https://wordpress.com"
182.2.135.118 - - [11/Sep/2026:00:18:39 -0400] "POST /api/collect HTTP/1.1" 404 236 "https://cititower.mx/en/rental-of-premises/" "Mozilla/5.0 (Linux; Android 10; K) AppleWebKit/537.36 (KHTML, like Gecko) Chrome/150.0.0.0 Mobile Safari/537.36"
182.2.135.118 - - [11/Sep/2026:00:18:39 -0400] "POST /.well-known/shopify/monorail/v1/produce HTTP/1.1" 404 236 "https://cititower.mx/en/rental-of-premises/" "Mozilla/5.0 (Linux; Android 10; K) AppleWebKit/537.36 (KHTML, like Gecko) Chrome/150.0.0.0 Mobile Safari/537.36"
182.2.135.118 - - [11/Sep/2026:00:18:42 -0400] "POST /api/collect HTTP/1.1" 404 236 "https://cititower.mx/en/rental-of-premises/" "Mozilla/5.0 (Linux; Android 10; K) AppleWebKit/537.36 (KHTML, like Gecko) Chrome/150.0.0.0 Mobile Safari/537.36"
182.2.135.118 - - [11/Sep/2026:00:18:45 -0400] "POST /api/collect HTTP/1.1" 404 236 "https://cititower.mx/en/rental-of-premises/" "Mozilla/5.0 (Linux; Android 10; K) AppleWebKit/537.36 (KHTML, like Gecko) Chrome/150.0.0.0 Mobile Safari/537.36"
182.2.135.118 - - [11/Sep/2026:00:18:46 -0400] "POST /.well-known/shopify/monorail/v1/produce HTTP/1.1" 404 236 "https://cititower.mx/en/rental-of-premises/" "Mozilla/5.0 (Linux; Android 10; K) AppleWebKit/537.36 (KHTML, like Gecko) Chrome/150.0.0.0 Mobile Safari/537.36"
199.250.222.155 - - [11/Sep/2026:00:18:50 -0400] "POST /wp-cron.php?doing_wp_cron=1789100330.2564110755920410156250 HTTP/1.1" 200 - "-" "WordPress/6.9.7; https://cititower.mx"
115.244.164.14 - - [11/Sep/2026:00:18:50 -0400] "POST /xmlrpc.php HTTP/1.1" 200 416 "-" "Jetpack by WordPress.com (Jetpack 12.0; WordPress 6.4)"
199.250.222.155 - - [11/Sep/2026:00:18:59 -0400] "GET /wp-includes/html-api/flxygnw/uk1pyeb/ugwetva/index.php?pass=pIj3nNAlq5S HTTP/1.1" 200 5710 "-" "Mozilla/5.0 (Macintosh; Intel Mac OS X 10.15) Gecko/20100101 Firefox/121.0"
115.244.164.14 - - [11/Sep/2026:00:19:00 -0400] "POST /xmlrpc.php HTTP/1.1" 200 416 "-" "Jetpack by WordPress.com (Jetpack 13.0; WordPress 6.3)"
115.244.164.14 - - [11/Sep/2026:00:19:11 -0400] "POST /xmlrpc.php HTTP/1.1" 200 416 "-" "Jetpack by WordPress.com"
115.244.164.14 - - [11/Sep/2026:00:19:21 -0400] "POST /xmlrpc.php HTTP/1.1" 200 416 "-" "Jetpack/13.0; WordPress/6.3; http://site70779114.com"
115.244.164.14 - - [11/Sep/2026:00:19:32 -0400] "POST /xmlrpc.php HTTP/1.1" 200 416 "-" "Jetpack by WordPress.com (Jetpack 12.1; WordPress 6.1)"
115.244.164.14 - - [11/Sep/2026:00:19:43 -0400] "POST /xmlrpc.php HTTP/1.1" 406 300 "-" "WordPress.com; https://wordpress.com"
17.166.155.150 - - [11/Sep/2026:00:19:53 -0400] "GET /shop/throw-pillows HTTP/1.1" 404 236 "-" "Mozilla/5.0 (Macintosh; Intel Mac OS X 10_15_7) AppleWebKit/605.1.15 (KHTML, like Gecko) Version/17.4 Safari/605.1.15 (Applebot/0.1; +http://www.apple.com/go/applebot)"
115.244.164.14 - - [11/Sep/2026:00:19:53 -0400] "POST /xmlrpc.php HTTP/1.1" 406 300 "-" "WordPress.com; https://wordpress.com"
199.250.222.155 - - [11/Sep/2026:00:20:04 -0400] "POST /wp-cron.php?doing_wp_cron=1789100404.6999158859252929687500 HTTP/1.1" 200 - "-" "WordPress/6.9.7; https://cititower.mx"
115.244.164.14 - - [11/Sep/2026:00:20:04 -0400] "POST /xmlrpc.php HTTP/1.1" 200 416 "-" "Jetpack/12.5; WordPress/6.3; http://site98850236.com"
115.244.164.14 - - [11/Sep/2026:00:20:14 -0400] "POST /xmlrpc.php HTTP/1.1" 200 416 "-" "Jetpack/12.5; WordPress/6.4; http://site98694211.com"
115.244.164.14 - - [11/Sep/2026:00:20:25 -0400] "POST /xmlrpc.php HTTP/1.1" 200 416 "-" "Jetpack by WordPress.com"
199.250.222.155 - - [11/Sep/2026:00:20:36 -0400] "POST /wp-cron.php?doing_wp_cron=1789100436.0840749740600585937500 HTTP/1.1" 200 - "-" "WordPress/6.9.7; https://cititower.mx"
115.244.164.14 - - [11/Sep/2026:00:20:35 -0400] "POST /xmlrpc.php HTTP/1.1" 200 416 "-" "Jetpack/13.0; WordPress/6.2; http://site64096374.com"
115.244.164.14 - - [11/Sep/2026:00:20:47 -0400] "POST /xmlrpc.php HTTP/1.1" 200 416 "-" "Jetpack by WordPress.com"
45.146.55.106 - - [11/Sep/2026:00:20:55 -0400] "POST /wp-login.php HTTP/1.1" 200 9575 "-" "Mozilla/5.0 (Windows NT 10.0; Win64; rv:143.0) Gecko/20100101 Firefox/143.0"
115.244.164.14 - - [11/Sep/2026:00:20:56 -0400] "POST /xmlrpc.php HTTP/1.1" 200 416 "-" "Jetpack by WordPress.com"
115.244.164.14 - - [11/Sep/2026:00:21:07 -0400] "POST /xmlrpc.php HTTP/1.1" 406 300 "-" "WordPress.com; https://wordpress.com"
115.244.164.14 - - [11/Sep/2026:00:21:18 -0400] "POST /xmlrpc.php HTTP/1.1" 406 300 "-" "WordPress.com; https://wordpress.com"
115.244.164.14 - - [11/Sep/2026:00:21:28 -0400] "POST /xmlrpc.php HTTP/1.1" 200 416 "-" "Jetpack by WordPress.com (Jetpack 12.5; WordPress 6.3)"
199.250.222.155 - - [11/Sep/2026:00:21:39 -0400] "POST /wp-cron.php?doing_wp_cron=1789100499.4470069408416748046875 HTTP/1.1" 200 - "-" "WordPress/6.9.7; https://cititower.mx"
115.244.164.14 - - [11/Sep/2026:00:21:39 -0400] "POST /xmlrpc.php HTTP/1.1" 200 416 "-" "Jetpack by WordPress.com (Jetpack 13.0; WordPress 6.2)"
115.244.164.14 - - [11/Sep/2026:00:21:49 -0400] "POST /xmlrpc.php HTTP/1.1" 406 300 "-" "WordPress.com; https://wordpress.com"
115.244.164.14 - - [11/Sep/2026:00:22:00 -0400] "POST /xmlrpc.php HTTP/1.1" 200 416 "-" "Jetpack by WordPress.com (Jetpack 12.0; WordPress 6.2)"
115.244.164.14 - - [11/Sep/2026:00:22:10 -0400] "POST /xmlrpc.php HTTP/1.1" 406 300 "-" "WordPress.com; https://wordpress.com"
115.244.164.14 - - [11/Sep/2026:00:22:21 -0400] "POST /xmlrpc.php HTTP/1.1" 200 416 "-" "Jetpack by WordPress.com"
115.244.164.14 - - [11/Sep/2026:00:22:32 -0400] "POST /xmlrpc.php HTTP/1.1" 200 416 "-" "Jetpack by WordPress.com"
199.250.222.155 - - [11/Sep/2026:00:22:42 -0400] "POST /wp-cron.php?doing_wp_cron=1789100562.8995010852813720703125 HTTP/1.1" 200 - "-" "WordPress/6.9.7; https://cititower.mx"
115.244.164.14 - - [11/Sep/2026:00:22:42 -0400] "POST /xmlrpc.php HTTP/1.1" 200 416 "-" "Jetpack by WordPress.com"
115.244.164.14 - - [11/Sep/2026:00:22:53 -0400] "POST /xmlrpc.php HTTP/1.1" 200 416 "-" "Jetpack/12.0; WordPress/6.3; http://site84136104.com"
115.244.164.14 - - [11/Sep/2026:00:23:03 -0400] "POST /xmlrpc.php HTTP/1.1" 200 416 "-" "Jetpack by WordPress.com (Jetpack 12.5; WordPress 6.1)"
115.244.164.14 - - [11/Sep/2026:00:23:14 -0400] "POST /xmlrpc.php HTTP/1.1" 200 416 "-" "Jetpack by WordPress.com"
115.244.164.14 - - [11/Sep/2026:00:23:24 -0400] "POST /xmlrpc.php HTTP/1.1" 200 416 "-" "Jetpack by WordPress.com"
199.250.222.155 - - [11/Sep/2026:00:23:35 -0400] "POST /wp-cron.php?doing_wp_cron=1789100615.8439729213714599609375 HTTP/1.1" 200 - "-" "WordPress/6.9.7; https://cititower.mx"
115.244.164.14 - - [11/Sep/2026:00:23:35 -0400] "POST /xmlrpc.php HTTP/1.1" 200 416 "-" "Jetpack/12.5; WordPress/6.2; http://site58731655.com"
115.244.164.14 - - [11/Sep/2026:00:23:46 -0400] "POST /xmlrpc.php HTTP/1.1" 200 416 "-" "Jetpack by WordPress.com (Jetpack 12.5; WordPress 6.2)"
115.244.164.14 - - [11/Sep/2026:00:23:56 -0400] "POST /xmlrpc.php HTTP/1.1" 200 416 "-" "Jetpack by WordPress.com"
115.244.164.14 - - [11/Sep/2026:00:24:07 -0400] "POST /xmlrpc.php HTTP/1.1" 200 416 "-" "Jetpack/12.1; WordPress/6.2; http://site18020528.com"
115.244.164.14 - - [11/Sep/2026:00:24:18 -0400] "POST /xmlrpc.php HTTP/1.1" 406 300 "-" "WordPress.com; https://wordpress.com"
115.244.164.14 - - [11/Sep/2026:00:24:28 -0400] "POST /xmlrpc.php HTTP/1.1" 200 416 "-" "Jetpack by WordPress.com"
199.250.222.155 - - [11/Sep/2026:00:24:39 -0400] "POST /wp-cron.php?doing_wp_cron=1789100679.3145511150360107421875 HTTP/1.1" 200 - "-" "WordPress/6.9.7; https://cititower.mx"
115.244.164.14 - - [11/Sep/2026:00:24:39 -0400] "POST /xmlrpc.php HTTP/1.1" 200 416 "-" "Jetpack/12.1; WordPress/6.4; http://site67800739.com"
115.244.164.14 - - [11/Sep/2026:00:24:49 -0400] "POST /xmlrpc.php HTTP/1.1" 406 300 "-" "WordPress.com; https://wordpress.com"
115.244.164.14 - - [11/Sep/2026:00:25:00 -0400] "POST /xmlrpc.php HTTP/1.1" 406 300 "-" "WordPress.com; https://wordpress.com"
115.244.164.14 - - [11/Sep/2026:00:25:10 -0400] "POST /xmlrpc.php HTTP/1.1" 200 416 "-" "Jetpack by WordPress.com"
115.244.164.14 - - [11/Sep/2026:00:25:21 -0400] "POST /xmlrpc.php HTTP/1.1" 200 416 "-" "Jetpack by WordPress.com (Jetpack 12.0; WordPress 6.4)"
115.244.164.14 - - [11/Sep/2026:00:25:32 -0400] "POST /xmlrpc.php HTTP/1.1" 406 300 "-" "WordPress.com; https://wordpress.com"
199.250.222.155 - - [11/Sep/2026:00:25:42 -0400] "POST /wp-cron.php?doing_wp_cron=1789100742.9321830272674560546875 HTTP/1.1" 200 - "-" "WordPress/6.9.7; https://cititower.mx"
115.244.164.14 - - [11/Sep/2026:00:25:42 -0400] "POST /xmlrpc.php HTTP/1.1" 200 416 "-" "Jetpack by WordPress.com"
199.250.222.155 - - [11/Sep/2026:00:25:51 -0400] "GET /wp-includes/Text/jreqvoc/ejsdfco/bpgnodh/index.php?pass=1MrCJI3fjeS HTTP/1.1" 200 5710 "-" "Mozilla/5.0 (Windows NT 10.0; Win64; x64) Gecko/20100101 Firefox/118.0.2"
115.244.164.14 - - [11/Sep/2026:00:25:53 -0400] "POST /xmlrpc.php HTTP/1.1" 200 416 "-" "Jetpack by WordPress.com (Jetpack 12.5; WordPress 6.2)"
115.244.164.14 - - [11/Sep/2026:00:26:03 -0400] "POST /xmlrpc.php HTTP/1.1" 200 416 "-" "Jetpack by WordPress.com"
115.244.164.14 - - [11/Sep/2026:00:26:15 -0400] "POST /xmlrpc.php HTTP/1.1" 200 416 "-" "Jetpack by WordPress.com"
