199.250.222.155 - - [10/Sep/2026:18:32:37 -0400] "POST /wp-cron.php?doing_wp_cron=1789079557.6049330234527587890625 HTTP/1.1" 200 - "-" "WordPress/6.9.7; https://cititower.mx"
176.204.4.74 - - [10/Sep/2026:18:32:36 -0400] "POST /xmlrpc.php HTTP/1.1" 200 416 "-" "Jetpack by WordPress.com (Jetpack 12.0; WordPress 6.4)"
176.204.4.74 - - [10/Sep/2026:18:32:47 -0400] "POST /xmlrpc.php HTTP/1.1" 406 300 "-" "WordPress.com; https://wordpress.com"
176.204.4.74 - - [10/Sep/2026:18:32:57 -0400] "POST /xmlrpc.php HTTP/1.1" 200 416 "-" "Jetpack by WordPress.com (Jetpack 13.0; WordPress 6.4)"
100.28.118.16 - - [10/Sep/2026:18:32:59 -0400] "GET /shop/tank-tops HTTP/1.1" 404 236 "-" "Mozilla/5.0 AppleWebKit/537.36 (KHTML, like Gecko; compatible; Amazonbot/0.1; +https://developer.amazon.com/support/amazonbot) Chrome/119.0.6045.214 Safari/537.36"
52.204.253.129 - - [10/Sep/2026:18:33:03 -0400] "GET /shop/clocks HTTP/1.1" 404 236 "-" "Mozilla/5.0 AppleWebKit/537.36 (KHTML, like Gecko; compatible; Amazonbot/0.1; +https://developer.amazon.com/support/amazonbot) Chrome/119.0.6045.214 Safari/537.36"
54.235.125.129 - - [10/Sep/2026:18:33:07 -0400] "GET /shop/aprons HTTP/1.1" 404 236 "-" "Mozilla/5.0 AppleWebKit/537.36 (KHTML, like Gecko; compatible; Amazonbot/0.1; +https://developer.amazon.com/support/amazonbot) Chrome/119.0.6045.214 Safari/537.36"
176.204.4.74 - - [10/Sep/2026:18:33:08 -0400] "POST /xmlrpc.php HTTP/1.1" 200 416 "-" "Jetpack/12.1; WordPress/6.4; http://site42109043.com"
98.84.131.195 - - [10/Sep/2026:18:33:11 -0400] "GET /shop/funny+t-shirts HTTP/1.1" 404 236 "-" "Mozilla/5.0 AppleWebKit/537.36 (KHTML, like Gecko; compatible; Amazonbot/0.1; +https://developer.amazon.com/support/amazonbot) Chrome/119.0.6045.214 Safari/537.36"
3.220.148.166 - - [10/Sep/2026:18:33:15 -0400] "GET /shop/tech-accessories HTTP/1.1" 404 236 "-" "Mozilla/5.0 AppleWebKit/537.36 (KHTML, like Gecko; compatible; Amazonbot/0.1; +https://developer.amazon.com/support/amazonbot) Chrome/119.0.6045.214 Safari/537.36"
176.204.4.74 - - [10/Sep/2026:18:33:18 -0400] "POST /xmlrpc.php HTTP/1.1" 200 416 "-" "Jetpack by WordPress.com"
176.204.4.74 - - [10/Sep/2026:18:33:29 -0400] "POST /xmlrpc.php HTTP/1.1" 200 416 "-" "Jetpack by WordPress.com (Jetpack 13.0; WordPress 6.3)"
199.250.222.155 - - [10/Sep/2026:18:33:40 -0400] "POST /wp-cron.php?doing_wp_cron=1789079620.8547439575195312500000 HTTP/1.1" 200 - "-" "WordPress/6.9.7; https://cititower.mx"
176.204.4.74 - - [10/Sep/2026:18:33:39 -0400] "POST /xmlrpc.php HTTP/1.1" 200 416 "-" "Jetpack/12.5; WordPress/6.2; http://site94361064.com"
176.204.4.74 - - [10/Sep/2026:18:33:50 -0400] "POST /xmlrpc.php HTTP/1.1" 406 300 "-" "WordPress.com; https://wordpress.com"
176.204.4.74 - - [10/Sep/2026:18:34:00 -0400] "POST /xmlrpc.php HTTP/1.1" 200 416 "-" "Jetpack by WordPress.com (Jetpack 12.0; WordPress 6.4)"
176.204.4.74 - - [10/Sep/2026:18:34:11 -0400] "POST /xmlrpc.php HTTP/1.1" 200 416 "-" "Jetpack by WordPress.com (Jetpack 12.0; WordPress 6.2)"
176.204.4.74 - - [10/Sep/2026:18:34:21 -0400] "POST /xmlrpc.php HTTP/1.1" 200 416 "-" "Jetpack/12.5; WordPress/6.4; http://site93378394.com"
176.204.4.74 - - [10/Sep/2026:18:34:32 -0400] "POST /xmlrpc.php HTTP/1.1" 200 416 "-" "Jetpack by WordPress.com (Jetpack 12.0; WordPress 6.1)"
199.250.222.155 - - [10/Sep/2026:18:34:44 -0400] "POST /wp-cron.php?doing_wp_cron=1789079684.0488209724426269531250 HTTP/1.1" 200 - "-" "WordPress/6.9.7; https://cititower.mx"
176.204.4.74 - - [10/Sep/2026:18:34:43 -0400] "POST /xmlrpc.php HTTP/1.1" 200 416 "-" "Jetpack by WordPress.com"
176.204.4.74 - - [10/Sep/2026:18:34:53 -0400] "POST /xmlrpc.php HTTP/1.1" 200 416 "-" "Jetpack by WordPress.com (Jetpack 13.0; WordPress 6.2)"
62.90.126.233 - - [10/Sep/2026:18:34:57 -0400] "GET / HTTP/1.1" 401 53 "-" "Mozilla/5.0 (compatible; URLChecker/1.0; +https://example.com/bot)"
62.90.126.233 - - [10/Sep/2026:18:34:57 -0400] "GET / HTTP/1.1" 401 53 "-" "Mozilla/5.0 (compatible; URLChecker/1.0; +https://example.com/bot)"
62.90.126.233 - - [10/Sep/2026:18:34:57 -0400] "GET / HTTP/1.1" 401 53 "-" "Mozilla/5.0 (compatible; URLChecker/1.0; +https://example.com/bot)"
62.90.126.233 - - [10/Sep/2026:18:34:57 -0400] "GET / HTTP/1.1" 401 53 "-" "Mozilla/5.0 (compatible; URLChecker/1.0; +https://example.com/bot)"
62.90.126.233 - - [10/Sep/2026:18:34:57 -0400] "GET / HTTP/1.1" 401 53 "-" "Mozilla/5.0 (compatible; URLChecker/1.0; +https://example.com/bot)"
62.90.126.233 - - [10/Sep/2026:18:34:57 -0400] "GET / HTTP/1.1" 401 53 "-" "Mozilla/5.0 (compatible; URLChecker/1.0; +https://example.com/bot)"
176.204.4.74 - - [10/Sep/2026:18:35:04 -0400] "POST /xmlrpc.php HTTP/1.1" 406 300 "-" "WordPress.com; https://wordpress.com"
176.204.4.74 - - [10/Sep/2026:18:35:14 -0400] "POST /xmlrpc.php HTTP/1.1" 200 416 "-" "Jetpack by WordPress.com"
176.204.4.74 - - [10/Sep/2026:18:35:25 -0400] "POST /xmlrpc.php HTTP/1.1" 406 300 "-" "WordPress.com; https://wordpress.com"
199.250.222.155 - - [10/Sep/2026:18:35:36 -0400] "POST /wp-cron.php?doing_wp_cron=1789079736.6817910671234130859375 HTTP/1.1" 200 - "-" "WordPress/6.9.7; https://cititower.mx"
176.204.4.74 - - [10/Sep/2026:18:35:35 -0400] "POST /xmlrpc.php HTTP/1.1" 200 416 "-" "Jetpack by WordPress.com (Jetpack 13.0; WordPress 6.2)"
176.204.4.74 - - [10/Sep/2026:18:35:46 -0400] "POST /xmlrpc.php HTTP/1.1" 200 416 "-" "Jetpack by WordPress.com"
176.204.4.74 - - [10/Sep/2026:18:35:56 -0400] "POST /xmlrpc.php HTTP/1.1" 200 416 "-" "Jetpack/12.0; WordPress/6.4; http://site73554357.com"
176.204.4.74 - - [10/Sep/2026:18:36:07 -0400] "POST /xmlrpc.php HTTP/1.1" 200 416 "-" "Jetpack/12.0; WordPress/6.3; http://site73750830.com"
176.204.4.74 - - [10/Sep/2026:18:36:17 -0400] "POST /xmlrpc.php HTTP/1.1" 200 416 "-" "Jetpack by WordPress.com (Jetpack 12.0; WordPress 6.2)"
176.204.4.74 - - [10/Sep/2026:18:36:28 -0400] "POST /xmlrpc.php HTTP/1.1" 200 416 "-" "Jetpack/12.0; WordPress/6.2; http://site19984796.com"
199.250.222.155 - - [10/Sep/2026:18:36:39 -0400] "POST /wp-cron.php?doing_wp_cron=1789079799.7458579540252685546875 HTTP/1.1" 200 - "-" "WordPress/6.9.7; https://cititower.mx"
176.204.4.74 - - [10/Sep/2026:18:36:38 -0400] "POST /xmlrpc.php HTTP/1.1" 200 416 "-" "Jetpack by WordPress.com"
176.204.4.74 - - [10/Sep/2026:18:36:49 -0400] "POST /xmlrpc.php HTTP/1.1" 406 300 "-" "WordPress.com; https://wordpress.com"
176.204.4.74 - - [10/Sep/2026:18:36:59 -0400] "POST /xmlrpc.php HTTP/1.1" 200 416 "-" "Jetpack by WordPress.com (Jetpack 12.1; WordPress 6.4)"
176.204.4.74 - - [10/Sep/2026:18:37:10 -0400] "POST /xmlrpc.php HTTP/1.1" 200 416 "-" "Jetpack by WordPress.com (Jetpack 12.0; WordPress 6.4)"
176.204.4.74 - - [10/Sep/2026:18:37:21 -0400] "POST /xmlrpc.php HTTP/1.1" 200 416 "-" "Jetpack by WordPress.com"
176.204.4.74 - - [10/Sep/2026:18:37:31 -0400] "POST /xmlrpc.php HTTP/1.1" 200 416 "-" "Jetpack by WordPress.com"
199.250.222.155 - - [10/Sep/2026:18:37:42 -0400] "POST /wp-cron.php?doing_wp_cron=1789079862.9306519031524658203125 HTTP/1.1" 200 - "-" "WordPress/6.9.7; https://cititower.mx"
176.204.4.74 - - [10/Sep/2026:18:37:42 -0400] "POST /xmlrpc.php HTTP/1.1" 200 416 "-" "Jetpack/12.5; WordPress/6.2; http://site72279719.com"
176.204.4.74 - - [10/Sep/2026:18:37:52 -0400] "POST /xmlrpc.php HTTP/1.1" 200 416 "-" "Jetpack by WordPress.com"
176.204.4.74 - - [10/Sep/2026:18:38:03 -0400] "POST /xmlrpc.php HTTP/1.1" 200 416 "-" "Jetpack/12.5; WordPress/6.1; http://site32740993.com"
176.204.4.74 - - [10/Sep/2026:18:38:13 -0400] "POST /xmlrpc.php HTTP/1.1" 406 300 "-" "WordPress.com; https://wordpress.com"
176.204.4.74 - - [10/Sep/2026:18:38:24 -0400] "POST /xmlrpc.php HTTP/1.1" 200 416 "-" "Jetpack by WordPress.com"
199.250.222.155 - - [10/Sep/2026:18:38:35 -0400] "POST /wp-cron.php?doing_wp_cron=1789079915.6957180500030517578125 HTTP/1.1" 200 - "-" "WordPress/6.9.7; https://cititower.mx"
176.204.4.74 - - [10/Sep/2026:18:38:34 -0400] "POST /xmlrpc.php HTTP/1.1" 200 416 "-" "Jetpack by WordPress.com"
176.204.4.74 - - [10/Sep/2026:18:38:45 -0400] "POST /xmlrpc.php HTTP/1.1" 200 416 "-" "Jetpack by WordPress.com (Jetpack 12.1; WordPress 6.2)"
176.204.4.74 - - [10/Sep/2026:18:38:55 -0400] "POST /xmlrpc.php HTTP/1.1" 200 416 "-" "Jetpack/12.5; WordPress/6.1; http://site92553577.com"
176.204.4.74 - - [10/Sep/2026:18:39:06 -0400] "POST /xmlrpc.php HTTP/1.1" 200 416 "-" "Jetpack by WordPress.com (Jetpack 12.1; WordPress 6.3)"
176.204.4.74 - - [10/Sep/2026:18:39:16 -0400] "POST /xmlrpc.php HTTP/1.1" 406 300 "-" "WordPress.com; https://wordpress.com"
176.204.4.74 - - [10/Sep/2026:18:39:27 -0400] "POST /xmlrpc.php HTTP/1.1" 200 416 "-" "Jetpack by WordPress.com"
176.204.4.74 - - [10/Sep/2026:18:39:37 -0400] "POST /xmlrpc.php HTTP/1.1" 406 300 "-" "WordPress.com; https://wordpress.com"
199.250.222.155 - - [10/Sep/2026:18:39:49 -0400] "POST /wp-cron.php?doing_wp_cron=1789079989.4794659614562988281250 HTTP/1.1" 200 - "-" "WordPress/6.9.7; https://cititower.mx"
176.204.4.74 - - [10/Sep/2026:18:39:48 -0400] "POST /xmlrpc.php HTTP/1.1" 200 416 "-" "Jetpack/12.0; WordPress/6.3; http://site89632660.com"
176.204.4.74 - - [10/Sep/2026:18:39:59 -0400] "POST /xmlrpc.php HTTP/1.1" 200 416 "-" "Jetpack/13.0; WordPress/6.1; http://site78117734.com"
176.204.4.74 - - [10/Sep/2026:18:40:09 -0400] "POST /xmlrpc.php HTTP/1.1" 406 300 "-" "WordPress.com; https://wordpress.com"
176.204.4.74 - - [10/Sep/2026:18:40:20 -0400] "POST /xmlrpc.php HTTP/1.1" 200 416 "-" "Jetpack by WordPress.com (Jetpack 12.1; WordPress 6.3)"
176.204.4.74 - - [10/Sep/2026:18:40:30 -0400] "POST /xmlrpc.php HTTP/1.1" 406 300 "-" "WordPress.com; https://wordpress.com"
199.250.222.155 - - [10/Sep/2026:18:40:42 -0400] "POST /wp-cron.php?doing_wp_cron=1789080042.0696480274200439453125 HTTP/1.1" 200 - "-" "WordPress/6.9.7; https://cititower.mx"
176.204.4.74 - - [10/Sep/2026:18:40:41 -0400] "POST /xmlrpc.php HTTP/1.1" 200 416 "-" "Jetpack by WordPress.com (Jetpack 12.5; WordPress 6.2)"
176.204.4.74 - - [10/Sep/2026:18:40:51 -0400] "POST /xmlrpc.php HTTP/1.1" 200 416 "-" "Jetpack by WordPress.com"
176.204.4.74 - - [10/Sep/2026:18:41:02 -0400] "POST /xmlrpc.php HTTP/1.1" 406 300 "-" "WordPress.com; https://wordpress.com"
176.204.4.74 - - [10/Sep/2026:18:41:12 -0400] "POST /xmlrpc.php HTTP/1.1" 200 416 "-" "Jetpack by WordPress.com"
176.204.4.74 - - [10/Sep/2026:18:41:23 -0400] "POST /xmlrpc.php HTTP/1.1" 200 416 "-" "Jetpack by WordPress.com"
199.250.222.155 - - [10/Sep/2026:18:41:34 -0400] "POST /wp-cron.php?doing_wp_cron=1789080094.6599330902099609375000 HTTP/1.1" 200 - "-" "WordPress/6.9.7; https://cititower.mx"
176.204.4.74 - - [10/Sep/2026:18:41:33 -0400] "POST /xmlrpc.php HTTP/1.1" 200 416 "-" "Jetpack by WordPress.com"
176.204.4.74 - - [10/Sep/2026:18:41:44 -0400] "POST /xmlrpc.php HTTP/1.1" 200 416 "-" "Jetpack by WordPress.com"
176.204.4.74 - - [10/Sep/2026:18:41:54 -0400] "POST /xmlrpc.php HTTP/1.1" 200 416 "-" "Jetpack by WordPress.com (Jetpack 12.5; WordPress 6.3)"
176.204.4.74 - - [10/Sep/2026:18:42:05 -0400] "POST /xmlrpc.php HTTP/1.1" 200 416 "-" "Jetpack/12.1; WordPress/6.3; http://site76104565.com"
176.204.4.74 - - [10/Sep/2026:18:42:15 -0400] "POST /xmlrpc.php HTTP/1.1" 200 416 "-" "Jetpack by WordPress.com (Jetpack 13.0; WordPress 6.4)"
176.204.4.74 - - [10/Sep/2026:18:42:26 -0400] "POST /xmlrpc.php HTTP/1.1" 200 416 "-" "Jetpack by WordPress.com"
176.204.4.74 - - [10/Sep/2026:18:42:36 -0400] "POST /xmlrpc.php HTTP/1.1" 406 300 "-" "WordPress.com; https://wordpress.com"
199.250.222.155 - - [10/Sep/2026:18:42:48 -0400] "POST /wp-cron.php?doing_wp_cron=1789080168.4728128910064697265625 HTTP/1.1" 200 - "-" "WordPress/6.9.7; https://cititower.mx"
176.204.4.74 - - [10/Sep/2026:18:42:47 -0400] "POST /xmlrpc.php HTTP/1.1" 200 416 "-" "Jetpack by WordPress.com (Jetpack 12.0; WordPress 6.4)"
176.204.4.74 - - [10/Sep/2026:18:42:57 -0400] "POST /xmlrpc.php HTTP/1.1" 200 416 "-" "Jetpack/12.5; WordPress/6.2; http://site67032896.com"
176.204.4.74 - - [10/Sep/2026:18:43:08 -0400] "POST /xmlrpc.php HTTP/1.1" 200 416 "-" "Jetpack by WordPress.com"
176.204.4.74 - - [10/Sep/2026:18:43:19 -0400] "POST /xmlrpc.php HTTP/1.1" 200 416 "-" "Jetpack by WordPress.com"
176.204.4.74 - - [10/Sep/2026:18:43:29 -0400] "POST /xmlrpc.php HTTP/1.1" 200 416 "-" "Jetpack by WordPress.com"
199.250.222.155 - - [10/Sep/2026:18:43:40 -0400] "POST /wp-cron.php?doing_wp_cron=1789080220.9699070453643798828125 HTTP/1.1" 200 - "-" "WordPress/6.9.7; https://cititower.mx"
176.204.4.74 - - [10/Sep/2026:18:43:40 -0400] "POST /xmlrpc.php HTTP/1.1" 200 416 "-" "Jetpack by WordPress.com (Jetpack 12.1; WordPress 6.1)"
176.204.4.74 - - [10/Sep/2026:18:43:50 -0400] "POST /xmlrpc.php HTTP/1.1" 200 416 "-" "Jetpack/13.0; WordPress/6.4; http://site92737188.com"
176.204.4.74 - - [10/Sep/2026:18:44:01 -0400] "POST /xmlrpc.php HTTP/1.1" 200 416 "-" "Jetpack by WordPress.com"
176.204.4.74 - - [10/Sep/2026:18:44:11 -0400] "POST /xmlrpc.php HTTP/1.1" 200 416 "-" "Jetpack by WordPress.com (Jetpack 12.5; WordPress 6.2)"
176.204.4.74 - - [10/Sep/2026:18:44:22 -0400] "POST /xmlrpc.php HTTP/1.1" 200 416 "-" "Jetpack by WordPress.com (Jetpack 12.5; WordPress 6.3)"
176.204.4.74 - - [10/Sep/2026:18:44:32 -0400] "POST /xmlrpc.php HTTP/1.1" 200 416 "-" "Jetpack by WordPress.com"
176.204.4.74 - - [10/Sep/2026:18:44:43 -0400] "POST /xmlrpc.php HTTP/1.1" 406 300 "-" "WordPress.com; https://wordpress.com"
199.250.222.155 - - [10/Sep/2026:18:44:54 -0400] "POST /wp-cron.php?doing_wp_cron=1789080294.7752549648284912109375 HTTP/1.1" 200 - "-" "WordPress/6.9.7; https://cititower.mx"
176.204.4.74 - - [10/Sep/2026:18:44:53 -0400] "POST /xmlrpc.php HTTP/1.1" 200 416 "-" "Jetpack/12.5; WordPress/6.3; http://site71147735.com"
176.204.4.74 - - [10/Sep/2026:18:45:04 -0400] "POST /xmlrpc.php HTTP/1.1" 200 416 "-" "Jetpack/12.1; WordPress/6.3; http://site76327403.com"
176.204.4.74 - - [10/Sep/2026:18:45:14 -0400] "POST /xmlrpc.php HTTP/1.1" 200 416 "-" "Jetpack by WordPress.com (Jetpack 12.0; WordPress 6.3)"
176.204.4.74 - - [10/Sep/2026:18:45:25 -0400] "POST /xmlrpc.php HTTP/1.1" 200 416 "-" "Jetpack by WordPress.com (Jetpack 12.5; WordPress 6.4)"
199.250.222.155 - - [10/Sep/2026:18:45:36 -0400] "POST /wp-cron.php?doing_wp_cron=1789080336.9549889564514160156250 HTTP/1.1" 200 - "-" "WordPress/6.9.7; https://cititower.mx"
176.204.4.74 - - [10/Sep/2026:18:45:36 -0400] "POST /xmlrpc.php HTTP/1.1" 200 416 "-" "Jetpack by WordPress.com (Jetpack 12.1; WordPress 6.4)"
176.204.4.74 - - [10/Sep/2026:18:45:46 -0400] "POST /xmlrpc.php HTTP/1.1" 406 300 "-" "WordPress.com; https://wordpress.com"
17.166.22.163 - - [10/Sep/2026:18:49:05 -0400] "GET /shop/art-prints HTTP/1.1" 404 236 "-" "Mozilla/5.0 (Macintosh; Intel Mac OS X 10_15_7) AppleWebKit/605.1.15 (KHTML, like Gecko) Version/17.4 Safari/605.1.15 (Applebot/0.1; +http://www.apple.com/go/applebot)"
153.60.134.146 - - [10/Sep/2026:18:55:42 -0400] "GET /checkouts/internal/preloads.js?locale=en-SG HTTP/1.1" 404 236 "https://cititower.mx/en/rental-of-premises/" "Mozilla/5.0 (Linux; Android 10; K) AppleWebKit/537.36 (KHTML, like Gecko) Chrome/152.0.0.0 Mobile Safari/537.36"
153.60.134.146 - - [10/Sep/2026:18:55:41 -0400] "GET /en/rental-of-premises/ HTTP/1.1" 200 397633 "https://www.google.com/" "Mozilla/5.0 (Linux; Android 10; K) AppleWebKit/537.36 (KHTML, like Gecko) Chrome/152.0.0.0 Mobile Safari/537.36"
153.60.134.146 - - [10/Sep/2026:18:55:43 -0400] "GET /cdn-cgi/scripts/5c5dd728/cloudflare-static/email-decode.min.js HTTP/1.1" 404 236 "https://cititower.mx/en/rental-of-premises/" "Mozilla/5.0 (Linux; Android 10; K) AppleWebKit/537.36 (KHTML, like Gecko) Chrome/152.0.0.0 Mobile Safari/537.36"
153.60.134.146 - - [10/Sep/2026:18:55:43 -0400] "GET /en/rental-of-premises/?v=1757450054&width=600 HTTP/1.1" 200 397633 "https://cititower.mx/en/rental-of-premises/" "Mozilla/5.0 (Linux; Android 10; K) AppleWebKit/537.36 (KHTML, like Gecko) Chrome/152.0.0.0 Mobile Safari/537.36"
153.60.134.146 - - [10/Sep/2026:18:55:43 -0400] "GET /en/rental-of-premises/ HTTP/1.1" 200 397633 "https://cititower.mx/en/rental-of-premises/" "Mozilla/5.0 (Linux; Android 10; K) AppleWebKit/537.36 (KHTML, like Gecko) Chrome/152.0.0.0 Mobile Safari/537.36"
153.60.134.146 - - [10/Sep/2026:18:55:47 -0400] "POST /api/collect HTTP/1.1" 404 236 "https://cititower.mx/en/rental-of-premises/" "Mozilla/5.0 (Linux; Android 10; K) AppleWebKit/537.36 (KHTML, like Gecko) Chrome/152.0.0.0 Mobile Safari/537.36"
153.60.134.146 - - [10/Sep/2026:18:55:46 -0400] "GET /en/rental-of-premises/?v=1757657995&width=100 HTTP/1.1" 200 397633 "https://cititower.mx/en/rental-of-premises/" "Mozilla/5.0 (Linux; Android 10; K) AppleWebKit/537.36 (KHTML, like Gecko) Chrome/152.0.0.0 Mobile Safari/537.36"
153.60.134.146 - - [10/Sep/2026:18:55:48 -0400] "POST /cdn-cgi/rum? HTTP/1.1" 404 236 "https://cititower.mx/en/rental-of-premises/" "Mozilla/5.0 (Linux; Android 10; K) AppleWebKit/537.36 (KHTML, like Gecko) Chrome/152.0.0.0 Mobile Safari/537.36"
153.60.134.146 - - [10/Sep/2026:18:55:48 -0400] "POST /api/collect HTTP/1.1" 404 236 "https://cititower.mx/en/rental-of-premises/" "Mozilla/5.0 (Linux; Android 10; K) AppleWebKit/537.36 (KHTML, like Gecko) Chrome/152.0.0.0 Mobile Safari/537.36"
153.60.134.146 - - [10/Sep/2026:18:55:51 -0400] "POST /api/collect HTTP/1.1" 404 236 "https://cititower.mx/en/rental-of-premises/" "Mozilla/5.0 (Linux; Android 10; K) AppleWebKit/537.36 (KHTML, like Gecko) Chrome/152.0.0.0 Mobile Safari/537.36"
153.60.134.146 - - [10/Sep/2026:18:55:54 -0400] "POST /api/collect HTTP/1.1" 404 236 "https://cititower.mx/en/rental-of-premises/" "Mozilla/5.0 (Linux; Android 10; K) AppleWebKit/537.36 (KHTML, like Gecko) Chrome/152.0.0.0 Mobile Safari/537.36"
153.60.134.146 - - [10/Sep/2026:18:55:55 -0400] "POST /api/collect HTTP/1.1" 404 236 "https://cititower.mx/en/rental-of-premises/" "Mozilla/5.0 (Linux; Android 10; K) AppleWebKit/537.36 (KHTML, like Gecko) Chrome/152.0.0.0 Mobile Safari/537.36"
153.60.134.146 - - [10/Sep/2026:18:55:56 -0400] "POST /cart/update.js HTTP/1.1" 404 236 "https://cititower.mx/en/rental-of-premises/" "Mozilla/5.0 (Linux; Android 10; K) AppleWebKit/537.36 (KHTML, like Gecko) Chrome/152.0.0.0 Mobile Safari/537.36"
153.60.134.146 - - [10/Sep/2026:18:55:46 -0400] "GET /en/rental-of-premises/?section_id=sections--17605520031924__header HTTP/1.1" 200 397633 "https://cititower.mx/en/rental-of-premises/" "Mozilla/5.0 (Linux; Android 10; K) AppleWebKit/537.36 (KHTML, like Gecko) Chrome/152.0.0.0 Mobile Safari/537.36"
153.60.134.146 - - [10/Sep/2026:18:56:03 -0400] "POST /api/collect HTTP/1.1" 404 236 "https://cititower.mx/en/rental-of-premises/" "Mozilla/5.0 (Linux; Android 10; K) AppleWebKit/537.36 (KHTML, like Gecko) Chrome/152.0.0.0 Mobile Safari/537.36"
153.60.134.146 - - [10/Sep/2026:18:56:09 -0400] "POST /.well-known/shopify/monorail/v1/produce HTTP/1.1" 404 236 "https://cititower.mx/en/rental-of-premises/" "Mozilla/5.0 (Linux; Android 10; K) AppleWebKit/537.36 (KHTML, like Gecko) Chrome/152.0.0.0 Mobile Safari/537.36"
153.60.134.146 - - [10/Sep/2026:18:56:10 -0400] "POST /cdn-cgi/rum? HTTP/1.1" 404 236 "https://cititower.mx/en/rental-of-premises/" "Mozilla/5.0 (Linux; Android 10; K) AppleWebKit/537.36 (KHTML, like Gecko) Chrome/152.0.0.0 Mobile Safari/537.36"
153.60.134.146 - - [10/Sep/2026:18:56:09 -0400] "POST /.well-known/shopify/monorail/v1/produce HTTP/1.1" 404 236 "https://cititower.mx/en/rental-of-premises/" "Mozilla/5.0 (Linux; Android 10; K) AppleWebKit/537.36 (KHTML, like Gecko) Chrome/152.0.0.0 Mobile Safari/537.36"
153.60.134.146 - - [10/Sep/2026:18:56:10 -0400] "POST /api/collect HTTP/1.1" 404 236 "https://cititower.mx/en/rental-of-premises/" "Mozilla/5.0 (Linux; Android 10; K) AppleWebKit/537.36 (KHTML, like Gecko) Chrome/152.0.0.0 Mobile Safari/537.36"
153.60.134.146 - - [10/Sep/2026:18:56:16 -0400] "POST /api/collect HTTP/1.1" 404 236 "https://cititower.mx/en/rental-of-premises/" "Mozilla/5.0 (Linux; Android 10; K) AppleWebKit/537.36 (KHTML, like Gecko) Chrome/152.0.0.0 Mobile Safari/537.36"
107.174.169.108 - - [10/Sep/2026:18:56:19 -0400] "POST /wp-includes/html-api/zhgujbo/jcozygf/gptqdbn/index.php HTTP/1.1" 200 12867 "-" "Mozilla/5.0 (Windows NT 10.0; Win64; x64) AppleWebKit/537.36 (KHTML, like Gecko) Chrome/127.0.0.0 Safari/537.36"
173.211.88.89 - - [10/Sep/2026:18:56:19 -0400] "POST /wp-includes/html-api/zhgujbo/jcozygf/gptqdbn/index.php HTTP/1.1" 200 12865 "-" "Mozilla/5.0 (Windows NT 10.0; Win64; x64) AppleWebKit/537.36 (KHTML, like Gecko) Chrome/127.0.0.0 Safari/537.36"
216.189.152.207 - - [10/Sep/2026:18:56:19 -0400] "POST /wp-includes/html-api/zhgujbo/jcozygf/gptqdbn/index.php HTTP/1.1" 200 13592 "-" "Mozilla/5.0 (Windows NT 10.0; Win64; x64) AppleWebKit/537.36 (KHTML, like Gecko) Chrome/127.0.0.0 Safari/537.36"
107.175.5.139 - - [10/Sep/2026:18:56:20 -0400] "POST /wp-includes/html-api/zhgujbo/jcozygf/gptqdbn/index.php HTTP/1.1" 200 14314 "-" "Mozilla/5.0 (Windows NT 10.0; Win64; x64) AppleWebKit/537.36 (KHTML, like Gecko) Chrome/127.0.0.0 Safari/537.36"
216.189.152.41 - - [10/Sep/2026:18:56:20 -0400] "POST /wp-includes/html-api/zhgujbo/jcozygf/gptqdbn/.293112620041924.php?to=alt.gp-2x9nwld@yopmail.com HTTP/1.1" 406 300 "-" "Mozilla/5.0 (Windows NT 10.0; Win64; x64) AppleWebKit/537.36 (KHTML, like Gecko) Chrome/127.0.0.0 Safari/537.36"
216.189.152.52 - - [10/Sep/2026:18:56:21 -0400] "POST /wp-includes/html-api/zhgujbo/jcozygf/gptqdbn/.689928783229453.php?to=alt.gp-2x9nwld@yopmail.com HTTP/1.1" 406 300 "-" "Mozilla/5.0 (Windows NT 10.0; Win64; x64) AppleWebKit/537.36 (KHTML, like Gecko) Chrome/127.0.0.0 Safari/537.36"
153.60.134.146 - - [10/Sep/2026:18:56:31 -0400] "POST /api/collect HTTP/1.1" 404 236 "https://cititower.mx/en/rental-of-premises/" "Mozilla/5.0 (Linux; Android 10; K) AppleWebKit/537.36 (KHTML, like Gecko) Chrome/152.0.0.0 Mobile Safari/537.36"
153.60.134.146 - - [10/Sep/2026:18:56:39 -0400] "POST /api/collect HTTP/1.1" 404 236 "https://cititower.mx/en/rental-of-premises/" "Mozilla/5.0 (Linux; Android 10; K) AppleWebKit/537.36 (KHTML, like Gecko) Chrome/152.0.0.0 Mobile Safari/537.36"
153.60.134.146 - - [10/Sep/2026:18:56:49 -0400] "POST /api/collect HTTP/1.1" 404 236 "https://cititower.mx/en/rental-of-premises/" "Mozilla/5.0 (Linux; Android 10; K) AppleWebKit/537.36 (KHTML, like Gecko) Chrome/152.0.0.0 Mobile Safari/537.36"
153.60.134.146 - - [10/Sep/2026:18:56:57 -0400] "POST /api/collect HTTP/1.1" 404 236 "https://cititower.mx/en/rental-of-premises/" "Mozilla/5.0 (Linux; Android 10; K) AppleWebKit/537.36 (KHTML, like Gecko) Chrome/152.0.0.0 Mobile Safari/537.36"
153.60.134.146 - - [10/Sep/2026:18:57:07 -0400] "POST /api/collect HTTP/1.1" 404 236 "https://cititower.mx/en/rental-of-premises/" "Mozilla/5.0 (Linux; Android 10; K) AppleWebKit/537.36 (KHTML, like Gecko) Chrome/152.0.0.0 Mobile Safari/537.36"
153.60.134.146 - - [10/Sep/2026:18:59:55 -0400] "POST /api/collect HTTP/1.1" 404 236 "https://cititower.mx/en/rental-of-premises/" "Mozilla/5.0 (Linux; Android 10; K) AppleWebKit/537.36 (KHTML, like Gecko) Chrome/152.0.0.0 Mobile Safari/537.36"
195.178.110.22 - - [10/Sep/2026:19:03:48 -0400] "GET / HTTP/1.1" 401 36 "-" "Mozilla/5.0 (Macintosh; Intel Mac OS X 10_15_7) AppleWebKit/605.1.15 (KHTML, like Gecko) Version/17.1 Safari/605.1.15"
17.166.154.108 - - [10/Sep/2026:19:21:07 -0400] "GET /shop/pouches HTTP/1.1" 404 236 "-" "Mozilla/5.0 (Macintosh; Intel Mac OS X 10_15_7) AppleWebKit/605.1.15 (KHTML, like Gecko) Version/17.4 Safari/605.1.15 (Applebot/0.1; +http://www.apple.com/go/applebot)"
17.166.21.166 - - [10/Sep/2026:19:24:33 -0400] "GET /shop/baby-tshirts HTTP/1.1" 404 236 "-" "Mozilla/5.0 (Macintosh; Intel Mac OS X 10_15_7) AppleWebKit/605.1.15 (KHTML, like Gecko) Version/17.4 Safari/605.1.15 (Applebot/0.1; +http://www.apple.com/go/applebot)"
207.46.13.9 - - [10/Sep/2026:19:28:03 -0400] "GET /ubicacion/ HTTP/1.1" 200 254154 "-" "Mozilla/5.0 AppleWebKit/537.36 (KHTML, like Gecko; compatible; bingbot/2.0; +http://www.bing.com/bingbot.htm) Chrome/116.0.1938.76 Safari/537.36"
52.167.144.211 - - [10/Sep/2026:19:28:17 -0400] "GET /contact HTTP/1.1" 404 236 "-" "Mozilla/5.0 AppleWebKit/537.36 (KHTML, like Gecko; compatible; bingbot/2.0; +http://www.bing.com/bingbot.htm) Chrome/116.0.1938.76 Safari/537.36"
52.167.144.211 - - [10/Sep/2026:19:28:17 -0400] "GET /g/fan-art HTTP/1.1" 404 236 "-" "Mozilla/5.0 AppleWebKit/537.36 (KHTML, like Gecko; compatible; bingbot/2.0; +http://www.bing.com/bingbot.htm) Chrome/116.0.1938.76 Safari/537.36"
207.46.13.64 - - [10/Sep/2026:19:28:22 -0400] "GET /g/stationery HTTP/1.1" 404 236 "-" "Mozilla/5.0 AppleWebKit/537.36 (KHTML, like Gecko; compatible; bingbot/2.0; +http://www.bing.com/bingbot.htm) Chrome/116.0.1938.76 Safari/537.36"
207.46.13.9 - - [10/Sep/2026:19:28:26 -0400] "GET /p/398-affiliate-program HTTP/1.1" 404 236 "-" "Mozilla/5.0 AppleWebKit/537.36 (KHTML, like Gecko; compatible; bingbot/2.0; +http://www.bing.com/bingbot.htm) Chrome/116.0.1938.76 Safari/537.36"
207.46.13.9 - - [10/Sep/2026:19:28:26 -0400] "GET /about HTTP/1.1" 404 236 "-" "Mozilla/5.0 AppleWebKit/537.36 (KHTML, like Gecko; compatible; bingbot/2.0; +http://www.bing.com/bingbot.htm) Chrome/116.0.1938.76 Safari/537.36"
207.46.13.9 - - [10/Sep/2026:19:28:27 -0400] "GET /g/home-and-living HTTP/1.1" 404 236 "-" "Mozilla/5.0 AppleWebKit/537.36 (KHTML, like Gecko; compatible; bingbot/2.0; +http://www.bing.com/bingbot.htm) Chrome/116.0.1938.76 Safari/537.36"
54.235.158.162 - - [10/Sep/2026:19:29:24 -0400] "GET /shop/postcards HTTP/1.1" 404 236 "-" "Mozilla/5.0 AppleWebKit/537.36 (KHTML, like Gecko; compatible; Amazonbot/0.1; +https://developer.amazon.com/support/amazonbot) Chrome/119.0.6045.214 Safari/537.36"
3.221.156.96 - - [10/Sep/2026:19:29:27 -0400] "GET /shop/bath-mats HTTP/1.1" 404 236 "-" "Mozilla/5.0 AppleWebKit/537.36 (KHTML, like Gecko; compatible; Amazonbot/0.1; +https://developer.amazon.com/support/amazonbot) Chrome/119.0.6045.214 Safari/537.36"
34.236.135.14 - - [10/Sep/2026:19:29:31 -0400] "GET /shop/scarves HTTP/1.1" 404 236 "-" "Mozilla/5.0 AppleWebKit/537.36 (KHTML, like Gecko; compatible; Amazonbot/0.1; +https://developer.amazon.com/support/amazonbot) Chrome/119.0.6045.214 Safari/537.36"
54.157.99.244 - - [10/Sep/2026:19:29:35 -0400] "GET /shop/colorado+rabbits+with+tentacles+stickers HTTP/1.1" 404 236 "-" "Mozilla/5.0 AppleWebKit/537.36 (KHTML, like Gecko; compatible; Amazonbot/0.1; +https://developer.amazon.com/support/amazonbot) Chrome/119.0.6045.214 Safari/537.36"
17.166.153.174 - - [10/Sep/2026:19:40:22 -0400] "GET /shop/labor+day+stickers HTTP/1.1" 404 236 "-" "Mozilla/5.0 (Macintosh; Intel Mac OS X 10_15_7) AppleWebKit/605.1.15 (KHTML, like Gecko) Version/17.4 Safari/605.1.15 (Applebot/0.1; +http://www.apple.com/go/applebot)"
199.250.222.155 - - [10/Sep/2026:19:47:47 -0400] "POST /wp-cron.php?doing_wp_cron=1789084067.6308469772338867187500 HTTP/1.1" 200 - "-" "WordPress/6.9.7; https://cititower.mx"
91.202.233.115 - - [10/Sep/2026:19:47:45 -0400] "GET / HTTP/1.1" 200 39923 "https://google.com/" "Mozilla/5.0 (Windows NT 10.0; Win64; x64; rv:134.0) Gecko/20100101 Firefox/135.0"
91.202.233.115 - - [10/Sep/2026:19:47:54 -0400] "GET /wp-includes/ HTTP/1.1" 200 53022 "https://cititower.mx/wp-includes/" "Mozilla/5.0 (Windows NT 10.0; Win64; x64; rv:134.0) Gecko/20100101 Firefox/135.0"
45.148.10.5 - - [10/Sep/2026:19:48:45 -0400] "GET / HTTP/1.1" 401 53 "-" "Mozilla/5.0 (Windows NT 6.1; Win64; x64) AppleWebKit/537.36 (KHTML, like Gecko) Chrome/72.0.3626.122 Safari/537.36"
43.228.157.173 - - [10/Sep/2026:19:50:09 -0400] "GET /wp-admin/index.php HTTP/1.1" 302 - "http://cititower.mx/wp-admin/index.php" "Go-http-client/1.1"
43.228.157.173 - - [10/Sep/2026:19:50:10 -0400] "GET /wp-login.php?redirect_to=https%3A%2F%2Fcititower.mx%2Fwp-admin%2Findex.php&reauth=1 HTTP/1.1" 200 9115 "https://cititower.mx/wp-admin/index.php" "Go-http-client/1.1"
199.250.222.155 - - [10/Sep/2026:19:59:32 -0400] "POST /wp-cron.php?doing_wp_cron=1789084772.4868519306182861328125 HTTP/1.1" 200 - "-" "WordPress/6.9.7; https://cititower.mx"
45.146.55.105 - - [10/Sep/2026:19:59:32 -0400] "POST /wp-login.php HTTP/1.1" 200 9575 "-" "Mozilla/5.0 (Windows NT 10.0; Win64; x64) AppleWebKit/537.36 Chrome/129.0.0.0 Safari/537.36"
98.83.177.42 - - [10/Sep/2026:20:02:19 -0400] "GET /shop/laptop-stickers HTTP/1.1" 404 236 "-" "Mozilla/5.0 AppleWebKit/537.36 (KHTML, like Gecko; compatible; Amazonbot/0.1; +https://developer.amazon.com/support/amazonbot) Chrome/119.0.6045.214 Safari/537.36"
3.232.82.72 - - [10/Sep/2026:20:02:23 -0400] "GET /gift-certificates/new HTTP/1.1" 404 236 "-" "Mozilla/5.0 AppleWebKit/537.36 (KHTML, like Gecko; compatible; Amazonbot/0.1; +https://developer.amazon.com/support/amazonbot) Chrome/119.0.6045.214 Safari/537.36"
17.166.152.179 - - [10/Sep/2026:20:07:02 -0400] "GET /g/fresh-finds HTTP/1.1" 404 236 "-" "Mozilla/5.0 (Macintosh; Intel Mac OS X 10_15_7) AppleWebKit/605.1.15 (KHTML, like Gecko) Version/17.4 Safari/605.1.15 (Applebot/0.1; +http://www.apple.com/go/applebot)"
199.250.222.155 - - [10/Sep/2026:20:09:46 -0400] "POST /wp-cron.php?doing_wp_cron=1789085386.1335389614105224609375 HTTP/1.1" 200 - "-" "WordPress/6.9.7; https://cititower.mx"
193.56.116.197 - - [10/Sep/2026:20:09:45 -0400] "POST /wp-login.php HTTP/1.1" 200 9575 "-" "Mozilla/5.0 (Windows NT 10.0; Win64; x64) AppleWebKit/537.36 Chrome/129.0.0.0 Safari/537.36"
199.250.222.155 - - [10/Sep/2026:20:19:48 -0400] "POST /wp-cron.php?doing_wp_cron=1789085988.1132869720458984375000 HTTP/1.1" 200 - "-" "WordPress/6.9.7; https://cititower.mx"
193.56.116.81 - - [10/Sep/2026:20:19:47 -0400] "POST /wp-login.php HTTP/1.1" 200 9575 "-" "Mozilla/5.0 (Macintosh; Intel Mac OS X 10_15_7) AppleWebKit/605.1.15 Version/17.0 Safari/605.1.15"
17.166.235.172 - - [10/Sep/2026:20:26:36 -0400] "GET /shop/funny+stickers HTTP/1.1" 404 236 "-" "Mozilla/5.0 (Macintosh; Intel Mac OS X 10_15_7) AppleWebKit/605.1.15 (KHTML, like Gecko) Version/17.4 Safari/605.1.15 (Applebot/0.1; +http://www.apple.com/go/applebot)"
100.28.57.133 - - [10/Sep/2026:20:28:47 -0400] "GET /shop/greeting-cards HTTP/1.1" 404 236 "-" "Mozilla/5.0 AppleWebKit/537.36 (KHTML, like Gecko; compatible; Amazonbot/0.1; +https://developer.amazon.com/support/amazonbot) Chrome/119.0.6045.214 Safari/537.36"
199.250.222.155 - - [10/Sep/2026:20:29:45 -0400] "POST /wp-cron.php?doing_wp_cron=1789086585.8577010631561279296875 HTTP/1.1" 200 - "-" "WordPress/6.9.7; https://cititower.mx"
45.146.55.87 - - [10/Sep/2026:20:29:45 -0400] "POST /wp-login.php HTTP/1.1" 200 9575 "-" "Mozilla/5.0 (Macintosh; Intel Mac OS X 10_15_7) AppleWebKit/605.1.15 Version/17.0 Safari/605.1.15"
199.250.222.155 - - [10/Sep/2026:20:39:57 -0400] "POST /wp-cron.php?doing_wp_cron=1789087197.5416500568389892578125 HTTP/1.1" 200 - "-" "WordPress/6.9.7; https://cititower.mx"
45.146.55.90 - - [10/Sep/2026:20:39:57 -0400] "POST /wp-login.php HTTP/1.1" 200 9575 "-" "Mozilla/5.0 (Windows NT 10.0; Win64; x64) AppleWebKit/537.36 Chrome/129.0.0.0 Safari/537.36"
74.7.241.28 - - [10/Sep/2026:20:40:36 -0400] "GET /sitemap.rss HTTP/1.1" 404 236 "-" "Mozilla/5.0 AppleWebKit/537.36 (KHTML, like Gecko; compatible; GPTBot/1.4; +https://openai.com/gptbot)"
74.7.244.48 - - [10/Sep/2026:20:40:37 -0400] "GET /robots.txt HTTP/1.1" 404 236 "-" "Mozilla/5.0 (Macintosh; Intel Mac OS X 10_15_7) AppleWebKit/537.36 (KHTML, like Gecko) Chrome/131.0.0.0 Safari/537.36; compatible; OAI-SearchBot/1.4; robots.txt; +https://openai.com/searchbot"
199.250.222.155 - - [10/Sep/2026:20:49:58 -0400] "POST /wp-cron.php?doing_wp_cron=1789087798.2848799228668212890625 HTTP/1.1" 200 - "-" "WordPress/6.9.7; https://cititower.mx"
45.146.55.83 - - [10/Sep/2026:20:49:58 -0400] "POST /wp-login.php HTTP/1.1" 200 9575 "-" "Mozilla/5.0 (Windows NT 10.0; Win64; x64) AppleWebKit/537.36 Chrome/129.0.0.0 Safari/537.36"
199.250.222.155 - - [10/Sep/2026:20:51:49 -0400] "POST /wp-cron.php?doing_wp_cron=1789087909.3495609760284423828125 HTTP/1.1" 200 - "-" "WordPress/6.9.7; https://cititower.mx"
94.154.43.158 - - [10/Sep/2026:20:51:49 -0400] "GET / HTTP/1.1" 301 - "-" "Mozilla/5.0 (Windows NT 10.0; Win64; x64) AppleWebKit/537.36 (KHTML, like Gecko) Chrome/147.0.0.0 Safari/537.36"
94.154.43.146 - - [10/Sep/2026:20:51:49 -0400] "GET / HTTP/1.1" 200 39923 "-" "Mozilla/5.0 (Windows NT 10.0; Win64; x64) AppleWebKit/537.36 (KHTML, like Gecko) Chrome/147.0.0.0 Safari/537.36"
74.7.241.28 - - [10/Sep/2026:20:52:37 -0400] "GET /sitemap.xml HTTP/1.1" 404 236 "-" "Mozilla/5.0 AppleWebKit/537.36 (KHTML, like Gecko; compatible; GPTBot/1.4; +https://openai.com/gptbot)"
74.7.230.55 - - [10/Sep/2026:20:56:35 -0400] "GET /robots.txt HTTP/1.1" 404 236 "-" "Mozilla/5.0 (Macintosh; Intel Mac OS X 10_15_7) AppleWebKit/537.36 (KHTML, like Gecko) Chrome/131.0.0.0 Safari/537.36; compatible; OAI-SearchBot/1.4; robots.txt; +https://openai.com/searchbot"
199.250.222.155 - - [10/Sep/2026:20:59:55 -0400] "POST /wp-cron.php?doing_wp_cron=1789088395.5224740505218505859375 HTTP/1.1" 200 - "-" "WordPress/6.9.7; https://cititower.mx"
45.146.55.89 - - [10/Sep/2026:20:59:55 -0400] "POST /wp-login.php HTTP/1.1" 200 9575 "-" "Mozilla/5.0 (Windows NT 10.0; Win64; rv:143.0) Gecko/20100101 Firefox/143.0"
199.250.222.155 - - [10/Sep/2026:21:07:29 -0400] "POST /wp-cron.php?doing_wp_cron=1789088849.0505459308624267578125 HTTP/1.1" 200 - "-" "WordPress/6.9.7; https://cititower.mx"
185.232.71.203 - - [10/Sep/2026:21:07:28 -0400] "GET / HTTP/1.1" 301 - "-" "Mozilla/5.0 (X11; Linux x86_64) AppleWebKit/537.36 (KHTML, like Gecko) Chrome/131.0.0.0 Safari/537.36"
185.232.71.203 - - [10/Sep/2026:21:07:31 -0400] "GET / HTTP/1.1" 200 39923 "-" "Mozilla/5.0 (X11; Linux x86_64) AppleWebKit/537.36 (KHTML, like Gecko) Chrome/131.0.0.0 Safari/537.36"
185.232.71.203 - - [10/Sep/2026:21:07:34 -0400] "GET /robots.txt HTTP/1.1" 404 236 "-" "Mozilla/5.0 (X11; Linux x86_64) AppleWebKit/537.36 (KHTML, like Gecko) Chrome/131.0.0.0 Safari/537.36"
185.232.71.203 - - [10/Sep/2026:21:07:37 -0400] "GET /contacto/ HTTP/1.1" 404 236 "-" "Mozilla/5.0 (X11; Linux x86_64) AppleWebKit/537.36 (KHTML, like Gecko) Chrome/131.0.0.0 Safari/537.36"
185.232.71.203 - - [10/Sep/2026:21:07:40 -0400] "GET /ubicacion/ HTTP/1.1" 200 254154 "-" "Mozilla/5.0 (X11; Linux x86_64) AppleWebKit/537.36 (KHTML, like Gecko) Chrome/131.0.0.0 Safari/537.36"
87.106.32.6 - - [10/Sep/2026:21:08:16 -0400] "POST /wp-includes/html-api/oxpkljd/krawnyc/ov1zlnw/index.php HTTP/1.1" 200 - "www.google.com" "Mozlila/5.0 (Linux; Android 7.0; SM-G892A Bulid/NRD90M; wv) AppleWebKit/537.36 (KHTML, like Gecko) Version/4.0 Chrome/60.0.3112.107 Moblie Safari/537.36"
87.106.32.6 - - [10/Sep/2026:21:08:16 -0400] "GET /wp-includes/html-api/oxpkljd/krawnyc/ov1zlnw/admin.php HTTP/1.1" 200 68 "www.google.com" "Mozlila/5.0 (Linux; Android 7.0; SM-G892A Bulid/NRD90M; wv) AppleWebKit/537.36 (KHTML, like Gecko) Version/4.0 Chrome/60.0.3112.107 Moblie Safari/537.36"
199.250.222.155 - - [10/Sep/2026:21:10:02 -0400] "POST /wp-cron.php?doing_wp_cron=1789089002.1496241092681884765625 HTTP/1.1" 200 - "-" "WordPress/6.9.7; https://cititower.mx"
45.146.55.79 - - [10/Sep/2026:21:10:01 -0400] "POST /wp-login.php HTTP/1.1" 200 9575 "-" "Mozilla/5.0 (Macintosh; Intel Mac OS X 10_15_7) AppleWebKit/605.1.15 Version/17.0 Safari/605.1.15"
199.250.222.155 - - [10/Sep/2026:21:19:55 -0400] "POST /wp-cron.php?doing_wp_cron=1789089595.7589759826660156250000 HTTP/1.1" 200 - "-" "WordPress/6.9.7; https://cititower.mx"
45.146.55.104 - - [10/Sep/2026:21:19:55 -0400] "POST /wp-login.php HTTP/1.1" 200 9575 "-" "Mozilla/5.0 (Macintosh; Intel Mac OS X 10_15_7) AppleWebKit/605.1.15 Version/17.0 Safari/605.1.15"
17.166.150.52 - - [10/Sep/2026:21:24:34 -0400] "GET /shop/coasters HTTP/1.1" 404 236 "-" "Mozilla/5.0 (Macintosh; Intel Mac OS X 10_15_7) AppleWebKit/605.1.15 (KHTML, like Gecko) Version/17.4 Safari/605.1.15 (Applebot/0.1; +http://www.apple.com/go/applebot)"
34.233.219.155 - - [10/Sep/2026:21:25:35 -0400] "GET /shop/kids-pullover-hoodies HTTP/1.1" 404 236 "-" "Mozilla/5.0 AppleWebKit/537.36 (KHTML, like Gecko; compatible; Amazonbot/0.1; +https://developer.amazon.com/support/amazonbot) Chrome/119.0.6045.214 Safari/537.36"
199.250.222.155 - - [10/Sep/2026:21:29:25 -0400] "POST /wp-cron.php?doing_wp_cron=1789090165.5488040447235107421875 HTTP/1.1" 200 - "-" "WordPress/6.9.7; https://cititower.mx"
199.250.222.155 - - [10/Sep/2026:21:29:20 -0400] "POST /wp-admin/admin-ajax.php?action=as_async_request_queue_runner&nonce=3e77ccbce3 HTTP/1.1" 200 - "-" "WordPress/6.9.7; http://cititower.mx"
91.193.232.32 - - [10/Sep/2026:21:29:58 -0400] "POST /wp-login.php HTTP/1.1" 200 9575 "-" "Mozilla/5.0 (Windows NT 10.0; Win64; rv:143.0) Gecko/20100101 Firefox/143.0"
34.136.200.236 - - [10/Sep/2026:21:37:15 -0400] "GET /.git/config HTTP/1.1" 406 300 "-" "-"
199.250.222.155 - - [10/Sep/2026:21:38:36 -0400] "POST /wp-cron.php?doing_wp_cron=1789090716.2247970104217529296875 HTTP/1.1" 200 - "-" "WordPress/6.9.7; https://cititower.mx"
91.202.233.115 - - [10/Sep/2026:21:38:35 -0400] "GET /wp-login.php HTTP/1.1" 200 9106 "https://cititower.mx/wp-login.php" "Mozilla/5.0 (Windows NT 10.0; Win64; x64) AppleWebKit/537.36 (KHTML, like Gecko) Chrome/133.0.0.0 Safari/537.36"
91.202.233.115 - - [10/Sep/2026:21:38:40 -0400] "GET /wp-json/wp/v2/users/ HTTP/1.1" 404 236 "https://cititower.mx/" "Mozilla/5.0 (Windows NT 10.0; Win64; x64; rv:134.0) Gecko/20100101 Firefox/135.0"
91.202.233.115 - - [10/Sep/2026:21:38:45 -0400] "GET /?rest_route=/wp/v2/users HTTP/1.1" 200 1439 "https://cititower.mx/" "Mozilla/5.0 (Windows NT 10.0; Win64; x64; rv:134.0) Gecko/20100101 Firefox/135.0"
91.202.233.115 - - [10/Sep/2026:21:38:50 -0400] "GET /feed/ HTTP/1.1" 404 236 "https://cititower.mx/" "Mozilla/5.0 (Windows NT 10.0; Win64; x64; rv:134.0) Gecko/20100101 Firefox/135.0"
91.202.233.115 - - [10/Sep/2026:21:38:54 -0400] "GET /?author=3 HTTP/1.1" 404 33963 "https://cititower.mx/" "Mozilla/5.0 (Windows NT 10.0; Win64; x64) AppleWebKit/537.36 (KHTML, like Gecko) Chrome/133.0.0.0 Safari/537.36"
91.202.233.115 - - [10/Sep/2026:21:38:59 -0400] "GET /?author=4 HTTP/1.1" 200 34351 "https://cititower.mx/" "Mozilla/5.0 (Windows NT 10.0; Win64; x64) AppleWebKit/537.36 (KHTML, like Gecko) Chrome/133.0.0.0 Safari/537.36"
91.202.233.115 - - [10/Sep/2026:21:39:04 -0400] "GET /?author=5 HTTP/1.1" 200 34351 "https://cititower.mx/" "Mozilla/5.0 (Windows NT 10.0; Win64; x64; rv:134.0) Gecko/20100101 Firefox/135.0"
91.202.233.115 - - [10/Sep/2026:21:39:09 -0400] "GET /?author=6 HTTP/1.1" 200 34351 "https://cititower.mx/" "Mozilla/5.0 (Windows NT 10.0; Win64; x64; rv:134.0) Gecko/20100101 Firefox/135.0"
91.202.233.115 - - [10/Sep/2026:21:39:14 -0400] "GET / HTTP/1.1" 200 39923 "https://cititower.mx/" "Mozilla/5.0 (Windows NT 10.0; Win64; x64; rv:134.0) Gecko/20100101 Firefox/135.0"
199.250.222.155 - - [10/Sep/2026:21:39:57 -0400] "POST /wp-cron.php?doing_wp_cron=1789090797.1916909217834472656250 HTTP/1.1" 200 - "-" "WordPress/6.9.7; https://cititower.mx"
45.146.55.83 - - [10/Sep/2026:21:39:56 -0400] "POST /wp-login.php HTTP/1.1" 200 9575 "-" "Mozilla/5.0 (Windows NT 10.0; Win64; rv:143.0) Gecko/20100101 Firefox/143.0"
17.166.20.152 - - [10/Sep/2026:21:41:35 -0400] "GET /g/accessories HTTP/1.1" 404 236 "-" "Mozilla/5.0 (Macintosh; Intel Mac OS X 10_15_7) AppleWebKit/605.1.15 (KHTML, like Gecko) Version/17.4 Safari/605.1.15 (Applebot/0.1; +http://www.apple.com/go/applebot)"
199.250.222.155 - - [10/Sep/2026:21:49:54 -0400] "POST /wp-cron.php?doing_wp_cron=1789091394.3655529022216796875000 HTTP/1.1" 200 - "-" "WordPress/6.9.7; https://cititower.mx"
45.146.55.114 - - [10/Sep/2026:21:49:54 -0400] "POST /wp-login.php HTTP/1.1" 200 9575 "-" "Mozilla/5.0 (Macintosh; Intel Mac OS X 10_15_7) AppleWebKit/605.1.15 Version/17.0 Safari/605.1.15"
199.250.222.155 - - [10/Sep/2026:21:59:50 -0400] "POST /wp-cron.php?doing_wp_cron=1789091990.4089059829711914062500 HTTP/1.1" 200 - "-" "WordPress/6.9.7; https://cititower.mx"
45.146.55.91 - - [10/Sep/2026:21:59:50 -0400] "POST /wp-login.php HTTP/1.1" 200 9575 "-" "Mozilla/5.0 (Windows NT 10.0; Win64; x64) AppleWebKit/537.36 Chrome/129.0.0.0 Safari/537.36"
66.249.79.35 - - [10/Sep/2026:22:00:49 -0400] "GET /robots.txt HTTP/1.1" 404 236 "-" "Mozilla/5.0 (compatible; Googlebot/2.1; +http://www.google.com/bot.html)"
66.249.79.35 - - [10/Sep/2026:22:00:49 -0400] "GET /ads.txt HTTP/1.1" 404 236 "-" "Mozilla/5.0 (compatible; Googlebot/2.1; +http://www.google.com/bot.html)"
199.250.222.155 - - [10/Sep/2026:22:09:49 -0400] "POST /wp-cron.php?doing_wp_cron=1789092589.3472468852996826171875 HTTP/1.1" 200 - "-" "WordPress/6.9.7; https://cititower.mx"
45.146.55.80 - - [10/Sep/2026:22:09:49 -0400] "POST /wp-login.php HTTP/1.1" 200 9575 "-" "Mozilla/5.0 (Windows NT 10.0; Win64; x64) AppleWebKit/537.36 Chrome/129.0.0.0 Safari/537.36"
52.167.144.145 - - [10/Sep/2026:22:10:27 -0400] "GET /g/hoodies-and-sweatshirts HTTP/1.1" 404 236 "-" "Mozilla/5.0 AppleWebKit/537.36 (KHTML, like Gecko; compatible; bingbot/2.0; +http://www.bing.com/bingbot.htm) Chrome/116.0.1938.76 Safari/537.36"
65.109.100.157 - - [10/Sep/2026:22:11:31 -0400] "GET /robots.txt HTTP/1.1" 404 236 "-" "Mozilla/5.0 (compatible; SERankingBacklinksBot/1.0; +https://seranking.com/backlinks-crawler)"
65.109.100.157 - - [10/Sep/2026:22:11:32 -0400] "GET /pages/contact-us HTTP/1.1" 404 236 "-" "Mozilla/5.0 (compatible; SERankingBacklinksBot/1.0; +https://seranking.com/backlinks-crawler)"
199.250.222.155 - - [10/Sep/2026:22:14:43 -0400] "POST /wp-cron.php?doing_wp_cron=1789092883.2737560272216796875000 HTTP/1.1" 200 - "-" "WordPress/6.9.7; https://cititower.mx"
87.106.32.6 - - [10/Sep/2026:22:14:42 -0400] "GET / HTTP/1.1" 200 39923 "-" "Mozilla/5.0 (Macintosh; Intel Mac OS X 10_15_7) AppleWebKit/605.1.15 (KHTML, like Gecko) Version/17.1 Safari/605.1.15"
87.106.32.6 - - [10/Sep/2026:22:14:43 -0400] "GET / HTTP/1.1" 200 39923 "-" "Mozilla/5.0 (iPhone; CPU iPhone OS 16_2 like Mac OS X) AppleWebKit/605.1.15 (KHTML, like Gecko) Version/16.2 Mobile/15E148 Safari/604.1"
87.106.32.6 - - [10/Sep/2026:22:14:44 -0400] "GET / HTTP/1.1" 200 5271 "-" "Googlebot"
199.250.222.155 - - [10/Sep/2026:22:19:47 -0400] "POST /wp-cron.php?doing_wp_cron=1789093187.7548708915710449218750 HTTP/1.1" 200 - "-" "WordPress/6.9.7; https://cititower.mx"
45.146.55.73 - - [10/Sep/2026:22:19:47 -0400] "POST /wp-login.php HTTP/1.1" 200 9575 "-" "Mozilla/5.0 (Windows NT 10.0; Win64; x64) AppleWebKit/537.36 Chrome/129.0.0.0 Safari/537.36"
17.166.236.241 - - [10/Sep/2026:22:24:53 -0400] "GET /cookie-policy HTTP/1.1" 404 236 "-" "Mozilla/5.0 (Macintosh; Intel Mac OS X 10_15_7) AppleWebKit/605.1.15 (KHTML, like Gecko) Version/17.4 Safari/605.1.15 (Applebot/0.1; +http://www.apple.com/go/applebot)"
199.250.222.155 - - [10/Sep/2026:22:29:53 -0400] "POST /wp-cron.php?doing_wp_cron=1789093793.6111431121826171875000 HTTP/1.1" 200 - "-" "WordPress/6.9.7; https://cititower.mx"
45.146.55.101 - - [10/Sep/2026:22:29:53 -0400] "POST /wp-login.php HTTP/1.1" 200 9575 "-" "Mozilla/5.0 (Macintosh; Intel Mac OS X 10_15_7) AppleWebKit/605.1.15 Version/17.0 Safari/605.1.15"
17.166.22.171 - - [10/Sep/2026:22:30:38 -0400] "GET /life/ HTTP/1.1" 404 236 "-" "Mozilla/5.0 (Macintosh; Intel Mac OS X 10_15_7) AppleWebKit/605.1.15 (KHTML, like Gecko) Version/17.4 Safari/605.1.15 (Applebot/0.1; +http://www.apple.com/go/applebot)"
34.84.152.203 - - [10/Sep/2026:22:31:58 -0400] "GET / HTTP/1.1" 401 53 "-" "Mozilla/5.0 (iPhone; CPU iPhone OS 15_2 like Mac OS X) AppleWebKit/537.36 (KHTML, like Gecko) Version/15.0 EdgiOS/111.0.1661.76 Mobile/15E148 Safari/537.36"
34.84.152.203 - - [10/Sep/2026:22:31:59 -0400] "GET / HTTP/1.1" 401 53 "-" "Mozilla/5.0 (iPhone; CPU iPhone OS 17_0 like Mac OS X) AppleWebKit/605.1.15 (KHTML, like Gecko) Version/17.0 Mobile/15E148 Safari/604.1"
34.84.152.203 - - [10/Sep/2026:22:31:59 -0400] "GET /@fs/.env?raw?? HTTP/1.1" 406 300 "-" "Mozilla/5.0 (Macintosh; Intel Mac OS X 14_6_1) AppleWebKit/537.36 (KHTML, like Gecko; compatible; OAI-SearchBot/1.3; +https://openai.com/searchbot) Chrome/85.0.1349.175 Safari/537.36"
34.84.152.203 - - [10/Sep/2026:22:31:59 -0400] "GET /@fs/root/.env?raw?? HTTP/1.1" 406 300 "-" "Mozilla/5.0 (Macintosh; Intel Mac OS X 10_15_7) AppleWebKit/537.36 (KHTML, like Gecko; compatible; GPTBot/1.2; +https://openai.com/gptbot) Chrome/109.0.871.172 Safari/537.36"
34.84.152.203 - - [10/Sep/2026:22:31:59 -0400] "GET /@fs/app/.env?raw?? HTTP/1.1" 406 300 "-" "Mozilla/5.0 AppleWebKit/537.36 (KHTML, like Gecko; compatible; Amazonbot/0.1; +https://developer.amazon.com/support/amazonbot)"
34.84.152.203 - - [10/Sep/2026:22:31:59 -0400] "GET /@fs/src/.env?raw?? HTTP/1.1" 406 300 "-" "Mozilla/5.0 (iPhone; CPU iPhone OS 17_0 like Mac OS X) AppleWebKit/605.1.15 (KHTML, like Gecko) Version/18.6 Mobile/15E148 Safari/604.1; compatible; GPTBot/1.2; +https://openai.com/gptbot"
34.84.152.203 - - [10/Sep/2026:22:31:59 -0400] "GET / HTTP/1.1" 401 53 "-" "Mozilla/5.0 (Windows NT 10.0; Win64; x64) AppleWebKit/537.36 (KHTML, like Gecko) Chrome/148.0.0.0 Safari/537.36"
34.84.152.203 - - [10/Sep/2026:22:31:59 -0400] "GET /@fs/proc/self/environ?raw?? HTTP/1.1" 401 53 "-" "Mozilla/5.0 (compatible; Claude-User/1.0; +Claude-User@anthropic.com)"
34.84.152.203 - - [10/Sep/2026:22:32:00 -0400] "GET /@fs/..%252f..%252f..%252f..%252f..%252froot/.env?raw?? HTTP/1.1" 406 300 "-" "Mozilla/5.0 AppleWebKit/537.36 (KHTML, like Gecko); compatible; Claude-User/1.0; +Claude-User@anthropic.com"
34.84.152.203 - - [10/Sep/2026:22:32:00 -0400] "GET /@fs/..%252f..%252f..%252f..%252f..%252fapp/.env?raw?? HTTP/1.1" 406 300 "-" "Mozilla/5.0 (X11; Linux x86_64; rv:149.5) Gecko/20100101 Firefox/149.5; compatible; TelegramBot/1.0"
34.84.152.203 - - [10/Sep/2026:22:32:00 -0400] "GET /@fs/etc/passwd?raw?? HTTP/1.1" 401 53 "-" "Mozilla/5.0 AppleWebKit/537.36 (KHTML, like Gecko); compatible; facebookexternalhit/1.1; +http://www.facebook.com/externalhit_uatext.php"
34.84.152.203 - - [10/Sep/2026:22:32:00 -0400] "GET /@fs/..%252f..%252f..%252f..%252f..%252fproc/self/environ?raw?? HTTP/1.1" 401 53 "-" "Mozilla/5.0 AppleWebKit/537.36 (KHTML, like Gecko); compatible; meta-externalagent/1.1; +https://developers.facebook.com/docs/sharing/webmasters/crawler"
34.84.152.203 - - [10/Sep/2026:22:32:00 -0400] "GET /@fs/../.env?raw?? HTTP/1.1" 406 300 "-" "Mozilla/5.0 AppleWebKit/537.36 (KHTML, like Gecko; compatible; LinkedInBot/1.0; +http://www.linkedin.com)"
34.84.152.203 - - [10/Sep/2026:22:32:00 -0400] "GET /@fs/../../.env?raw?? HTTP/1.1" 406 300 "-" "Mozilla/5.0 AppleWebKit/537.36 (KHTML, like Gecko; compatible; LinkedInBot/1.0; +http://www.linkedin.com)"
34.84.152.203 - - [10/Sep/2026:22:32:00 -0400] "GET /@fs/app/rootkey.csv?raw?? HTTP/1.1" 401 53 "-" "Mozilla/5.0 (Macintosh; Intel Mac OS X 14_5) AppleWebKit/537.36 (KHTML, like Gecko; compatible; Claude-User/1.0; +Claude-User@anthropic.com) Chrome/128.0.2504.67 Safari/537.36"
34.84.152.203 - - [10/Sep/2026:22:32:00 -0400] "GET /@fs/root/rootkey.csv?raw?? HTTP/1.1" 401 53 "-" "Mozilla/5.0 (Linux; Android 12; Pixel 6) AppleWebKit/537.36 (KHTML, like Gecko) Chrome/147.0.7475.214 Mobile Safari/537.36; compatible; OAI-SearchBot/1.3; +https://openai.com/searchbot"
34.84.152.203 - - [10/Sep/2026:22:32:00 -0400] "GET /@fs/.env.local?raw?? HTTP/1.1" 406 300 "-" "Mozilla/5.0 (compatible; Perplexity-User/1.0; +https://perplexity.ai/perplexity-user)"
34.84.152.203 - - [10/Sep/2026:22:32:00 -0400] "GET /@fs/.env.production?raw?? HTTP/1.1" 406 300 "-" "Mozilla/5.0 AppleWebKit/537.36 (KHTML, like Gecko; compatible; Claude-User/1.0; +Claude-User@anthropic.com)"
34.84.152.203 - - [10/Sep/2026:22:32:00 -0400] "GET /@fs/.env.development?raw?? HTTP/1.1" 406 300 "-" "Mozilla/5.0 (Macintosh; Intel Mac OS X 10_15_7) AppleWebKit/537.36 (KHTML, like Gecko; compatible; Perplexity-User/1.0; +https://perplexity.ai/perplexity-user) Chrome/91.0.5456.176 Safari/537.36"
34.84.152.203 - - [10/Sep/2026:22:32:00 -0400] "GET /@fs/.env.staging?raw?? HTTP/1.1" 406 300 "-" "Mozilla/5.0 (compatible; GrokBot/1.0; +https://x.ai/grokbot)"
34.84.152.203 - - [10/Sep/2026:22:32:00 -0400] "GET /@fs/root/.aws/credentials?raw?? HTTP/1.1" 401 53 "-" "Mozilla/5.0 AppleWebKit/537.36 (KHTML, like Gecko); compatible; Twitterbot/1.0"
34.84.152.203 - - [10/Sep/2026:22:32:00 -0400] "GET /@fs/root/.aws/config?raw?? HTTP/1.1" 401 53 "-" "Mozilla/5.0 AppleWebKit/537.36 (KHTML, like Gecko; compatible; TelegramBot/1.0)"
34.84.152.203 - - [10/Sep/2026:22:32:00 -0400] "GET /@fs/root/.aws/credentials.backup?raw?? HTTP/1.1" 401 53 "-" "Mozilla/5.0 AppleWebKit/537.36 (KHTML, like Gecko; compatible; Amzn-SearchBot/1.0; +https://developer.amazon.com/support/amazonbot)"
34.84.152.203 - - [10/Sep/2026:22:32:01 -0400] "GET /@fs/root/.aws/credentials.bak?raw?? HTTP/1.1" 401 53 "-" "Mozilla/5.0 AppleWebKit/537.36 (KHTML, like Gecko; compatible; meta-externalagent/1.1; +https://developers.facebook.com/docs/sharing/webmasters/crawler)"
34.84.152.203 - - [10/Sep/2026:22:32:01 -0400] "GET /@fs/home/node/.aws/credentials?raw?? HTTP/1.1" 401 53 "-" "Mozilla/5.0 AppleWebKit/537.36 (KHTML, like Gecko; compatible; Google-Extended/1.0; +http://www.google.com/bot.html)"
34.84.152.203 - - [10/Sep/2026:22:32:01 -0400] "GET /@fs/home/node/.aws/config?raw?? HTTP/1.1" 401 53 "-" "Mozilla/5.0 (Macintosh; Intel Mac OS X 14_5) AppleWebKit/537.36 (KHTML, like Gecko; compatible; GrokBot/1.0; +https://x.ai/grokbot) Chrome/124.0.8164.125 Safari/537.36"
34.84.152.203 - - [10/Sep/2026:22:32:01 -0400] "GET /@fs/home/ubuntu/.aws/credentials?raw?? HTTP/1.1" 401 53 "-" "Mozilla/5.0 (compatible; TelegramBot/1.0)"
34.84.152.203 - - [10/Sep/2026:22:32:01 -0400] "GET /@fs/home/ubuntu/.aws/config?raw?? HTTP/1.1" 401 53 "-" "Mozilla/5.0 (compatible; Amazonbot/0.1; +https://developer.amazon.com/support/amazonbot)"
34.84.152.203 - - [10/Sep/2026:22:32:01 -0400] "GET /@fs/home/ec2-user/.aws/credentials?raw?? HTTP/1.1" 401 53 "-" "Mozilla/5.0 (Macintosh; Intel Mac OS X 10.15; rv:132.0) Gecko/20100101 Firefox/132.0; compatible; Amzn-SearchBot/1.0; +https://developer.amazon.com/support/amazonbot"
