34.84.152.203 - - [10/Sep/2026:22:32:52 -0400] "GET /out?url=http%3A%2F%2F169.254.169.254%2Flatest%2Fmeta-data%2F HTTP/1.1" 401 53 "-" "Mozilla/5.0 (Linux; Android 12; Pixel 6) AppleWebKit/537.36 (KHTML, like Gecko; compatible; Twitterbot/1.0) Chrome/133.0.7031.2 Mobile Safari/537.36"
34.84.152.203 - - [10/Sep/2026:22:32:52 -0400] "GET /request?url=http%3A%2F%2F169.254.169.254%2Flatest%2Fmeta-data%2Fiam%2Fsecurity-credentials%2F HTTP/1.1" 401 53 "-" "Mozilla/5.0 (X11; Linux x86_64; rv:105.11) Gecko/20100101 Firefox/105.11; compatible; Bytespider; +https://zhanzhang.toutiao.com/"
34.84.152.203 - - [10/Sep/2026:22:32:52 -0400] "GET /request?url=http%3A%2F%2F169.254.169.254%2Flatest%2Fmeta-data%2Fiam%2Finfo HTTP/1.1" 401 53 "-" "Mozilla/5.0 (X11; Linux x86_64) AppleWebKit/537.36 (KHTML, like Gecko; compatible; Claude-User/1.0; +https://www.anthropic.com/claude-user) Chrome/114.0.5877.42 Safari/537.36"
34.84.152.203 - - [10/Sep/2026:22:32:52 -0400] "GET /request?url=http%3A%2F%2F169.254.169.254%2Flatest%2Fmeta-data%2F HTTP/1.1" 401 53 "-" "Mozilla/5.0 (X11; Ubuntu; Linux x86_64) AppleWebKit/537.36 (KHTML, like Gecko; compatible; Applebot/0.1; +http://www.apple.com/go/applebot) Chrome/131.0.7955.52 Safari/537.36"
34.84.152.203 - - [10/Sep/2026:22:32:52 -0400] "GET /api/request?url=http%3A%2F%2F169.254.169.254%2Flatest%2Fmeta-data%2Fiam%2Fsecurity-credentials%2F HTTP/1.1" 401 53 "-" "Mozilla/5.0 AppleWebKit/537.36 (KHTML, like Gecko; compatible; GPTBot/1.2; +https://openai.com/gptbot)"
34.84.152.203 - - [10/Sep/2026:22:32:52 -0400] "GET /api/request?url=http%3A%2F%2F169.254.169.254%2Flatest%2Fmeta-data%2Fiam%2Finfo HTTP/1.1" 401 53 "-" "Mozilla/5.0 (Macintosh; Intel Mac OS X 14_6_1) AppleWebKit/537.36 (KHTML, like Gecko; compatible; Applebot/0.1; +http://www.apple.com/go/applebot) Chrome/134.0.4042.141 Safari/537.36"
34.84.152.203 - - [10/Sep/2026:22:32:52 -0400] "GET /api/request?url=http%3A%2F%2F169.254.169.254%2Flatest%2Fmeta-data%2F HTTP/1.1" 401 53 "-" "Mozilla/5.0 AppleWebKit/537.36 (KHTML, like Gecko; compatible; Perplexity-User/1.0; +https://perplexity.ai/perplexity-user)"
34.84.152.203 - - [10/Sep/2026:22:32:52 -0400] "GET /webhook?url=http%3A%2F%2F169.254.169.254%2Flatest%2Fmeta-data%2Fiam%2Fsecurity-credentials%2F HTTP/1.1" 401 53 "-" "Mozilla/5.0 (compatible; Slackbot-LinkExpanding/1.0; +https://api.slack.com/robots)"
34.84.152.203 - - [10/Sep/2026:22:32:52 -0400] "GET /webhook?url=http%3A%2F%2F169.254.169.254%2Flatest%2Fmeta-data%2Fiam%2Finfo HTTP/1.1" 401 53 "-" "Mozilla/5.0 (Windows NT 10.0; Win64; x64) AppleWebKit/537.36 (KHTML, like Gecko) Chrome/109.0.1957.153 Safari/537.36; compatible; PerplexityBot/1.0; +https://perplexity.ai/perplexitybot"
34.84.152.203 - - [10/Sep/2026:22:32:52 -0400] "GET /webhook?url=http%3A%2F%2F169.254.169.254%2Flatest%2Fmeta-data%2F HTTP/1.1" 401 53 "-" "Mozilla/5.0 AppleWebKit/537.36 (KHTML, like Gecko; compatible; Perplexity-User/1.0; +https://perplexity.ai/perplexity-user)"
34.84.152.203 - - [10/Sep/2026:22:32:53 -0400] "GET /api/webhook?url=http%3A%2F%2F169.254.169.254%2Flatest%2Fmeta-data%2Fiam%2Fsecurity-credentials%2F HTTP/1.1" 401 53 "-" "Mozilla/5.0 (compatible; facebookexternalhit/1.1; +http://www.facebook.com/externalhit_uatext.php)"
34.84.152.203 - - [10/Sep/2026:22:32:53 -0400] "GET /api/webhook?url=http%3A%2F%2F169.254.169.254%2Flatest%2Fmeta-data%2Fiam%2Finfo HTTP/1.1" 401 53 "-" "Mozilla/5.0 AppleWebKit/537.36 (KHTML, like Gecko; compatible; Claude-SearchBot/1.0; +https://www.anthropic.com/claude-searchbot)"
34.84.152.203 - - [10/Sep/2026:22:32:53 -0400] "GET /api/webhook?url=http%3A%2F%2F169.254.169.254%2Flatest%2Fmeta-data%2F HTTP/1.1" 401 53 "-" "Mozilla/5.0 AppleWebKit/537.36 (KHTML, like Gecko; compatible; Claude-User/1.0; +https://www.anthropic.com/claude-user)"
34.84.152.203 - - [10/Sep/2026:22:32:53 -0400] "GET /cgi-bin/fetch?url=http%3A%2F%2F169.254.169.254%2Flatest%2Fmeta-data%2Fiam%2Fsecurity-credentials%2F HTTP/1.1" 401 53 "-" "Mozilla/5.0 (X11; Ubuntu; Linux x86_64) AppleWebKit/537.36 (KHTML, like Gecko) Chrome/133.0.7149.127 Safari/537.36; compatible; OAI-SearchBot/1.4; robots.txt; +https://openai.com/searchbot"
34.84.152.203 - - [10/Sep/2026:22:32:53 -0400] "GET /cgi-bin/fetch?url=http%3A%2F%2F169.254.169.254%2Flatest%2Fmeta-data%2Fiam%2Finfo HTTP/1.1" 401 53 "-" "Mozilla/5.0 AppleWebKit/537.36 (KHTML, like Gecko; compatible; TelegramBot/1.0)"
34.84.152.203 - - [10/Sep/2026:22:32:53 -0400] "GET /cgi-bin/fetch?url=http%3A%2F%2F169.254.169.254%2Flatest%2Fmeta-data%2F HTTP/1.1" 401 53 "-" "Mozilla/5.0 AppleWebKit/537.36 (KHTML, like Gecko); compatible; Claude-User/1.0; +https://www.anthropic.com/claude-user"
34.84.152.203 - - [10/Sep/2026:22:32:53 -0400] "GET /proxy?url=http%3A%2F%2Fmetadata.google.internal%2FcomputeMetadata%2Fv1%2Finstance%2Fservice-accounts%2Fdefault%2Ftoken HTTP/1.1" 401 53 "-" "Mozilla/5.0 (Macintosh; Intel Mac OS X 14_6_1) AppleWebKit/537.36 (KHTML, like Gecko) Chrome/134.0.3400.156 Safari/537.36; compatible; Amzn-SearchBot/1.0; +https://developer.amazon.com/support/amazonbot"
34.84.152.203 - - [10/Sep/2026:22:32:53 -0400] "GET /fetch?url=http%3A%2F%2Fmetadata.google.internal%2FcomputeMetadata%2Fv1%2Finstance%2Fservice-accounts%2Fdefault%2Ftoken HTTP/1.1" 401 53 "-" "Mozilla/5.0 (compatible; TelegramBot/1.0)"
34.84.152.203 - - [10/Sep/2026:22:32:53 -0400] "GET /fetch?url=http%3A%2F%2Fmetadata.google.internal%2FcomputeMetadata%2Fv1%2Finstance%2Fservice-accounts%2Fdefault%2Femail HTTP/1.1" 401 53 "-" "Mozilla/5.0 (X11; Ubuntu; Linux x86_64; rv:132.7) Gecko/20100101 Firefox/132.7; compatible; OAI-SearchBot/1.4; robots.txt; +https://openai.com/searchbot"
34.84.152.203 - - [10/Sep/2026:22:32:53 -0400] "GET /proxy?url=http%3A%2F%2Fmetadata.google.internal%2FcomputeMetadata%2Fv1%2Finstance%2Fservice-accounts%2Fdefault%2Femail HTTP/1.1" 401 53 "-" "Mozilla/5.0 AppleWebKit/537.36 (KHTML, like Gecko; compatible; OAI-SearchBot/1.4; robots.txt; +https://openai.com/searchbot)"
34.84.152.203 - - [10/Sep/2026:22:32:53 -0400] "GET /proxy?url=http%3A%2F%2F169.254.169.254%2Fmetadata%2Fidentity%2Foauth2%2Ftoken%3Fapi-version%3D2018-02-01%26resource%3Dhttps%3A%2F%2Fmanagement.azure.com%2F HTTP/1.1" 401 53 "-" "Mozilla/5.0 AppleWebKit/537.36 (KHTML, like Gecko); compatible; Claude-User/1.0; +Claude-User@anthropic.com"
34.84.152.203 - - [10/Sep/2026:22:32:53 -0400] "GET /fetch?url=http%3A%2F%2F169.254.169.254%2Fmetadata%2Fidentity%2Foauth2%2Ftoken%3Fapi-version%3D2018-02-01%26resource%3Dhttps%3A%2F%2Fmanagement.azure.com%2F HTTP/1.1" 401 53 "-" "Mozilla/5.0 (Windows NT 10.0; rv:127.9) Gecko/20100101 Firefox/127.9; compatible; LinkedInBot/1.0; +http://www.linkedin.com"
34.84.152.203 - - [10/Sep/2026:22:32:53 -0400] "GET /fetch?url=http%3A%2F%2F169.254.169.254%2Fmetadata%2Fidentity%2Foauth2%2Ftoken%3Fapi-version%3D2018-02-01%26resource%3Dhttps%3A%2F%2Fcognitiveservices.azure.com%2F HTTP/1.1" 401 53 "-" "Mozilla/5.0 AppleWebKit/537.36 (KHTML, like Gecko; compatible; Claude-User/1.0; +https://www.anthropic.com/claude-user)"
34.84.152.203 - - [10/Sep/2026:22:32:54 -0400] "GET /proxy?url=http%3A%2F%2F169.254.169.254%2Fmetadata%2Fidentity%2Foauth2%2Ftoken%3Fapi-version%3D2018-02-01%26resource%3Dhttps%3A%2F%2Fcognitiveservices.azure.com%2F HTTP/1.1" 401 53 "-" "Mozilla/5.0 (Windows NT 11.0; Win64; x64) AppleWebKit/537.36 (KHTML, like Gecko) Chrome/147.0.7858.88 Safari/537.36; compatible; Perplexity-User/1.0; +https://perplexity.ai/perplexity-user"
34.84.152.203 - - [10/Sep/2026:22:32:54 -0400] "GET /fetch?url=file%3A%2F%2F%2Froot%2F.azure%2Fcredentials HTTP/1.1" 401 53 "-" "Mozilla/5.0 (Macintosh; Intel Mac OS X 14_6_1) AppleWebKit/537.36 (KHTML, like Gecko; compatible; Perplexity-User/1.0; +https://perplexity.ai/perplexity-user) Chrome/109.0.5966.172 Safari/537.36"
34.84.152.203 - - [10/Sep/2026:22:32:54 -0400] "GET /proxy?url=file%3A%2F%2F%2Froot%2F.azure%2Fcredentials HTTP/1.1" 401 53 "-" "Mozilla/5.0 AppleWebKit/537.36 (KHTML, like Gecko); compatible; facebookexternalhit/1.1; +http://www.facebook.com/externalhit_uatext.php"
34.84.152.203 - - [10/Sep/2026:22:32:54 -0400] "GET /fetch?url=file%3A%2F%2F%2Froot%2F.azure%2FaccessTokens.json HTTP/1.1" 401 53 "-" "Mozilla/5.0 AppleWebKit/537.36 (KHTML, like Gecko); compatible; WhatsApp/10.0.2.1"
34.84.152.203 - - [10/Sep/2026:22:32:54 -0400] "GET /proxy?url=file%3A%2F%2F%2Fhome%2Fubuntu%2F.azure%2FaccessTokens.json HTTP/1.1" 401 53 "-" "Mozilla/5.0 (Windows NT 10.0; rv:133.18) Gecko/20100101 Firefox/133.18; compatible; Amzn-SearchBot/1.0; +https://developer.amazon.com/support/amazonbot"
34.84.152.203 - - [10/Sep/2026:22:32:54 -0400] "GET /proxy?url=file%3A%2F%2F%2Froot%2F.azure%2FaccessTokens.json HTTP/1.1" 401 53 "-" "Mozilla/5.0 (iPhone; CPU iPhone OS 18_4 like Mac OS X) AppleWebKit/537.36 (KHTML, like Gecko) Chrome/128.0.2360.181 Mobile Safari/537.36; compatible; ChatGPT-User/1.0; +https://openai.com/bot"
34.84.152.203 - - [10/Sep/2026:22:32:54 -0400] "GET /fetch?url=file%3A%2F%2F%2Fhome%2Fubuntu%2F.azure%2FaccessTokens.json HTTP/1.1" 401 53 "-" "Mozilla/5.0 (X11; Ubuntu; Linux x86_64) AppleWebKit/537.36 (KHTML, like Gecko; compatible; Twitterbot/1.0) Chrome/136.0.4161.113 Safari/537.36 Edg/136.0.4161.113"
34.84.152.203 - - [10/Sep/2026:22:32:54 -0400] "POST /cgi-bin/.%2e/.%2e/.%2e/.%2e/bin/sh HTTP/1.1" 401 53 "-" "Mozilla/5.0 AppleWebKit/537.36 (KHTML, like Gecko; compatible; ChatGPT-User/1.0; +https://openai.com/bot)"
34.84.152.203 - - [10/Sep/2026:22:32:54 -0400] "GET /cgi-bin/status HTTP/1.1" 403 228 "-" "() { :;}; echo; echo GSCAN_SHK"
34.84.152.203 - - [10/Sep/2026:22:32:55 -0400] "POST /?%ADd+allow_url_include%3d1+%ADd+auto_prepend_file%3dphp://input HTTP/1.1" 401 53 "-" "Mozilla/5.0 (compatible; WhatsApp/10.0.2.1)"
34.84.152.203 - - [10/Sep/2026:22:32:55 -0400] "POST /vendor/phpunit/phpunit/src/Util/PHP/eval-stdin.php HTTP/1.1" 401 53 "-" "Mozilla/5.0 AppleWebKit/537.36 (KHTML, like Gecko; compatible; PerplexityBot/1.0; +https://perplexity.ai/perplexitybot)"
34.84.152.203 - - [10/Sep/2026:22:32:55 -0400] "GET /index.php?s=/Index/\\think\\app/invokefunction&function=call_user_func_array&vars[0]=system&vars[1][]=echo%20GSCAN_TP HTTP/1.1" 401 53 "-" "Mozilla/5.0 (Macintosh; Intel Mac OS X 14_5) AppleWebKit/537.36 (KHTML, like Gecko) Chrome/124.0.1958.103 Safari/537.36; compatible; Twitterbot/1.0"
34.84.152.203 - - [10/Sep/2026:22:32:56 -0400] "POST / HTTP/1.1" 401 53 "-" "Mozilla/5.0 (X11; Ubuntu; Linux x86_64) AppleWebKit/537.36 (KHTML, like Gecko) Chrome/131.0.1449.145 Safari/537.36; compatible; meta-externalagent/1.1; +https://developers.facebook.com/docs/sharing/webmasters/crawler"
34.84.152.203 - - [10/Sep/2026:22:32:56 -0400] "GET /%24%7B%28%23a%3D%40org.apache.commons.io.IOUtils%40toString%28%40java.lang.Runtime%40getRuntime%28%29.exec%28%22echo%20GSCAN_CF%22%29.getInputStream%28%29%2C%22utf-8%22%29%29.%28%40com.opensymphony.webwork.ServletActionContext%40getResponse%28%29.setHeader%28%22X-Cmd-Response%22%2C%23a%29%29%7D/ HTTP/1.1" 401 53 "-" "Mozilla/5.0 (compatible; Perplexity-User/1.0; +https://perplexity.ai/perplexity-user)"
34.84.152.203 - - [10/Sep/2026:22:32:56 -0400] "POST /geoserver/wfs HTTP/1.1" 401 53 "-" "Mozilla/5.0 (Linux; Android 14; Pixel 8) AppleWebKit/537.36 (KHTML, like Gecko) Chrome/147.0.1268.38 Mobile Safari/537.36; compatible; GrokBot/1.0; +https://x.ai/grokbot"
199.250.222.155 - - [10/Sep/2026:22:40:11 -0400] "POST /wp-cron.php?doing_wp_cron=1789094411.7544989585876464843750 HTTP/1.1" 200 - "-" "WordPress/6.9.7; https://cititower.mx"
45.146.55.82 - - [10/Sep/2026:22:40:11 -0400] "POST /wp-login.php HTTP/1.1" 200 9575 "-" "Mozilla/5.0 (Windows NT 10.0; Win64; x64) AppleWebKit/537.36 Chrome/129.0.0.0 Safari/537.36"
199.250.222.155 - - [10/Sep/2026:22:50:19 -0400] "POST /wp-cron.php?doing_wp_cron=1789095019.3024129867553710937500 HTTP/1.1" 200 - "-" "WordPress/6.9.7; https://cititower.mx"
45.146.55.99 - - [10/Sep/2026:22:50:19 -0400] "POST /wp-login.php HTTP/1.1" 200 9575 "-" "Mozilla/5.0 (Windows NT 10.0; Win64; rv:143.0) Gecko/20100101 Firefox/143.0"
52.167.144.198 - - [10/Sep/2026:22:58:50 -0400] "GET /shop/coasters HTTP/1.1" 404 236 "-" "Mozilla/5.0 AppleWebKit/537.36 (KHTML, like Gecko; compatible; bingbot/2.0; +http://www.bing.com/bingbot.htm) Chrome/116.0.1938.76 Safari/537.36"
199.250.222.155 - - [10/Sep/2026:22:59:46 -0400] "POST /wp-cron.php?doing_wp_cron=1789095586.4596168994903564453125 HTTP/1.1" 200 - "-" "WordPress/6.9.7; https://cititower.mx"
203.192.249.107 - - [10/Sep/2026:22:59:46 -0400] "POST /xmlrpc.php HTTP/1.1" 200 416 "-" "Jetpack by WordPress.com (Jetpack 13.0; WordPress 6.2)"
45.146.55.64 - - [10/Sep/2026:23:00:30 -0400] "POST /wp-login.php HTTP/1.1" 200 9575 "-" "Mozilla/5.0 (Windows NT 10.0; Win64; rv:143.0) Gecko/20100101 Firefox/143.0"
199.250.222.155 - - [10/Sep/2026:23:00:37 -0400] "POST /wp-cron.php?doing_wp_cron=1789095637.5614669322967529296875 HTTP/1.1" 200 - "-" "WordPress/6.9.7; https://cititower.mx"
203.192.249.107 - - [10/Sep/2026:23:00:37 -0400] "POST /xmlrpc.php HTTP/1.1" 200 416 "-" "Jetpack by WordPress.com (Jetpack 12.0; WordPress 6.4)"
199.250.222.155 - - [10/Sep/2026:23:02:54 -0400] "POST /wp-cron.php?doing_wp_cron=1789095774.0228230953216552734375 HTTP/1.1" 200 - "-" "WordPress/6.9.7; https://cititower.mx"
203.192.249.107 - - [10/Sep/2026:23:02:53 -0400] "POST /xmlrpc.php HTTP/1.1" 200 416 "-" "Jetpack by WordPress.com"
114.10.66.69 - - [10/Sep/2026:23:03:10 -0400] "GET /en/rental-of-premises/ HTTP/1.1" 200 397633 "-" "Mozilla/5.0 (Linux; Android 10; K) AppleWebKit/537.36 (KHTML, like Gecko) Chrome/151.0.0.0 Mobile Safari/537.36"
114.10.66.69 - - [10/Sep/2026:23:03:12 -0400] "GET /checkouts/internal/preloads.js?locale=en-SG HTTP/1.1" 404 236 "https://cititower.mx/en/rental-of-premises/" "Mozilla/5.0 (Linux; Android 10; K) AppleWebKit/537.36 (KHTML, like Gecko) Chrome/151.0.0.0 Mobile Safari/537.36"
114.10.66.69 - - [10/Sep/2026:23:03:12 -0400] "GET /en/rental-of-premises/?v=1757450054&width=600 HTTP/1.1" 200 397633 "https://cititower.mx/en/rental-of-premises/" "Mozilla/5.0 (Linux; Android 10; K) AppleWebKit/537.36 (KHTML, like Gecko) Chrome/151.0.0.0 Mobile Safari/537.36"
114.10.66.69 - - [10/Sep/2026:23:03:13 -0400] "GET /cdn-cgi/scripts/5c5dd728/cloudflare-static/email-decode.min.js HTTP/1.1" 404 236 "https://cititower.mx/en/rental-of-premises/" "Mozilla/5.0 (Linux; Android 10; K) AppleWebKit/537.36 (KHTML, like Gecko) Chrome/151.0.0.0 Mobile Safari/537.36"
114.10.66.69 - - [10/Sep/2026:23:03:12 -0400] "GET /en/rental-of-premises/ HTTP/1.1" 200 397633 "https://cititower.mx/en/rental-of-premises/" "Mozilla/5.0 (Linux; Android 10; K) AppleWebKit/537.36 (KHTML, like Gecko) Chrome/151.0.0.0 Mobile Safari/537.36"
114.10.66.69 - - [10/Sep/2026:23:03:15 -0400] "GET /en/rental-of-premises/?v=1757657995&width=100 HTTP/1.1" 200 397633 "https://cititower.mx/en/rental-of-premises/" "Mozilla/5.0 (Linux; Android 10; K) AppleWebKit/537.36 (KHTML, like Gecko) Chrome/151.0.0.0 Mobile Safari/537.36"
114.10.66.69 - - [10/Sep/2026:23:03:16 -0400] "GET /en/rental-of-premises/?section_id=sections--17605520031924__header HTTP/1.1" 200 397633 "https://cititower.mx/en/rental-of-premises/" "Mozilla/5.0 (Linux; Android 10; K) AppleWebKit/537.36 (KHTML, like Gecko) Chrome/151.0.0.0 Mobile Safari/537.36"
114.10.66.69 - - [10/Sep/2026:23:03:18 -0400] "POST /api/collect HTTP/1.1" 404 236 "https://cititower.mx/en/rental-of-premises/" "Mozilla/5.0 (Linux; Android 10; K) AppleWebKit/537.36 (KHTML, like Gecko) Chrome/151.0.0.0 Mobile Safari/537.36"
114.10.66.69 - - [10/Sep/2026:23:03:18 -0400] "POST /cdn-cgi/rum? HTTP/1.1" 404 236 "https://cititower.mx/en/rental-of-premises/" "Mozilla/5.0 (Linux; Android 10; K) AppleWebKit/537.36 (KHTML, like Gecko) Chrome/151.0.0.0 Mobile Safari/537.36"
114.10.66.69 - - [10/Sep/2026:23:03:19 -0400] "POST /api/collect HTTP/1.1" 404 236 "https://cititower.mx/en/rental-of-premises/" "Mozilla/5.0 (Linux; Android 10; K) AppleWebKit/537.36 (KHTML, like Gecko) Chrome/151.0.0.0 Mobile Safari/537.36"
114.10.66.69 - - [10/Sep/2026:23:03:21 -0400] "POST /api/collect HTTP/1.1" 404 236 "https://cititower.mx/en/rental-of-premises/" "Mozilla/5.0 (Linux; Android 10; K) AppleWebKit/537.36 (KHTML, like Gecko) Chrome/151.0.0.0 Mobile Safari/537.36"
114.10.66.69 - - [10/Sep/2026:23:03:25 -0400] "POST /api/collect HTTP/1.1" 404 236 "https://cititower.mx/en/rental-of-premises/" "Mozilla/5.0 (Linux; Android 10; K) AppleWebKit/537.36 (KHTML, like Gecko) Chrome/151.0.0.0 Mobile Safari/537.36"
114.10.66.69 - - [10/Sep/2026:23:03:26 -0400] "POST /cdn-cgi/rum? HTTP/1.1" 404 236 "https://cititower.mx/en/rental-of-premises/" "Mozilla/5.0 (Linux; Android 10; K) AppleWebKit/537.36 (KHTML, like Gecko) Chrome/151.0.0.0 Mobile Safari/537.36"
114.10.66.69 - - [10/Sep/2026:23:03:39 -0400] "GET /cdn-cgi/scripts/5c5dd728/cloudflare-static/email-decode.min.js HTTP/1.1" 404 236 "https://cititower.mx/en/rental-of-premises/" "Mozilla/5.0 (Linux; Android 10; K) AppleWebKit/537.36 (KHTML, like Gecko) Chrome/151.0.0.0 Mobile Safari/537.36"
114.10.66.69 - - [10/Sep/2026:23:03:39 -0400] "GET /en/rental-of-premises/?v=1757450054&width=600 HTTP/1.1" 206 1 "https://cititower.mx/en/rental-of-premises/" "Mozilla/5.0 (Linux; Android 10; K) AppleWebKit/537.36 (KHTML, like Gecko) Chrome/151.0.0.0 Mobile Safari/537.36"
114.10.66.69 - - [10/Sep/2026:23:03:39 -0400] "GET /checkouts/internal/preloads.js?locale=en-SG HTTP/1.1" 404 236 "https://cititower.mx/en/rental-of-premises/" "Mozilla/5.0 (Linux; Android 10; K) AppleWebKit/537.36 (KHTML, like Gecko) Chrome/151.0.0.0 Mobile Safari/537.36"
114.10.66.69 - - [10/Sep/2026:23:03:39 -0400] "GET /en/rental-of-premises/?v=1757657995&width=100 HTTP/1.1" 206 1 "https://cititower.mx/en/rental-of-premises/" "Mozilla/5.0 (Linux; Android 10; K) AppleWebKit/537.36 (KHTML, like Gecko) Chrome/151.0.0.0 Mobile Safari/537.36"
114.10.66.69 - - [10/Sep/2026:23:03:39 -0400] "GET /en/rental-of-premises/?v=1757450054&width=600 HTTP/1.1" 206 381685 "https://cititower.mx/en/rental-of-premises/" "Mozilla/5.0 (Linux; Android 10; K) AppleWebKit/537.36 (KHTML, like Gecko) Chrome/151.0.0.0 Mobile Safari/537.36"
114.10.66.69 - - [10/Sep/2026:23:03:39 -0400] "GET /en/rental-of-premises/?v=1757657995&width=100 HTTP/1.1" 206 357685 "https://cititower.mx/en/rental-of-premises/" "Mozilla/5.0 (Linux; Android 10; K) AppleWebKit/537.36 (KHTML, like Gecko) Chrome/151.0.0.0 Mobile Safari/537.36"
114.10.66.69 - - [10/Sep/2026:23:03:40 -0400] "POST /api/collect HTTP/1.1" 404 236 "https://cititower.mx/en/rental-of-premises/" "Mozilla/5.0 (Linux; Android 10; K) AppleWebKit/537.36 (KHTML, like Gecko) Chrome/151.0.0.0 Mobile Safari/537.36"
114.10.66.69 - - [10/Sep/2026:23:03:41 -0400] "POST /cdn-cgi/rum? HTTP/1.1" 404 236 "https://cititower.mx/en/rental-of-premises/" "Mozilla/5.0 (Linux; Android 10; K) AppleWebKit/537.36 (KHTML, like Gecko) Chrome/151.0.0.0 Mobile Safari/537.36"
114.10.66.69 - - [10/Sep/2026:23:03:42 -0400] "POST /api/collect HTTP/1.1" 404 236 "https://cititower.mx/en/rental-of-premises/" "Mozilla/5.0 (Linux; Android 10; K) AppleWebKit/537.36 (KHTML, like Gecko) Chrome/151.0.0.0 Mobile Safari/537.36"
114.10.66.69 - - [10/Sep/2026:23:03:44 -0400] "POST /api/collect HTTP/1.1" 404 236 "https://cititower.mx/en/rental-of-premises/" "Mozilla/5.0 (Linux; Android 10; K) AppleWebKit/537.36 (KHTML, like Gecko) Chrome/151.0.0.0 Mobile Safari/537.36"
114.10.66.69 - - [10/Sep/2026:23:03:48 -0400] "POST /api/collect HTTP/1.1" 404 236 "https://cititower.mx/en/rental-of-premises/" "Mozilla/5.0 (Linux; Android 10; K) AppleWebKit/537.36 (KHTML, like Gecko) Chrome/151.0.0.0 Mobile Safari/537.36"
114.10.66.69 - - [10/Sep/2026:23:03:48 -0400] "POST /api/collect HTTP/1.1" 404 236 "https://cititower.mx/en/rental-of-premises/" "Mozilla/5.0 (Linux; Android 10; K) AppleWebKit/537.36 (KHTML, like Gecko) Chrome/151.0.0.0 Mobile Safari/537.36"
114.10.66.69 - - [10/Sep/2026:23:03:55 -0400] "POST /api/collect HTTP/1.1" 404 236 "https://cititower.mx/en/rental-of-premises/" "Mozilla/5.0 (Linux; Android 10; K) AppleWebKit/537.36 (KHTML, like Gecko) Chrome/151.0.0.0 Mobile Safari/537.36"
114.10.66.69 - - [10/Sep/2026:23:03:57 -0400] "POST /.well-known/shopify/monorail/v1/produce HTTP/1.1" 404 236 "https://cititower.mx/en/rental-of-premises/" "Mozilla/5.0 (Linux; Android 10; K) AppleWebKit/537.36 (KHTML, like Gecko) Chrome/151.0.0.0 Mobile Safari/537.36"
114.10.66.69 - - [10/Sep/2026:23:03:58 -0400] "POST /cdn-cgi/rum? HTTP/1.1" 404 236 "https://cititower.mx/en/rental-of-premises/" "Mozilla/5.0 (Linux; Android 10; K) AppleWebKit/537.36 (KHTML, like Gecko) Chrome/151.0.0.0 Mobile Safari/537.36"
114.10.66.69 - - [10/Sep/2026:23:03:57 -0400] "POST /.well-known/shopify/monorail/v1/produce HTTP/1.1" 404 236 "https://cititower.mx/en/rental-of-premises/" "Mozilla/5.0 (Linux; Android 10; K) AppleWebKit/537.36 (KHTML, like Gecko) Chrome/151.0.0.0 Mobile Safari/537.36"
114.10.66.69 - - [10/Sep/2026:23:04:02 -0400] "POST /api/collect HTTP/1.1" 404 236 "https://cititower.mx/en/rental-of-premises/" "Mozilla/5.0 (Linux; Android 10; K) AppleWebKit/537.36 (KHTML, like Gecko) Chrome/151.0.0.0 Mobile Safari/537.36"
114.10.66.69 - - [10/Sep/2026:23:04:11 -0400] "POST /api/collect HTTP/1.1" 404 236 "https://cititower.mx/en/rental-of-premises/" "Mozilla/5.0 (Linux; Android 10; K) AppleWebKit/537.36 (KHTML, like Gecko) Chrome/151.0.0.0 Mobile Safari/537.36"
114.10.66.69 - - [10/Sep/2026:23:04:20 -0400] "POST /api/collect HTTP/1.1" 404 236 "https://cititower.mx/en/rental-of-premises/" "Mozilla/5.0 (Linux; Android 10; K) AppleWebKit/537.36 (KHTML, like Gecko) Chrome/151.0.0.0 Mobile Safari/537.36"
199.250.222.155 - - [10/Sep/2026:23:04:23 -0400] "POST /wp-cron.php?doing_wp_cron=1789095863.4566719532012939453125 HTTP/1.1" 200 - "-" "WordPress/6.9.7; https://cititower.mx"
203.192.249.107 - - [10/Sep/2026:23:04:23 -0400] "POST /xmlrpc.php HTTP/1.1" 200 416 "-" "Jetpack by WordPress.com"
114.10.66.69 - - [10/Sep/2026:23:04:28 -0400] "POST /api/collect HTTP/1.1" 404 236 "https://cititower.mx/en/rental-of-premises/" "Mozilla/5.0 (Linux; Android 10; K) AppleWebKit/537.36 (KHTML, like Gecko) Chrome/151.0.0.0 Mobile Safari/537.36"
203.192.249.107 - - [10/Sep/2026:23:04:28 -0400] "POST /xmlrpc.php HTTP/1.1" 200 416 "-" "Jetpack by WordPress.com (Jetpack 12.5; WordPress 6.4)"
199.250.222.155 - - [10/Sep/2026:23:04:39 -0400] "POST /wp-cron.php?doing_wp_cron=1789095879.4690918922424316406250 HTTP/1.1" 200 - "-" "WordPress/6.9.7; https://cititower.mx"
203.192.249.107 - - [10/Sep/2026:23:04:39 -0400] "POST /xmlrpc.php HTTP/1.1" 200 416 "-" "Jetpack/12.0; WordPress/6.3; http://site26439947.com"
114.10.66.69 - - [10/Sep/2026:23:04:43 -0400] "GET /en/rental-of-premises/?v=1757450054&width=600 HTTP/1.1" 206 1 "https://cititower.mx/en/rental-of-premises/" "Mozilla/5.0 (Linux; Android 10; K) AppleWebKit/537.36 (KHTML, like Gecko) Chrome/151.0.0.0 Mobile Safari/537.36"
114.10.66.69 - - [10/Sep/2026:23:04:43 -0400] "GET /cdn-cgi/scripts/5c5dd728/cloudflare-static/email-decode.min.js HTTP/1.1" 404 236 "https://cititower.mx/en/rental-of-premises/" "Mozilla/5.0 (Linux; Android 10; K) AppleWebKit/537.36 (KHTML, like Gecko) Chrome/151.0.0.0 Mobile Safari/537.36"
114.10.66.69 - - [10/Sep/2026:23:04:43 -0400] "GET /checkouts/internal/preloads.js?locale=en-SG HTTP/1.1" 404 236 "https://cititower.mx/en/rental-of-premises/" "Mozilla/5.0 (Linux; Android 10; K) AppleWebKit/537.36 (KHTML, like Gecko) Chrome/151.0.0.0 Mobile Safari/537.36"
114.10.66.69 - - [10/Sep/2026:23:04:43 -0400] "GET /en/rental-of-premises/?v=1757657995&width=100 HTTP/1.1" 206 1 "https://cititower.mx/en/rental-of-premises/" "Mozilla/5.0 (Linux; Android 10; K) AppleWebKit/537.36 (KHTML, like Gecko) Chrome/151.0.0.0 Mobile Safari/537.36"
114.10.66.69 - - [10/Sep/2026:23:04:43 -0400] "GET /en/rental-of-premises/?v=1757450054&width=600 HTTP/1.1" 206 381685 "https://cititower.mx/en/rental-of-premises/" "Mozilla/5.0 (Linux; Android 10; K) AppleWebKit/537.36 (KHTML, like Gecko) Chrome/151.0.0.0 Mobile Safari/537.36"
114.10.66.69 - - [10/Sep/2026:23:04:44 -0400] "POST /api/collect HTTP/1.1" 404 236 "https://cititower.mx/en/rental-of-premises/" "Mozilla/5.0 (Linux; Android 10; K) AppleWebKit/537.36 (KHTML, like Gecko) Chrome/151.0.0.0 Mobile Safari/537.36"
114.10.66.69 - - [10/Sep/2026:23:04:45 -0400] "POST /cdn-cgi/rum? HTTP/1.1" 404 236 "https://cititower.mx/en/rental-of-premises/" "Mozilla/5.0 (Linux; Android 10; K) AppleWebKit/537.36 (KHTML, like Gecko) Chrome/151.0.0.0 Mobile Safari/537.36"
114.10.66.69 - - [10/Sep/2026:23:04:46 -0400] "POST /api/collect HTTP/1.1" 404 236 "https://cititower.mx/en/rental-of-premises/" "Mozilla/5.0 (Linux; Android 10; K) AppleWebKit/537.36 (KHTML, like Gecko) Chrome/151.0.0.0 Mobile Safari/537.36"
114.10.66.69 - - [10/Sep/2026:23:04:48 -0400] "POST /api/collect HTTP/1.1" 404 236 "https://cititower.mx/en/rental-of-premises/" "Mozilla/5.0 (Linux; Android 10; K) AppleWebKit/537.36 (KHTML, like Gecko) Chrome/151.0.0.0 Mobile Safari/537.36"
114.10.66.69 - - [10/Sep/2026:23:04:49 -0400] "POST /cdn-cgi/rum? HTTP/1.1" 404 236 "https://cititower.mx/en/rental-of-premises/" "Mozilla/5.0 (Linux; Android 10; K) AppleWebKit/537.36 (KHTML, like Gecko) Chrome/151.0.0.0 Mobile Safari/537.36"
203.192.249.107 - - [10/Sep/2026:23:04:49 -0400] "POST /xmlrpc.php HTTP/1.1" 406 300 "-" "WordPress.com; https://wordpress.com"
203.192.249.107 - - [10/Sep/2026:23:05:00 -0400] "POST /xmlrpc.php HTTP/1.1" 200 416 "-" "Jetpack/12.5; WordPress/6.4; http://site90686532.com"
140.213.176.39 - - [10/Sep/2026:23:05:08 -0400] "GET /en/rental-of-premises/ HTTP/1.1" 200 397633 "http://cititower.mx/" "Mozilla/5.0 (Linux; Android 10; K) AppleWebKit/537.36 (KHTML, like Gecko) Chrome/151.0.0.0 Mobile Safari/537.36"
140.213.170.88 - - [10/Sep/2026:23:05:08 -0400] "GET /en/rental-of-premises/ HTTP/1.1" 200 397633 "http://cititower.mx/" "Mozilla/5.0 (Linux; Android 10; K) AppleWebKit/537.36 (KHTML, like Gecko) Chrome/151.0.0.0 Mobile Safari/537.36"
17.166.237.9 - - [10/Sep/2026:23:06:29 -0400] "GET /shop/clocks HTTP/1.1" 404 236 "-" "Mozilla/5.0 (Macintosh; Intel Mac OS X 10_15_7) AppleWebKit/605.1.15 (KHTML, like Gecko) Version/17.4 Safari/605.1.15 (Applebot/0.1; +http://www.apple.com/go/applebot)"
199.250.222.155 - - [10/Sep/2026:23:08:01 -0400] "POST /wp-cron.php?doing_wp_cron=1789096081.1939129829406738281250 HTTP/1.1" 200 - "-" "WordPress/6.9.7; https://cititower.mx"
203.192.249.107 - - [10/Sep/2026:23:08:00 -0400] "POST /xmlrpc.php HTTP/1.1" 200 416 "-" "Jetpack by WordPress.com (Jetpack 12.0; WordPress 6.1)"
3.89.170.186 - - [10/Sep/2026:23:08:11 -0400] "GET /renta-de-locales/ HTTP/1.1" 200 254059 "-" "Mozilla/5.0 AppleWebKit/537.36 (KHTML, like Gecko; compatible; Amazonbot/0.1; +https://developer.amazon.com/support/amazonbot) Chrome/119.0.6045.214 Safari/537.36"
199.250.222.155 - - [10/Sep/2026:23:08:41 -0400] "POST /wp-cron.php?doing_wp_cron=1789096121.9065759181976318359375 HTTP/1.1" 200 - "-" "WordPress/6.9.7; https://cititower.mx"
91.202.233.61 - - [10/Sep/2026:23:08:41 -0400] "GET / HTTP/1.1" 200 39923 "-" "Mozilla/5.0 (Windows NT 10.0; Win64; x64) AppleWebKit/537.36 (KHTML, like Gecko) Chrome/131.0.0.0 Safari/537.36"
91.202.233.61 - - [10/Sep/2026:23:08:42 -0400] "GET /wp-json/wp/v2/users?context=edit&per_page=100 HTTP/1.1" 404 236 "-" "Mozilla/5.0 (Windows NT 10.0; Win64; x64) AppleWebKit/537.36 (KHTML, like Gecko) Chrome/131.0.0.0 Safari/537.36"
74.7.244.25 - - [10/Sep/2026:23:09:17 -0400] "GET /robots.txt HTTP/1.1" 404 236 "-" "Mozilla/5.0 (Macintosh; Intel Mac OS X 10_15_7) AppleWebKit/537.36 (KHTML, like Gecko) Chrome/131.0.0.0 Safari/537.36; compatible; OAI-SearchBot/1.4; robots.txt; +https://openai.com/searchbot"
199.250.222.155 - - [10/Sep/2026:23:09:38 -0400] "POST /wp-cron.php?doing_wp_cron=1789096178.8193359375000000000000 HTTP/1.1" 200 - "-" "WordPress/6.9.7; https://cititower.mx"
203.192.249.107 - - [10/Sep/2026:23:09:38 -0400] "POST /xmlrpc.php HTTP/1.1" 200 416 "-" "Jetpack by WordPress.com"
199.250.222.155 - - [10/Sep/2026:23:10:34 -0400] "POST /wp-cron.php?doing_wp_cron=1789096234.6796069145202636718750 HTTP/1.1" 200 - "-" "WordPress/6.9.7; https://cititower.mx"
45.146.55.72 - - [10/Sep/2026:23:10:34 -0400] "POST /wp-login.php HTTP/1.1" 200 9575 "-" "Mozilla/5.0 (Windows NT 10.0; Win64; x64) AppleWebKit/537.36 Chrome/129.0.0.0 Safari/537.36"
203.192.249.107 - - [10/Sep/2026:23:10:41 -0400] "POST /xmlrpc.php HTTP/1.1" 406 300 "-" "WordPress.com; https://wordpress.com"
203.192.249.107 - - [10/Sep/2026:23:10:46 -0400] "POST /xmlrpc.php HTTP/1.1" 200 416 "-" "Jetpack by WordPress.com"
203.192.249.107 - - [10/Sep/2026:23:11:00 -0400] "POST /xmlrpc.php HTTP/1.1" 200 416 "-" "Jetpack by WordPress.com (Jetpack 12.5; WordPress 6.1)"
203.192.249.107 - - [10/Sep/2026:23:11:08 -0400] "POST /xmlrpc.php HTTP/1.1" 200 416 "-" "Jetpack by WordPress.com (Jetpack 12.0; WordPress 6.3)"
199.250.222.155 - - [10/Sep/2026:23:13:36 -0400] "POST /wp-cron.php?doing_wp_cron=1789096416.3318440914154052734375 HTTP/1.1" 200 - "-" "WordPress/6.9.7; https://cititower.mx"
203.192.249.107 - - [10/Sep/2026:23:13:36 -0400] "POST /xmlrpc.php HTTP/1.1" 200 416 "-" "Jetpack by WordPress.com"
199.250.222.155 - - [10/Sep/2026:23:15:36 -0400] "POST /wp-cron.php?doing_wp_cron=1789096536.5057139396667480468750 HTTP/1.1" 200 - "-" "WordPress/6.9.7; https://cititower.mx"
203.192.249.107 - - [10/Sep/2026:23:15:36 -0400] "POST /xmlrpc.php HTTP/1.1" 200 416 "-" "Jetpack by WordPress.com"
203.192.249.107 - - [10/Sep/2026:23:16:22 -0400] "POST /xmlrpc.php HTTP/1.1" 200 416 "-" "Jetpack/13.0; WordPress/6.1; http://site15008048.com"
203.192.249.107 - - [10/Sep/2026:23:16:32 -0400] "POST /xmlrpc.php HTTP/1.1" 200 416 "-" "Jetpack by WordPress.com"
199.250.222.155 - - [10/Sep/2026:23:16:43 -0400] "POST /wp-cron.php?doing_wp_cron=1789096603.6351490020751953125000 HTTP/1.1" 200 - "-" "WordPress/6.9.7; https://cititower.mx"
203.192.249.107 - - [10/Sep/2026:23:16:43 -0400] "POST /xmlrpc.php HTTP/1.1" 200 416 "-" "Jetpack by WordPress.com (Jetpack 12.5; WordPress 6.4)"
203.192.249.107 - - [10/Sep/2026:23:16:53 -0400] "POST /xmlrpc.php HTTP/1.1" 200 416 "-" "Jetpack/13.0; WordPress/6.1; http://site66643646.com"
203.192.249.104 - - [10/Sep/2026:23:17:04 -0400] "POST /xmlrpc.php HTTP/1.1" 200 416 "-" "Jetpack by WordPress.com"
199.250.222.155 - - [10/Sep/2026:23:17:15 -0400] "POST /wp-cron.php?doing_wp_cron=1789096635.0921449661254882812500 HTTP/1.1" 200 - "-" "WordPress/6.9.7; https://cititower.mx"
203.192.249.107 - - [10/Sep/2026:23:17:14 -0400] "POST /xmlrpc.php HTTP/1.1" 200 416 "-" "Jetpack by WordPress.com"
203.192.249.107 - - [10/Sep/2026:23:17:25 -0400] "POST /xmlrpc.php HTTP/1.1" 200 416 "-" "Jetpack by WordPress.com"
199.250.222.155 - - [10/Sep/2026:23:17:36 -0400] "POST /wp-cron.php?doing_wp_cron=1789096656.0255029201507568359375 HTTP/1.1" 200 - "-" "WordPress/6.9.7; https://cititower.mx"
203.192.249.107 - - [10/Sep/2026:23:17:35 -0400] "POST /xmlrpc.php HTTP/1.1" 200 416 "-" "Jetpack by WordPress.com (Jetpack 12.0; WordPress 6.4)"
203.192.249.107 - - [10/Sep/2026:23:17:46 -0400] "POST /xmlrpc.php HTTP/1.1" 406 300 "-" "WordPress.com; https://wordpress.com"
203.192.249.107 - - [10/Sep/2026:23:17:56 -0400] "POST /xmlrpc.php HTTP/1.1" 200 416 "-" "Jetpack/13.0; WordPress/6.3; http://site73776483.com"
203.192.249.107 - - [10/Sep/2026:23:18:07 -0400] "POST /xmlrpc.php HTTP/1.1" 406 300 "-" "WordPress.com; https://wordpress.com"
203.192.249.107 - - [10/Sep/2026:23:18:17 -0400] "POST /xmlrpc.php HTTP/1.1" 200 416 "-" "Jetpack by WordPress.com"
203.192.249.107 - - [10/Sep/2026:23:18:28 -0400] "POST /xmlrpc.php HTTP/1.1" 406 300 "-" "WordPress.com; https://wordpress.com"
199.250.222.155 - - [10/Sep/2026:23:18:39 -0400] "POST /wp-cron.php?doing_wp_cron=1789096718.9995369911193847656250 HTTP/1.1" 200 - "-" "WordPress/6.9.7; https://cititower.mx"
203.192.249.107 - - [10/Sep/2026:23:18:38 -0400] "POST /xmlrpc.php HTTP/1.1" 200 416 "-" "Jetpack/13.0; WordPress/6.3; http://site97263239.com"
203.192.249.107 - - [10/Sep/2026:23:18:49 -0400] "POST /xmlrpc.php HTTP/1.1" 200 416 "-" "Jetpack/12.5; WordPress/6.3; http://site22195354.com"
203.192.249.107 - - [10/Sep/2026:23:18:59 -0400] "POST /xmlrpc.php HTTP/1.1" 200 416 "-" "Jetpack by WordPress.com (Jetpack 13.0; WordPress 6.4)"
203.192.249.107 - - [10/Sep/2026:23:19:10 -0400] "POST /xmlrpc.php HTTP/1.1" 200 416 "-" "Jetpack by WordPress.com"
203.192.249.107 - - [10/Sep/2026:23:19:20 -0400] "POST /xmlrpc.php HTTP/1.1" 200 416 "-" "Jetpack by WordPress.com (Jetpack 12.1; WordPress 6.1)"
203.192.249.107 - - [10/Sep/2026:23:19:31 -0400] "POST /xmlrpc.php HTTP/1.1" 200 416 "-" "Jetpack/12.5; WordPress/6.3; http://site55309908.com"
199.250.222.155 - - [10/Sep/2026:23:19:41 -0400] "POST /wp-cron.php?doing_wp_cron=1789096781.9011719226837158203125 HTTP/1.1" 200 - "-" "WordPress/6.9.7; https://cititower.mx"
203.192.249.104 - - [10/Sep/2026:23:19:41 -0400] "POST /xmlrpc.php HTTP/1.1" 200 416 "-" "Jetpack by WordPress.com"
203.192.249.107 - - [10/Sep/2026:23:19:52 -0400] "POST /xmlrpc.php HTTP/1.1" 200 416 "-" "Jetpack/12.5; WordPress/6.3; http://site62546184.com"
203.192.249.107 - - [10/Sep/2026:23:20:02 -0400] "POST /xmlrpc.php HTTP/1.1" 200 416 "-" "Jetpack/12.5; WordPress/6.1; http://site23533303.com"
203.192.249.107 - - [10/Sep/2026:23:20:13 -0400] "POST /xmlrpc.php HTTP/1.1" 406 300 "-" "WordPress.com; https://wordpress.com"
203.192.249.107 - - [10/Sep/2026:23:20:23 -0400] "POST /xmlrpc.php HTTP/1.1" 200 416 "-" "Jetpack by WordPress.com"
45.146.55.89 - - [10/Sep/2026:23:20:33 -0400] "POST /wp-login.php HTTP/1.1" 200 9575 "-" "Mozilla/5.0 (Windows NT 10.0; Win64; rv:143.0) Gecko/20100101 Firefox/143.0"
199.250.222.155 - - [10/Sep/2026:23:20:34 -0400] "POST /wp-cron.php?doing_wp_cron=1789096834.3319239616394042968750 HTTP/1.1" 200 - "-" "WordPress/6.9.7; https://cititower.mx"
203.192.249.107 - - [10/Sep/2026:23:20:34 -0400] "POST /xmlrpc.php HTTP/1.1" 200 416 "-" "Jetpack/12.0; WordPress/6.4; http://site55138672.com"
203.192.249.107 - - [10/Sep/2026:23:20:44 -0400] "POST /xmlrpc.php HTTP/1.1" 200 416 "-" "Jetpack by WordPress.com (Jetpack 12.0; WordPress 6.4)"
203.192.249.107 - - [10/Sep/2026:23:20:55 -0400] "POST /xmlrpc.php HTTP/1.1" 406 300 "-" "WordPress.com; https://wordpress.com"
203.192.249.107 - - [10/Sep/2026:23:21:05 -0400] "POST /xmlrpc.php HTTP/1.1" 200 416 "-" "Jetpack by WordPress.com"
203.192.249.107 - - [10/Sep/2026:23:21:16 -0400] "POST /xmlrpc.php HTTP/1.1" 200 416 "-" "Jetpack by WordPress.com"
203.192.249.107 - - [10/Sep/2026:23:21:26 -0400] "POST /xmlrpc.php HTTP/1.1" 200 416 "-" "Jetpack/12.0; WordPress/6.3; http://site74969957.com"
199.250.222.155 - - [10/Sep/2026:23:21:37 -0400] "POST /wp-cron.php?doing_wp_cron=1789096897.2939229011535644531250 HTTP/1.1" 200 - "-" "WordPress/6.9.7; https://cititower.mx"
203.192.249.107 - - [10/Sep/2026:23:21:37 -0400] "POST /xmlrpc.php HTTP/1.1" 200 416 "-" "Jetpack by WordPress.com"
203.192.249.107 - - [10/Sep/2026:23:21:47 -0400] "POST /xmlrpc.php HTTP/1.1" 200 416 "-" "Jetpack/12.0; WordPress/6.2; http://site45743938.com"
203.192.249.107 - - [10/Sep/2026:23:21:59 -0400] "POST /xmlrpc.php HTTP/1.1" 200 416 "-" "Jetpack by WordPress.com"
203.192.249.107 - - [10/Sep/2026:23:22:10 -0400] "POST /xmlrpc.php HTTP/1.1" 406 300 "-" "WordPress.com; https://wordpress.com"
203.192.249.107 - - [10/Sep/2026:23:22:21 -0400] "POST /xmlrpc.php HTTP/1.1" 200 416 "-" "Jetpack by WordPress.com (Jetpack 13.0; WordPress 6.3)"
203.192.249.107 - - [10/Sep/2026:23:22:32 -0400] "POST /xmlrpc.php HTTP/1.1" 200 416 "-" "Jetpack by WordPress.com"
199.250.222.155 - - [10/Sep/2026:23:22:42 -0400] "POST /wp-cron.php?doing_wp_cron=1789096962.7259960174560546875000 HTTP/1.1" 200 - "-" "WordPress/6.9.7; https://cititower.mx"
203.192.249.105 - - [10/Sep/2026:23:22:42 -0400] "POST /xmlrpc.php HTTP/1.1" 200 416 "-" "Jetpack by WordPress.com"
203.192.249.107 - - [10/Sep/2026:23:22:52 -0400] "POST /xmlrpc.php HTTP/1.1" 200 416 "-" "Jetpack/13.0; WordPress/6.3; http://site76374507.com"
203.192.249.107 - - [10/Sep/2026:23:23:03 -0400] "POST /xmlrpc.php HTTP/1.1" 200 416 "-" "Jetpack by WordPress.com"
203.192.249.107 - - [10/Sep/2026:23:23:13 -0400] "POST /xmlrpc.php HTTP/1.1" 406 300 "-" "WordPress.com; https://wordpress.com"
203.192.249.107 - - [10/Sep/2026:23:23:24 -0400] "POST /xmlrpc.php HTTP/1.1" 200 416 "-" "Jetpack/12.0; WordPress/6.4; http://site17442268.com"
199.250.222.155 - - [10/Sep/2026:23:23:35 -0400] "POST /wp-cron.php?doing_wp_cron=1789097015.2826240062713623046875 HTTP/1.1" 200 - "-" "WordPress/6.9.7; https://cititower.mx"
203.192.249.107 - - [10/Sep/2026:23:23:35 -0400] "POST /xmlrpc.php HTTP/1.1" 200 416 "-" "Jetpack by WordPress.com (Jetpack 13.0; WordPress 6.3)"
203.192.249.107 - - [10/Sep/2026:23:23:45 -0400] "POST /xmlrpc.php HTTP/1.1" 200 416 "-" "Jetpack by WordPress.com"
203.192.249.107 - - [10/Sep/2026:23:23:56 -0400] "POST /xmlrpc.php HTTP/1.1" 200 416 "-" "Jetpack/12.1; WordPress/6.4; http://site83245847.com"
203.192.249.107 - - [10/Sep/2026:23:24:06 -0400] "POST /xmlrpc.php HTTP/1.1" 200 416 "-" "Jetpack/13.0; WordPress/6.4; http://site33571576.com"
203.192.249.107 - - [10/Sep/2026:23:24:17 -0400] "POST /xmlrpc.php HTTP/1.1" 200 416 "-" "Jetpack/12.5; WordPress/6.1; http://site81109487.com"
203.192.249.107 - - [10/Sep/2026:23:24:27 -0400] "POST /xmlrpc.php HTTP/1.1" 200 416 "-" "Jetpack/12.0; WordPress/6.3; http://site54536910.com"
199.250.222.155 - - [10/Sep/2026:23:24:38 -0400] "POST /wp-cron.php?doing_wp_cron=1789097078.2102200984954833984375 HTTP/1.1" 200 - "-" "WordPress/6.9.7; https://cititower.mx"
203.192.249.107 - - [10/Sep/2026:23:24:38 -0400] "POST /xmlrpc.php HTTP/1.1" 200 416 "-" "Jetpack by WordPress.com"
203.192.249.107 - - [10/Sep/2026:23:24:48 -0400] "POST /xmlrpc.php HTTP/1.1" 200 416 "-" "Jetpack/13.0; WordPress/6.2; http://site78270755.com"
203.192.249.107 - - [10/Sep/2026:23:24:59 -0400] "POST /xmlrpc.php HTTP/1.1" 200 416 "-" "Jetpack by WordPress.com (Jetpack 12.5; WordPress 6.4)"
203.192.249.107 - - [10/Sep/2026:23:25:09 -0400] "POST /xmlrpc.php HTTP/1.1" 200 416 "-" "Jetpack by WordPress.com"
203.192.249.107 - - [10/Sep/2026:23:25:19 -0400] "POST /xmlrpc.php HTTP/1.1" 200 416 "-" "Jetpack/12.0; WordPress/6.2; http://site83191326.com"
203.192.249.107 - - [10/Sep/2026:23:25:30 -0400] "POST /xmlrpc.php HTTP/1.1" 200 416 "-" "Jetpack by WordPress.com (Jetpack 12.5; WordPress 6.1)"
199.250.222.155 - - [10/Sep/2026:23:25:41 -0400] "POST /wp-cron.php?doing_wp_cron=1789097141.0918059349060058593750 HTTP/1.1" 200 - "-" "WordPress/6.9.7; https://cititower.mx"
203.192.249.107 - - [10/Sep/2026:23:25:40 -0400] "POST /xmlrpc.php HTTP/1.1" 200 416 "-" "Jetpack by WordPress.com"
203.192.249.107 - - [10/Sep/2026:23:25:51 -0400] "POST /xmlrpc.php HTTP/1.1" 200 416 "-" "Jetpack by WordPress.com (Jetpack 12.0; WordPress 6.1)"
199.250.222.155 - - [10/Sep/2026:23:27:42 -0400] "POST /wp-cron.php?doing_wp_cron=1789097262.2278399467468261718750 HTTP/1.1" 200 - "-" "WordPress/6.9.7; https://cititower.mx"
49.144.201.74 - - [10/Sep/2026:23:27:41 -0400] "POST /xmlrpc.php HTTP/1.1" 200 416 "-" "Jetpack/12.1; WordPress/6.2; http://site58047044.com"
49.144.201.74 - - [10/Sep/2026:23:27:52 -0400] "POST /xmlrpc.php HTTP/1.1" 200 416 "-" "Jetpack by WordPress.com (Jetpack 12.1; WordPress 6.3)"
49.144.201.74 - - [10/Sep/2026:23:28:04 -0400] "POST /xmlrpc.php HTTP/1.1" 200 416 "-" "Jetpack/12.1; WordPress/6.4; http://site36146600.com"
49.144.201.74 - - [10/Sep/2026:23:28:14 -0400] "POST /xmlrpc.php HTTP/1.1" 406 300 "-" "WordPress.com; https://wordpress.com"
49.144.201.74 - - [10/Sep/2026:23:28:25 -0400] "POST /xmlrpc.php HTTP/1.1" 200 416 "-" "Jetpack/12.1; WordPress/6.2; http://site18053816.com"
199.250.222.155 - - [10/Sep/2026:23:28:36 -0400] "POST /wp-cron.php?doing_wp_cron=1789097316.6764769554138183593750 HTTP/1.1" 200 - "-" "WordPress/6.9.7; https://cititower.mx"
49.144.201.74 - - [10/Sep/2026:23:28:36 -0400] "POST /xmlrpc.php HTTP/1.1" 200 416 "-" "Jetpack by WordPress.com"
49.144.201.74 - - [10/Sep/2026:23:28:47 -0400] "POST /xmlrpc.php HTTP/1.1" 200 416 "-" "Jetpack by WordPress.com (Jetpack 12.5; WordPress 6.4)"
49.144.201.74 - - [10/Sep/2026:23:29:00 -0400] "POST /xmlrpc.php HTTP/1.1" 200 416 "-" "Jetpack by WordPress.com"
49.144.201.74 - - [10/Sep/2026:23:29:11 -0400] "POST /xmlrpc.php HTTP/1.1" 200 416 "-" "Jetpack by WordPress.com (Jetpack 13.0; WordPress 6.4)"
49.144.201.74 - - [10/Sep/2026:23:29:22 -0400] "POST /xmlrpc.php HTTP/1.1" 406 300 "-" "WordPress.com; https://wordpress.com"
49.144.201.74 - - [10/Sep/2026:23:29:33 -0400] "POST /xmlrpc.php HTTP/1.1" 200 416 "-" "WordPress.com; https://wordpress.com"
199.250.222.155 - - [10/Sep/2026:23:29:44 -0400] "POST /wp-cron.php?doing_wp_cron=1789097384.5855929851531982421875 HTTP/1.1" 200 - "-" "WordPress/6.9.7; https://cititower.mx"
49.144.201.74 - - [10/Sep/2026:23:29:44 -0400] "POST /xmlrpc.php HTTP/1.1" 200 416 "-" "Jetpack by WordPress.com"
49.144.201.74 - - [10/Sep/2026:23:29:55 -0400] "POST /xmlrpc.php HTTP/1.1" 200 416 "-" "Jetpack/12.5; WordPress/6.1; http://site68880138.com"
49.144.201.74 - - [10/Sep/2026:23:30:06 -0400] "POST /xmlrpc.php HTTP/1.1" 406 300 "-" "WordPress.com; https://wordpress.com"
49.144.201.74 - - [10/Sep/2026:23:30:17 -0400] "POST /xmlrpc.php HTTP/1.1" 200 416 "-" "WordPress.com; https://wordpress.com"
49.144.201.74 - - [10/Sep/2026:23:30:28 -0400] "POST /xmlrpc.php HTTP/1.1" 200 416 "-" "Jetpack by WordPress.com (Jetpack 12.5; WordPress 6.1)"
199.250.222.155 - - [10/Sep/2026:23:30:39 -0400] "POST /wp-cron.php?doing_wp_cron=1789097439.6255629062652587890625 HTTP/1.1" 200 - "-" "WordPress/6.9.7; https://cititower.mx"
49.144.201.74 - - [10/Sep/2026:23:30:39 -0400] "POST /xmlrpc.php HTTP/1.1" 200 416 "-" "Jetpack by WordPress.com (Jetpack 12.5; WordPress 6.1)"
45.146.55.96 - - [10/Sep/2026:23:30:40 -0400] "POST /wp-login.php HTTP/1.1" 200 9575 "-" "Mozilla/5.0 (Windows NT 10.0; Win64; x64) AppleWebKit/537.36 Chrome/129.0.0.0 Safari/537.36"
49.144.201.74 - - [10/Sep/2026:23:30:50 -0400] "POST /xmlrpc.php HTTP/1.1" 406 300 "-" "WordPress.com; https://wordpress.com"
49.144.201.74 - - [10/Sep/2026:23:31:00 -0400] "POST /xmlrpc.php HTTP/1.1" 200 416 "-" "WordPress.com; https://wordpress.com"
49.144.201.74 - - [10/Sep/2026:23:31:11 -0400] "POST /xmlrpc.php HTTP/1.1" 200 416 "-" "Jetpack by WordPress.com"
49.144.201.74 - - [10/Sep/2026:23:31:22 -0400] "POST /xmlrpc.php HTTP/1.1" 200 416 "-" "Jetpack by WordPress.com (Jetpack 13.0; WordPress 6.2)"
49.144.201.74 - - [10/Sep/2026:23:31:32 -0400] "POST /xmlrpc.php HTTP/1.1" 406 300 "-" "WordPress.com; https://wordpress.com"
199.250.222.155 - - [10/Sep/2026:23:31:43 -0400] "POST /wp-cron.php?doing_wp_cron=1789097503.8345799446105957031250 HTTP/1.1" 200 - "-" "WordPress/6.9.7; https://cititower.mx"
49.144.201.74 - - [10/Sep/2026:23:31:43 -0400] "POST /xmlrpc.php HTTP/1.1" 200 416 "-" "Jetpack by WordPress.com (Jetpack 12.1; WordPress 6.1)"
49.144.201.74 - - [10/Sep/2026:23:31:54 -0400] "POST /xmlrpc.php HTTP/1.1" 406 300 "-" "WordPress.com; https://wordpress.com"
49.144.201.74 - - [10/Sep/2026:23:32:04 -0400] "POST /xmlrpc.php HTTP/1.1" 200 416 "-" "Jetpack by WordPress.com"
49.144.201.74 - - [10/Sep/2026:23:32:16 -0400] "POST /xmlrpc.php HTTP/1.1" 406 300 "-" "WordPress.com; https://wordpress.com"
49.144.201.74 - - [10/Sep/2026:23:32:27 -0400] "POST /xmlrpc.php HTTP/1.1" 200 416 "-" "Jetpack by WordPress.com"
199.250.222.155 - - [10/Sep/2026:23:32:39 -0400] "POST /wp-cron.php?doing_wp_cron=1789097559.3232059478759765625000 HTTP/1.1" 200 - "-" "WordPress/6.9.7; https://cititower.mx"
49.144.201.74 - - [10/Sep/2026:23:32:39 -0400] "POST /xmlrpc.php HTTP/1.1" 200 416 "-" "Jetpack by WordPress.com (Jetpack 12.1; WordPress 6.3)"
49.144.201.74 - - [10/Sep/2026:23:32:50 -0400] "POST /xmlrpc.php HTTP/1.1" 406 300 "-" "WordPress.com; https://wordpress.com"
49.144.201.74 - - [10/Sep/2026:23:33:00 -0400] "POST /xmlrpc.php HTTP/1.1" 200 416 "-" "Jetpack/12.5; WordPress/6.3; http://site10857983.com"
49.144.201.74 - - [10/Sep/2026:23:33:12 -0400] "POST /xmlrpc.php HTTP/1.1" 200 416 "-" "Jetpack by WordPress.com (Jetpack 13.0; WordPress 6.3)"
49.144.201.74 - - [10/Sep/2026:23:33:23 -0400] "POST /xmlrpc.php HTTP/1.1" 200 416 "-" "Jetpack/12.0; WordPress/6.1; http://site73388795.com"
49.144.201.74 - - [10/Sep/2026:23:33:34 -0400] "POST /xmlrpc.php HTTP/1.1" 406 300 "-" "WordPress.com; https://wordpress.com"
40.77.167.67 - - [10/Sep/2026:23:33:42 -0400] "GET /galeria/ HTTP/1.1" 404 236 "-" "Mozilla/5.0 AppleWebKit/537.36 (KHTML, like Gecko; compatible; bingbot/2.0; +http://www.bing.com/bingbot.htm) Chrome/116.0.1938.76 Safari/537.36"
199.250.222.155 - - [10/Sep/2026:23:33:45 -0400] "POST /wp-cron.php?doing_wp_cron=1789097625.6314139366149902343750 HTTP/1.1" 200 - "-" "WordPress/6.9.7; https://cititower.mx"
49.144.201.74 - - [10/Sep/2026:23:33:45 -0400] "POST /xmlrpc.php HTTP/1.1" 200 416 "-" "Jetpack by WordPress.com (Jetpack 12.0; WordPress 6.1)"
49.144.201.74 - - [10/Sep/2026:23:34:00 -0400] "POST /xmlrpc.php HTTP/1.1" 200 416 "-" "Jetpack/12.0; WordPress/6.2; http://site23109377.com"
49.144.201.74 - - [10/Sep/2026:23:34:11 -0400] "POST /xmlrpc.php HTTP/1.1" 200 416 "-" "Jetpack by WordPress.com (Jetpack 13.0; WordPress 6.2)"
49.144.201.74 - - [10/Sep/2026:23:34:22 -0400] "POST /xmlrpc.php HTTP/1.1" 200 416 "-" "Jetpack by WordPress.com (Jetpack 12.0; WordPress 6.3)"
49.144.201.74 - - [10/Sep/2026:23:34:33 -0400] "POST /xmlrpc.php HTTP/1.1" 200 416 "-" "Jetpack/12.5; WordPress/6.3; http://site46813181.com"
49.144.201.74 - - [10/Sep/2026:23:34:44 -0400] "POST /xmlrpc.php HTTP/1.1" 406 300 "-" "WordPress.com; https://wordpress.com"
49.144.201.74 - - [10/Sep/2026:23:34:55 -0400] "POST /xmlrpc.php HTTP/1.1" 406 300 "-" "WordPress.com; https://wordpress.com"
199.250.222.155 - - [10/Sep/2026:23:35:06 -0400] "POST /wp-cron.php?doing_wp_cron=1789097706.9758129119873046875000 HTTP/1.1" 200 - "-" "WordPress/6.9.7; https://cititower.mx"
49.144.201.74 - - [10/Sep/2026:23:35:06 -0400] "POST /xmlrpc.php HTTP/1.1" 200 416 "-" "Jetpack by WordPress.com"
49.144.201.74 - - [10/Sep/2026:23:35:17 -0400] "POST /xmlrpc.php HTTP/1.1" 200 416 "-" "Jetpack/12.0; WordPress/6.1; http://site43855303.com"
49.144.201.74 - - [10/Sep/2026:23:35:28 -0400] "POST /xmlrpc.php HTTP/1.1" 200 416 "-" "Jetpack/12.5; WordPress/6.4; http://site29881087.com"
199.250.222.155 - - [10/Sep/2026:23:35:39 -0400] "POST /wp-cron.php?doing_wp_cron=1789097739.2332439422607421875000 HTTP/1.1" 200 - "-" "WordPress/6.9.7; https://cititower.mx"
49.144.201.74 - - [10/Sep/2026:23:35:39 -0400] "POST /xmlrpc.php HTTP/1.1" 200 416 "-" "Jetpack by WordPress.com (Jetpack 12.0; WordPress 6.1)"
49.144.201.74 - - [10/Sep/2026:23:35:49 -0400] "POST /xmlrpc.php HTTP/1.1" 406 300 "-" "WordPress.com; https://wordpress.com"
49.144.201.74 - - [10/Sep/2026:23:36:04 -0400] "POST /xmlrpc.php HTTP/1.1" 200 416 "-" "Jetpack by WordPress.com (Jetpack 12.1; WordPress 6.4)"
49.144.201.74 - - [10/Sep/2026:23:36:23 -0400] "POST /xmlrpc.php HTTP/1.1" 200 416 "-" "Jetpack by WordPress.com (Jetpack 12.5; WordPress 6.3)"
49.144.201.74 - - [10/Sep/2026:23:36:35 -0400] "POST /xmlrpc.php HTTP/1.1" 406 300 "-" "WordPress.com; https://wordpress.com"
199.250.222.155 - - [10/Sep/2026:23:36:46 -0400] "POST /wp-cron.php?doing_wp_cron=1789097806.4115340709686279296875 HTTP/1.1" 200 - "-" "WordPress/6.9.7; https://cititower.mx"
49.144.201.74 - - [10/Sep/2026:23:36:46 -0400] "POST /xmlrpc.php HTTP/1.1" 200 416 "-" "Jetpack by WordPress.com"
199.250.222.155 - - [10/Sep/2026:23:36:46 -0400] "GET /wp-includes/html-api/fwsklxu/jw1moqi/r1hbgas/index.php?pass=WO4HXUau6eT HTTP/1.1" 200 5710 "-" "Mozilla/5.0 (Macintosh; Intel Mac OS X 10_15_7) AppleWebKit/605.1.15 (KHTML, like Gecko) Version/17.2.1 Safari/605.1.15"
49.144.201.74 - - [10/Sep/2026:23:36:57 -0400] "POST /xmlrpc.php HTTP/1.1" 406 300 "-" "WordPress.com; https://wordpress.com"
49.144.201.74 - - [10/Sep/2026:23:37:08 -0400] "POST /xmlrpc.php HTTP/1.1" 406 300 "-" "WordPress.com; https://wordpress.com"
49.144.201.74 - - [10/Sep/2026:23:37:19 -0400] "POST /xmlrpc.php HTTP/1.1" 406 300 "-" "WordPress.com; https://wordpress.com"
49.144.201.74 - - [10/Sep/2026:23:37:31 -0400] "POST /xmlrpc.php HTTP/1.1" 406 300 "-" "WordPress.com; https://wordpress.com"
199.250.222.155 - - [10/Sep/2026:23:37:46 -0400] "POST /wp-cron.php?doing_wp_cron=1789097866.2436540126800537109375 HTTP/1.1" 200 - "-" "WordPress/6.9.7; https://cititower.mx"
49.144.201.74 - - [10/Sep/2026:23:37:45 -0400] "POST /xmlrpc.php HTTP/1.1" 200 416 "-" "Jetpack by WordPress.com"
49.144.201.74 - - [10/Sep/2026:23:38:04 -0400] "POST /xmlrpc.php HTTP/1.1" 200 416 "-" "Jetpack by WordPress.com (Jetpack 12.0; WordPress 6.1)"
49.144.201.74 - - [10/Sep/2026:23:38:15 -0400] "POST /xmlrpc.php HTTP/1.1" 200 416 "-" "Jetpack by WordPress.com (Jetpack 12.0; WordPress 6.1)"
17.166.150.191 - - [10/Sep/2026:23:38:23 -0400] "GET /shop/tropical+storm+erin+stickers HTTP/1.1" 404 236 "-" "Mozilla/5.0 (Macintosh; Intel Mac OS X 10_15_7) AppleWebKit/605.1.15 (KHTML, like Gecko) Version/17.4 Safari/605.1.15 (Applebot/0.1; +http://www.apple.com/go/applebot)"
199.250.222.155 - - [10/Sep/2026:23:38:24 -0400] "GET /wp-includes/html-api/t1aubch/vjqdk1s/hvwlzko/index.php?pass=dJn9IBeAUQw HTTP/1.1" 200 5710 "-" "Mozilla/5.0 (Macintosh; Intel Mac OS X 10.15) Gecko/20100101 Firefox/120.0.1"
49.144.201.74 - - [10/Sep/2026:23:38:25 -0400] "POST /xmlrpc.php HTTP/1.1" 200 416 "-" "Jetpack by WordPress.com (Jetpack 13.0; WordPress 6.2)"
199.250.222.155 - - [10/Sep/2026:23:38:37 -0400] "POST /wp-cron.php?doing_wp_cron=1789097917.0453629493713378906250 HTTP/1.1" 200 - "-" "WordPress/6.9.7; https://cititower.mx"
49.144.201.74 - - [10/Sep/2026:23:38:36 -0400] "POST /xmlrpc.php HTTP/1.1" 200 416 "-" "Jetpack/12.1; WordPress/6.4; http://site68879825.com"
49.144.201.74 - - [10/Sep/2026:23:38:49 -0400] "POST /xmlrpc.php HTTP/1.1" 200 416 "-" "Jetpack/13.0; WordPress/6.4; http://site66764383.com"
