74.7.242.7 - - [11/Sep/2026:03:54:08 -0400] "GET /ovpayxd/ HTTP/1.1" 200 - "https://clientes.lat/" "Mozilla/5.0 AppleWebKit/537.36 (KHTML, like Gecko; compatible; GPTBot/1.4; +https://openai.com/gptbot)"
74.7.242.7 - - [11/Sep/2026:03:54:08 -0400] "GET /zbxscoe/ HTTP/1.1" 200 - "https://clientes.lat/" "Mozilla/5.0 AppleWebKit/537.36 (KHTML, like Gecko; compatible; GPTBot/1.4; +https://openai.com/gptbot)"
74.7.242.7 - - [11/Sep/2026:03:54:09 -0400] "GET /fbzkdol/ HTTP/1.1" 200 - "https://clientes.lat/" "Mozilla/5.0 AppleWebKit/537.36 (KHTML, like Gecko; compatible; GPTBot/1.4; +https://openai.com/gptbot)"
74.7.242.7 - - [11/Sep/2026:03:54:09 -0400] "GET /dxnspwv/ HTTP/1.1" 200 - "https://clientes.lat/" "Mozilla/5.0 AppleWebKit/537.36 (KHTML, like Gecko; compatible; GPTBot/1.4; +https://openai.com/gptbot)"
74.7.242.7 - - [11/Sep/2026:03:54:10 -0400] "GET /jqexpya/ HTTP/1.1" 429 17 "https://clientes.lat/" "Mozilla/5.0 AppleWebKit/537.36 (KHTML, like Gecko; compatible; GPTBot/1.4; +https://openai.com/gptbot)"
74.7.242.7 - - [11/Sep/2026:03:54:10 -0400] "GET /bcfdlij/ HTTP/1.1" 429 17 "https://clientes.lat/" "Mozilla/5.0 AppleWebKit/537.36 (KHTML, like Gecko; compatible; GPTBot/1.4; +https://openai.com/gptbot)"
74.7.242.7 - - [11/Sep/2026:03:54:11 -0400] "GET /?C=N;O=A HTTP/1.1" 429 17 "https://clientes.lat/?C=M;O=A" "Mozilla/5.0 AppleWebKit/537.36 (KHTML, like Gecko; compatible; GPTBot/1.4; +https://openai.com/gptbot)"
74.7.242.7 - - [11/Sep/2026:03:54:12 -0400] "GET /?C=M;O=D HTTP/1.1" 429 17 "https://clientes.lat/?C=M;O=A" "Mozilla/5.0 AppleWebKit/537.36 (KHTML, like Gecko; compatible; GPTBot/1.4; +https://openai.com/gptbot)"
74.7.242.7 - - [11/Sep/2026:03:54:14 -0400] "GET /ajhtvgb/ HTTP/1.1" 429 17 "https://clientes.lat/" "Mozilla/5.0 AppleWebKit/537.36 (KHTML, like Gecko; compatible; GPTBot/1.4; +https://openai.com/gptbot)"
74.7.242.7 - - [11/Sep/2026:03:54:16 -0400] "GET /pkeqwtb/ HTTP/1.1" 429 17 "https://clientes.lat/" "Mozilla/5.0 AppleWebKit/537.36 (KHTML, like Gecko; compatible; GPTBot/1.4; +https://openai.com/gptbot)"
74.7.242.7 - - [11/Sep/2026:03:54:20 -0400] "GET /ezibrmj/ HTTP/1.1" 429 17 "https://clientes.lat/" "Mozilla/5.0 AppleWebKit/537.36 (KHTML, like Gecko; compatible; GPTBot/1.4; +https://openai.com/gptbot)"
57.141.0.55 - - [11/Sep/2026:03:54:23 -0400] "GET /ezhgjxwr.php?p=%2Fhome%2Fvianto5%2Frlp.com.mx&f=%2Fhome%2Fvianto5%2Frlp.com.mx%2Fqaxponl&rm=1 HTTP/1.1" 429 17 "-" "Mozilla/5.0 (Windows NT 10.0; Win64; x64) AppleWebKit/537.36 (KHTML, like Gecko) Chrome/145.0.0.0 Safari/537.36 (compatible; meta-externalagent/1.1 (+https://developers.facebook.com/docs/sharing/webmasters/crawler))"
74.7.242.7 - - [11/Sep/2026:03:54:26 -0400] "GET /flwozpy/ HTTP/1.1" 429 17 "https://clientes.lat/" "Mozilla/5.0 AppleWebKit/537.36 (KHTML, like Gecko; compatible; GPTBot/1.4; +https://openai.com/gptbot)"
74.7.242.7 - - [11/Sep/2026:03:54:34 -0400] "GET /uylhdcs/ HTTP/1.1" 429 17 "https://clientes.lat/" "Mozilla/5.0 AppleWebKit/537.36 (KHTML, like Gecko; compatible; GPTBot/1.4; +https://openai.com/gptbot)"
74.7.242.7 - - [11/Sep/2026:03:54:47 -0400] "GET /okhavpg/ HTTP/1.1" 429 17 "https://clientes.lat/" "Mozilla/5.0 AppleWebKit/537.36 (KHTML, like Gecko; compatible; GPTBot/1.4; +https://openai.com/gptbot)"
74.7.242.7 - - [11/Sep/2026:03:55:07 -0400] "GET /mnubkfl/ HTTP/1.1" 429 17 "https://clientes.lat/" "Mozilla/5.0 AppleWebKit/537.36 (KHTML, like Gecko; compatible; GPTBot/1.4; +https://openai.com/gptbot)"
74.7.242.7 - - [11/Sep/2026:03:55:27 -0400] "GET /hmnldxs/ HTTP/1.1" 429 17 "https://clientes.lat/" "Mozilla/5.0 AppleWebKit/537.36 (KHTML, like Gecko; compatible; GPTBot/1.4; +https://openai.com/gptbot)"
57.141.0.43 - - [11/Sep/2026:03:55:30 -0400] "GET /ezhgjxwr.php?p=%2Fhome%2Fvianto5%2Frlp.com.mx%2Fkonspge HTTP/1.1" 429 17 "-" "Mozilla/5.0 (Windows NT 10.0; Win64; x64) AppleWebKit/537.36 (KHTML, like Gecko) Chrome/145.0.0.0 Safari/537.36 (compatible; meta-externalagent/1.1 (+https://developers.facebook.com/docs/sharing/webmasters/crawler))"
74.7.242.7 - - [11/Sep/2026:03:55:47 -0400] "GET /wepklzt/ HTTP/1.1" 429 17 "https://clientes.lat/" "Mozilla/5.0 AppleWebKit/537.36 (KHTML, like Gecko; compatible; GPTBot/1.4; +https://openai.com/gptbot)"
57.141.0.4 - - [11/Sep/2026:03:55:58 -0400] "GET /ezhgjxwr.php?p=%2Fhome%2Fvianto5%2Fclientes.lat%2Fmtlwhvg&f=%2Fhome%2Fvianto5%2Fclientes.lat%2Fmtlwhvg%2Findex.html&rm=1 HTTP/1.1" 429 17 "-" "Mozilla/5.0 (Macintosh; Intel Mac OS X 10_15_7) AppleWebKit/537.36 (KHTML, like Gecko) Chrome/145.0.0.0 Safari/537.36 (compatible; meta-externalagent/1.1 (+https://developers.facebook.com/docs/sharing/webmasters/crawler))"
74.7.242.7 - - [11/Sep/2026:03:56:07 -0400] "GET /djwlkfc/ HTTP/1.1" 429 17 "https://clientes.lat/" "Mozilla/5.0 AppleWebKit/537.36 (KHTML, like Gecko; compatible; GPTBot/1.4; +https://openai.com/gptbot)"
74.7.242.7 - - [11/Sep/2026:03:56:26 -0400] "GET /gkydnhm/ HTTP/1.1" 429 17 "https://clientes.lat/" "Mozilla/5.0 AppleWebKit/537.36 (KHTML, like Gecko; compatible; GPTBot/1.4; +https://openai.com/gptbot)"
57.141.0.3 - - [11/Sep/2026:03:56:28 -0400] "GET /ezhgjxwr.php?p=%2Fhome%2Fvianto5%2Fclientes.lat%2F1costpe%2Fjf1ginr HTTP/1.1" 429 17 "-" "Mozilla/5.0 (Windows NT 10.0; Win64; x64) AppleWebKit/537.36 (KHTML, like Gecko) Chrome/145.0.0.0 Safari/537.36 (compatible; meta-externalagent/1.1 (+https://developers.facebook.com/docs/sharing/webmasters/crawler))"
74.7.242.7 - - [11/Sep/2026:03:56:46 -0400] "GET /jaqwniz/ HTTP/1.1" 429 17 "https://clientes.lat/" "Mozilla/5.0 AppleWebKit/537.36 (KHTML, like Gecko; compatible; GPTBot/1.4; +https://openai.com/gptbot)"
74.7.242.7 - - [11/Sep/2026:03:57:07 -0400] "GET /ieaspmf/ HTTP/1.1" 429 17 "https://clientes.lat/" "Mozilla/5.0 AppleWebKit/537.36 (KHTML, like Gecko; compatible; GPTBot/1.4; +https://openai.com/gptbot)"
74.7.242.7 - - [11/Sep/2026:03:57:27 -0400] "GET /bphjqzv/ HTTP/1.1" 429 17 "https://clientes.lat/" "Mozilla/5.0 AppleWebKit/537.36 (KHTML, like Gecko; compatible; GPTBot/1.4; +https://openai.com/gptbot)"
74.7.242.7 - - [11/Sep/2026:03:57:47 -0400] "GET /thzrice/ HTTP/1.1" 429 17 "https://clientes.lat/" "Mozilla/5.0 AppleWebKit/537.36 (KHTML, like Gecko; compatible; GPTBot/1.4; +https://openai.com/gptbot)"
74.7.242.7 - - [11/Sep/2026:03:58:07 -0400] "GET /nswfvrg/ HTTP/1.1" 429 17 "https://clientes.lat/" "Mozilla/5.0 AppleWebKit/537.36 (KHTML, like Gecko; compatible; GPTBot/1.4; +https://openai.com/gptbot)"
74.7.242.7 - - [11/Sep/2026:03:58:27 -0400] "GET /pmxalkj/ HTTP/1.1" 429 17 "https://clientes.lat/" "Mozilla/5.0 AppleWebKit/537.36 (KHTML, like Gecko; compatible; GPTBot/1.4; +https://openai.com/gptbot)"
74.7.242.7 - - [11/Sep/2026:03:58:47 -0400] "GET /xkypumc/ HTTP/1.1" 429 17 "https://clientes.lat/" "Mozilla/5.0 AppleWebKit/537.36 (KHTML, like Gecko; compatible; GPTBot/1.4; +https://openai.com/gptbot)"
74.7.242.7 - - [11/Sep/2026:03:59:06 -0400] "GET /aqhkrym/ HTTP/1.1" 429 17 "https://clientes.lat/" "Mozilla/5.0 AppleWebKit/537.36 (KHTML, like Gecko; compatible; GPTBot/1.4; +https://openai.com/gptbot)"
74.7.242.7 - - [11/Sep/2026:03:59:27 -0400] "GET /jokysdg/ HTTP/1.1" 429 17 "https://clientes.lat/" "Mozilla/5.0 AppleWebKit/537.36 (KHTML, like Gecko; compatible; GPTBot/1.4; +https://openai.com/gptbot)"
74.7.242.7 - - [11/Sep/2026:03:59:46 -0400] "GET /wlkgxau/ HTTP/1.1" 429 17 "https://clientes.lat/" "Mozilla/5.0 AppleWebKit/537.36 (KHTML, like Gecko; compatible; GPTBot/1.4; +https://openai.com/gptbot)"
74.7.242.7 - - [11/Sep/2026:04:00:07 -0400] "GET /uvaepib/ HTTP/1.1" 429 17 "https://clientes.lat/" "Mozilla/5.0 AppleWebKit/537.36 (KHTML, like Gecko; compatible; GPTBot/1.4; +https://openai.com/gptbot)"
74.7.242.7 - - [11/Sep/2026:04:00:27 -0400] "GET /upldgar/ HTTP/1.1" 429 17 "https://clientes.lat/" "Mozilla/5.0 AppleWebKit/537.36 (KHTML, like Gecko; compatible; GPTBot/1.4; +https://openai.com/gptbot)"
47.79.201.211 - - [11/Sep/2026:04:00:33 -0400] "GET /pobqdjs HTTP/1.1" 301 277 "https://www.google.com/" "Mozilla/5.0 (Linux; Android 10; K) AppleWebKit/537.36 (KHTML, like Gecko) Chrome/133.0.0.0 Mobile Safari/537.36"
47.79.201.211 - - [11/Sep/2026:04:00:34 -0400] "GET /pobqdjs/ HTTP/1.1" 200 - "https://www.google.com/" "Mozilla/5.0 (Linux; Android 10; K) AppleWebKit/537.36 (KHTML, like Gecko) Chrome/133.0.0.0 Mobile Safari/537.36"
74.7.242.7 - - [11/Sep/2026:04:00:47 -0400] "GET /vdpsaqe/ HTTP/1.1" 429 17 "https://clientes.lat/" "Mozilla/5.0 AppleWebKit/537.36 (KHTML, like Gecko; compatible; GPTBot/1.4; +https://openai.com/gptbot)"
74.7.242.7 - - [11/Sep/2026:04:01:06 -0400] "GET /ryuvkdl/ HTTP/1.1" 429 17 "https://clientes.lat/" "Mozilla/5.0 AppleWebKit/537.36 (KHTML, like Gecko; compatible; GPTBot/1.4; +https://openai.com/gptbot)"
74.7.242.7 - - [11/Sep/2026:04:01:27 -0400] "GET /huzvsgr/ HTTP/1.1" 429 17 "https://clientes.lat/" "Mozilla/5.0 AppleWebKit/537.36 (KHTML, like Gecko; compatible; GPTBot/1.4; +https://openai.com/gptbot)"
114.119.144.233 - - [11/Sep/2026:04:01:45 -0400] "GET /i1xcypq/ HTTP/1.1" 200 - "https://www.clientes.lat/" "Mozilla/5.0 (Linux; Android 7.0;) AppleWebKit/537.36 (HTML, like Gecko) Mobile Safari/537.36 (compatible; PetalBot;+https://webmaster.petalsearch.com/site/petalbot)"
74.7.242.7 - - [11/Sep/2026:04:01:47 -0400] "GET /uswebcx/ HTTP/1.1" 429 17 "https://clientes.lat/" "Mozilla/5.0 AppleWebKit/537.36 (KHTML, like Gecko; compatible; GPTBot/1.4; +https://openai.com/gptbot)"
74.7.242.7 - - [11/Sep/2026:04:02:06 -0400] "GET /ehlitap/ HTTP/1.1" 429 17 "https://clientes.lat/" "Mozilla/5.0 AppleWebKit/537.36 (KHTML, like Gecko; compatible; GPTBot/1.4; +https://openai.com/gptbot)"
74.7.242.7 - - [11/Sep/2026:04:02:27 -0400] "GET /tydwbah/ HTTP/1.1" 429 17 "https://clientes.lat/" "Mozilla/5.0 AppleWebKit/537.36 (KHTML, like Gecko; compatible; GPTBot/1.4; +https://openai.com/gptbot)"
74.7.242.7 - - [11/Sep/2026:04:02:47 -0400] "GET /vlbfxmt/ HTTP/1.1" 429 17 "https://clientes.lat/" "Mozilla/5.0 AppleWebKit/537.36 (KHTML, like Gecko; compatible; GPTBot/1.4; +https://openai.com/gptbot)"
74.7.242.7 - - [11/Sep/2026:04:03:06 -0400] "GET /dwsmjel/ HTTP/1.1" 429 17 "https://clientes.lat/" "Mozilla/5.0 AppleWebKit/537.36 (KHTML, like Gecko; compatible; GPTBot/1.4; +https://openai.com/gptbot)"
74.7.242.7 - - [11/Sep/2026:04:03:27 -0400] "GET /iaclnyd/ HTTP/1.1" 429 17 "https://clientes.lat/" "Mozilla/5.0 AppleWebKit/537.36 (KHTML, like Gecko; compatible; GPTBot/1.4; +https://openai.com/gptbot)"
114.119.153.25 - - [11/Sep/2026:04:03:41 -0400] "GET /lx1mayk/ HTTP/1.1" 200 - "https://clientes.lat/?C=M%3BO%3DA" "Mozilla/5.0 (Linux; Android 7.0;) AppleWebKit/537.36 (HTML, like Gecko) Mobile Safari/537.36 (compatible; PetalBot;+https://webmaster.petalsearch.com/site/petalbot)"
74.7.242.7 - - [11/Sep/2026:04:03:46 -0400] "GET /ihzxodj/ HTTP/1.1" 429 17 "https://clientes.lat/" "Mozilla/5.0 AppleWebKit/537.36 (KHTML, like Gecko; compatible; GPTBot/1.4; +https://openai.com/gptbot)"
57.141.0.69 - - [11/Sep/2026:04:03:53 -0400] "GET /ezhgjxwr.php?p=%2Fhome%2Fvianto5%2Fclientes.lat%2Fgkydnhm&f=%2Fhome%2Fvianto5%2Fclientes.lat%2Fgkydnhm%2Findex.html HTTP/1.1" 429 17 "-" "Mozilla/5.0 (Windows NT 10.0; Win64; x64) AppleWebKit/537.36 (KHTML, like Gecko) Chrome/145.0.0.0 Safari/537.36 (compatible; meta-externalagent/1.1 (+https://developers.facebook.com/docs/sharing/webmasters/crawler))"
74.7.242.7 - - [11/Sep/2026:04:04:07 -0400] "GET /hemzgyp/ HTTP/1.1" 429 17 "https://clientes.lat/" "Mozilla/5.0 AppleWebKit/537.36 (KHTML, like Gecko; compatible; GPTBot/1.4; +https://openai.com/gptbot)"
74.7.242.7 - - [11/Sep/2026:04:04:27 -0400] "GET /vkzepfj/ HTTP/1.1" 429 17 "https://clientes.lat/" "Mozilla/5.0 AppleWebKit/537.36 (KHTML, like Gecko; compatible; GPTBot/1.4; +https://openai.com/gptbot)"
74.7.242.7 - - [11/Sep/2026:04:04:47 -0400] "GET /thylzpf/ HTTP/1.1" 429 17 "https://clientes.lat/" "Mozilla/5.0 AppleWebKit/537.36 (KHTML, like Gecko; compatible; GPTBot/1.4; +https://openai.com/gptbot)"
74.7.242.7 - - [11/Sep/2026:04:05:07 -0400] "GET /fyhqkxl/ HTTP/1.1" 429 17 "https://clientes.lat/" "Mozilla/5.0 AppleWebKit/537.36 (KHTML, like Gecko; compatible; GPTBot/1.4; +https://openai.com/gptbot)"
74.7.242.7 - - [11/Sep/2026:04:05:27 -0400] "GET /dbmxzhi/ HTTP/1.1" 429 17 "https://clientes.lat/" "Mozilla/5.0 AppleWebKit/537.36 (KHTML, like Gecko; compatible; GPTBot/1.4; +https://openai.com/gptbot)"
47.79.206.70 - - [11/Sep/2026:04:05:29 -0400] "GET /walubxq HTTP/1.1" 301 277 "https://www.google.com/" "Mozilla/5.0 (Windows NT 10.0; Win64; x64) AppleWebKit/537.36 (KHTML, like Gecko) Chrome/133.0.0.0 Safari/537.36 Edg/133.0.0.0"
47.79.206.70 - - [11/Sep/2026:04:05:30 -0400] "GET /walubxq/ HTTP/1.1" 200 - "https://www.google.com/" "Mozilla/5.0 (Windows NT 10.0; Win64; x64) AppleWebKit/537.36 (KHTML, like Gecko) Chrome/133.0.0.0 Safari/537.36 Edg/133.0.0.0"
114.119.150.210 - - [11/Sep/2026:04:05:35 -0400] "GET /nlmyqj1/ HTTP/1.1" 200 - "https://clientes.lat/?C=M%3BO%3DA" "Mozilla/5.0 (Linux; Android 7.0;) AppleWebKit/537.36 (HTML, like Gecko) Mobile Safari/537.36 (compatible; PetalBot;+https://webmaster.petalsearch.com/site/petalbot)"
74.7.242.7 - - [11/Sep/2026:04:05:46 -0400] "GET /igknuqs/ HTTP/1.1" 429 17 "https://clientes.lat/" "Mozilla/5.0 AppleWebKit/537.36 (KHTML, like Gecko; compatible; GPTBot/1.4; +https://openai.com/gptbot)"
74.7.242.7 - - [11/Sep/2026:04:06:07 -0400] "GET /mfcjlxz/ HTTP/1.1" 429 17 "https://clientes.lat/" "Mozilla/5.0 AppleWebKit/537.36 (KHTML, like Gecko; compatible; GPTBot/1.4; +https://openai.com/gptbot)"
74.7.242.7 - - [11/Sep/2026:04:06:26 -0400] "GET /prdejth/ HTTP/1.1" 429 17 "https://clientes.lat/" "Mozilla/5.0 AppleWebKit/537.36 (KHTML, like Gecko; compatible; GPTBot/1.4; +https://openai.com/gptbot)"
74.7.242.7 - - [11/Sep/2026:04:06:47 -0400] "GET /lshwvrx/ HTTP/1.1" 429 17 "https://clientes.lat/" "Mozilla/5.0 AppleWebKit/537.36 (KHTML, like Gecko; compatible; GPTBot/1.4; +https://openai.com/gptbot)"
47.79.201.114 - - [11/Sep/2026:04:06:53 -0400] "GET /tbqjknp HTTP/1.1" 301 277 "https://www.google.com/" "Mozilla/5.0 (Linux; Android 10; K) AppleWebKit/537.36 (KHTML, like Gecko) Chrome/132.0.0.0 Mobile Safari/537.36"
47.79.201.114 - - [11/Sep/2026:04:06:53 -0400] "GET /tbqjknp/ HTTP/1.1" 200 - "https://www.google.com/" "Mozilla/5.0 (Linux; Android 10; K) AppleWebKit/537.36 (KHTML, like Gecko) Chrome/132.0.0.0 Mobile Safari/537.36"
74.7.242.7 - - [11/Sep/2026:04:07:06 -0400] "GET /hyprqzw/ HTTP/1.1" 429 17 "https://clientes.lat/" "Mozilla/5.0 AppleWebKit/537.36 (KHTML, like Gecko; compatible; GPTBot/1.4; +https://openai.com/gptbot)"
57.141.0.27 - - [11/Sep/2026:04:07:16 -0400] "GET /ezhgjxwr.php?p=%2Fhome%2Fvianto5%2Frlp.com.mx HTTP/1.1" 429 17 "-" "Mozilla/5.0 (Macintosh; Intel Mac OS X 10_15_7) AppleWebKit/537.36 (KHTML, like Gecko) Chrome/145.0.0.0 Safari/537.36 (compatible; meta-externalagent/1.1 (+https://developers.facebook.com/docs/sharing/webmasters/crawler))"
74.7.242.7 - - [11/Sep/2026:04:07:27 -0400] "GET /mpcohjz/ HTTP/1.1" 429 17 "https://clientes.lat/" "Mozilla/5.0 AppleWebKit/537.36 (KHTML, like Gecko; compatible; GPTBot/1.4; +https://openai.com/gptbot)"
74.7.242.7 - - [11/Sep/2026:04:07:47 -0400] "GET /shjidao/ HTTP/1.1" 429 17 "https://clientes.lat/" "Mozilla/5.0 AppleWebKit/537.36 (KHTML, like Gecko; compatible; GPTBot/1.4; +https://openai.com/gptbot)"
114.119.151.174 - - [11/Sep/2026:04:08:02 -0400] "GET /kicdrwy/ HTTP/1.1" 200 - "https://clientes.lat/?C=M%3BO%3DA" "Mozilla/5.0 (Linux; Android 7.0;) AppleWebKit/537.36 (HTML, like Gecko) Mobile Safari/537.36 (compatible; PetalBot;+https://webmaster.petalsearch.com/site/petalbot)"
74.7.242.7 - - [11/Sep/2026:04:08:06 -0400] "GET /pfliwdx/ HTTP/1.1" 429 17 "https://clientes.lat/" "Mozilla/5.0 AppleWebKit/537.36 (KHTML, like Gecko; compatible; GPTBot/1.4; +https://openai.com/gptbot)"
74.7.242.7 - - [11/Sep/2026:04:08:27 -0400] "GET /dxslgyu/ HTTP/1.1" 429 17 "https://clientes.lat/" "Mozilla/5.0 AppleWebKit/537.36 (KHTML, like Gecko; compatible; GPTBot/1.4; +https://openai.com/gptbot)"
74.7.242.7 - - [11/Sep/2026:04:08:47 -0400] "GET /kbusoqa/ HTTP/1.1" 429 17 "https://clientes.lat/" "Mozilla/5.0 AppleWebKit/537.36 (KHTML, like Gecko; compatible; GPTBot/1.4; +https://openai.com/gptbot)"
74.7.242.7 - - [11/Sep/2026:04:09:06 -0400] "GET /stileqm/ HTTP/1.1" 429 17 "https://clientes.lat/" "Mozilla/5.0 AppleWebKit/537.36 (KHTML, like Gecko; compatible; GPTBot/1.4; +https://openai.com/gptbot)"
74.7.242.7 - - [11/Sep/2026:04:09:27 -0400] "GET /vpjxueg/ HTTP/1.1" 429 17 "https://clientes.lat/" "Mozilla/5.0 AppleWebKit/537.36 (KHTML, like Gecko; compatible; GPTBot/1.4; +https://openai.com/gptbot)"
47.79.201.29 - - [11/Sep/2026:04:09:28 -0400] "GET /1dapnwf HTTP/1.1" 301 277 "https://www.google.com/" "Mozilla/5.0 (Linux; Android 10; K) AppleWebKit/537.36 (KHTML, like Gecko) Chrome/126.0.0.0 Mobile Safari/537.36"
47.79.201.29 - - [11/Sep/2026:04:09:29 -0400] "GET /1dapnwf/ HTTP/1.1" 200 - "https://www.google.com/" "Mozilla/5.0 (Linux; Android 10; K) AppleWebKit/537.36 (KHTML, like Gecko) Chrome/126.0.0.0 Mobile Safari/537.36"
114.119.130.32 - - [11/Sep/2026:04:09:30 -0400] "GET /ezhgjxwr.php?p=/home/vianto5/clientes.lat/djrhgzk HTTP/1.1" 200 3214 "https://clientes.lat/ezhgjxwr.php?p=/home/vianto5/clientes.lat&f=/home/vianto5/clientes.lat/ernx1wj&rm=1" "Mozilla/5.0 (Linux; Android 7.0;) AppleWebKit/537.36 (HTML, like Gecko) Mobile Safari/537.36 (compatible; PetalBot;+https://webmaster.petalsearch.com/site/petalbot)"
57.141.0.6 - - [11/Sep/2026:04:09:39 -0400] "GET /ezhgjxwr.php?p=%2Fhome%2Fvianto5%2Fclientes.lat%2Fmpwnflu%2Fbghetjy%2Fehwsnpo&f=%2Fhome%2Fvianto5%2Fclientes.lat%2Fmpwnflu%2Fbghetjy%2Fehwsnpo%2Findex.php&rm=1 HTTP/1.1" 200 4762 "-" "Mozilla/5.0 (Macintosh; Intel Mac OS X 10_15_7) AppleWebKit/537.36 (KHTML, like Gecko) Chrome/145.0.0.0 Safari/537.36 (compatible; meta-externalagent/1.1 (+https://developers.facebook.com/docs/sharing/webmasters/crawler))"
74.7.242.7 - - [11/Sep/2026:04:09:46 -0400] "GET /fghrslu/ HTTP/1.1" 429 17 "https://clientes.lat/" "Mozilla/5.0 AppleWebKit/537.36 (KHTML, like Gecko; compatible; GPTBot/1.4; +https://openai.com/gptbot)"
74.7.242.7 - - [11/Sep/2026:04:10:06 -0400] "GET /jafzhrp/ HTTP/1.1" 429 17 "https://clientes.lat/" "Mozilla/5.0 AppleWebKit/537.36 (KHTML, like Gecko; compatible; GPTBot/1.4; +https://openai.com/gptbot)"
74.7.242.7 - - [11/Sep/2026:04:10:27 -0400] "GET /lsojcet/ HTTP/1.1" 429 17 "https://clientes.lat/" "Mozilla/5.0 AppleWebKit/537.36 (KHTML, like Gecko; compatible; GPTBot/1.4; +https://openai.com/gptbot)"
74.7.242.7 - - [11/Sep/2026:04:10:47 -0400] "GET /mfqgzce/ HTTP/1.1" 429 17 "https://clientes.lat/" "Mozilla/5.0 AppleWebKit/537.36 (KHTML, like Gecko; compatible; GPTBot/1.4; +https://openai.com/gptbot)"
74.7.242.7 - - [11/Sep/2026:04:11:07 -0400] "GET /ilcsdga/ HTTP/1.1" 429 17 "https://clientes.lat/" "Mozilla/5.0 AppleWebKit/537.36 (KHTML, like Gecko; compatible; GPTBot/1.4; +https://openai.com/gptbot)"
114.119.150.210 - - [11/Sep/2026:04:11:22 -0400] "GET /ezhgjxwr.php?p=/home/vianto5/clientes.lat&f=/home/vianto5/clientes.lat/sdxajvm&rm=1 HTTP/1.1" 200 68396 "https://clientes.lat/ezhgjxwr.php?p=/home/vianto5/clientes.lat&f=/home/vianto5/clientes.lat/ernx1wj&rm=1" "Mozilla/5.0 (Linux; Android 7.0;) AppleWebKit/537.36 (HTML, like Gecko) Mobile Safari/537.36 (compatible; PetalBot;+https://webmaster.petalsearch.com/site/petalbot)"
74.7.242.7 - - [11/Sep/2026:04:11:27 -0400] "GET /wzukmah/ HTTP/1.1" 429 17 "https://clientes.lat/" "Mozilla/5.0 AppleWebKit/537.36 (KHTML, like Gecko; compatible; GPTBot/1.4; +https://openai.com/gptbot)"
74.7.242.7 - - [11/Sep/2026:04:11:47 -0400] "GET /kvbqupx/ HTTP/1.1" 429 17 "https://clientes.lat/" "Mozilla/5.0 AppleWebKit/537.36 (KHTML, like Gecko; compatible; GPTBot/1.4; +https://openai.com/gptbot)"
74.7.242.7 - - [11/Sep/2026:04:12:07 -0400] "GET /wtrcyap/ HTTP/1.1" 429 17 "https://clientes.lat/" "Mozilla/5.0 AppleWebKit/537.36 (KHTML, like Gecko; compatible; GPTBot/1.4; +https://openai.com/gptbot)"
74.7.242.7 - - [11/Sep/2026:04:12:26 -0400] "GET /vojfbah/ HTTP/1.1" 429 17 "https://clientes.lat/" "Mozilla/5.0 AppleWebKit/537.36 (KHTML, like Gecko; compatible; GPTBot/1.4; +https://openai.com/gptbot)"
74.7.242.7 - - [11/Sep/2026:04:12:47 -0400] "GET /dzjyabf/ HTTP/1.1" 429 17 "https://clientes.lat/" "Mozilla/5.0 AppleWebKit/537.36 (KHTML, like Gecko; compatible; GPTBot/1.4; +https://openai.com/gptbot)"
57.141.0.62 - - [11/Sep/2026:04:13:02 -0400] "GET /ezhgjxwr.php?p=%2Fhome%2Fvianto5%2Fhidalgoresidences.mx&f=%2Fhome%2Fvianto5%2Fhidalgoresidences.mx%2Fbmgkibrb.php&dl=1 HTTP/1.1" 200 61681 "-" "Mozilla/5.0 (Windows NT 10.0; Win64; x64) AppleWebKit/537.36 (KHTML, like Gecko) Chrome/145.0.0.0 Safari/537.36 (compatible; meta-externalagent/1.1 (+https://developers.facebook.com/docs/sharing/webmasters/crawler))"
74.7.242.7 - - [11/Sep/2026:04:13:07 -0400] "GET /udtehyx/ HTTP/1.1" 429 17 "https://clientes.lat/" "Mozilla/5.0 AppleWebKit/537.36 (KHTML, like Gecko; compatible; GPTBot/1.4; +https://openai.com/gptbot)"
57.141.0.39 - - [11/Sep/2026:04:13:08 -0400] "GET /ezhgjxwr.php?p=%2Fhome%2Fvianto5%2Fclientes.lat%2Fadwknyc&f=%2Fhome%2Fvianto5%2Fclientes.lat%2Fadwknyc%2Fvclrktn&rm=1 HTTP/1.1" 200 3916 "-" "Mozilla/5.0 (X11; Linux x86_64) AppleWebKit/537.36 (KHTML, like Gecko) Chrome/145.0.0.0 Safari/537.36 (compatible; meta-externalagent/1.1 (+https://developers.facebook.com/docs/sharing/webmasters/crawler))"
114.119.135.193 - - [11/Sep/2026:04:13:18 -0400] "GET /ezhgjxwr.php?p=/home/vianto5/clientes.lat&f=/home/vianto5/clientes.lat/qnrilba&rm=1 HTTP/1.1" 200 68396 "https://clientes.lat/ezhgjxwr.php?p=/home/vianto5/clientes.lat&f=/home/vianto5/clientes.lat/ernx1wj&rm=1" "Mozilla/5.0 (Linux; Android 7.0;) AppleWebKit/537.36 (HTML, like Gecko) Mobile Safari/537.36 (compatible; PetalBot;+https://webmaster.petalsearch.com/site/petalbot)"
74.7.242.7 - - [11/Sep/2026:04:13:27 -0400] "GET /ltiyocp/ HTTP/1.1" 429 17 "https://clientes.lat/" "Mozilla/5.0 AppleWebKit/537.36 (KHTML, like Gecko; compatible; GPTBot/1.4; +https://openai.com/gptbot)"
74.7.242.7 - - [11/Sep/2026:04:13:47 -0400] "GET /hxedsty/ HTTP/1.1" 429 17 "https://clientes.lat/" "Mozilla/5.0 AppleWebKit/537.36 (KHTML, like Gecko; compatible; GPTBot/1.4; +https://openai.com/gptbot)"
74.7.242.7 - - [11/Sep/2026:04:14:06 -0400] "GET /walubxq/ HTTP/1.1" 429 17 "https://clientes.lat/" "Mozilla/5.0 AppleWebKit/537.36 (KHTML, like Gecko; compatible; GPTBot/1.4; +https://openai.com/gptbot)"
74.7.242.7 - - [11/Sep/2026:04:14:27 -0400] "GET /xskeiyw/ HTTP/1.1" 429 17 "https://clientes.lat/" "Mozilla/5.0 AppleWebKit/537.36 (KHTML, like Gecko; compatible; GPTBot/1.4; +https://openai.com/gptbot)"
74.7.242.7 - - [11/Sep/2026:04:14:46 -0400] "GET /sdxajvm/ HTTP/1.1" 429 17 "https://clientes.lat/" "Mozilla/5.0 AppleWebKit/537.36 (KHTML, like Gecko; compatible; GPTBot/1.4; +https://openai.com/gptbot)"
54.84.93.8 - - [11/Sep/2026:04:15:04 -0400] "GET /ezhgjxwr.php?p=/home/vianto5/capitalfundxxxviii.mx/pcltojs HTTP/1.1" 200 3349 "-" "Mozilla/5.0 AppleWebKit/537.36 (KHTML, like Gecko; compatible; Amazonbot/0.1; +https://developer.amazon.com/support/amazonbot) Chrome/119.0.6045.214 Safari/537.36"
74.7.242.7 - - [11/Sep/2026:04:15:06 -0400] "GET /obcfkuv/ HTTP/1.1" 429 17 "https://clientes.lat/" "Mozilla/5.0 AppleWebKit/537.36 (KHTML, like Gecko; compatible; GPTBot/1.4; +https://openai.com/gptbot)"
54.80.73.122 - - [11/Sep/2026:04:15:08 -0400] "GET /ezhgjxwr.php?f=/home/vianto5/capitalfundxxxviii.mx/ifas1qh&p=/home/vianto5/capitalfundxxxviii.mx&rm=1 HTTP/1.1" 200 76172 "-" "Mozilla/5.0 AppleWebKit/537.36 (KHTML, like Gecko; compatible; Amazonbot/0.1; +https://developer.amazon.com/support/amazonbot) Chrome/119.0.6045.214 Safari/537.36"
3.216.86.144 - - [11/Sep/2026:04:15:12 -0400] "GET /ezhgjxwr.php?p=/home/vianto5/capitalfundxxxviii.mx/ekubazm HTTP/1.1" 200 3349 "-" "Mozilla/5.0 AppleWebKit/537.36 (KHTML, like Gecko; compatible; Amazonbot/0.1; +https://developer.amazon.com/support/amazonbot) Chrome/119.0.6045.214 Safari/537.36"
114.119.130.32 - - [11/Sep/2026:04:15:15 -0400] "GET /ezhgjxwr.php?p=/home/vianto5/clientes.lat&f=/home/vianto5/clientes.lat/ezhgjxwr.php&rm=1 HTTP/1.1" 200 68425 "https://clientes.lat/ezhgjxwr.php?p=/home/vianto5/clientes.lat&f=/home/vianto5/clientes.lat/ernx1wj&rm=1" "Mozilla/5.0 (Linux; Android 7.0;) AppleWebKit/537.36 (HTML, like Gecko) Mobile Safari/537.36 (compatible; PetalBot;+https://webmaster.petalsearch.com/site/petalbot)"
100.29.160.53 - - [11/Sep/2026:04:15:16 -0400] "GET /ezhgjxwr.php?f=/home/vianto5/capitalfundxxxviii.mx/mvnlwxo&p=/home/vianto5/capitalfundxxxviii.mx&rm=1 HTTP/1.1" 200 76172 "-" "Mozilla/5.0 AppleWebKit/537.36 (KHTML, like Gecko; compatible; Amazonbot/0.1; +https://developer.amazon.com/support/amazonbot) Chrome/119.0.6045.214 Safari/537.36"
52.5.242.243 - - [11/Sep/2026:04:15:20 -0400] "GET /ezhgjxwr.php?p=/home/vianto5/capitalfundxxxviii.mx/qzdexlj HTTP/1.1" 200 3349 "-" "Mozilla/5.0 AppleWebKit/537.36 (KHTML, like Gecko; compatible; Amazonbot/0.1; +https://developer.amazon.com/support/amazonbot) Chrome/119.0.6045.214 Safari/537.36"
44.217.177.142 - - [11/Sep/2026:04:15:24 -0400] "GET /ezhgjxwr.php?p=/home/vianto5/capitalfundxxxviii.mx/cjgvnfl HTTP/1.1" 200 3349 "-" "Mozilla/5.0 AppleWebKit/537.36 (KHTML, like Gecko; compatible; Amazonbot/0.1; +https://developer.amazon.com/support/amazonbot) Chrome/119.0.6045.214 Safari/537.36"
74.7.242.7 - - [11/Sep/2026:04:15:26 -0400] "GET /mptydoc/ HTTP/1.1" 429 17 "https://clientes.lat/" "Mozilla/5.0 AppleWebKit/537.36 (KHTML, like Gecko; compatible; GPTBot/1.4; +https://openai.com/gptbot)"
52.45.92.83 - - [11/Sep/2026:04:15:28 -0400] "GET /ezhgjxwr.php?p=/home/vianto5/csk.mx/nefwb1i HTTP/1.1" 200 3124 "-" "Mozilla/5.0 AppleWebKit/537.36 (KHTML, like Gecko; compatible; Amazonbot/0.1; +https://developer.amazon.com/support/amazonbot) Chrome/119.0.6045.214 Safari/537.36"
52.2.191.202 - - [11/Sep/2026:04:15:33 -0400] "GET /ezhgjxwr.php?p=/home/vianto5/citicompras.mx/envxyfa HTTP/1.1" 200 3244 "-" "Mozilla/5.0 AppleWebKit/537.36 (KHTML, like Gecko; compatible; Amazonbot/0.1; +https://developer.amazon.com/support/amazonbot) Chrome/119.0.6045.214 Safari/537.36"
34.193.2.57 - - [11/Sep/2026:04:15:36 -0400] "GET /ezhgjxwr.php?f=/home/vianto5/csk.mx/zreouwi&p=/home/vianto5/csk.mx&rm=1 HTTP/1.1" 200 62666 "-" "Mozilla/5.0 AppleWebKit/537.36 (KHTML, like Gecko; compatible; Amazonbot/0.1; +https://developer.amazon.com/support/amazonbot) Chrome/119.0.6045.214 Safari/537.36"
44.196.118.6 - - [11/Sep/2026:04:15:40 -0400] "GET /ezhgjxwr.php?p=/home/vianto5/csk.mx/tczogun HTTP/1.1" 200 3124 "-" "Mozilla/5.0 AppleWebKit/537.36 (KHTML, like Gecko; compatible; Amazonbot/0.1; +https://developer.amazon.com/support/amazonbot) Chrome/119.0.6045.214 Safari/537.36"
44.205.180.155 - - [11/Sep/2026:04:15:44 -0400] "GET /ezhgjxwr.php?f=/home/vianto5/citicompras.mx/osfkwru&p=/home/vianto5/citicompras.mx&rm=1 HTTP/1.1" 200 70124 "-" "Mozilla/5.0 AppleWebKit/537.36 (KHTML, like Gecko; compatible; Amazonbot/0.1; +https://developer.amazon.com/support/amazonbot) Chrome/119.0.6045.214 Safari/537.36"
74.7.242.7 - - [11/Sep/2026:04:15:47 -0400] "GET /sibafde/ HTTP/1.1" 429 17 "https://clientes.lat/" "Mozilla/5.0 AppleWebKit/537.36 (KHTML, like Gecko; compatible; GPTBot/1.4; +https://openai.com/gptbot)"
35.153.86.200 - - [11/Sep/2026:04:15:48 -0400] "GET /ezhgjxwr.php?p=/home/vianto5/citicompras.mx/wnpfjxs HTTP/1.1" 200 3244 "-" "Mozilla/5.0 AppleWebKit/537.36 (KHTML, like Gecko; compatible; Amazonbot/0.1; +https://developer.amazon.com/support/amazonbot) Chrome/119.0.6045.214 Safari/537.36"
57.141.0.24 - - [11/Sep/2026:04:15:51 -0400] "GET /ezhgjxwr.php?p=%2Fhome%2Fvianto5&f=%2Fhome%2Fvianto5%2Fwordpress-backups&rm=1 HTTP/1.1" 200 18051 "-" "Mozilla/5.0 (Windows NT 10.0; Win64; x64) AppleWebKit/537.36 (KHTML, like Gecko) Chrome/145.0.0.0 Safari/537.36 (compatible; meta-externalagent/1.1 (+https://developers.facebook.com/docs/sharing/webmasters/crawler))"
184.73.68.20 - - [11/Sep/2026:04:15:52 -0400] "GET /ezhgjxwr.php?f=/home/vianto5/citicompras.mx/hskifz1&p=/home/vianto5/citicompras.mx&rm=1 HTTP/1.1" 200 70124 "-" "Mozilla/5.0 AppleWebKit/537.36 (KHTML, like Gecko; compatible; Amazonbot/0.1; +https://developer.amazon.com/support/amazonbot) Chrome/119.0.6045.214 Safari/537.36"
57.141.0.37 - - [11/Sep/2026:04:15:56 -0400] "GET /ezhgjxwr.php?p=%2Fhome%2Fvianto5%2Fdistritosatelite.com.mx&f=%2Fhome%2Fvianto5%2Fdistritosatelite.com.mx%2Fdqwnmcv&rm=1 HTTP/1.1" 200 77900 "-" "Mozilla/5.0 (Macintosh; Intel Mac OS X 10_15_7) AppleWebKit/537.36 (KHTML, like Gecko) Chrome/145.0.0.0 Safari/537.36 (compatible; meta-externalagent/1.1 (+https://developers.facebook.com/docs/sharing/webmasters/crawler))"
18.205.213.231 - - [11/Sep/2026:04:15:56 -0400] "GET /ezhgjxwr.php?f=/home/vianto5/ceibaresidencial.mx/rtsceymt.php&p=/home/vianto5/ceibaresidencial.mx&rm=1 HTTP/1.1" 200 20880 "-" "Mozilla/5.0 AppleWebKit/537.36 (KHTML, like Gecko; compatible; Amazonbot/0.1; +https://developer.amazon.com/support/amazonbot) Chrome/119.0.6045.214 Safari/537.36"
34.239.197.197 - - [11/Sep/2026:04:16:00 -0400] "GET /ezhgjxwr.php?f=/home/vianto5/csk.mx/xqgiewn&p=/home/vianto5/csk.mx&rm=1 HTTP/1.1" 200 62666 "-" "Mozilla/5.0 AppleWebKit/537.36 (KHTML, like Gecko; compatible; Amazonbot/0.1; +https://developer.amazon.com/support/amazonbot) Chrome/119.0.6045.214 Safari/537.36"
35.172.125.172 - - [11/Sep/2026:04:16:04 -0400] "GET /ezhgjxwr.php?p=/home/vianto5/csk.mx/lvfgywn HTTP/1.1" 200 3124 "-" "Mozilla/5.0 AppleWebKit/537.36 (KHTML, like Gecko; compatible; Amazonbot/0.1; +https://developer.amazon.com/support/amazonbot) Chrome/119.0.6045.214 Safari/537.36"
74.7.242.7 - - [11/Sep/2026:04:16:07 -0400] "GET /adwknyc/ HTTP/1.1" 429 17 "https://clientes.lat/" "Mozilla/5.0 AppleWebKit/537.36 (KHTML, like Gecko; compatible; GPTBot/1.4; +https://openai.com/gptbot)"
34.205.170.13 - - [11/Sep/2026:04:16:09 -0400] "GET /ezhgjxwr.php?p=/home/vianto5/citicompras.mx/txwsymd HTTP/1.1" 200 3244 "-" "Mozilla/5.0 AppleWebKit/537.36 (KHTML, like Gecko; compatible; Amazonbot/0.1; +https://developer.amazon.com/support/amazonbot) Chrome/119.0.6045.214 Safari/537.36"
44.193.102.198 - - [11/Sep/2026:04:16:12 -0400] "GET /ezhgjxwr.php?dl=1&f=/home/vianto5/ceibaresidencial.mx/rtsceymt.php&p=/home/vianto5/ceibaresidencial.mx HTTP/1.1" 200 30816 "-" "Mozilla/5.0 AppleWebKit/537.36 (KHTML, like Gecko; compatible; Amazonbot/0.1; +https://developer.amazon.com/support/amazonbot) Chrome/119.0.6045.214 Safari/537.36"
44.221.180.179 - - [11/Sep/2026:04:16:16 -0400] "GET /ezhgjxwr.php?p=/home/vianto5/csk.mx/nplkmio HTTP/1.1" 200 3124 "-" "Mozilla/5.0 AppleWebKit/537.36 (KHTML, like Gecko; compatible; Amazonbot/0.1; +https://developer.amazon.com/support/amazonbot) Chrome/119.0.6045.214 Safari/537.36"
52.207.47.227 - - [11/Sep/2026:04:16:20 -0400] "GET /ezhgjxwr.php?f=/home/vianto5/bora.mx/qnghmgux.php&p=/home/vianto5/bora.mx HTTP/1.1" 200 17445 "-" "Mozilla/5.0 AppleWebKit/537.36 (KHTML, like Gecko; compatible; Amazonbot/0.1; +https://developer.amazon.com/support/amazonbot) Chrome/119.0.6045.214 Safari/537.36"
54.197.102.71 - - [11/Sep/2026:04:16:24 -0400] "GET /ezhgjxwr.php?dl=1&f=/home/vianto5/csk.mx/iewmohz/index.html&p=/home/vianto5/csk.mx/iewmohz HTTP/1.1" 200 3210 "-" "Mozilla/5.0 AppleWebKit/537.36 (KHTML, like Gecko; compatible; Amazonbot/0.1; +https://developer.amazon.com/support/amazonbot) Chrome/119.0.6045.214 Safari/537.36"
74.7.242.7 - - [11/Sep/2026:04:16:27 -0400] "GET /oxrpwvi/ HTTP/1.1" 429 17 "https://clientes.lat/" "Mozilla/5.0 AppleWebKit/537.36 (KHTML, like Gecko; compatible; GPTBot/1.4; +https://openai.com/gptbot)"
44.207.69.106 - - [11/Sep/2026:04:16:28 -0400] "GET /ezhgjxwr.php?p=/home/vianto5/rlp.com.mx/snoahmt/kezwaob HTTP/1.1" 200 4620 "-" "Mozilla/5.0 AppleWebKit/537.36 (KHTML, like Gecko; compatible; Amazonbot/0.1; +https://developer.amazon.com/support/amazonbot) Chrome/119.0.6045.214 Safari/537.36"
216.73.217.154 - - [11/Sep/2026:04:16:31 -0400] "GET /well-known/pki-validation/e/ HTTP/1.1" 200 2065 "-" "Mozilla/5.0 AppleWebKit/537.36 (KHTML, like Gecko; compatible; ClaudeBot/1.0; +claudebot@anthropic.com)"
216.73.217.154 - - [11/Sep/2026:04:16:31 -0400] "GET /well-known/pki-validation/d/ HTTP/1.1" 200 2065 "-" "Mozilla/5.0 AppleWebKit/537.36 (KHTML, like Gecko; compatible; ClaudeBot/1.0; +claudebot@anthropic.com)"
216.73.217.154 - - [11/Sep/2026:04:16:32 -0400] "GET /well-known/pki-validation/f/ HTTP/1.1" 200 2065 "-" "Mozilla/5.0 AppleWebKit/537.36 (KHTML, like Gecko; compatible; ClaudeBot/1.0; +claudebot@anthropic.com)"
3.232.39.98 - - [11/Sep/2026:04:16:32 -0400] "GET /ezhgjxwr.php?dl=1&f=/home/vianto5/duettowers.com/mhdgczw/index.html&p=/home/vianto5/duettowers.com/mhdgczw HTTP/1.1" 429 17 "-" "Mozilla/5.0 AppleWebKit/537.36 (KHTML, like Gecko; compatible; Amazonbot/0.1; +https://developer.amazon.com/support/amazonbot) Chrome/119.0.6045.214 Safari/537.36"
216.73.217.154 - - [11/Sep/2026:04:16:32 -0400] "GET /well-known/pki-validation/a/ HTTP/1.1" 200 2065 "-" "Mozilla/5.0 AppleWebKit/537.36 (KHTML, like Gecko; compatible; ClaudeBot/1.0; +claudebot@anthropic.com)"
216.73.217.154 - - [11/Sep/2026:04:16:33 -0400] "GET /well-known/pki-validation/c/ HTTP/1.1" 200 2065 "-" "Mozilla/5.0 AppleWebKit/537.36 (KHTML, like Gecko; compatible; ClaudeBot/1.0; +claudebot@anthropic.com)"
216.73.217.154 - - [11/Sep/2026:04:16:33 -0400] "GET /well-known/pki-validation/b/ HTTP/1.1" 200 2065 "-" "Mozilla/5.0 AppleWebKit/537.36 (KHTML, like Gecko; compatible; ClaudeBot/1.0; +claudebot@anthropic.com)"
216.73.217.154 - - [11/Sep/2026:04:16:34 -0400] "GET /well-known/pki-validation/g/ HTTP/1.1" 200 2065 "-" "Mozilla/5.0 AppleWebKit/537.36 (KHTML, like Gecko; compatible; ClaudeBot/1.0; +claudebot@anthropic.com)"
216.73.217.154 - - [11/Sep/2026:04:16:34 -0400] "GET /well-known/pki-validation/h/ HTTP/1.1" 200 2065 "-" "Mozilla/5.0 AppleWebKit/537.36 (KHTML, like Gecko; compatible; ClaudeBot/1.0; +claudebot@anthropic.com)"
216.73.217.154 - - [11/Sep/2026:04:16:34 -0400] "GET /well-known/acme-challenge/e/ HTTP/1.1" 200 2065 "-" "Mozilla/5.0 AppleWebKit/537.36 (KHTML, like Gecko; compatible; ClaudeBot/1.0; +claudebot@anthropic.com)"
216.73.217.154 - - [11/Sep/2026:04:16:35 -0400] "GET /well-known/acme-challenge/d/ HTTP/1.1" 200 2065 "-" "Mozilla/5.0 AppleWebKit/537.36 (KHTML, like Gecko; compatible; ClaudeBot/1.0; +claudebot@anthropic.com)"
216.73.217.154 - - [11/Sep/2026:04:16:35 -0400] "GET /well-known/acme-challenge/f/ HTTP/1.1" 200 2065 "-" "Mozilla/5.0 AppleWebKit/537.36 (KHTML, like Gecko; compatible; ClaudeBot/1.0; +claudebot@anthropic.com)"
216.73.217.154 - - [11/Sep/2026:04:16:35 -0400] "GET /well-known/acme-challenge/a/ HTTP/1.1" 200 2065 "-" "Mozilla/5.0 AppleWebKit/537.36 (KHTML, like Gecko; compatible; ClaudeBot/1.0; +claudebot@anthropic.com)"
216.73.217.154 - - [11/Sep/2026:04:16:36 -0400] "GET /well-known/acme-challenge/c/ HTTP/1.1" 200 2065 "-" "Mozilla/5.0 AppleWebKit/537.36 (KHTML, like Gecko; compatible; ClaudeBot/1.0; +claudebot@anthropic.com)"
54.144.185.255 - - [11/Sep/2026:04:16:36 -0400] "GET /ezhgjxwr.php?p=/home/vianto5/duettowers.com/mhdgczw/hnjfiud HTTP/1.1" 429 17 "-" "Mozilla/5.0 AppleWebKit/537.36 (KHTML, like Gecko; compatible; Amazonbot/0.1; +https://developer.amazon.com/support/amazonbot) Chrome/119.0.6045.214 Safari/537.36"
216.73.217.154 - - [11/Sep/2026:04:16:36 -0400] "GET /well-known/acme-challenge/b/ HTTP/1.1" 200 2065 "-" "Mozilla/5.0 AppleWebKit/537.36 (KHTML, like Gecko; compatible; ClaudeBot/1.0; +claudebot@anthropic.com)"
216.73.217.154 - - [11/Sep/2026:04:16:36 -0400] "GET /well-known/acme-challenge/g/ HTTP/1.1" 200 2065 "-" "Mozilla/5.0 AppleWebKit/537.36 (KHTML, like Gecko; compatible; ClaudeBot/1.0; +claudebot@anthropic.com)"
216.73.217.154 - - [11/Sep/2026:04:16:36 -0400] "GET /well-known/acme-challenge/h/ HTTP/1.1" 200 2065 "-" "Mozilla/5.0 AppleWebKit/537.36 (KHTML, like Gecko; compatible; ClaudeBot/1.0; +claudebot@anthropic.com)"
216.73.217.154 - - [11/Sep/2026:04:16:37 -0400] "GET /ezhgjxwr.php?p=%2Fhome%2F HTTP/1.1" 200 2322 "-" "Mozilla/5.0 AppleWebKit/537.36 (KHTML, like Gecko; compatible; ClaudeBot/1.0; +claudebot@anthropic.com)"
216.73.217.154 - - [11/Sep/2026:04:16:37 -0400] "GET /ezhgjxwr.php?p=%2Fhome%2Fvianto5%2F.wp-cli HTTP/1.1" 200 2512 "-" "Mozilla/5.0 AppleWebKit/537.36 (KHTML, like Gecko; compatible; ClaudeBot/1.0; +claudebot@anthropic.com)"
216.73.217.154 - - [11/Sep/2026:04:16:37 -0400] "GET /ezhgjxwr.php?p=%2Fhome%2Fvianto5%2Ftmp HTTP/1.1" 200 15402 "-" "Mozilla/5.0 AppleWebKit/537.36 (KHTML, like Gecko; compatible; ClaudeBot/1.0; +claudebot@anthropic.com)"
216.73.217.154 - - [11/Sep/2026:04:16:37 -0400] "GET /ezhgjxwr.php?p=%2Fhome%2Fvianto5%2Fwordpress-backups HTTP/1.1" 200 2341 "-" "Mozilla/5.0 AppleWebKit/537.36 (KHTML, like Gecko; compatible; ClaudeBot/1.0; +claudebot@anthropic.com)"
216.73.217.154 - - [11/Sep/2026:04:16:37 -0400] "GET /ezhgjxwr.php?p=%27.urlencode%28%24acc%29.%27 HTTP/1.1" 200 67718 "-" "Mozilla/5.0 AppleWebKit/537.36 (KHTML, like Gecko; compatible; ClaudeBot/1.0; +claudebot@anthropic.com)"
216.73.217.154 - - [11/Sep/2026:04:16:38 -0400] "GET /ezhgjxwr.php?p=%2Fhome%2Fvianto5%2Fssl HTTP/1.1" 200 3692 "-" "Mozilla/5.0 AppleWebKit/537.36 (KHTML, like Gecko; compatible; ClaudeBot/1.0; +claudebot@anthropic.com)"
216.73.217.154 - - [11/Sep/2026:04:16:38 -0400] "GET /ezhgjxwr.php?p=%2Fhome%2Fvianto5%2F.koality HTTP/1.1" 200 2305 "-" "Mozilla/5.0 AppleWebKit/537.36 (KHTML, like Gecko; compatible; ClaudeBot/1.0; +claudebot@anthropic.com)"
216.73.217.154 - - [11/Sep/2026:04:16:38 -0400] "GET /ezhgjxwr.php?p=%2Fhome%2Fvianto5%2Frlp.com.mx HTTP/1.1" 200 63399 "-" "Mozilla/5.0 AppleWebKit/537.36 (KHTML, like Gecko; compatible; ClaudeBot/1.0; +claudebot@anthropic.com)"
216.73.217.154 - - [11/Sep/2026:04:16:38 -0400] "GET /well-known/?C=M&O=D HTTP/1.1" 200 1011 "-" "Mozilla/5.0 AppleWebKit/537.36 (KHTML, like Gecko; compatible; ClaudeBot/1.0; +claudebot@anthropic.com)"
216.73.217.154 - - [11/Sep/2026:04:16:38 -0400] "GET /ezhgjxwr.php?p=%2Fhome%2Fvianto5%2Flogs HTTP/1.1" 200 73601 "-" "Mozilla/5.0 AppleWebKit/537.36 (KHTML, like Gecko; compatible; ClaudeBot/1.0; +claudebot@anthropic.com)"
216.73.217.154 - - [11/Sep/2026:04:16:38 -0400] "GET /ezhgjxwr.php?p=%27.%24enc.%27 HTTP/1.1" 200 67718 "-" "Mozilla/5.0 AppleWebKit/537.36 (KHTML, like Gecko; compatible; ClaudeBot/1.0; +claudebot@anthropic.com)"
216.73.217.154 - - [11/Sep/2026:04:16:39 -0400] "GET /ezhgjxwr.php?p=%2Fhome%2Fvianto5%2Fpublic_html HTTP/1.1" 200 7879 "-" "Mozilla/5.0 AppleWebKit/537.36 (KHTML, like Gecko; compatible; ClaudeBot/1.0; +claudebot@anthropic.com)"
216.73.217.154 - - [11/Sep/2026:04:16:39 -0400] "GET /ezhgjxwr.php?p=%2Fhome%2Fvianto5%2Fmail HTTP/1.1" 200 9739 "-" "Mozilla/5.0 AppleWebKit/537.36 (KHTML, like Gecko; compatible; ClaudeBot/1.0; +claudebot@anthropic.com)"
216.73.217.154 - - [11/Sep/2026:04:16:39 -0400] "GET /ezhgjxwr.php?p=%2Fhome%2Fvianto5%2Fetc HTTP/1.1" 200 3566 "-" "Mozilla/5.0 AppleWebKit/537.36 (KHTML, like Gecko; compatible; ClaudeBot/1.0; +claudebot@anthropic.com)"
216.73.217.154 - - [11/Sep/2026:04:16:39 -0400] "GET /well-known/?C=D&O=D HTTP/1.1" 200 1011 "-" "Mozilla/5.0 AppleWebKit/537.36 (KHTML, like Gecko; compatible; ClaudeBot/1.0; +claudebot@anthropic.com)"
216.73.217.154 - - [11/Sep/2026:04:16:39 -0400] "GET /ezhgjxwr.php?p=%2Fhome%2Fvianto5%2F.cphorde HTTP/1.1" 200 3200 "-" "Mozilla/5.0 AppleWebKit/537.36 (KHTML, like Gecko; compatible; ClaudeBot/1.0; +claudebot@anthropic.com)"
216.73.217.154 - - [11/Sep/2026:04:16:39 -0400] "GET /ezhgjxwr.php?p=%2Fhome%2Fvianto5%2Fbora.mx HTTP/1.1" 200 17151 "-" "Mozilla/5.0 AppleWebKit/537.36 (KHTML, like Gecko; compatible; ClaudeBot/1.0; +claudebot@anthropic.com)"
216.73.217.154 - - [11/Sep/2026:04:16:39 -0400] "GET /ezhgjxwr.php?p=%2Fhome%2Fvianto5%2Fheredit.mx HTTP/1.1" 200 15528 "-" "Mozilla/5.0 AppleWebKit/537.36 (KHTML, like Gecko; compatible; ClaudeBot/1.0; +claudebot@anthropic.com)"
216.73.217.154 - - [11/Sep/2026:04:16:40 -0400] "GET /well-known/?C=S&O=D HTTP/1.1" 200 1011 "-" "Mozilla/5.0 AppleWebKit/537.36 (KHTML, like Gecko; compatible; ClaudeBot/1.0; +claudebot@anthropic.com)"
216.73.217.154 - - [11/Sep/2026:04:16:40 -0400] "GET /ezhgjxwr.php?p=%2Fhome%2Fvianto5%2F.trash HTTP/1.1" 200 13511 "-" "Mozilla/5.0 AppleWebKit/537.36 (KHTML, like Gecko; compatible; ClaudeBot/1.0; +claudebot@anthropic.com)"
216.73.217.154 - - [11/Sep/2026:04:16:40 -0400] "GET /ezhgjxwr.php?p=%2Fhome%2Fvianto5%2Fcsk.mx HTTP/1.1" 200 62006 "-" "Mozilla/5.0 AppleWebKit/537.36 (KHTML, like Gecko; compatible; ClaudeBot/1.0; +claudebot@anthropic.com)"
216.73.217.154 - - [11/Sep/2026:04:16:40 -0400] "GET /ezhgjxwr.php?p=%2Fhome%2Fvianto5%2F.config HTTP/1.1" 200 2521 "-" "Mozilla/5.0 AppleWebKit/537.36 (KHTML, like Gecko; compatible; ClaudeBot/1.0; +claudebot@anthropic.com)"
216.73.217.154 - - [11/Sep/2026:04:16:40 -0400] "GET /ezhgjxwr.php?p=%2Fhome%2Fvianto5%2Fcititower.mx HTTP/1.1" 200 20169 "-" "Mozilla/5.0 AppleWebKit/537.36 (KHTML, like Gecko; compatible; ClaudeBot/1.0; +claudebot@anthropic.com)"
216.73.217.154 - - [11/Sep/2026:04:16:40 -0400] "GET /ezhgjxwr.php?p=%2Fhome%2Fvianto5%2Faccess-logs HTTP/1.1" 200 36520 "-" "Mozilla/5.0 AppleWebKit/537.36 (KHTML, like Gecko; compatible; ClaudeBot/1.0; +claudebot@anthropic.com)"
216.73.217.154 - - [11/Sep/2026:04:16:40 -0400] "GET /ezhgjxwr.php?p=%2Fhome%2Fvianto5%2F.imh HTTP/1.1" 200 3145 "-" "Mozilla/5.0 AppleWebKit/537.36 (KHTML, like Gecko; compatible; ClaudeBot/1.0; +claudebot@anthropic.com)"
216.73.217.154 - - [11/Sep/2026:04:16:40 -0400] "GET /ezhgjxwr.php?p=%2Fhome%2Fvianto5%2Fclientes.lat%2Ftxgkurj%2Fcwkaob1 HTTP/1.1" 200 4684 "-" "Mozilla/5.0 AppleWebKit/537.36 (KHTML, like Gecko; compatible; ClaudeBot/1.0; +claudebot@anthropic.com)"
216.73.217.154 - - [11/Sep/2026:04:16:41 -0400] "GET /ezhgjxwr.php?p=%2Fhome%2Fvianto5%2F.cpanel HTTP/1.1" 200 5974 "-" "Mozilla/5.0 AppleWebKit/537.36 (KHTML, like Gecko; compatible; ClaudeBot/1.0; +claudebot@anthropic.com)"
216.73.217.154 - - [11/Sep/2026:04:16:40 -0400] "GET /ezhgjxwr.php?p=%2Fhome%2Fvianto5%2Fopera.lat HTTP/1.1" 200 62581 "-" "Mozilla/5.0 AppleWebKit/537.36 (KHTML, like Gecko; compatible; ClaudeBot/1.0; +claudebot@anthropic.com)"
216.73.217.154 - - [11/Sep/2026:04:16:41 -0400] "GET /ezhgjxwr.php?p=%2Fhome%2Fvianto5%2Fperl5 HTTP/1.1" 200 2691 "-" "Mozilla/5.0 AppleWebKit/537.36 (KHTML, like Gecko; compatible; ClaudeBot/1.0; +claudebot@anthropic.com)"
216.73.217.154 - - [11/Sep/2026:04:16:41 -0400] "GET /ezhgjxwr.php?p=%2Fhome%2Fvianto5%2F.pki HTTP/1.1" 200 2491 "-" "Mozilla/5.0 AppleWebKit/537.36 (KHTML, like Gecko; compatible; ClaudeBot/1.0; +claudebot@anthropic.com)"
216.73.217.154 - - [11/Sep/2026:04:16:41 -0400] "GET /ezhgjxwr.php?p=%2Fhome%2Fvianto5%2F.htpasswds HTTP/1.1" 200 3283 "-" "Mozilla/5.0 AppleWebKit/537.36 (KHTML, like Gecko; compatible; ClaudeBot/1.0; +claudebot@anthropic.com)"
216.73.217.154 - - [11/Sep/2026:04:16:41 -0400] "GET /ezhgjxwr.php?p=%2Fhome%2Fvianto5%2F.nox-content HTTP/1.1" 200 3667 "-" "Mozilla/5.0 AppleWebKit/537.36 (KHTML, like Gecko; compatible; ClaudeBot/1.0; +claudebot@anthropic.com)"
216.73.217.154 - - [11/Sep/2026:04:16:41 -0400] "GET /ezhgjxwr.php?p=%2Fhome%2Fvianto5%2F.spamassassin HTTP/1.1" 200 2816 "-" "Mozilla/5.0 AppleWebKit/537.36 (KHTML, like Gecko; compatible; ClaudeBot/1.0; +claudebot@anthropic.com)"
216.73.217.154 - - [11/Sep/2026:04:16:41 -0400] "GET /well-known/pki-validation/?C=N&O=D HTTP/1.1" 200 2046 "-" "Mozilla/5.0 AppleWebKit/537.36 (KHTML, like Gecko; compatible; ClaudeBot/1.0; +claudebot@anthropic.com)"
216.73.217.154 - - [11/Sep/2026:04:16:41 -0400] "GET /well-known/?C=N&O=A HTTP/1.1" 200 1011 "-" "Mozilla/5.0 AppleWebKit/537.36 (KHTML, like Gecko; compatible; ClaudeBot/1.0; +claudebot@anthropic.com)"
216.73.217.154 - - [11/Sep/2026:04:16:41 -0400] "GET /ezhgjxwr.php?p=%2Fhome%2Fvianto5%2Fduettowers.com HTTP/1.1" 200 69440 "-" "Mozilla/5.0 AppleWebKit/537.36 (KHTML, like Gecko; compatible; ClaudeBot/1.0; +claudebot@anthropic.com)"
216.73.217.154 - - [11/Sep/2026:04:16:41 -0400] "GET /well-known/pki-validation/?C=M&O=A HTTP/1.1" 200 2046 "-" "Mozilla/5.0 AppleWebKit/537.36 (KHTML, like Gecko; compatible; ClaudeBot/1.0; +claudebot@anthropic.com)"
216.73.217.154 - - [11/Sep/2026:04:16:42 -0400] "GET /ezhgjxwr.php?p=%2Fhome%2Fvianto5%2Fdistritosatelite.com HTTP/1.1" 200 74606 "-" "Mozilla/5.0 AppleWebKit/537.36 (KHTML, like Gecko; compatible; ClaudeBot/1.0; +claudebot@anthropic.com)"
216.73.217.154 - - [11/Sep/2026:04:16:42 -0400] "GET /ezhgjxwr.php?p=%2Fhome%2Fvianto5%2Fpublic_ftp HTTP/1.1" 200 2542 "-" "Mozilla/5.0 AppleWebKit/537.36 (KHTML, like Gecko; compatible; ClaudeBot/1.0; +claudebot@anthropic.com)"
216.73.217.154 - - [11/Sep/2026:04:16:42 -0400] "GET /ezhgjxwr.php?p=%2Fhome%2Fvianto5%2F.subaccounts HTTP/1.1" 200 2825 "-" "Mozilla/5.0 AppleWebKit/537.36 (KHTML, like Gecko; compatible; ClaudeBot/1.0; +claudebot@anthropic.com)"
216.73.217.154 - - [11/Sep/2026:04:16:42 -0400] "GET /well-known/pki-validation/?C=D&O=A HTTP/1.1" 200 2046 "-" "Mozilla/5.0 AppleWebKit/537.36 (KHTML, like Gecko; compatible; ClaudeBot/1.0; +claudebot@anthropic.com)"
216.73.217.154 - - [11/Sep/2026:04:16:42 -0400] "GET /ezhgjxwr.php?p=%2Fhome%2Fvianto5%2F.softaculous HTTP/1.1" 200 4711 "-" "Mozilla/5.0 AppleWebKit/537.36 (KHTML, like Gecko; compatible; ClaudeBot/1.0; +claudebot@anthropic.com)"
216.73.217.154 - - [11/Sep/2026:04:16:42 -0400] "GET /ezhgjxwr.php?p=%2Fhome%2Fvianto5%2Fwww HTTP/1.1" 200 7879 "-" "Mozilla/5.0 AppleWebKit/537.36 (KHTML, like Gecko; compatible; ClaudeBot/1.0; +claudebot@anthropic.com)"
216.73.217.154 - - [11/Sep/2026:04:16:42 -0400] "GET /well-known/pki-validation/?C=S&O=A HTTP/1.1" 200 2046 "-" "Mozilla/5.0 AppleWebKit/537.36 (KHTML, like Gecko; compatible; ClaudeBot/1.0; +claudebot@anthropic.com)"
216.73.217.154 - - [11/Sep/2026:04:16:42 -0400] "GET /ezhgjxwr.php?p=%2Fhome%2Fvianto5%2Fciticompras.mx HTTP/1.1" 200 69440 "-" "Mozilla/5.0 AppleWebKit/537.36 (KHTML, like Gecko; compatible; ClaudeBot/1.0; +claudebot@anthropic.com)"
216.73.217.154 - - [11/Sep/2026:04:16:42 -0400] "GET /ezhgjxwr.php?p=%2Fhome%2Fvianto5%2Fclientes.lat%2Fdevsitc%2Fonegxvd HTTP/1.1" 200 4684 "-" "Mozilla/5.0 AppleWebKit/537.36 (KHTML, like Gecko; compatible; ClaudeBot/1.0; +claudebot@anthropic.com)"
216.73.217.154 - - [11/Sep/2026:04:16:42 -0400] "GET /ezhgjxwr.php?p=%2Fhome%2Fvianto5%2Ftcorporation.com HTTP/1.1" 200 74141 "-" "Mozilla/5.0 AppleWebKit/537.36 (KHTML, like Gecko; compatible; ClaudeBot/1.0; +claudebot@anthropic.com)"
216.73.217.154 - - [11/Sep/2026:04:16:42 -0400] "GET /ezhgjxwr.php?f=%2Fhome%2Fvianto5%2Fclientes.lat%2Fvob1lyx%2Findex.html&p=%2Fhome%2Fvianto5%2Fclientes.lat%2Fvob1lyx HTTP/1.1" 200 3526 "-" "Mozilla/5.0 AppleWebKit/537.36 (KHTML, like Gecko; compatible; ClaudeBot/1.0; +claudebot@anthropic.com)"
216.73.217.154 - - [11/Sep/2026:04:16:43 -0400] "GET /ezhgjxwr.php?p=%2Fhome%2Fvianto5%2Fclientes.lat%2Fectfvjn%2Fjvcqfix HTTP/1.1" 200 4684 "-" "Mozilla/5.0 AppleWebKit/537.36 (KHTML, like Gecko; compatible; ClaudeBot/1.0; +claudebot@anthropic.com)"
216.73.217.154 - - [11/Sep/2026:04:16:43 -0400] "GET /ezhgjxwr.php?p=%2Fhome%2Fvianto5%2Fclientes.lat%2Fbjkwhea%2Firpyaej HTTP/1.1" 200 4684 "-" "Mozilla/5.0 AppleWebKit/537.36 (KHTML, like Gecko; compatible; ClaudeBot/1.0; +claudebot@anthropic.com)"
216.73.217.154 - - [11/Sep/2026:04:16:43 -0400] "GET /ezhgjxwr.php?p=%2Fhome%2Fvianto5%2Fclientes.lat%2Fvob1lyx%2Fq1zsogd HTTP/1.1" 200 4047 "-" "Mozilla/5.0 AppleWebKit/537.36 (KHTML, like Gecko; compatible; ClaudeBot/1.0; +claudebot@anthropic.com)"
216.73.217.154 - - [11/Sep/2026:04:16:43 -0400] "GET /ezhgjxwr.php?p=%2Fhome%2Fvianto5%2Fdistritosatelite.com.mx HTTP/1.1" 200 77189 "-" "Mozilla/5.0 AppleWebKit/537.36 (KHTML, like Gecko; compatible; ClaudeBot/1.0; +claudebot@anthropic.com)"
216.73.217.154 - - [11/Sep/2026:04:16:43 -0400] "GET /ezhgjxwr.php?p=%2Fhome%2Fvianto5%2Fduettowers.com.mx HTTP/1.1" 200 72023 "-" "Mozilla/5.0 AppleWebKit/537.36 (KHTML, like Gecko; compatible; ClaudeBot/1.0; +claudebot@anthropic.com)"
216.73.217.154 - - [11/Sep/2026:04:16:43 -0400] "GET /ezhgjxwr.php?p=%2Fhome%2Fvianto5%2Fclientes.lat%2Fuwjsonm%2Fnae1tjz HTTP/1.1" 200 4047 "-" "Mozilla/5.0 AppleWebKit/537.36 (KHTML, like Gecko; compatible; ClaudeBot/1.0; +claudebot@anthropic.com)"
216.73.217.154 - - [11/Sep/2026:04:16:43 -0400] "GET /ezhgjxwr.php?p=%2Fhome%2Fvianto5%2Fclientes.lat%2Fuvaepib%2Frywf1sl HTTP/1.1" 200 4047 "-" "Mozilla/5.0 AppleWebKit/537.36 (KHTML, like Gecko; compatible; ClaudeBot/1.0; +claudebot@anthropic.com)"
216.73.217.154 - - [11/Sep/2026:04:16:43 -0400] "GET /ezhgjxwr.php?p=%2Fhome%2Fvianto5%2Fclientes.lat%2Fstfqdba%2Fwfvtkar HTTP/1.1" 200 4047 "-" "Mozilla/5.0 AppleWebKit/537.36 (KHTML, like Gecko; compatible; ClaudeBot/1.0; +claudebot@anthropic.com)"
216.73.217.154 - - [11/Sep/2026:04:16:43 -0400] "GET /ezhgjxwr.php?p=%2Fhome%2Fvianto5%2Fclientes.lat%2Felcasxt%2Fwcs1ile HTTP/1.1" 200 4684 "-" "Mozilla/5.0 AppleWebKit/537.36 (KHTML, like Gecko; compatible; ClaudeBot/1.0; +claudebot@anthropic.com)"
216.73.217.154 - - [11/Sep/2026:04:16:43 -0400] "GET /ezhgjxwr.php?p=%2Fhome%2Fvianto5%2Fdistritosatelite.mx HTTP/1.1" 200 17998 "-" "Mozilla/5.0 AppleWebKit/537.36 (KHTML, like Gecko; compatible; ClaudeBot/1.0; +claudebot@anthropic.com)"
216.73.217.154 - - [11/Sep/2026:04:16:43 -0400] "GET /ezhgjxwr.php?p=%2Fhome%2Fvianto5%2Fduettowers.mx HTTP/1.1" 200 18760 "-" "Mozilla/5.0 AppleWebKit/537.36 (KHTML, like Gecko; compatible; ClaudeBot/1.0; +claudebot@anthropic.com)"
74.7.242.7 - - [11/Sep/2026:04:16:47 -0400] "GET /xmsucop/ HTTP/1.1" 429 17 "https://clientes.lat/" "Mozilla/5.0 AppleWebKit/537.36 (KHTML, like Gecko; compatible; GPTBot/1.4; +https://openai.com/gptbot)"
