57.141.0.61 - - [11/Sep/2026:04:21:03 -0400] "GET /ezhgjxwr.php?p=%2Fhome%2Fvianto5%2Frlp.com.mx&f=%2Fhome%2Fvianto5%2Frlp.com.mx%2Fpcoyn1t&rm=1 HTTP/1.1" 200 64071 "-" "Mozilla/5.0 (Windows NT 10.0; Win64; x64) AppleWebKit/537.36 (KHTML, like Gecko) Chrome/145.0.0.0 Safari/537.36 (compatible; meta-externalagent/1.1 (+https://developers.facebook.com/docs/sharing/webmasters/crawler))"
216.73.217.154 - - [11/Sep/2026:04:21:03 -0400] "GET /ezhgjxwr.php?f=%2Fhome%2Fvianto5%2Fclientes.lat%2Fokujaht%2Fviyfajm&p=%2Fhome%2Fvianto5%2Fclientes.lat%2Fokujaht&rm=1 HTTP/1.1" 200 3916 "-" "Mozilla/5.0 AppleWebKit/537.36 (KHTML, like Gecko; compatible; ClaudeBot/1.0; +claudebot@anthropic.com)"
216.73.217.154 - - [11/Sep/2026:04:21:03 -0400] "GET /ezhgjxwr.php?f=%2Fhome%2Fvianto5%2Fclientes.lat%2Fmjafqys%2Ftufmjqx&p=%2Fhome%2Fvianto5%2Fclientes.lat%2Fmjafqys&rm=1 HTTP/1.1" 200 3916 "-" "Mozilla/5.0 AppleWebKit/537.36 (KHTML, like Gecko; compatible; ClaudeBot/1.0; +claudebot@anthropic.com)"
216.73.217.154 - - [11/Sep/2026:04:21:03 -0400] "GET /ezhgjxwr.php?f=%2Fhome%2Fvianto5%2Fclientes.lat%2Fdomji1q%2Fkhszqye&p=%2Fhome%2Fvianto5%2Fclientes.lat%2Fdomji1q&rm=1 HTTP/1.1" 200 3916 "-" "Mozilla/5.0 AppleWebKit/537.36 (KHTML, like Gecko; compatible; ClaudeBot/1.0; +claudebot@anthropic.com)"
216.73.217.154 - - [11/Sep/2026:04:21:03 -0400] "GET /ezhgjxwr.php?f=%2Fhome%2Fvianto5%2Fclientes.lat%2Fhyprqzw%2Fadcmugp&p=%2Fhome%2Fvianto5%2Fclientes.lat%2Fhyprqzw&rm=1 HTTP/1.1" 200 3916 "-" "Mozilla/5.0 AppleWebKit/537.36 (KHTML, like Gecko; compatible; ClaudeBot/1.0; +claudebot@anthropic.com)"
216.73.217.154 - - [11/Sep/2026:04:21:03 -0400] "GET /ezhgjxwr.php?f=%2Fhome%2Fvianto5%2Fclientes.lat%2Fqoz1jik%2Fcznkdhu&p=%2Fhome%2Fvianto5%2Fclientes.lat%2Fqoz1jik&rm=1 HTTP/1.1" 200 3916 "-" "Mozilla/5.0 AppleWebKit/537.36 (KHTML, like Gecko; compatible; ClaudeBot/1.0; +claudebot@anthropic.com)"
216.73.217.154 - - [11/Sep/2026:04:21:04 -0400] "GET /ezhgjxwr.php?f=%2Fhome%2Fvianto5%2Fclientes.lat%2Fwd1jcmq%2Fgspqobc&p=%2Fhome%2Fvianto5%2Fclientes.lat%2Fwd1jcmq&rm=1 HTTP/1.1" 200 3916 "-" "Mozilla/5.0 AppleWebKit/537.36 (KHTML, like Gecko; compatible; ClaudeBot/1.0; +claudebot@anthropic.com)"
216.73.217.154 - - [11/Sep/2026:04:21:04 -0400] "GET /ezhgjxwr.php?f=%2Fhome%2Fvianto5%2Fclientes.lat%2Fqalpwuk%2Fbhzqfg1&p=%2Fhome%2Fvianto5%2Fclientes.lat%2Fqalpwuk&rm=1 HTTP/1.1" 200 3916 "-" "Mozilla/5.0 AppleWebKit/537.36 (KHTML, like Gecko; compatible; ClaudeBot/1.0; +claudebot@anthropic.com)"
216.73.217.154 - - [11/Sep/2026:04:21:04 -0400] "GET /ezhgjxwr.php?f=%2Fhome%2Fvianto5%2Fclientes.lat%2Fwlkgxau%2Flynpewh&p=%2Fhome%2Fvianto5%2Fclientes.lat%2Fwlkgxau&rm=1 HTTP/1.1" 200 3916 "-" "Mozilla/5.0 AppleWebKit/537.36 (KHTML, like Gecko; compatible; ClaudeBot/1.0; +claudebot@anthropic.com)"
216.73.217.154 - - [11/Sep/2026:04:21:04 -0400] "GET /ezhgjxwr.php?f=%2Fhome%2Fvianto5%2Fclientes.lat%2Fnecgw1o%2Fzokpi1h&p=%2Fhome%2Fvianto5%2Fclientes.lat%2Fnecgw1o&rm=1 HTTP/1.1" 200 3916 "-" "Mozilla/5.0 AppleWebKit/537.36 (KHTML, like Gecko; compatible; ClaudeBot/1.0; +claudebot@anthropic.com)"
216.73.217.154 - - [11/Sep/2026:04:21:04 -0400] "GET /ezhgjxwr.php?f=%2Fhome%2Fvianto5%2Fclientes.lat%2F1tnvdzb%2Fyciemhx&p=%2Fhome%2Fvianto5%2Fclientes.lat%2F1tnvdzb&rm=1 HTTP/1.1" 200 3916 "-" "Mozilla/5.0 AppleWebKit/537.36 (KHTML, like Gecko; compatible; ClaudeBot/1.0; +claudebot@anthropic.com)"
216.73.217.154 - - [11/Sep/2026:04:21:04 -0400] "GET /ezhgjxwr.php?f=%2Fhome%2Fvianto5%2Fclientes.lat%2Femlvxaw%2Fpwhkxyg&p=%2Fhome%2Fvianto5%2Fclientes.lat%2Femlvxaw&rm=1 HTTP/1.1" 200 3916 "-" "Mozilla/5.0 AppleWebKit/537.36 (KHTML, like Gecko; compatible; ClaudeBot/1.0; +claudebot@anthropic.com)"
216.73.217.154 - - [11/Sep/2026:04:21:04 -0400] "GET /ezhgjxwr.php?f=%2Fhome%2Fvianto5%2Fclientes.lat%2Fihzxodj%2Fzfjmkcq&p=%2Fhome%2Fvianto5%2Fclientes.lat%2Fihzxodj&rm=1 HTTP/1.1" 200 3916 "-" "Mozilla/5.0 AppleWebKit/537.36 (KHTML, like Gecko; compatible; ClaudeBot/1.0; +claudebot@anthropic.com)"
216.73.217.154 - - [11/Sep/2026:04:21:04 -0400] "GET /ezhgjxwr.php?f=%2Fhome%2Fvianto5%2Fclientes.lat%2Fzvkl1tm%2Fmvdgruq&p=%2Fhome%2Fvianto5%2Fclientes.lat%2Fzvkl1tm&rm=1 HTTP/1.1" 200 3916 "-" "Mozilla/5.0 AppleWebKit/537.36 (KHTML, like Gecko; compatible; ClaudeBot/1.0; +claudebot@anthropic.com)"
216.73.217.154 - - [11/Sep/2026:04:21:04 -0400] "GET /ezhgjxwr.php?f=%2Fhome%2Fvianto5%2Fclientes.lat%2Fkavtxjy%2Fm1obhwt&p=%2Fhome%2Fvianto5%2Fclientes.lat%2Fkavtxjy&rm=1 HTTP/1.1" 200 3916 "-" "Mozilla/5.0 AppleWebKit/537.36 (KHTML, like Gecko; compatible; ClaudeBot/1.0; +claudebot@anthropic.com)"
216.73.217.154 - - [11/Sep/2026:04:21:04 -0400] "GET /ezhgjxwr.php?f=%2Fhome%2Fvianto5%2Fclientes.lat%2Fgmqnywc%2Fkshmpbi&p=%2Fhome%2Fvianto5%2Fclientes.lat%2Fgmqnywc&rm=1 HTTP/1.1" 200 3916 "-" "Mozilla/5.0 AppleWebKit/537.36 (KHTML, like Gecko; compatible; ClaudeBot/1.0; +claudebot@anthropic.com)"
216.73.217.154 - - [11/Sep/2026:04:21:04 -0400] "GET /ezhgjxwr.php?f=%2Fhome%2Fvianto5%2Fclientes.lat%2F1tfjlox%2Fowjkshn&p=%2Fhome%2Fvianto5%2Fclientes.lat%2F1tfjlox&rm=1 HTTP/1.1" 200 3916 "-" "Mozilla/5.0 AppleWebKit/537.36 (KHTML, like Gecko; compatible; ClaudeBot/1.0; +claudebot@anthropic.com)"
216.73.217.154 - - [11/Sep/2026:04:21:05 -0400] "GET /ezhgjxwr.php?f=%2Fhome%2Fvianto5%2Fclientes.lat%2Fdxslgyu%2Fburyqfp&p=%2Fhome%2Fvianto5%2Fclientes.lat%2Fdxslgyu&rm=1 HTTP/1.1" 200 3916 "-" "Mozilla/5.0 AppleWebKit/537.36 (KHTML, like Gecko; compatible; ClaudeBot/1.0; +claudebot@anthropic.com)"
216.73.217.154 - - [11/Sep/2026:04:21:05 -0400] "GET /ezhgjxwr.php?f=%2Fhome%2Fvianto5%2Fclientes.lat%2Fwsqgjy1%2Fnhftrvd&p=%2Fhome%2Fvianto5%2Fclientes.lat%2Fwsqgjy1&rm=1 HTTP/1.1" 200 3916 "-" "Mozilla/5.0 AppleWebKit/537.36 (KHTML, like Gecko; compatible; ClaudeBot/1.0; +claudebot@anthropic.com)"
216.73.217.154 - - [11/Sep/2026:04:21:05 -0400] "GET /ezhgjxwr.php?f=%2Fhome%2Fvianto5%2Fclientes.lat%2Fwzukmah%2Fwirvpqo&p=%2Fhome%2Fvianto5%2Fclientes.lat%2Fwzukmah&rm=1 HTTP/1.1" 200 3916 "-" "Mozilla/5.0 AppleWebKit/537.36 (KHTML, like Gecko; compatible; ClaudeBot/1.0; +claudebot@anthropic.com)"
216.73.217.154 - - [11/Sep/2026:04:21:05 -0400] "GET /ezhgjxwr.php?f=%2Fhome%2Fvianto5%2Fclientes.lat%2Ft1mqlui%2Fjyop1ux&p=%2Fhome%2Fvianto5%2Fclientes.lat%2Ft1mqlui&rm=1 HTTP/1.1" 200 3916 "-" "Mozilla/5.0 AppleWebKit/537.36 (KHTML, like Gecko; compatible; ClaudeBot/1.0; +claudebot@anthropic.com)"
216.73.217.154 - - [11/Sep/2026:04:21:05 -0400] "GET /ezhgjxwr.php?f=%2Fhome%2Fvianto5%2Fclientes.lat%2Foxrpwvi%2Fyhwpuib&p=%2Fhome%2Fvianto5%2Fclientes.lat%2Foxrpwvi&rm=1 HTTP/1.1" 200 3916 "-" "Mozilla/5.0 AppleWebKit/537.36 (KHTML, like Gecko; compatible; ClaudeBot/1.0; +claudebot@anthropic.com)"
216.73.217.154 - - [11/Sep/2026:04:21:05 -0400] "GET /ezhgjxwr.php?f=%2Fhome%2Fvianto5%2Fclientes.lat%2Fgby1xuq%2Fikyzftc&p=%2Fhome%2Fvianto5%2Fclientes.lat%2Fgby1xuq&rm=1 HTTP/1.1" 200 3916 "-" "Mozilla/5.0 AppleWebKit/537.36 (KHTML, like Gecko; compatible; ClaudeBot/1.0; +claudebot@anthropic.com)"
216.73.217.154 - - [11/Sep/2026:04:21:05 -0400] "GET /ezhgjxwr.php?f=%2Fhome%2Fvianto5%2Fclientes.lat%2Fnoejukh%2Fxhwzlfv&p=%2Fhome%2Fvianto5%2Fclientes.lat%2Fnoejukh&rm=1 HTTP/1.1" 200 3916 "-" "Mozilla/5.0 AppleWebKit/537.36 (KHTML, like Gecko; compatible; ClaudeBot/1.0; +claudebot@anthropic.com)"
216.73.217.154 - - [11/Sep/2026:04:21:05 -0400] "GET /ezhgjxwr.php?f=%2Fhome%2Fvianto5%2Fclientes.lat%2Fwm1uhgq%2Fe1pwodt&p=%2Fhome%2Fvianto5%2Fclientes.lat%2Fwm1uhgq&rm=1 HTTP/1.1" 200 3916 "-" "Mozilla/5.0 AppleWebKit/537.36 (KHTML, like Gecko; compatible; ClaudeBot/1.0; +claudebot@anthropic.com)"
216.73.217.154 - - [11/Sep/2026:04:21:05 -0400] "GET /ezhgjxwr.php?f=%2Fhome%2Fvianto5%2Fclientes.lat%2Fsw1qzhx%2Fhskfpcl&p=%2Fhome%2Fvianto5%2Fclientes.lat%2Fsw1qzhx&rm=1 HTTP/1.1" 200 3916 "-" "Mozilla/5.0 AppleWebKit/537.36 (KHTML, like Gecko; compatible; ClaudeBot/1.0; +claudebot@anthropic.com)"
216.73.217.154 - - [11/Sep/2026:04:21:05 -0400] "GET /ezhgjxwr.php?f=%2Fhome%2Fvianto5%2Fclientes.lat%2Flag1rtv%2Flfgsbqv&p=%2Fhome%2Fvianto5%2Fclientes.lat%2Flag1rtv&rm=1 HTTP/1.1" 200 3916 "-" "Mozilla/5.0 AppleWebKit/537.36 (KHTML, like Gecko; compatible; ClaudeBot/1.0; +claudebot@anthropic.com)"
216.73.217.154 - - [11/Sep/2026:04:21:05 -0400] "GET /ezhgjxwr.php?f=%2Fhome%2Fvianto5%2Fclientes.lat%2Fsiblncq%2Fz1xfkgi&p=%2Fhome%2Fvianto5%2Fclientes.lat%2Fsiblncq&rm=1 HTTP/1.1" 200 3916 "-" "Mozilla/5.0 AppleWebKit/537.36 (KHTML, like Gecko; compatible; ClaudeBot/1.0; +claudebot@anthropic.com)"
216.73.217.154 - - [11/Sep/2026:04:21:06 -0400] "GET /ezhgjxwr.php?f=%2Fhome%2Fvianto5%2Fclientes.lat%2Fycrzong%2Fz1crpal&p=%2Fhome%2Fvianto5%2Fclientes.lat%2Fycrzong&rm=1 HTTP/1.1" 200 3916 "-" "Mozilla/5.0 AppleWebKit/537.36 (KHTML, like Gecko; compatible; ClaudeBot/1.0; +claudebot@anthropic.com)"
216.73.217.154 - - [11/Sep/2026:04:21:06 -0400] "GET /ezhgjxwr.php?f=%2Fhome%2Fvianto5%2Fcapitalfundxxxviii.mx&p=%2Fhome%2Fvianto5&rm=1 HTTP/1.1" 200 18071 "-" "Mozilla/5.0 AppleWebKit/537.36 (KHTML, like Gecko; compatible; ClaudeBot/1.0; +claudebot@anthropic.com)"
216.73.217.154 - - [11/Sep/2026:04:21:06 -0400] "GET /ezhgjxwr.php?f=%2Fhome%2Fvianto5%2Fclientes.lat%2Fjaqwniz%2F1gixzjw&p=%2Fhome%2Fvianto5%2Fclientes.lat%2Fjaqwniz&rm=1 HTTP/1.1" 200 3916 "-" "Mozilla/5.0 AppleWebKit/537.36 (KHTML, like Gecko; compatible; ClaudeBot/1.0; +claudebot@anthropic.com)"
216.73.217.154 - - [11/Sep/2026:04:21:06 -0400] "GET /ezhgjxwr.php?f=%2Fhome%2Fvianto5%2Fclientes.lat%2Ffyhqkxl%2Franvozg&p=%2Fhome%2Fvianto5%2Fclientes.lat%2Ffyhqkxl&rm=1 HTTP/1.1" 200 3916 "-" "Mozilla/5.0 AppleWebKit/537.36 (KHTML, like Gecko; compatible; ClaudeBot/1.0; +claudebot@anthropic.com)"
216.73.217.154 - - [11/Sep/2026:04:21:06 -0400] "GET /ezhgjxwr.php?f=%2Fhome%2Fvianto5%2Fclientes.lat%2Fwb1lvgd%2Ftjgyboi&p=%2Fhome%2Fvianto5%2Fclientes.lat%2Fwb1lvgd&rm=1 HTTP/1.1" 200 3916 "-" "Mozilla/5.0 AppleWebKit/537.36 (KHTML, like Gecko; compatible; ClaudeBot/1.0; +claudebot@anthropic.com)"
216.73.217.154 - - [11/Sep/2026:04:21:06 -0400] "GET /ezhgjxwr.php?f=%2Fhome%2Fvianto5%2Fclientes.lat%2Fkjdeura%2Fwvtbjax&p=%2Fhome%2Fvianto5%2Fclientes.lat%2Fkjdeura&rm=1 HTTP/1.1" 200 3916 "-" "Mozilla/5.0 AppleWebKit/537.36 (KHTML, like Gecko; compatible; ClaudeBot/1.0; +claudebot@anthropic.com)"
216.73.217.154 - - [11/Sep/2026:04:21:06 -0400] "GET /ezhgjxwr.php?f=%2Fhome%2Fvianto5%2Fclientes.lat%2Fhxskjoz%2Fzyndcqt&p=%2Fhome%2Fvianto5%2Fclientes.lat%2Fhxskjoz&rm=1 HTTP/1.1" 200 3916 "-" "Mozilla/5.0 AppleWebKit/537.36 (KHTML, like Gecko; compatible; ClaudeBot/1.0; +claudebot@anthropic.com)"
216.73.217.154 - - [11/Sep/2026:04:21:06 -0400] "GET /ezhgjxwr.php?f=%2Fhome%2Fvianto5%2Fclientes.lat%2Ftobwmqz%2Fyjvsotx&p=%2Fhome%2Fvianto5%2Fclientes.lat%2Ftobwmqz&rm=1 HTTP/1.1" 200 3916 "-" "Mozilla/5.0 AppleWebKit/537.36 (KHTML, like Gecko; compatible; ClaudeBot/1.0; +claudebot@anthropic.com)"
216.73.217.154 - - [11/Sep/2026:04:21:06 -0400] "GET /ezhgjxwr.php?f=%2Fhome%2Fvianto5%2Fclientes.lat%2F1rezykm%2Ftmyhjia&p=%2Fhome%2Fvianto5%2Fclientes.lat%2F1rezykm&rm=1 HTTP/1.1" 200 3916 "-" "Mozilla/5.0 AppleWebKit/537.36 (KHTML, like Gecko; compatible; ClaudeBot/1.0; +claudebot@anthropic.com)"
216.73.217.154 - - [11/Sep/2026:04:21:06 -0400] "GET /ezhgjxwr.php?f=%2Fhome%2Fvianto5%2Fclientes.lat%2Fesqgyuz%2F1yhmowl&p=%2Fhome%2Fvianto5%2Fclientes.lat%2Fesqgyuz&rm=1 HTTP/1.1" 200 3916 "-" "Mozilla/5.0 AppleWebKit/537.36 (KHTML, like Gecko; compatible; ClaudeBot/1.0; +claudebot@anthropic.com)"
216.73.217.154 - - [11/Sep/2026:04:21:06 -0400] "GET /ezhgjxwr.php?f=%2Fhome%2Fvianto5%2Fclientes.lat%2Fshfqxgd%2Fnmzktas&p=%2Fhome%2Fvianto5%2Fclientes.lat%2Fshfqxgd&rm=1 HTTP/1.1" 200 3916 "-" "Mozilla/5.0 AppleWebKit/537.36 (KHTML, like Gecko; compatible; ClaudeBot/1.0; +claudebot@anthropic.com)"
74.7.242.7 - - [11/Sep/2026:04:21:07 -0400] "GET /cmoetxj/ HTTP/1.1" 429 17 "https://clientes.lat/" "Mozilla/5.0 AppleWebKit/537.36 (KHTML, like Gecko; compatible; GPTBot/1.4; +https://openai.com/gptbot)"
216.73.217.154 - - [11/Sep/2026:04:21:07 -0400] "GET /ezhgjxwr.php?f=%2Fhome%2Fvianto5%2Fclientes.lat%2Fwplqsb1%2Fcakpuzv&p=%2Fhome%2Fvianto5%2Fclientes.lat%2Fwplqsb1&rm=1 HTTP/1.1" 200 3916 "-" "Mozilla/5.0 AppleWebKit/537.36 (KHTML, like Gecko; compatible; ClaudeBot/1.0; +claudebot@anthropic.com)"
216.73.217.154 - - [11/Sep/2026:04:21:07 -0400] "GET /ezhgjxwr.php?f=%2Fhome%2Fvianto5%2Fclientes.lat%2Fnlwqjxb%2Fdzvklwo&p=%2Fhome%2Fvianto5%2Fclientes.lat%2Fnlwqjxb&rm=1 HTTP/1.1" 200 3916 "-" "Mozilla/5.0 AppleWebKit/537.36 (KHTML, like Gecko; compatible; ClaudeBot/1.0; +claudebot@anthropic.com)"
216.73.217.154 - - [11/Sep/2026:04:21:07 -0400] "GET /ezhgjxwr.php?f=%2Fhome%2Fvianto5%2Fclientes.lat%2Fkblzxiq%2Ftidrjvp&p=%2Fhome%2Fvianto5%2Fclientes.lat%2Fkblzxiq&rm=1 HTTP/1.1" 200 3916 "-" "Mozilla/5.0 AppleWebKit/537.36 (KHTML, like Gecko; compatible; ClaudeBot/1.0; +claudebot@anthropic.com)"
216.73.217.154 - - [11/Sep/2026:04:21:07 -0400] "GET /ezhgjxwr.php?f=%2Fhome%2Fvianto5%2Fclientes.lat%2Fjlm1buo%2Fnqwslxu&p=%2Fhome%2Fvianto5%2Fclientes.lat%2Fjlm1buo&rm=1 HTTP/1.1" 200 3916 "-" "Mozilla/5.0 AppleWebKit/537.36 (KHTML, like Gecko; compatible; ClaudeBot/1.0; +claudebot@anthropic.com)"
216.73.217.154 - - [11/Sep/2026:04:21:07 -0400] "GET /ezhgjxwr.php?f=%2Fhome%2Fvianto5%2Fclientes.lat%2Fvpjxueg%2Fqviweyl&p=%2Fhome%2Fvianto5%2Fclientes.lat%2Fvpjxueg&rm=1 HTTP/1.1" 200 3916 "-" "Mozilla/5.0 AppleWebKit/537.36 (KHTML, like Gecko; compatible; ClaudeBot/1.0; +claudebot@anthropic.com)"
216.73.217.154 - - [11/Sep/2026:04:21:07 -0400] "GET /ezhgjxwr.php?f=%2Fhome%2Fvianto5%2Fclientes.lat%2Fjcw1zgs%2Fnzohxig&p=%2Fhome%2Fvianto5%2Fclientes.lat%2Fjcw1zgs&rm=1 HTTP/1.1" 200 3916 "-" "Mozilla/5.0 AppleWebKit/537.36 (KHTML, like Gecko; compatible; ClaudeBot/1.0; +claudebot@anthropic.com)"
216.73.217.154 - - [11/Sep/2026:04:21:07 -0400] "GET /ezhgjxwr.php?f=%2Fhome%2Fvianto5%2Fclientes.lat%2Fzbdtn1i%2Fvlcqkog&p=%2Fhome%2Fvianto5%2Fclientes.lat%2Fzbdtn1i&rm=1 HTTP/1.1" 200 3916 "-" "Mozilla/5.0 AppleWebKit/537.36 (KHTML, like Gecko; compatible; ClaudeBot/1.0; +claudebot@anthropic.com)"
216.73.217.154 - - [11/Sep/2026:04:21:07 -0400] "GET /ezhgjxwr.php?f=%2Fhome%2Fvianto5%2Fclientes.lat%2Fkemzuyh%2Ftdk1jlq&p=%2Fhome%2Fvianto5%2Fclientes.lat%2Fkemzuyh&rm=1 HTTP/1.1" 200 3916 "-" "Mozilla/5.0 AppleWebKit/537.36 (KHTML, like Gecko; compatible; ClaudeBot/1.0; +claudebot@anthropic.com)"
216.73.217.154 - - [11/Sep/2026:04:21:07 -0400] "GET /ezhgjxwr.php?f=%2Fhome%2Fvianto5%2Fclientes.lat%2Fjurqgxw%2Fwscqrv1&p=%2Fhome%2Fvianto5%2Fclientes.lat%2Fjurqgxw&rm=1 HTTP/1.1" 200 3916 "-" "Mozilla/5.0 AppleWebKit/537.36 (KHTML, like Gecko; compatible; ClaudeBot/1.0; +claudebot@anthropic.com)"
216.73.217.154 - - [11/Sep/2026:04:21:07 -0400] "GET /ezhgjxwr.php?f=%2Fhome%2Fvianto5%2Fclientes.lat%2Fi1xcypq%2Fguhiqsl&p=%2Fhome%2Fvianto5%2Fclientes.lat%2Fi1xcypq&rm=1 HTTP/1.1" 200 3916 "-" "Mozilla/5.0 AppleWebKit/537.36 (KHTML, like Gecko; compatible; ClaudeBot/1.0; +claudebot@anthropic.com)"
216.73.217.154 - - [11/Sep/2026:04:21:07 -0400] "GET /ezhgjxwr.php?f=%2Fhome%2Fvianto5%2Fclientes.lat%2Fygbpxmn%2Fdp1revq&p=%2Fhome%2Fvianto5%2Fclientes.lat%2Fygbpxmn&rm=1 HTTP/1.1" 200 3916 "-" "Mozilla/5.0 AppleWebKit/537.36 (KHTML, like Gecko; compatible; ClaudeBot/1.0; +claudebot@anthropic.com)"
216.73.217.154 - - [11/Sep/2026:04:21:08 -0400] "GET /ezhgjxwr.php?f=%2Fhome%2Fvianto5%2Fclientes.lat%2Fxskeiyw%2Ftlfhdes&p=%2Fhome%2Fvianto5%2Fclientes.lat%2Fxskeiyw&rm=1 HTTP/1.1" 200 3916 "-" "Mozilla/5.0 AppleWebKit/537.36 (KHTML, like Gecko; compatible; ClaudeBot/1.0; +claudebot@anthropic.com)"
216.73.217.154 - - [11/Sep/2026:04:21:08 -0400] "GET /ezhgjxwr.php?f=%2Fhome%2Fvianto5%2Fclientes.lat%2Fk1rpztg%2Fk1ryqxi&p=%2Fhome%2Fvianto5%2Fclientes.lat%2Fk1rpztg&rm=1 HTTP/1.1" 200 3916 "-" "Mozilla/5.0 AppleWebKit/537.36 (KHTML, like Gecko; compatible; ClaudeBot/1.0; +claudebot@anthropic.com)"
216.73.217.154 - - [11/Sep/2026:04:21:08 -0400] "GET /ezhgjxwr.php?f=%2Fhome%2Fvianto5%2Fclientes.lat%2Fjafzhrp%2Fwoikzsn&p=%2Fhome%2Fvianto5%2Fclientes.lat%2Fjafzhrp&rm=1 HTTP/1.1" 200 3916 "-" "Mozilla/5.0 AppleWebKit/537.36 (KHTML, like Gecko; compatible; ClaudeBot/1.0; +claudebot@anthropic.com)"
216.73.217.154 - - [11/Sep/2026:04:21:08 -0400] "GET /ezhgjxwr.php?f=%2Fhome%2Fvianto5%2Fclientes.lat%2Fgifpqma%2Fnwuiesz&p=%2Fhome%2Fvianto5%2Fclientes.lat%2Fgifpqma&rm=1 HTTP/1.1" 200 3916 "-" "Mozilla/5.0 AppleWebKit/537.36 (KHTML, like Gecko; compatible; ClaudeBot/1.0; +claudebot@anthropic.com)"
57.141.0.33 - - [11/Sep/2026:04:21:16 -0400] "GET /ezhgjxwr.php?p=%2Fhome%2Fvianto5%2Frlp.com.mx%2Fjvtgxsc HTTP/1.1" 200 3184 "-" "Mozilla/5.0 (X11; Linux x86_64) AppleWebKit/537.36 (KHTML, like Gecko) Chrome/145.0.0.0 Safari/537.36 (compatible; meta-externalagent/1.1 (+https://developers.facebook.com/docs/sharing/webmasters/crawler))"
74.7.242.7 - - [11/Sep/2026:04:21:26 -0400] "GET /pcyabzv/ HTTP/1.1" 429 17 "https://clientes.lat/" "Mozilla/5.0 AppleWebKit/537.36 (KHTML, like Gecko; compatible; GPTBot/1.4; +https://openai.com/gptbot)"
57.141.0.44 - - [11/Sep/2026:04:21:28 -0400] "GET /ezhgjxwr.php?p=%2Fhome%2Fvianto5%2Frlp.com.mx&f=%2Fhome%2Fvianto5%2Frlp.com.mx%2Fuangmsp&rm=1 HTTP/1.1" 200 64071 "-" "Mozilla/5.0 (Windows NT 10.0; Win64; x64) AppleWebKit/537.36 (KHTML, like Gecko) Chrome/145.0.0.0 Safari/537.36 (compatible; meta-externalagent/1.1 (+https://developers.facebook.com/docs/sharing/webmasters/crawler))"
57.141.0.69 - - [11/Sep/2026:04:21:38 -0400] "GET /ezhgjxwr.php?p=%2Fhome%2Fvianto5%2Frlp.com.mx%2Fouajdnh HTTP/1.1" 200 3184 "-" "Mozilla/5.0 (Windows NT 10.0; Win64; x64) AppleWebKit/537.36 (KHTML, like Gecko) Chrome/145.0.0.0 Safari/537.36 (compatible; meta-externalagent/1.1 (+https://developers.facebook.com/docs/sharing/webmasters/crawler))"
74.7.242.7 - - [11/Sep/2026:04:21:46 -0400] "GET /fhindlg/ HTTP/1.1" 429 17 "https://clientes.lat/" "Mozilla/5.0 AppleWebKit/537.36 (KHTML, like Gecko; compatible; GPTBot/1.4; +https://openai.com/gptbot)"
57.141.0.7 - - [11/Sep/2026:04:21:48 -0400] "GET /ezhgjxwr.php?p=%2Fhome%2Fvianto5%2Frlp.com.mx%2Fwoxbugr HTTP/1.1" 200 3184 "-" "Mozilla/5.0 (Macintosh; Intel Mac OS X 10_15_7) AppleWebKit/537.36 (KHTML, like Gecko) Chrome/145.0.0.0 Safari/537.36 (compatible; meta-externalagent/1.1 (+https://developers.facebook.com/docs/sharing/webmasters/crawler))"
57.141.0.32 - - [11/Sep/2026:04:21:57 -0400] "GET /ezhgjxwr.php?p=%2Fhome%2Fvianto5%2Frlp.com.mx&f=%2Fhome%2Fvianto5%2Frlp.com.mx%2Fwehznct&rm=1 HTTP/1.1" 200 64071 "-" "Mozilla/5.0 (Windows NT 10.0; Win64; x64) AppleWebKit/537.36 (KHTML, like Gecko) Chrome/145.0.0.0 Safari/537.36 (compatible; meta-externalagent/1.1 (+https://developers.facebook.com/docs/sharing/webmasters/crawler))"
57.141.0.24 - - [11/Sep/2026:04:22:05 -0400] "GET /ezhgjxwr.php?p=%2Fhome%2Fvianto5%2Frlp.com.mx%2Ftpkdgwm HTTP/1.1" 200 3184 "-" "Mozilla/5.0 (Windows NT 10.0; Win64; x64) AppleWebKit/537.36 (KHTML, like Gecko) Chrome/145.0.0.0 Safari/537.36 Edg/145.0.0.0 (compatible; meta-externalagent/1.1 (+https://developers.facebook.com/docs/sharing/webmasters/crawler))"
74.7.242.7 - - [11/Sep/2026:04:22:07 -0400] "GET /fwtcpar/ HTTP/1.1" 429 17 "https://clientes.lat/" "Mozilla/5.0 AppleWebKit/537.36 (KHTML, like Gecko; compatible; GPTBot/1.4; +https://openai.com/gptbot)"
57.141.0.62 - - [11/Sep/2026:04:22:12 -0400] "GET /ezhgjxwr.php?p=%2Fhome%2Fvianto5%2Fdistritosatelite.mx&f=%2Fhome%2Fvianto5%2Fdistritosatelite.mx%2Fwp-settings.php&rm=1 HTTP/1.1" 200 18741 "-" "Mozilla/5.0 (Windows NT 10.0; Win64; x64) AppleWebKit/537.36 (KHTML, like Gecko) Chrome/145.0.0.0 Safari/537.36 (compatible; meta-externalagent/1.1 (+https://developers.facebook.com/docs/sharing/webmasters/crawler))"
74.7.242.7 - - [11/Sep/2026:04:22:26 -0400] "GET /wumrdve/ HTTP/1.1" 429 17 "https://clientes.lat/" "Mozilla/5.0 AppleWebKit/537.36 (KHTML, like Gecko; compatible; GPTBot/1.4; +https://openai.com/gptbot)"
74.7.242.7 - - [11/Sep/2026:04:22:47 -0400] "GET /hxtjauw/ HTTP/1.1" 429 17 "https://clientes.lat/" "Mozilla/5.0 AppleWebKit/537.36 (KHTML, like Gecko; compatible; GPTBot/1.4; +https://openai.com/gptbot)"
74.7.242.7 - - [11/Sep/2026:04:23:06 -0400] "GET /kicdrwy/ HTTP/1.1" 429 17 "https://clientes.lat/" "Mozilla/5.0 AppleWebKit/537.36 (KHTML, like Gecko; compatible; GPTBot/1.4; +https://openai.com/gptbot)"
57.141.0.43 - - [11/Sep/2026:04:23:10 -0400] "GET /ezhgjxwr.php?p=%2Fhome%2Fvianto5%2Fclientes.lat%2Fza1tkof%2Fqnxwfat%2Fwfgutmi HTTP/1.1" 200 4755 "-" "Mozilla/5.0 (Windows NT 10.0; Win64; x64) AppleWebKit/537.36 (KHTML, like Gecko) Chrome/145.0.0.0 Safari/537.36 (compatible; meta-externalagent/1.1 (+https://developers.facebook.com/docs/sharing/webmasters/crawler))"
74.7.242.7 - - [11/Sep/2026:04:23:26 -0400] "GET /qwtluar/ HTTP/1.1" 429 17 "https://clientes.lat/" "Mozilla/5.0 AppleWebKit/537.36 (KHTML, like Gecko; compatible; GPTBot/1.4; +https://openai.com/gptbot)"
74.7.242.7 - - [11/Sep/2026:04:23:47 -0400] "GET /ftxyuvg/ HTTP/1.1" 429 17 "https://clientes.lat/" "Mozilla/5.0 AppleWebKit/537.36 (KHTML, like Gecko; compatible; GPTBot/1.4; +https://openai.com/gptbot)"
74.7.242.7 - - [11/Sep/2026:04:24:07 -0400] "GET /cyoxneg/ HTTP/1.1" 429 17 "https://clientes.lat/" "Mozilla/5.0 AppleWebKit/537.36 (KHTML, like Gecko; compatible; GPTBot/1.4; +https://openai.com/gptbot)"
74.7.242.7 - - [11/Sep/2026:04:24:27 -0400] "GET /tbqjknp/ HTTP/1.1" 429 17 "https://clientes.lat/" "Mozilla/5.0 AppleWebKit/537.36 (KHTML, like Gecko; compatible; GPTBot/1.4; +https://openai.com/gptbot)"
114.119.144.233 - - [11/Sep/2026:04:24:39 -0400] "GET /adwknyc/ HTTP/1.1" 200 - "https://www.clientes.lat/" "Mozilla/5.0 (Linux; Android 7.0;) AppleWebKit/537.36 (HTML, like Gecko) Mobile Safari/537.36 (compatible; PetalBot;+https://webmaster.petalsearch.com/site/petalbot)"
74.7.242.7 - - [11/Sep/2026:04:24:46 -0400] "GET /ygbpxmn/ HTTP/1.1" 429 17 "https://clientes.lat/" "Mozilla/5.0 AppleWebKit/537.36 (KHTML, like Gecko; compatible; GPTBot/1.4; +https://openai.com/gptbot)"
57.141.0.51 - - [11/Sep/2026:04:24:51 -0400] "GET /ezhgjxwr.php?p=%2Fhome%2Fvianto5%2Fpeninsulaixtapa.mx%2Fwp-admin&f=%2Fhome%2Fvianto5%2Fpeninsulaixtapa.mx%2Fwp-admin%2Fabout.php&rm=1 HTTP/1.1" 200 66199 "-" "Mozilla/5.0 (Windows NT 10.0; Win64; x64) AppleWebKit/537.36 (KHTML, like Gecko) Chrome/145.0.0.0 Safari/537.36 (compatible; meta-externalagent/1.1 (+https://developers.facebook.com/docs/sharing/webmasters/crawler))"
57.141.0.71 - - [11/Sep/2026:04:24:56 -0400] "GET /ezhgjxwr.php?p=%2Fhome%2Fvianto5%2Fpeninsulaixtapa.mx%2Fwp-admin&f=%2Fhome%2Fvianto5%2Fpeninsulaixtapa.mx%2Fwp-admin%2Fmedia.php&dl=1 HTTP/1.1" 200 67359 "-" "Mozilla/5.0 (X11; Linux x86_64) AppleWebKit/537.36 (KHTML, like Gecko) Chrome/145.0.0.0 Safari/537.36 (compatible; meta-externalagent/1.1 (+https://developers.facebook.com/docs/sharing/webmasters/crawler))"
57.141.0.19 - - [11/Sep/2026:04:25:02 -0400] "GET /ezhgjxwr.php?p=%2Fhome%2Fvianto5%2Fpeninsulaixtapa.mx%2Fwp-admin&f=%2Fhome%2Fvianto5%2Fpeninsulaixtapa.mx%2Fwp-admin%2Fedit.php&dl=1 HTTP/1.1" 200 110404 "-" "Mozilla/5.0 (Windows NT 10.0; Win64; x64) AppleWebKit/537.36 (KHTML, like Gecko) Chrome/145.0.0.0 Safari/537.36 (compatible; meta-externalagent/1.1 (+https://developers.facebook.com/docs/sharing/webmasters/crawler))"
74.7.242.7 - - [11/Sep/2026:04:25:07 -0400] "GET /duysvlx/ HTTP/1.1" 429 17 "https://clientes.lat/" "Mozilla/5.0 AppleWebKit/537.36 (KHTML, like Gecko; compatible; GPTBot/1.4; +https://openai.com/gptbot)"
57.141.0.32 - - [11/Sep/2026:04:25:07 -0400] "GET /ezhgjxwr.php?p=%2Fhome%2Fvianto5%2Frlp.com.mx&f=%2Fhome%2Fvianto5%2Frlp.com.mx%2Ffrw1inp&rm=1 HTTP/1.1" 200 64071 "-" "Mozilla/5.0 (Windows NT 10.0; Win64; x64) AppleWebKit/537.36 (KHTML, like Gecko) Chrome/145.0.0.0 Safari/537.36 (compatible; meta-externalagent/1.1 (+https://developers.facebook.com/docs/sharing/webmasters/crawler))"
57.141.0.35 - - [11/Sep/2026:04:25:13 -0400] "GET /ezhgjxwr.php?p=%2Fhome%2Fvianto5%2Frlp.com.mx%2Fnycslkm HTTP/1.1" 200 3184 "-" "Mozilla/5.0 (X11; Linux x86_64) AppleWebKit/537.36 (KHTML, like Gecko) Chrome/145.0.0.0 Safari/537.36 (compatible; meta-externalagent/1.1 (+https://developers.facebook.com/docs/sharing/webmasters/crawler))"
57.141.0.55 - - [11/Sep/2026:04:25:18 -0400] "GET /ezhgjxwr.php?p=%2Fhome%2Fvianto5%2Fpeninsulaixtapa.mx%2Fwp-admin&f=%2Fhome%2Fvianto5%2Fpeninsulaixtapa.mx%2Fwp-admin%2Fupload.php HTTP/1.1" 200 85241 "-" "Mozilla/5.0 (Windows NT 10.0; Win64; x64) AppleWebKit/537.36 (KHTML, like Gecko) Chrome/145.0.0.0 Safari/537.36 (compatible; meta-externalagent/1.1 (+https://developers.facebook.com/docs/sharing/webmasters/crawler))"
57.141.0.50 - - [11/Sep/2026:04:25:22 -0400] "GET /ezhgjxwr.php?p=%2Fhome%2Fvianto5%2Frlp.com.mx&f=%2Fhome%2Fvianto5%2Frlp.com.mx%2Fedfvity&rm=1 HTTP/1.1" 200 64071 "-" "Mozilla/5.0 (Windows NT 10.0; Win64; x64) AppleWebKit/537.36 (KHTML, like Gecko) Chrome/145.0.0.0 Safari/537.36 (compatible; meta-externalagent/1.1 (+https://developers.facebook.com/docs/sharing/webmasters/crawler))"
57.141.0.39 - - [11/Sep/2026:04:25:26 -0400] "GET /ezhgjxwr.php?p=%2Fhome%2Fvianto5%2Fclientes.lat%2Ftomywsd&f=%2Fhome%2Fvianto5%2Fclientes.lat%2Ftomywsd%2Findex.html&rm=1 HTTP/1.1" 200 3935 "-" "Mozilla/5.0 (Macintosh; Intel Mac OS X 10_15_7) AppleWebKit/537.36 (KHTML, like Gecko) Chrome/145.0.0.0 Safari/537.36 (compatible; meta-externalagent/1.1 (+https://developers.facebook.com/docs/sharing/webmasters/crawler))"
74.7.242.7 - - [11/Sep/2026:04:25:27 -0400] "GET /kblzxiq/ HTTP/1.1" 429 17 "https://clientes.lat/" "Mozilla/5.0 AppleWebKit/537.36 (KHTML, like Gecko; compatible; GPTBot/1.4; +https://openai.com/gptbot)"
57.141.0.17 - - [11/Sep/2026:04:25:31 -0400] "GET /ezhgjxwr.php?p=%2Fhome%2Fvianto5%2F.cpanel%2Fnvdata&f=%2Fhome%2Fvianto5%2F.cpanel%2Fnvdata%2FkoalitySignupStep&rm=1 HTTP/1.1" 200 11029 "-" "Mozilla/5.0 (X11; Linux x86_64) AppleWebKit/537.36 (KHTML, like Gecko) Chrome/145.0.0.0 Safari/537.36 (compatible; meta-externalagent/1.1 (+https://developers.facebook.com/docs/sharing/webmasters/crawler))"
57.141.0.46 - - [11/Sep/2026:04:25:35 -0400] "GET /ezhgjxwr.php?p=%2Fhome%2Fvianto5%2Frlp.com.mx%2Frdkaelw HTTP/1.1" 200 3184 "-" "Mozilla/5.0 (Windows NT 10.0; Win64; x64) AppleWebKit/537.36 (KHTML, like Gecko) Chrome/145.0.0.0 Safari/537.36 (compatible; meta-externalagent/1.1 (+https://developers.facebook.com/docs/sharing/webmasters/crawler))"
57.141.0.15 - - [11/Sep/2026:04:25:38 -0400] "GET /ezhgjxwr.php?p=%2Fhome%2Fvianto5%2Frlp.com.mx&f=%2Fhome%2Fvianto5%2Frlp.com.mx%2Fjiwkzqx&rm=1 HTTP/1.1" 200 64071 "-" "Mozilla/5.0 (Windows NT 10.0; Win64; x64) AppleWebKit/537.36 (KHTML, like Gecko) Chrome/145.0.0.0 Safari/537.36 (compatible; meta-externalagent/1.1 (+https://developers.facebook.com/docs/sharing/webmasters/crawler))"
57.141.0.19 - - [11/Sep/2026:04:25:42 -0400] "GET /ezhgjxwr.php?p=%2Fhome%2Fvianto5%2Frlp.com.mx%2Fcmflxhw HTTP/1.1" 200 3184 "-" "Mozilla/5.0 (Macintosh; Intel Mac OS X 10_15_7) AppleWebKit/537.36 (KHTML, like Gecko) Chrome/145.0.0.0 Safari/537.36 (compatible; meta-externalagent/1.1 (+https://developers.facebook.com/docs/sharing/webmasters/crawler))"
57.141.0.5 - - [11/Sep/2026:04:25:46 -0400] "GET /ezhgjxwr.php?p=%2Fhome%2Fvianto5%2Frlp.com.mx&f=%2Fhome%2Fvianto5%2Frlp.com.mx%2Fyoqkxcr&rm=1 HTTP/1.1" 200 64071 "-" "Mozilla/5.0 (Macintosh; Intel Mac OS X 10_15_7) AppleWebKit/537.36 (KHTML, like Gecko) Chrome/145.0.0.0 Safari/537.36 (compatible; meta-externalagent/1.1 (+https://developers.facebook.com/docs/sharing/webmasters/crawler))"
74.7.242.7 - - [11/Sep/2026:04:25:47 -0400] "GET /xphewnj/ HTTP/1.1" 429 17 "https://clientes.lat/" "Mozilla/5.0 AppleWebKit/537.36 (KHTML, like Gecko; compatible; GPTBot/1.4; +https://openai.com/gptbot)"
57.141.0.59 - - [11/Sep/2026:04:25:51 -0400] "GET /ezhgjxwr.php?p=%2Fhome%2Fvianto5%2Fpeninsulaixtapa.mx%2Fwp-admin&f=%2Fhome%2Fvianto5%2Fpeninsulaixtapa.mx%2Fwp-admin%2Fupdate-core.php&dl=1 HTTP/1.1" 200 168789 "-" "Mozilla/5.0 (Windows NT 10.0; Win64; x64) AppleWebKit/537.36 (KHTML, like Gecko) Chrome/145.0.0.0 Safari/537.36 (compatible; meta-externalagent/1.1 (+https://developers.facebook.com/docs/sharing/webmasters/crawler))"
57.141.0.9 - - [11/Sep/2026:04:25:53 -0400] "GET /ezhgjxwr.php?p=%2Fhome%2Fvianto5%2Frlp.com.mx%2Ficzumlf HTTP/1.1" 200 3184 "-" "Mozilla/5.0 (Windows NT 10.0; Win64; x64) AppleWebKit/537.36 (KHTML, like Gecko) Chrome/145.0.0.0 Safari/537.36 (compatible; meta-externalagent/1.1 (+https://developers.facebook.com/docs/sharing/webmasters/crawler))"
57.141.0.47 - - [11/Sep/2026:04:25:56 -0400] "GET /ezhgjxwr.php?p=%2Fhome%2Fvianto5%2Frlp.com.mx&f=%2Fhome%2Fvianto5%2Frlp.com.mx%2Fuwsdlho&rm=1 HTTP/1.1" 200 64071 "-" "Mozilla/5.0 (Windows NT 10.0; Win64; x64) AppleWebKit/537.36 (KHTML, like Gecko) Chrome/145.0.0.0 Safari/537.36 (compatible; meta-externalagent/1.1 (+https://developers.facebook.com/docs/sharing/webmasters/crawler))"
57.141.0.53 - - [11/Sep/2026:04:25:59 -0400] "GET /ezhgjxwr.php?p=%2Fhome%2Fvianto5%2Fpeninsulaixtapa.mx%2Fwp-admin&f=%2Fhome%2Fvianto5%2Fpeninsulaixtapa.mx%2Fwp-admin%2Fms-sites.php HTTP/1.1" 200 66032 "-" "Mozilla/5.0 (Windows NT 10.0; Win64; x64) AppleWebKit/537.36 (KHTML, like Gecko) Chrome/145.0.0.0 Safari/537.36 (compatible; meta-externalagent/1.1 (+https://developers.facebook.com/docs/sharing/webmasters/crawler))"
57.141.0.4 - - [11/Sep/2026:04:26:03 -0400] "GET /ezhgjxwr.php?p=%2Fhome%2Fvianto5%2Frlp.com.mx&f=%2Fhome%2Fvianto5%2Frlp.com.mx%2F.htaccess&rm=1 HTTP/1.1" 200 64085 "-" "Mozilla/5.0 (Windows NT 10.0; Win64; x64) AppleWebKit/537.36 (KHTML, like Gecko) Chrome/145.0.0.0 Safari/537.36 (compatible; meta-externalagent/1.1 (+https://developers.facebook.com/docs/sharing/webmasters/crawler))"
57.141.0.72 - - [11/Sep/2026:04:26:05 -0400] "GET /ezhgjxwr.php?p=%2Fhome%2Fvianto5%2Frlp.com.mx&f=%2Fhome%2Fvianto5%2Frlp.com.mx%2Flkqacbj&rm=1 HTTP/1.1" 429 17 "-" "Mozilla/5.0 (Windows NT 10.0; Win64; x64) AppleWebKit/537.36 (KHTML, like Gecko) Chrome/145.0.0.0 Safari/537.36 (compatible; meta-externalagent/1.1 (+https://developers.facebook.com/docs/sharing/webmasters/crawler))"
74.7.242.7 - - [11/Sep/2026:04:26:07 -0400] "GET /iknmcjy/ HTTP/1.1" 429 17 "https://clientes.lat/" "Mozilla/5.0 AppleWebKit/537.36 (KHTML, like Gecko; compatible; GPTBot/1.4; +https://openai.com/gptbot)"
57.141.0.36 - - [11/Sep/2026:04:26:08 -0400] "GET /ezhgjxwr.php?p=%2Fhome%2Fvianto5%2Fpeninsulaixtapa.mx%2Fwp-admin&f=%2Fhome%2Fvianto5%2Fpeninsulaixtapa.mx%2Fwp-admin%2Fmedia-upload.php&rm=1 HTTP/1.1" 429 17 "-" "Mozilla/5.0 (X11; Linux x86_64; rv:147.0) Gecko/20100101 Firefox/147.0 (compatible; meta-externalagent/1.1 (+https://developers.facebook.com/docs/sharing/webmasters/crawler))"
162.243.82.110 - - [11/Sep/2026:04:26:09 -0400] "GET /.env HTTP/1.1" 406 300 "-" "Mozilla/5.0 (Macintosh; Intel Mac OS X 10_15_7) AppleWebKit/537.36 (KHTML, like Gecko) Chrome/142.0.0.0 Safari/537.36"
162.243.82.110 - - [11/Sep/2026:04:26:09 -0400] "GET /.env HTTP/1.1" 406 300 "-" "Mozilla/5.0 (Macintosh; Intel Mac OS X 10_15_7) AppleWebKit/537.36 (KHTML, like Gecko) Chrome/136.0.0.0 Safari/537.36"
57.141.0.37 - - [11/Sep/2026:04:26:09 -0400] "GET /ezhgjxwr.php?p=%2Fhome%2Fvianto5%2Frlp.com.mx%2Fgrzxvjt HTTP/1.1" 429 17 "-" "Mozilla/5.0 (Macintosh; Intel Mac OS X 10_15_7) AppleWebKit/537.36 (KHTML, like Gecko) Chrome/145.0.0.0 Safari/537.36 (compatible; meta-externalagent/1.1 (+https://developers.facebook.com/docs/sharing/webmasters/crawler))"
57.141.0.51 - - [11/Sep/2026:04:26:12 -0400] "GET /ezhgjxwr.php?p=%2Fhome%2Fvianto5%2Frlp.com.mx&f=%2Fhome%2Fvianto5%2Frlp.com.mx%2Fckgrba1&rm=1 HTTP/1.1" 429 17 "-" "Mozilla/5.0 (Windows NT 10.0; Win64; x64) AppleWebKit/537.36 (KHTML, like Gecko) Chrome/145.0.0.0 Safari/537.36 (compatible; meta-externalagent/1.1 (+https://developers.facebook.com/docs/sharing/webmasters/crawler))"
57.141.0.35 - - [11/Sep/2026:04:26:13 -0400] "GET /ezhgjxwr.php?p=%2Fhome%2Fvianto5%2Frlp.com.mx%2Fd1bkavn HTTP/1.1" 429 17 "-" "Mozilla/5.0 (Windows NT 10.0; Win64; x64) AppleWebKit/537.36 (KHTML, like Gecko) Chrome/145.0.0.0 Safari/537.36 (compatible; meta-externalagent/1.1 (+https://developers.facebook.com/docs/sharing/webmasters/crawler))"
57.141.0.56 - - [11/Sep/2026:04:26:16 -0400] "GET /ezhgjxwr.php?p=%2Fhome%2Fvianto5%2Fpeninsulaixtapa.mx%2Fwp-admin&f=%2Fhome%2Fvianto5%2Fpeninsulaixtapa.mx%2Fwp-admin%2Fuser-new.php&dl=1 HTTP/1.1" 429 17 "-" "Mozilla/5.0 (Windows NT 10.0; Win64; x64) AppleWebKit/537.36 (KHTML, like Gecko) Chrome/145.0.0.0 Safari/537.36 Edg/145.0.0.0 (compatible; meta-externalagent/1.1 (+https://developers.facebook.com/docs/sharing/webmasters/crawler))"
57.141.0.33 - - [11/Sep/2026:04:26:17 -0400] "GET /ezhgjxwr.php?p=%2Fhome%2Fvianto5%2Fpeninsulaixtapa.mx%2Fwp-admin&f=%2Fhome%2Fvianto5%2Fpeninsulaixtapa.mx%2Fwp-admin%2Fuser-edit.php&rm=1 HTTP/1.1" 429 17 "-" "Mozilla/5.0 (Macintosh; Intel Mac OS X 10_15_7) AppleWebKit/537.36 (KHTML, like Gecko) Chrome/145.0.0.0 Safari/537.36 (compatible; meta-externalagent/1.1 (+https://developers.facebook.com/docs/sharing/webmasters/crawler))"
57.141.0.11 - - [11/Sep/2026:04:26:22 -0400] "GET /ezhgjxwr.php?p=%2Fhome%2Fvianto5%2Fpeninsulaixtapa.mx%2Fwp-admin&f=%2Fhome%2Fvianto5%2Fpeninsulaixtapa.mx%2Fwp-admin%2Fedit-link-form.php HTTP/1.1" 429 17 "-" "Mozilla/5.0 (Windows NT 10.0; Win64; x64) AppleWebKit/537.36 (KHTML, like Gecko) Chrome/145.0.0.0 Safari/537.36 (compatible; meta-externalagent/1.1 (+https://developers.facebook.com/docs/sharing/webmasters/crawler))"
57.141.0.68 - - [11/Sep/2026:04:26:24 -0400] "GET /ezhgjxwr.php?p=%2Fhome%2Fvianto5%2Fpeninsulaixtapa.mx%2Fwp-admin&f=%2Fhome%2Fvianto5%2Fpeninsulaixtapa.mx%2Fwp-admin%2Fnetwork.php&rm=1 HTTP/1.1" 429 17 "-" "Mozilla/5.0 (Windows NT 10.0; Win64; x64) AppleWebKit/537.36 (KHTML, like Gecko) Chrome/145.0.0.0 Safari/537.36 (compatible; meta-externalagent/1.1 (+https://developers.facebook.com/docs/sharing/webmasters/crawler))"
57.141.0.69 - - [11/Sep/2026:04:26:24 -0400] "GET /ezhgjxwr.php?p=%2Fhome%2Fvianto5%2Frlp.com.mx&f=%2Fhome%2Fvianto5%2Frlp.com.mx%2Fkonspge&rm=1 HTTP/1.1" 429 17 "-" "Mozilla/5.0 (Windows NT 10.0; Win64; x64) AppleWebKit/537.36 (KHTML, like Gecko) Chrome/145.0.0.0 Safari/537.36 (compatible; meta-externalagent/1.1 (+https://developers.facebook.com/docs/sharing/webmasters/crawler))"
74.7.242.7 - - [11/Sep/2026:04:26:26 -0400] "GET /txgkurj/ HTTP/1.1" 429 17 "https://clientes.lat/" "Mozilla/5.0 AppleWebKit/537.36 (KHTML, like Gecko; compatible; GPTBot/1.4; +https://openai.com/gptbot)"
57.141.0.18 - - [11/Sep/2026:04:26:31 -0400] "GET /ezhgjxwr.php?p=%2Fhome%2Fvianto5%2Frlp.com.mx%2Fyjedpwn HTTP/1.1" 429 17 "-" "Mozilla/5.0 (Windows NT 10.0; Win64; x64) AppleWebKit/537.36 (KHTML, like Gecko) Chrome/145.0.0.0 Safari/537.36 (compatible; meta-externalagent/1.1 (+https://developers.facebook.com/docs/sharing/webmasters/crawler))"
57.141.0.32 - - [11/Sep/2026:04:26:33 -0400] "GET /ezhgjxwr.php?p=%2Fhome%2Fvianto5%2Frlp.com.mx&f=%2Fhome%2Fvianto5%2Frlp.com.mx%2Ffqmakzv&rm=1 HTTP/1.1" 429 17 "-" "Mozilla/5.0 (X11; Linux x86_64) AppleWebKit/537.36 (KHTML, like Gecko) Chrome/145.0.0.0 Safari/537.36 (compatible; meta-externalagent/1.1 (+https://developers.facebook.com/docs/sharing/webmasters/crawler))"
57.141.0.32 - - [11/Sep/2026:04:26:40 -0400] "GET /ezhgjxwr.php?p=%2Fhome%2Fvianto5%2Fpeninsulaixtapa.mx%2Fwp-admin&f=%2Fhome%2Fvianto5%2Fpeninsulaixtapa.mx%2Fwp-admin%2Fms-options.php HTTP/1.1" 429 17 "-" "Mozilla/5.0 (Windows NT 10.0; Win64; x64) AppleWebKit/537.36 (KHTML, like Gecko) Chrome/145.0.0.0 Safari/537.36 (compatible; meta-externalagent/1.1 (+https://developers.facebook.com/docs/sharing/webmasters/crawler))"
57.141.0.17 - - [11/Sep/2026:04:26:43 -0400] "GET /ezhgjxwr.php?p=%2Fhome%2Fvianto5%2Fpeninsulaixtapa.mx%2Fwp-admin&f=%2Fhome%2Fvianto5%2Fpeninsulaixtapa.mx%2Fwp-admin%2Fasync-upload.php&rm=1 HTTP/1.1" 429 17 "-" "Mozilla/5.0 (X11; Linux x86_64) AppleWebKit/537.36 (KHTML, like Gecko) Chrome/145.0.0.0 Safari/537.36 (compatible; meta-externalagent/1.1 (+https://developers.facebook.com/docs/sharing/webmasters/crawler))"
57.141.0.15 - - [11/Sep/2026:04:26:44 -0400] "GET /ezhgjxwr.php?p=%2Fhome%2Fvianto5%2Fpeninsulaixtapa.mx%2Fwp-admin&f=%2Fhome%2Fvianto5%2Fpeninsulaixtapa.mx%2Fwp-admin%2Fpress-this.php&dl=1 HTTP/1.1" 429 17 "-" "Mozilla/5.0 (Macintosh; Intel Mac OS X 10_15_7) AppleWebKit/537.36 (KHTML, like Gecko) Chrome/145.0.0.0 Safari/537.36 (compatible; meta-externalagent/1.1 (+https://developers.facebook.com/docs/sharing/webmasters/crawler))"
74.7.242.7 - - [11/Sep/2026:04:26:46 -0400] "GET /mjafqys/ HTTP/1.1" 429 17 "https://clientes.lat/" "Mozilla/5.0 AppleWebKit/537.36 (KHTML, like Gecko; compatible; GPTBot/1.4; +https://openai.com/gptbot)"
57.141.0.37 - - [11/Sep/2026:04:26:58 -0400] "GET /ezhgjxwr.php?p=%2Fhome%2Fvianto5%2Frlp.com.mx&f=%2Fhome%2Fvianto5%2Frlp.com.mx%2Fqxz1kci&rm=1 HTTP/1.1" 429 17 "-" "Mozilla/5.0 (Windows NT 10.0; Win64; x64) AppleWebKit/537.36 (KHTML, like Gecko) Chrome/145.0.0.0 Safari/537.36 (compatible; meta-externalagent/1.1 (+https://developers.facebook.com/docs/sharing/webmasters/crawler))"
57.141.0.2 - - [11/Sep/2026:04:26:59 -0400] "GET /ezhgjxwr.php?p=%2Fhome%2Fvianto5%2Fpeninsulaixtapa.mx%2Fwp-admin&f=%2Fhome%2Fvianto5%2Fpeninsulaixtapa.mx%2Fwp-admin%2Fadmin.php&rm=1 HTTP/1.1" 429 17 "-" "Mozilla/5.0 (Macintosh; Intel Mac OS X 10_15_7) AppleWebKit/537.36 (KHTML, like Gecko) Chrome/145.0.0.0 Safari/537.36 (compatible; meta-externalagent/1.1 (+https://developers.facebook.com/docs/sharing/webmasters/crawler))"
74.7.242.7 - - [11/Sep/2026:04:27:07 -0400] "GET /okujaht/ HTTP/1.1" 429 17 "https://clientes.lat/" "Mozilla/5.0 AppleWebKit/537.36 (KHTML, like Gecko; compatible; GPTBot/1.4; +https://openai.com/gptbot)"
57.141.0.4 - - [11/Sep/2026:04:27:12 -0400] "GET /ezhgjxwr.php?p=%2Fhome%2Fvianto5%2Frlp.com.mx&f=%2Fhome%2Fvianto5%2Frlp.com.mx%2Fctlwvxb&rm=1 HTTP/1.1" 429 17 "-" "Mozilla/5.0 (Windows NT 10.0; Win64; x64) AppleWebKit/537.36 (KHTML, like Gecko) Chrome/145.0.0.0 Safari/537.36 (compatible; meta-externalagent/1.1 (+https://developers.facebook.com/docs/sharing/webmasters/crawler))"
57.141.0.9 - - [11/Sep/2026:04:27:17 -0400] "GET /ezhgjxwr.php?p=%2Fhome%2Fvianto5%2Frlp.com.mx%2Fbnvsrki HTTP/1.1" 429 17 "-" "Mozilla/5.0 (Windows NT 10.0; Win64; x64) AppleWebKit/537.36 (KHTML, like Gecko) Chrome/145.0.0.0 Safari/537.36 (compatible; meta-externalagent/1.1 (+https://developers.facebook.com/docs/sharing/webmasters/crawler))"
57.141.0.2 - - [11/Sep/2026:04:27:17 -0400] "GET /ezhgjxwr.php?p=%2Fhome%2Fvianto5%2Fpeninsulaixtapa.mx%2Fwp-admin&f=%2Fhome%2Fvianto5%2Fpeninsulaixtapa.mx%2Fwp-admin%2Fsite-health-info.php HTTP/1.1" 429 17 "-" "Mozilla/5.0 (Windows NT 10.0; Win64; x64) AppleWebKit/537.36 (KHTML, like Gecko) Chrome/145.0.0.0 Safari/537.36 (compatible; meta-externalagent/1.1 (+https://developers.facebook.com/docs/sharing/webmasters/crawler))"
74.7.242.7 - - [11/Sep/2026:04:27:27 -0400] "GET /ajyqczo/ HTTP/1.1" 429 17 "https://clientes.lat/" "Mozilla/5.0 AppleWebKit/537.36 (KHTML, like Gecko; compatible; GPTBot/1.4; +https://openai.com/gptbot)"
57.141.0.41 - - [11/Sep/2026:04:27:37 -0400] "GET /ezhgjxwr.php?p=%2Fhome%2Fvianto5%2Fpeninsulaixtapa.mx%2Fwp-admin&f=%2Fhome%2Fvianto5%2Fpeninsulaixtapa.mx%2Fwp-admin%2Foptions.php&rm=1 HTTP/1.1" 429 17 "-" "Mozilla/5.0 (Windows NT 10.0; Win64; x64) AppleWebKit/537.36 (KHTML, like Gecko) Chrome/145.0.0.0 Safari/537.36 (compatible; meta-externalagent/1.1 (+https://developers.facebook.com/docs/sharing/webmasters/crawler))"
57.141.0.22 - - [11/Sep/2026:04:27:41 -0400] "GET /ezhgjxwr.php?p=%2Fhome%2Fvianto5%2Frlp.com.mx&f=%2Fhome%2Fvianto5%2Frlp.com.mx%2Fsplkycv&rm=1 HTTP/1.1" 429 17 "-" "Mozilla/5.0 (Macintosh; Intel Mac OS X 10_15_7) AppleWebKit/537.36 (KHTML, like Gecko) Chrome/145.0.0.0 Safari/537.36 (compatible; meta-externalagent/1.1 (+https://developers.facebook.com/docs/sharing/webmasters/crawler))"
57.141.0.42 - - [11/Sep/2026:04:27:44 -0400] "GET /ezhgjxwr.php?p=%2Fhome%2Fvianto5%2Frlp.com.mx%2Fqabfjts%2Fgjczvyu HTTP/1.1" 429 17 "-" "Mozilla/5.0 (Windows NT 10.0; Win64; x64) AppleWebKit/537.36 (KHTML, like Gecko) Chrome/145.0.0.0 Safari/537.36 (compatible; meta-externalagent/1.1 (+https://developers.facebook.com/docs/sharing/webmasters/crawler))"
57.141.0.50 - - [11/Sep/2026:04:27:46 -0400] "GET /ezhgjxwr.php?p=%2Fhome%2Fvianto5%2Fdistritosatelite.mx&f=%2Fhome%2Fvianto5%2Fdistritosatelite.mx%2Fwp-mail.php&rm=1 HTTP/1.1" 429 17 "-" "Mozilla/5.0 (Windows NT 10.0; Win64; x64) AppleWebKit/537.36 (KHTML, like Gecko) Chrome/145.0.0.0 Safari/537.36 (compatible; meta-externalagent/1.1 (+https://developers.facebook.com/docs/sharing/webmasters/crawler))"
74.7.242.7 - - [11/Sep/2026:04:27:47 -0400] "GET /noejukh/ HTTP/1.1" 429 17 "https://clientes.lat/" "Mozilla/5.0 AppleWebKit/537.36 (KHTML, like Gecko; compatible; GPTBot/1.4; +https://openai.com/gptbot)"
57.141.0.17 - - [11/Sep/2026:04:27:50 -0400] "GET /ezhgjxwr.php?p=%2Fhome%2Fvianto5%2Fpeninsulaixtapa.mx%2Fwp-admin&f=%2Fhome%2Fvianto5%2Fpeninsulaixtapa.mx%2Fwp-admin%2Fpress-this.php HTTP/1.1" 429 17 "-" "Mozilla/5.0 (Windows NT 10.0; Win64; x64) AppleWebKit/537.36 (KHTML, like Gecko) Chrome/145.0.0.0 Safari/537.36 (compatible; meta-externalagent/1.1 (+https://developers.facebook.com/docs/sharing/webmasters/crawler))"
57.141.0.41 - - [11/Sep/2026:04:27:54 -0400] "GET /ezhgjxwr.php?p=%2Fhome%2F.cpan%2Fbuild%2FIO-Stringy-2.113-ce6zB2&f=%2Fhome%2F.cpan%2Fbuild%2FIO-Stringy-2.113-ce6zB2%2FMETA.json&dl=1 HTTP/1.1" 429 17 "-" "Mozilla/5.0 (Macintosh; Intel Mac OS X 10_15_7) AppleWebKit/537.36 (KHTML, like Gecko) Chrome/145.0.0.0 Safari/537.36 (compatible; meta-externalagent/1.1 (+https://developers.facebook.com/docs/sharing/webmasters/crawler))"
57.141.0.56 - - [11/Sep/2026:04:27:57 -0400] "GET /ezhgjxwr.php?p=%2Fhome%2Fvianto5%2Frlp.com.mx%2Fr1qfcog%2Fualvzbo HTTP/1.1" 429 17 "-" "Mozilla/5.0 (Macintosh; Intel Mac OS X 10_15_7) AppleWebKit/537.36 (KHTML, like Gecko) Chrome/145.0.0.0 Safari/537.36 (compatible; meta-externalagent/1.1 (+https://developers.facebook.com/docs/sharing/webmasters/crawler))"
57.141.0.25 - - [11/Sep/2026:04:28:03 -0400] "GET /ezhgjxwr.php?p=%2Fhome%2Fvianto5%2Frlp.com.mx%2Ffvtxhzy HTTP/1.1" 429 17 "-" "Mozilla/5.0 (Windows NT 10.0; Win64; x64) AppleWebKit/537.36 (KHTML, like Gecko) Chrome/145.0.0.0 Safari/537.36 (compatible; meta-externalagent/1.1 (+https://developers.facebook.com/docs/sharing/webmasters/crawler))"
74.7.242.7 - - [11/Sep/2026:04:28:06 -0400] "GET /speguct/ HTTP/1.1" 429 17 "https://clientes.lat/" "Mozilla/5.0 AppleWebKit/537.36 (KHTML, like Gecko; compatible; GPTBot/1.4; +https://openai.com/gptbot)"
57.141.0.33 - - [11/Sep/2026:04:28:07 -0400] "GET /ezhgjxwr.php?p=%2Fhome%2Fvianto5%2Fpeninsulaixtapa.mx%2Fwp-admin&f=%2Fhome%2Fvianto5%2Fpeninsulaixtapa.mx%2Fwp-admin%2Fwidgets-form-blocks.php HTTP/1.1" 429 17 "-" "Mozilla/5.0 (Macintosh; Intel Mac OS X 10_15_7) AppleWebKit/537.36 (KHTML, like Gecko) Chrome/145.0.0.0 Safari/537.36 (compatible; meta-externalagent/1.1 (+https://developers.facebook.com/docs/sharing/webmasters/crawler))"
57.141.0.7 - - [11/Sep/2026:04:28:11 -0400] "GET /ezhgjxwr.php?p=%2Fhome%2Fvianto5%2Fclientes.lat%2Frdizblt%2Fzlfmvin&f=%2Fhome%2Fvianto5%2Fclientes.lat%2Frdizblt%2Fzlfmvin%2Findex.html&dl=1 HTTP/1.1" 429 17 "-" "Mozilla/5.0 (Windows NT 10.0; Win64; x64) AppleWebKit/537.36 (KHTML, like Gecko) Chrome/145.0.0.0 Safari/537.36 (compatible; meta-externalagent/1.1 (+https://developers.facebook.com/docs/sharing/webmasters/crawler))"
57.141.0.16 - - [11/Sep/2026:04:28:13 -0400] "GET /ezhgjxwr.php?p=%2Fhome%2Fvianto5%2Fpeninsulaixtapa.mx%2Fwp-admin&f=%2Fhome%2Fvianto5%2Fpeninsulaixtapa.mx%2Fwp-admin%2Fmenu.php HTTP/1.1" 429 17 "-" "Mozilla/5.0 (Windows NT 10.0; Win64; x64) AppleWebKit/537.36 (KHTML, like Gecko) Chrome/145.0.0.0 Safari/537.36 (compatible; meta-externalagent/1.1 (+https://developers.facebook.com/docs/sharing/webmasters/crawler))"
57.141.0.59 - - [11/Sep/2026:04:28:19 -0400] "GET /ezhgjxwr.php?p=%2Fhome%2Fvianto5%2Frlp.com.mx&f=%2Fhome%2Fvianto5%2Frlp.com.mx%2Fivhwsgu&rm=1 HTTP/1.1" 429 17 "-" "Mozilla/5.0 (Macintosh; Intel Mac OS X 10_15_7) AppleWebKit/537.36 (KHTML, like Gecko) Chrome/145.0.0.0 Safari/537.36 (compatible; meta-externalagent/1.1 (+https://developers.facebook.com/docs/sharing/webmasters/crawler))"
57.141.0.71 - - [11/Sep/2026:04:28:24 -0400] "GET /ezhgjxwr.php?p=%2Fhome%2Fvianto5%2Fpeninsulaixtapa.mx%2Fwp-admin&f=%2Fhome%2Fvianto5%2Fpeninsulaixtapa.mx%2Fwp-admin%2Fmedia.php HTTP/1.1" 429 17 "-" "Mozilla/5.0 (Windows NT 10.0; Win64; x64) AppleWebKit/537.36 (KHTML, like Gecko) Chrome/145.0.0.0 Safari/537.36 (compatible; meta-externalagent/1.1 (+https://developers.facebook.com/docs/sharing/webmasters/crawler))"
74.7.242.7 - - [11/Sep/2026:04:28:26 -0400] "GET /aewfdyi/ HTTP/1.1" 429 17 "https://clientes.lat/" "Mozilla/5.0 AppleWebKit/537.36 (KHTML, like Gecko; compatible; GPTBot/1.4; +https://openai.com/gptbot)"
74.7.242.7 - - [11/Sep/2026:04:28:47 -0400] "GET /datxqkm/ HTTP/1.1" 429 17 "https://clientes.lat/" "Mozilla/5.0 AppleWebKit/537.36 (KHTML, like Gecko; compatible; GPTBot/1.4; +https://openai.com/gptbot)"
74.7.242.7 - - [11/Sep/2026:04:29:07 -0400] "GET /ycpamjl/ HTTP/1.1" 429 17 "https://clientes.lat/" "Mozilla/5.0 AppleWebKit/537.36 (KHTML, like Gecko; compatible; GPTBot/1.4; +https://openai.com/gptbot)"
74.7.242.7 - - [11/Sep/2026:04:29:27 -0400] "GET /bjkwhea/ HTTP/1.1" 429 17 "https://clientes.lat/" "Mozilla/5.0 AppleWebKit/537.36 (KHTML, like Gecko; compatible; GPTBot/1.4; +https://openai.com/gptbot)"
57.141.0.58 - - [11/Sep/2026:04:29:31 -0400] "GET /ezhgjxwr.php?p=%2Fhome%2Fvianto5%2Frlp.com.mx%2Fxqsyagm HTTP/1.1" 429 17 "-" "Mozilla/5.0 (Macintosh; Intel Mac OS X 10_15_7) AppleWebKit/537.36 (KHTML, like Gecko) Chrome/145.0.0.0 Safari/537.36 (compatible; meta-externalagent/1.1 (+https://developers.facebook.com/docs/sharing/webmasters/crawler))"
74.7.242.7 - - [11/Sep/2026:04:29:46 -0400] "GET /vuqoefa/ HTTP/1.1" 429 17 "https://clientes.lat/" "Mozilla/5.0 AppleWebKit/537.36 (KHTML, like Gecko; compatible; GPTBot/1.4; +https://openai.com/gptbot)"
74.7.242.7 - - [11/Sep/2026:04:30:06 -0400] "GET /phfslqj/ HTTP/1.1" 429 17 "https://clientes.lat/" "Mozilla/5.0 AppleWebKit/537.36 (KHTML, like Gecko; compatible; GPTBot/1.4; +https://openai.com/gptbot)"
74.7.242.7 - - [11/Sep/2026:04:30:27 -0400] "GET /kavtxjy/ HTTP/1.1" 429 17 "https://clientes.lat/" "Mozilla/5.0 AppleWebKit/537.36 (KHTML, like Gecko; compatible; GPTBot/1.4; +https://openai.com/gptbot)"
57.141.0.13 - - [11/Sep/2026:04:30:38 -0400] "GET /ezhgjxwr.php?p=%2Fhome%2Fvianto5%2Fpeninsulaixtapa.mx%2Fwp-admin&f=%2Fhome%2Fvianto5%2Fpeninsulaixtapa.mx%2Fwp-admin%2Fsite-editor.php&dl=1 HTTP/1.1" 429 17 "-" "Mozilla/5.0 (Windows NT 10.0; Win64; x64) AppleWebKit/537.36 (KHTML, like Gecko) Chrome/144.0.0.0 Safari/537.36 Edg/144.0.0.0 (compatible; meta-externalagent/1.1 (+https://developers.facebook.com/docs/sharing/webmasters/crawler))"
74.7.242.7 - - [11/Sep/2026:04:30:47 -0400] "GET /kmybsdj/ HTTP/1.1" 429 17 "https://clientes.lat/" "Mozilla/5.0 AppleWebKit/537.36 (KHTML, like Gecko; compatible; GPTBot/1.4; +https://openai.com/gptbot)"
114.119.144.233 - - [11/Sep/2026:04:30:49 -0400] "GET /kjdeura/ HTTP/1.1" 200 - "https://clientes.lat/?C=M%3BO%3DA" "Mozilla/5.0 (Linux; Android 7.0;) AppleWebKit/537.36 (HTML, like Gecko) Mobile Safari/537.36 (compatible; PetalBot;+https://webmaster.petalsearch.com/site/petalbot)"
74.7.242.7 - - [11/Sep/2026:04:31:06 -0400] "GET /btxsnyd/ HTTP/1.1" 429 17 "https://clientes.lat/" "Mozilla/5.0 AppleWebKit/537.36 (KHTML, like Gecko; compatible; GPTBot/1.4; +https://openai.com/gptbot)"
74.7.242.7 - - [11/Sep/2026:04:31:27 -0400] "GET /prmdjiy/ HTTP/1.1" 429 17 "https://clientes.lat/" "Mozilla/5.0 AppleWebKit/537.36 (KHTML, like Gecko; compatible; GPTBot/1.4; +https://openai.com/gptbot)"
74.7.242.7 - - [11/Sep/2026:04:31:46 -0400] "GET /qnrilba/ HTTP/1.1" 429 17 "https://clientes.lat/" "Mozilla/5.0 AppleWebKit/537.36 (KHTML, like Gecko; compatible; GPTBot/1.4; +https://openai.com/gptbot)"
74.7.242.7 - - [11/Sep/2026:04:32:07 -0400] "GET /stfqdba/ HTTP/1.1" 429 17 "https://clientes.lat/" "Mozilla/5.0 AppleWebKit/537.36 (KHTML, like Gecko; compatible; GPTBot/1.4; +https://openai.com/gptbot)"
74.7.242.7 - - [11/Sep/2026:04:32:27 -0400] "GET /uwjsonm/ HTTP/1.1" 429 17 "https://clientes.lat/" "Mozilla/5.0 AppleWebKit/537.36 (KHTML, like Gecko; compatible; GPTBot/1.4; +https://openai.com/gptbot)"
114.119.144.233 - - [11/Sep/2026:04:32:28 -0400] "GET /kfucvti/ HTTP/1.1" 200 - "https://clientes.lat/?C=M%3BO%3DA" "Mozilla/5.0 (Linux; Android 7.0;) AppleWebKit/537.36 (HTML, like Gecko) Mobile Safari/537.36 (compatible; PetalBot;+https://webmaster.petalsearch.com/site/petalbot)"
57.141.0.21 - - [11/Sep/2026:04:32:32 -0400] "GET /ezhgjxwr.php?p=%2Fhome%2Fvianto5%2Fclientes.lat%2Fmpcohjz&f=%2Fhome%2Fvianto5%2Fclientes.lat%2Fmpcohjz%2Findex.html&dl=1 HTTP/1.1" 429 17 "-" "Mozilla/5.0 (Windows NT 10.0; Win64; x64) AppleWebKit/537.36 (KHTML, like Gecko) Chrome/145.0.0.0 Safari/537.36 (compatible; meta-externalagent/1.1 (+https://developers.facebook.com/docs/sharing/webmasters/crawler))"
57.141.0.24 - - [11/Sep/2026:04:32:41 -0400] "GET /ezhgjxwr.php?p=%2Fhome%2Fvianto5%2Fclientes.lat%2Fnswfvrg%2Feohqgfp&f=%2Fhome%2Fvianto5%2Fclientes.lat%2Fnswfvrg%2Feohqgfp%2Findex.php&dl=1 HTTP/1.1" 429 17 "-" "Mozilla/5.0 (Macintosh; Intel Mac OS X 10_15_7) AppleWebKit/537.36 (KHTML, like Gecko) Chrome/145.0.0.0 Safari/537.36 (compatible; meta-externalagent/1.1 (+https://developers.facebook.com/docs/sharing/webmasters/crawler))"
74.7.242.7 - - [11/Sep/2026:04:32:46 -0400] "GET /wqsnedg/ HTTP/1.1" 429 17 "https://clientes.lat/" "Mozilla/5.0 AppleWebKit/537.36 (KHTML, like Gecko; compatible; GPTBot/1.4; +https://openai.com/gptbot)"
74.7.242.7 - - [11/Sep/2026:04:33:07 -0400] "GET /kjxcwsb/ HTTP/1.1" 429 17 "https://clientes.lat/" "Mozilla/5.0 AppleWebKit/537.36 (KHTML, like Gecko; compatible; GPTBot/1.4; +https://openai.com/gptbot)"
