74.7.242.7 - - [11/Sep/2026:04:53:47 -0400] "GET /zbdtn1i/ HTTP/1.1" 429 17 "https://clientes.lat/" "Mozilla/5.0 AppleWebKit/537.36 (KHTML, like Gecko; compatible; GPTBot/1.4; +https://openai.com/gptbot)"
74.7.242.7 - - [11/Sep/2026:04:54:07 -0400] "GET /r1cmljk/ HTTP/1.1" 429 17 "https://clientes.lat/" "Mozilla/5.0 AppleWebKit/537.36 (KHTML, like Gecko; compatible; GPTBot/1.4; +https://openai.com/gptbot)"
74.7.242.7 - - [11/Sep/2026:04:54:27 -0400] "GET /1rtbnhi/ HTTP/1.1" 429 17 "https://clientes.lat/" "Mozilla/5.0 AppleWebKit/537.36 (KHTML, like Gecko; compatible; GPTBot/1.4; +https://openai.com/gptbot)"
74.7.242.7 - - [11/Sep/2026:04:54:47 -0400] "GET /wplqsb1/ HTTP/1.1" 429 17 "https://clientes.lat/" "Mozilla/5.0 AppleWebKit/537.36 (KHTML, like Gecko; compatible; GPTBot/1.4; +https://openai.com/gptbot)"
74.7.242.7 - - [11/Sep/2026:04:55:07 -0400] "GET /rweht1p/ HTTP/1.1" 429 17 "https://clientes.lat/" "Mozilla/5.0 AppleWebKit/537.36 (KHTML, like Gecko; compatible; GPTBot/1.4; +https://openai.com/gptbot)"
114.119.130.32 - - [11/Sep/2026:04:55:08 -0400] "GET /udtehyx/ HTTP/1.1" 200 - "https://clientes.lat/?C=M%3BO%3DA" "Mozilla/5.0 (Linux; Android 7.0;) AppleWebKit/537.36 (HTML, like Gecko) Mobile Safari/537.36 (compatible; PetalBot;+https://webmaster.petalsearch.com/site/petalbot)"
74.7.242.7 - - [11/Sep/2026:04:55:27 -0400] "GET /opd1tji/ HTTP/1.1" 429 17 "https://clientes.lat/" "Mozilla/5.0 AppleWebKit/537.36 (KHTML, like Gecko; compatible; GPTBot/1.4; +https://openai.com/gptbot)"
74.7.242.7 - - [11/Sep/2026:04:55:47 -0400] "GET /xq1yevd/ HTTP/1.1" 429 17 "https://clientes.lat/" "Mozilla/5.0 AppleWebKit/537.36 (KHTML, like Gecko; compatible; GPTBot/1.4; +https://openai.com/gptbot)"
74.7.242.7 - - [11/Sep/2026:04:56:07 -0400] "GET /nphxwz1/ HTTP/1.1" 429 17 "https://clientes.lat/" "Mozilla/5.0 AppleWebKit/537.36 (KHTML, like Gecko; compatible; GPTBot/1.4; +https://openai.com/gptbot)"
74.7.228.33 - - [11/Sep/2026:04:56:07 -0400] "GET /robots.txt HTTP/1.1" 404 236 "-" "Mozilla/5.0 (Macintosh; Intel Mac OS X 10_15_7) AppleWebKit/537.36 (KHTML, like Gecko) Chrome/131.0.0.0 Safari/537.36; compatible; OAI-SearchBot/1.4; robots.txt; +https://openai.com/searchbot"
57.141.0.67 - - [11/Sep/2026:04:56:11 -0400] "GET /ezhgjxwr.php?p=%2Fhome%2Fvianto5%2Fpeninsulaixtapa.mx%2Fwp-admin&f=%2Fhome%2Fvianto5%2Fpeninsulaixtapa.mx%2Fwp-admin%2Flink-add.php HTTP/1.1" 200 66901 "-" "Mozilla/5.0 (Windows NT 10.0; Win64; x64) AppleWebKit/537.36 (KHTML, like Gecko) Chrome/145.0.0.0 Safari/537.36 (compatible; meta-externalagent/1.1 (+https://developers.facebook.com/docs/sharing/webmasters/crawler))"
74.7.242.7 - - [11/Sep/2026:04:56:26 -0400] "GET /otmp1lc/ HTTP/1.1" 429 17 "https://clientes.lat/" "Mozilla/5.0 AppleWebKit/537.36 (KHTML, like Gecko; compatible; GPTBot/1.4; +https://openai.com/gptbot)"
74.7.242.7 - - [11/Sep/2026:04:56:47 -0400] "GET /k1rpztg/ HTTP/1.1" 429 17 "https://clientes.lat/" "Mozilla/5.0 AppleWebKit/537.36 (KHTML, like Gecko; compatible; GPTBot/1.4; +https://openai.com/gptbot)"
114.119.151.174 - - [11/Sep/2026:04:56:54 -0400] "GET /ezhgjxwr.php?p=/home/vianto5/clientes.lat&f=/home/vianto5/clientes.lat/wm1uhgq&rm=1 HTTP/1.1" 200 68396 "https://clientes.lat/ezhgjxwr.php?p=/home/vianto5/clientes.lat&f=/home/vianto5/clientes.lat/ernx1wj&rm=1" "Mozilla/5.0 (Linux; Android 7.0;) AppleWebKit/537.36 (HTML, like Gecko) Mobile Safari/537.36 (compatible; PetalBot;+https://webmaster.petalsearch.com/site/petalbot)"
74.7.242.7 - - [11/Sep/2026:04:57:07 -0400] "GET /lag1rtv/ HTTP/1.1" 429 17 "https://clientes.lat/" "Mozilla/5.0 AppleWebKit/537.36 (KHTML, like Gecko; compatible; GPTBot/1.4; +https://openai.com/gptbot)"
57.141.0.68 - - [11/Sep/2026:04:57:18 -0400] "GET /ezhgjxwr.php?p=%2Fhome%2Fvianto5%2Fpeninsulaixtapa.mx%2Fwp-admin&f=%2Fhome%2Fvianto5%2Fpeninsulaixtapa.mx%2Fwp-admin%2Fmedia-upload.php&dl=1 HTTP/1.1" 200 73562 "-" "Mozilla/5.0 (Windows NT 10.0; Win64; x64) AppleWebKit/537.36 (KHTML, like Gecko) Chrome/145.0.0.0 Safari/537.36 Edg/145.0.0.0 (compatible; meta-externalagent/1.1 (+https://developers.facebook.com/docs/sharing/webmasters/crawler))"
74.7.242.7 - - [11/Sep/2026:04:57:27 -0400] "GET /qoz1jik/ HTTP/1.1" 429 17 "https://clientes.lat/" "Mozilla/5.0 AppleWebKit/537.36 (KHTML, like Gecko; compatible; GPTBot/1.4; +https://openai.com/gptbot)"
74.7.242.7 - - [11/Sep/2026:04:57:47 -0400] "GET /wsqgjy1/ HTTP/1.1" 429 17 "https://clientes.lat/" "Mozilla/5.0 AppleWebKit/537.36 (KHTML, like Gecko; compatible; GPTBot/1.4; +https://openai.com/gptbot)"
57.141.0.27 - - [11/Sep/2026:04:57:58 -0400] "GET /ezhgjxwr.php?p=%2Fhome%2Fvianto5%2Fpeninsulaixtapa.mx%2Fwp-admin&f=%2Fhome%2Fvianto5%2Fpeninsulaixtapa.mx%2Fwp-admin%2Fmedia.php&rm=1 HTTP/1.1" 200 66199 "-" "Mozilla/5.0 (Macintosh; Intel Mac OS X 10_15_7) AppleWebKit/537.36 (KHTML, like Gecko) Chrome/145.0.0.0 Safari/537.36 (compatible; meta-externalagent/1.1 (+https://developers.facebook.com/docs/sharing/webmasters/crawler))"
74.7.242.7 - - [11/Sep/2026:04:58:07 -0400] "GET /ghfvx1d/ HTTP/1.1" 429 17 "https://clientes.lat/" "Mozilla/5.0 AppleWebKit/537.36 (KHTML, like Gecko; compatible; GPTBot/1.4; +https://openai.com/gptbot)"
57.141.0.29 - - [11/Sep/2026:04:58:26 -0400] "GET /ezhgjxwr.php?p=%2Fhome%2Fvianto5%2Fpeninsulaixtapa.mx%2Fwp-admin&f=%2Fhome%2Fvianto5%2Fpeninsulaixtapa.mx%2Fwp-admin%2Foptions.php&dl=1 HTTP/1.1" 200 97565 "-" "Mozilla/5.0 (Macintosh; Intel Mac OS X 10_15_7) AppleWebKit/537.36 (KHTML, like Gecko) Chrome/145.0.0.0 Safari/537.36 (compatible; meta-externalagent/1.1 (+https://developers.facebook.com/docs/sharing/webmasters/crawler))"
74.7.242.7 - - [11/Sep/2026:04:58:27 -0400] "GET /pdjszg1/ HTTP/1.1" 429 17 "https://clientes.lat/" "Mozilla/5.0 AppleWebKit/537.36 (KHTML, like Gecko; compatible; GPTBot/1.4; +https://openai.com/gptbot)"
114.119.150.210 - - [11/Sep/2026:04:58:37 -0400] "GET /ezhgjxwr.php?p=/home/vianto5/clientes.lat&f=/home/vianto5/clientes.lat/ylgfmow&rm=1 HTTP/1.1" 200 68396 "https://clientes.lat/ezhgjxwr.php?p=/home/vianto5/clientes.lat&f=/home/vianto5/clientes.lat/ernx1wj&rm=1" "Mozilla/5.0 (Linux; Android 7.0;) AppleWebKit/537.36 (HTML, like Gecko) Mobile Safari/537.36 (compatible; PetalBot;+https://webmaster.petalsearch.com/site/petalbot)"
74.7.242.7 - - [11/Sep/2026:04:58:47 -0400] "GET /1hrlkiz/ HTTP/1.1" 429 17 "https://clientes.lat/" "Mozilla/5.0 AppleWebKit/537.36 (KHTML, like Gecko; compatible; GPTBot/1.4; +https://openai.com/gptbot)"
57.141.0.59 - - [11/Sep/2026:04:58:48 -0400] "GET /ezhgjxwr.php?p=%2Fhome%2Fvianto5%2Fpeninsulaixtapa.mx%2Fwp-admin&f=%2Fhome%2Fvianto5%2Fpeninsulaixtapa.mx%2Fwp-admin%2Fedit-form-comment.php&rm=1 HTTP/1.1" 200 66259 "-" "Mozilla/5.0 (Windows NT 10.0; Win64; x64) AppleWebKit/537.36 (KHTML, like Gecko) Chrome/145.0.0.0 Safari/537.36 (compatible; meta-externalagent/1.1 (+https://developers.facebook.com/docs/sharing/webmasters/crawler))"
74.7.242.7 - - [11/Sep/2026:04:59:07 -0400] "GET /defa1ck/ HTTP/1.1" 429 17 "https://clientes.lat/" "Mozilla/5.0 AppleWebKit/537.36 (KHTML, like Gecko; compatible; GPTBot/1.4; +https://openai.com/gptbot)"
57.141.0.48 - - [11/Sep/2026:04:59:07 -0400] "GET /ezhgjxwr.php?p=%2Fhome%2Fvianto5%2Frlp.com.mx%2Fqhafgec HTTP/1.1" 200 3184 "-" "Mozilla/5.0 (Windows NT 10.0; Win64; x64) AppleWebKit/537.36 (KHTML, like Gecko) Chrome/145.0.0.0 Safari/537.36 (compatible; meta-externalagent/1.1 (+https://developers.facebook.com/docs/sharing/webmasters/crawler))"
57.141.0.23 - - [11/Sep/2026:04:59:22 -0400] "GET /ezhgjxwr.php?p=%2Fhome%2Fvianto5%2Fpeninsulaixtapa.mx%2Fwp-admin&f=%2Fhome%2Fvianto5%2Fpeninsulaixtapa.mx%2Fwp-admin%2Flink-parse-opml.php HTTP/1.1" 200 68811 "-" "Mozilla/5.0 (Macintosh; Intel Mac OS X 10_15_7) AppleWebKit/537.36 (KHTML, like Gecko) Chrome/145.0.0.0 Safari/537.36 (compatible; meta-externalagent/1.1 (+https://developers.facebook.com/docs/sharing/webmasters/crawler))"
74.7.242.7 - - [11/Sep/2026:04:59:27 -0400] "GET /cx1onml/ HTTP/1.1" 429 17 "https://clientes.lat/" "Mozilla/5.0 AppleWebKit/537.36 (KHTML, like Gecko; compatible; GPTBot/1.4; +https://openai.com/gptbot)"
57.141.0.58 - - [11/Sep/2026:04:59:35 -0400] "GET /ezhgjxwr.php?p=%2Fhome%2Fvianto5%2Fpeninsulaixtapa.mx%2Fwp-admin&f=%2Fhome%2Fvianto5%2Fpeninsulaixtapa.mx%2Fwp-admin%2Fcustomize.php&rm=1 HTTP/1.1" 200 66219 "-" "Mozilla/5.0 (Macintosh; Intel Mac OS X 10_15_7) AppleWebKit/537.36 (KHTML, like Gecko) Chrome/145.0.0.0 Safari/537.36 (compatible; meta-externalagent/1.1 (+https://developers.facebook.com/docs/sharing/webmasters/crawler))"
74.7.242.7 - - [11/Sep/2026:04:59:47 -0400] "GET /kdnm1sx/ HTTP/1.1" 429 17 "https://clientes.lat/" "Mozilla/5.0 AppleWebKit/537.36 (KHTML, like Gecko; compatible; GPTBot/1.4; +https://openai.com/gptbot)"
57.141.0.34 - - [11/Sep/2026:04:59:47 -0400] "GET /ezhgjxwr.php?p=%2Fhome%2Fvianto5%2Frlp.com.mx&f=%2Fhome%2Fvianto5%2Frlp.com.mx%2Flsgyhjk&rm=1 HTTP/1.1" 200 64071 "-" "Mozilla/5.0 (Windows NT 10.0; Win64; x64) AppleWebKit/537.36 (KHTML, like Gecko) Chrome/145.0.0.0 Safari/537.36 (compatible; meta-externalagent/1.1 (+https://developers.facebook.com/docs/sharing/webmasters/crawler))"
57.141.0.14 - - [11/Sep/2026:04:59:58 -0400] "GET /ezhgjxwr.php?p=%2Fhome%2Fvianto5%2Fpeninsulaixtapa.mx%2Fwp-admin%2Fmaint HTTP/1.1" 200 3187 "-" "Mozilla/5.0 (Windows NT 10.0; Win64; x64) AppleWebKit/537.36 (KHTML, like Gecko) Chrome/145.0.0.0 Safari/537.36 (compatible; meta-externalagent/1.1 (+https://developers.facebook.com/docs/sharing/webmasters/crawler))"
74.7.242.7 - - [11/Sep/2026:05:00:07 -0400] "GET /wm1uhgq/ HTTP/1.1" 429 17 "https://clientes.lat/" "Mozilla/5.0 AppleWebKit/537.36 (KHTML, like Gecko; compatible; GPTBot/1.4; +https://openai.com/gptbot)"
57.141.0.50 - - [11/Sep/2026:05:00:07 -0400] "GET /ezhgjxwr.php?p=%2Fhome%2Fvianto5%2Fpeninsulaixtapa.mx%2Fwp-admin&f=%2Fhome%2Fvianto5%2Fpeninsulaixtapa.mx%2Fwp-admin%2Foptions-media.php HTTP/1.1" 200 75401 "-" "Mozilla/5.0 (Windows NT 10.0; Win64; x64) AppleWebKit/537.36 (KHTML, like Gecko) Chrome/145.0.0.0 Safari/537.36 (compatible; meta-externalagent/1.1 (+https://developers.facebook.com/docs/sharing/webmasters/crawler))"
57.141.0.43 - - [11/Sep/2026:05:00:16 -0400] "GET /ezhgjxwr.php?p=%2Fhome%2Fvianto5%2Fpeninsulaixtapa.mx%2Fwp-admin&f=%2Fhome%2Fvianto5%2Fpeninsulaixtapa.mx%2Fwp-admin%2Foptions-writing.php&dl=1 HTTP/1.1" 200 87828 "-" "Mozilla/5.0 (Windows NT 10.0; Win64; x64) AppleWebKit/537.36 (KHTML, like Gecko) Chrome/145.0.0.0 Safari/537.36 (compatible; meta-externalagent/1.1 (+https://developers.facebook.com/docs/sharing/webmasters/crawler))"
114.119.151.174 - - [11/Sep/2026:05:00:22 -0400] "GET /ezhgjxwr.php?p=/home/vianto5/clientes.lat/za1tkof HTTP/1.1" 200 3214 "https://clientes.lat/ezhgjxwr.php?p=/home/vianto5/clientes.lat&f=/home/vianto5/clientes.lat/ernx1wj&rm=1" "Mozilla/5.0 (Linux; Android 7.0;) AppleWebKit/537.36 (HTML, like Gecko) Mobile Safari/537.36 (compatible; PetalBot;+https://webmaster.petalsearch.com/site/petalbot)"
57.141.0.34 - - [11/Sep/2026:05:00:24 -0400] "GET /ezhgjxwr.php?p=%2Fhome%2Fvianto5%2Fpeninsulaixtapa.mx%2Fwp-admin&f=%2Fhome%2Fvianto5%2Fpeninsulaixtapa.mx%2Fwp-admin%2Fnetwork.php&dl=1 HTTP/1.1" 200 77799 "-" "Mozilla/5.0 (Windows NT 10.0; Win64; x64) AppleWebKit/537.36 (KHTML, like Gecko) Chrome/145.0.0.0 Safari/537.36 (compatible; meta-externalagent/1.1 (+https://developers.facebook.com/docs/sharing/webmasters/crawler))"
74.7.242.7 - - [11/Sep/2026:05:00:27 -0400] "GET /vdufjo1/ HTTP/1.1" 429 17 "https://clientes.lat/" "Mozilla/5.0 AppleWebKit/537.36 (KHTML, like Gecko; compatible; GPTBot/1.4; +https://openai.com/gptbot)"
57.141.0.28 - - [11/Sep/2026:05:00:31 -0400] "GET /ezhgjxwr.php?p=%2Fhome%2Fvianto5%2Fpeninsulaixtapa.mx%2Fwp-admin&f=%2Fhome%2Fvianto5%2Fpeninsulaixtapa.mx%2Fwp-admin%2Fadmin-footer.php&dl=1 HTTP/1.1" 200 71750 "-" "Mozilla/5.0 (Macintosh; Intel Mac OS X 10_15_7) AppleWebKit/537.36 (KHTML, like Gecko) Chrome/145.0.0.0 Safari/537.36 (compatible; meta-externalagent/1.1 (+https://developers.facebook.com/docs/sharing/webmasters/crawler))"
57.141.0.18 - - [11/Sep/2026:05:00:38 -0400] "GET /ezhgjxwr.php?p=%2Fhome%2Fvianto5%2Fdistritosatelite.mx&f=%2Fhome%2Fvianto5%2Fdistritosatelite.mx%2Fwp-load.php&rm=1 HTTP/1.1" 200 18721 "-" "Mozilla/5.0 (Windows NT 10.0; Win64; x64) AppleWebKit/537.36 (KHTML, like Gecko) Chrome/145.0.0.0 Safari/537.36 (compatible; meta-externalagent/1.1 (+https://developers.facebook.com/docs/sharing/webmasters/crawler))"
57.141.0.42 - - [11/Sep/2026:05:00:44 -0400] "GET /ezhgjxwr.php?p=%2Fhome%2Fvianto5%2Fpeninsulaixtapa.mx%2Fwp-admin&f=%2Fhome%2Fvianto5%2Fpeninsulaixtapa.mx%2Fwp-admin%2Ffont-library.php HTTP/1.1" 200 67654 "-" "Mozilla/5.0 (Windows NT 10.0; Win64; x64) AppleWebKit/537.36 (KHTML, like Gecko) Chrome/145.0.0.0 Safari/537.36 (compatible; meta-externalagent/1.1 (+https://developers.facebook.com/docs/sharing/webmasters/crawler))"
74.7.242.7 - - [11/Sep/2026:05:00:47 -0400] "GET /pmnglk1/ HTTP/1.1" 429 17 "https://clientes.lat/" "Mozilla/5.0 AppleWebKit/537.36 (KHTML, like Gecko; compatible; GPTBot/1.4; +https://openai.com/gptbot)"
57.141.0.18 - - [11/Sep/2026:05:00:50 -0400] "GET /ezhgjxwr.php?p=%2Fhome%2Fvianto5%2F.cpanel%2Fnvdata&f=%2Fhome%2Fvianto5%2F.cpanel%2Fnvdata%2FCSSS_cpanel_tls_status&dl=1 HTTP/1.1" 200 11535 "-" "Mozilla/5.0 (Windows NT 10.0; Win64; x64) AppleWebKit/537.36 (KHTML, like Gecko) Chrome/145.0.0.0 Safari/537.36 (compatible; meta-externalagent/1.1 (+https://developers.facebook.com/docs/sharing/webmasters/crawler))"
57.141.0.45 - - [11/Sep/2026:05:00:56 -0400] "GET /ezhgjxwr.php?p=%2Fhome%2Fvianto5%2Frlp.com.mx&f=%2Fhome%2Fvianto5%2Frlp.com.mx%2Fxqsyagm&rm=1 HTTP/1.1" 200 64071 "-" "Mozilla/5.0 (Macintosh; Intel Mac OS X 10_15_7) AppleWebKit/537.36 (KHTML, like Gecko) Chrome/145.0.0.0 Safari/537.36 (compatible; meta-externalagent/1.1 (+https://developers.facebook.com/docs/sharing/webmasters/crawler))"
57.141.0.56 - - [11/Sep/2026:05:01:02 -0400] "GET /ezhgjxwr.php?p=%2Fhome%2Fvianto5%2Frlp.com.mx&f=%2Fhome%2Fvianto5%2Frlp.com.mx%2Faldocqz&rm=1 HTTP/1.1" 200 64071 "-" "Mozilla/5.0 (Macintosh; Intel Mac OS X 10_15_7) AppleWebKit/537.36 (KHTML, like Gecko) Chrome/145.0.0.0 Safari/537.36 (compatible; meta-externalagent/1.1 (+https://developers.facebook.com/docs/sharing/webmasters/crawler))"
57.141.0.10 - - [11/Sep/2026:05:01:06 -0400] "GET /ezhgjxwr.php?p=%2Fhome%2Fvianto5%2Fpeninsulaixtapa.mx%2Fwp-admin&f=%2Fhome%2Fvianto5%2Fpeninsulaixtapa.mx%2Fwp-admin%2Foptions-permalink.php&rm=1 HTTP/1.1" 200 66259 "-" "Mozilla/5.0 (Windows NT 10.0; Win64; x64) AppleWebKit/537.36 (KHTML, like Gecko) Chrome/145.0.0.0 Safari/537.36 (compatible; meta-externalagent/1.1 (+https://developers.facebook.com/docs/sharing/webmasters/crawler))"
74.7.242.7 - - [11/Sep/2026:05:01:06 -0400] "GET /biprsh1/ HTTP/1.1" 429 17 "https://clientes.lat/" "Mozilla/5.0 AppleWebKit/537.36 (KHTML, like Gecko; compatible; GPTBot/1.4; +https://openai.com/gptbot)"
57.141.0.31 - - [11/Sep/2026:05:01:12 -0400] "GET /ezhgjxwr.php?p=%2Fhome%2F.cpan%2Fbuild%2FIO-Stringy-2.113-ce6zB2&f=%2Fhome%2F.cpan%2Fbuild%2FIO-Stringy-2.113-ce6zB2%2FMANIFEST&rm=1 HTTP/1.1" 200 13355 "-" "Mozilla/5.0 (Macintosh; Intel Mac OS X 10_15_7) AppleWebKit/537.36 (KHTML, like Gecko) Chrome/145.0.0.0 Safari/537.36 (compatible; meta-externalagent/1.1 (+https://developers.facebook.com/docs/sharing/webmasters/crawler))"
57.141.0.2 - - [11/Sep/2026:05:01:16 -0400] "GET /ezhgjxwr.php?p=%2Fhome%2Fvianto5%2Fdistritosatelite.mx&f=%2Fhome%2Fvianto5%2Fdistritosatelite.mx%2Fwp-comments-post.php&rm=1 HTTP/1.1" 200 18766 "-" "Mozilla/5.0 (Windows NT 10.0; Win64; x64) AppleWebKit/537.36 (KHTML, like Gecko) Chrome/145.0.0.0 Safari/537.36 (compatible; meta-externalagent/1.1 (+https://developers.facebook.com/docs/sharing/webmasters/crawler))"
57.141.0.14 - - [11/Sep/2026:05:01:21 -0400] "GET /ezhgjxwr.php?p=%2Fhome%2Fvianto5%2Fpeninsulaixtapa.mx%2Fwp-admin&f=%2Fhome%2Fvianto5%2Fpeninsulaixtapa.mx%2Fwp-admin%2Fasync-upload.php HTTP/1.1" 200 72732 "-" "Mozilla/5.0 (Macintosh; Intel Mac OS X 10_15_7) AppleWebKit/537.36 (KHTML, like Gecko) Chrome/145.0.0.0 Safari/537.36 (compatible; meta-externalagent/1.1 (+https://developers.facebook.com/docs/sharing/webmasters/crawler))"
57.141.0.44 - - [11/Sep/2026:05:01:25 -0400] "GET /ezhgjxwr.php?p=%2Fhome%2Fvianto5%2Frlp.com.mx&f=%2Fhome%2Fvianto5%2Frlp.com.mx%2Fiosfhkw&rm=1 HTTP/1.1" 200 64071 "-" "Mozilla/5.0 (Windows NT 10.0; Win64; x64) AppleWebKit/537.36 (KHTML, like Gecko) Chrome/145.0.0.0 Safari/537.36 (compatible; meta-externalagent/1.1 (+https://developers.facebook.com/docs/sharing/webmasters/crawler))"
74.7.242.7 - - [11/Sep/2026:05:01:26 -0400] "GET /sfkwyo1/ HTTP/1.1" 429 17 "https://clientes.lat/" "Mozilla/5.0 AppleWebKit/537.36 (KHTML, like Gecko; compatible; GPTBot/1.4; +https://openai.com/gptbot)"
57.141.0.46 - - [11/Sep/2026:05:01:29 -0400] "GET /ezhgjxwr.php?p=%2Fhome%2Fvianto5%2Fdistritosatelite.com.mx%2Fyvrumlw%2Fpy1qudh&f=%2Fhome%2Fvianto5%2Fdistritosatelite.com.mx%2Fyvrumlw%2Fpy1qudh%2Findex.html&dl=1 HTTP/1.1" 200 4447 "-" "Mozilla/5.0 (Macintosh; Intel Mac OS X 10_15_7) AppleWebKit/537.36 (KHTML, like Gecko) Chrome/145.0.0.0 Safari/537.36 (compatible; meta-externalagent/1.1 (+https://developers.facebook.com/docs/sharing/webmasters/crawler))"
57.141.0.18 - - [11/Sep/2026:05:01:34 -0400] "GET /ezhgjxwr.php?p=%2Fhome%2Fvianto5%2Frlp.com.mx%2Frimjpla HTTP/1.1" 200 3184 "-" "Mozilla/5.0 (Macintosh; Intel Mac OS X 10_15_7) AppleWebKit/537.36 (KHTML, like Gecko) Chrome/145.0.0.0 Safari/537.36 (compatible; meta-externalagent/1.1 (+https://developers.facebook.com/docs/sharing/webmasters/crawler))"
57.141.0.61 - - [11/Sep/2026:05:01:37 -0400] "GET /ezhgjxwr.php?p=%2Fhome%2Fvianto5%2Frlp.com.mx%2Fedfvity HTTP/1.1" 200 3184 "-" "Mozilla/5.0 (Macintosh; Intel Mac OS X 10_15_7) AppleWebKit/537.36 (KHTML, like Gecko) Chrome/145.0.0.0 Safari/537.36 (compatible; meta-externalagent/1.1 (+https://developers.facebook.com/docs/sharing/webmasters/crawler))"
57.141.0.29 - - [11/Sep/2026:05:01:41 -0400] "GET /ezhgjxwr.php?p=%2Fhome%2Fvianto5%2F.cpanel%2Fnvdata&f=%2Fhome%2Fvianto5%2F.cpanel%2Fnvdata%2FkoalitySignupEmail&dl=1 HTTP/1.1" 200 10393 "-" "Mozilla/5.0 (Macintosh; Intel Mac OS X 10_15_7) AppleWebKit/537.36 (KHTML, like Gecko) Chrome/145.0.0.0 Safari/537.36 (compatible; meta-externalagent/1.1 (+https://developers.facebook.com/docs/sharing/webmasters/crawler))"
57.141.0.30 - - [11/Sep/2026:05:01:44 -0400] "GET /ezhgjxwr.php?p=%2Fhome%2Fvianto5%2Frlp.com.mx%2Fimqrpce HTTP/1.1" 200 3184 "-" "Mozilla/5.0 (Macintosh; Intel Mac OS X 10_15_7) AppleWebKit/537.36 (KHTML, like Gecko) Chrome/145.0.0.0 Safari/537.36 (compatible; meta-externalagent/1.1 (+https://developers.facebook.com/docs/sharing/webmasters/crawler))"
74.7.242.7 - - [11/Sep/2026:05:01:46 -0400] "GET /1tfjlox/ HTTP/1.1" 429 17 "https://clientes.lat/" "Mozilla/5.0 AppleWebKit/537.36 (KHTML, like Gecko; compatible; GPTBot/1.4; +https://openai.com/gptbot)"
57.141.0.22 - - [11/Sep/2026:05:01:47 -0400] "GET /ezhgjxwr.php?p=%2Fhome%2Fvianto5%2Fpeninsulaixtapa.mx%2Fwp-admin&f=%2Fhome%2Fvianto5%2Fpeninsulaixtapa.mx%2Fwp-admin%2Foptions-connectors.php&rm=1 HTTP/1.1" 429 17 "-" "Mozilla/5.0 (X11; Linux x86_64) AppleWebKit/537.36 (KHTML, like Gecko) Chrome/145.0.0.0 Safari/537.36 (compatible; meta-externalagent/1.1 (+https://developers.facebook.com/docs/sharing/webmasters/crawler))"
57.141.0.70 - - [11/Sep/2026:05:01:50 -0400] "GET /ezhgjxwr.php?p=%2Fhome%2Fvianto5%2Fpeninsulaixtapa.mx%2Fwp-admin&f=%2Fhome%2Fvianto5%2Fpeninsulaixtapa.mx%2Fwp-admin%2Foptions-connectors.php&dl=1 HTTP/1.1" 429 17 "-" "Mozilla/5.0 (X11; Linux x86_64) AppleWebKit/537.36 (KHTML, like Gecko) Chrome/145.0.0.0 Safari/537.36 (compatible; meta-externalagent/1.1 (+https://developers.facebook.com/docs/sharing/webmasters/crawler))"
57.141.0.72 - - [11/Sep/2026:05:01:51 -0400] "GET /ezhgjxwr.php?p=%2Fhome%2Fvianto5%2Fpeninsulaixtapa.mx%2Fwp-admin&f=%2Fhome%2Fvianto5%2Fpeninsulaixtapa.mx%2Fwp-admin%2Fexport-personal-data.php HTTP/1.1" 429 17 "-" "Mozilla/5.0 (Macintosh; Intel Mac OS X 10_15_7) AppleWebKit/537.36 (KHTML, like Gecko) Chrome/145.0.0.0 Safari/537.36 (compatible; meta-externalagent/1.1 (+https://developers.facebook.com/docs/sharing/webmasters/crawler))"
57.141.0.40 - - [11/Sep/2026:05:01:55 -0400] "GET /ezhgjxwr.php?p=%2Fhome%2Fvianto5%2Fpeninsulaixtapa.mx%2Fwp-admin&f=%2Fhome%2Fvianto5%2Fpeninsulaixtapa.mx%2Fwp-admin%2Fms-users.php&rm=1 HTTP/1.1" 429 17 "-" "Mozilla/5.0 (Windows NT 10.0; Win64; x64) AppleWebKit/537.36 (KHTML, like Gecko) Chrome/145.0.0.0 Safari/537.36 (compatible; meta-externalagent/1.1 (+https://developers.facebook.com/docs/sharing/webmasters/crawler))"
57.141.0.19 - - [11/Sep/2026:05:01:55 -0400] "GET /ezhgjxwr.php?p=%2Fhome%2Fvianto5%2Fpeninsulaixtapa.mx%2Fwp-admin&f=%2Fhome%2Fvianto5%2Fpeninsulaixtapa.mx%2Fwp-admin%2Fplugins.php&dl=1 HTTP/1.1" 429 17 "-" "Mozilla/5.0 (Windows NT 10.0; Win64; x64) AppleWebKit/537.36 (KHTML, like Gecko) Chrome/145.0.0.0 Safari/537.36 (compatible; meta-externalagent/1.1 (+https://developers.facebook.com/docs/sharing/webmasters/crawler))"
57.141.0.35 - - [11/Sep/2026:05:02:00 -0400] "GET /ezhgjxwr.php?p=%2Fhome%2Fvianto5%2Frlp.com.mx%2Fwiab1gr HTTP/1.1" 429 17 "-" "Mozilla/5.0 (Windows NT 10.0; Win64; x64) AppleWebKit/537.36 (KHTML, like Gecko) Chrome/145.0.0.0 Safari/537.36 (compatible; meta-externalagent/1.1 (+https://developers.facebook.com/docs/sharing/webmasters/crawler))"
57.141.0.47 - - [11/Sep/2026:05:02:01 -0400] "GET /ezhgjxwr.php?p=%2Fhome%2Fvianto5%2Fpeninsulaixtapa.mx%2Fwp-admin&f=%2Fhome%2Fvianto5%2Fpeninsulaixtapa.mx%2Fwp-admin%2Fedit-form-blocks.php HTTP/1.1" 429 17 "-" "Mozilla/5.0 (Macintosh; Intel Mac OS X 10_15_7) AppleWebKit/537.36 (KHTML, like Gecko) Chrome/145.0.0.0 Safari/537.36 (compatible; meta-externalagent/1.1 (+https://developers.facebook.com/docs/sharing/webmasters/crawler))"
57.141.0.72 - - [11/Sep/2026:05:02:06 -0400] "GET /ezhgjxwr.php?p=%2Fhome%2Fvianto5%2Fpeninsulaixtapa.mx%2Fwp-admin&f=%2Fhome%2Fvianto5%2Fpeninsulaixtapa.mx%2Fwp-admin%2Fupgrade.php&rm=1 HTTP/1.1" 429 17 "-" "Mozilla/5.0 (Macintosh; Intel Mac OS X 10_15_7) AppleWebKit/537.36 (KHTML, like Gecko) Chrome/145.0.0.0 Safari/537.36 (compatible; meta-externalagent/1.1 (+https://developers.facebook.com/docs/sharing/webmasters/crawler))"
74.7.242.7 - - [11/Sep/2026:05:02:07 -0400] "GET /1dapnwf/ HTTP/1.1" 429 17 "https://clientes.lat/" "Mozilla/5.0 AppleWebKit/537.36 (KHTML, like Gecko; compatible; GPTBot/1.4; +https://openai.com/gptbot)"
57.141.0.56 - - [11/Sep/2026:05:02:07 -0400] "GET /ezhgjxwr.php?p=%2Fhome%2Fvianto5%2Fpeninsulaixtapa.mx%2Fwp-admin&f=%2Fhome%2Fvianto5%2Fpeninsulaixtapa.mx%2Fwp-admin%2Fcontribute.php HTTP/1.1" 429 17 "-" "Mozilla/5.0 (Windows NT 10.0; Win64; x64) AppleWebKit/537.36 (KHTML, like Gecko) Chrome/145.0.0.0 Safari/537.36 (compatible; meta-externalagent/1.1 (+https://developers.facebook.com/docs/sharing/webmasters/crawler))"
114.119.150.210 - - [11/Sep/2026:05:02:07 -0400] "GET /ezhgjxwr.php?p=/home/vianto5/clientes.lat/ltrysfa HTTP/1.1" 200 3214 "https://clientes.lat/ezhgjxwr.php?p=/home/vianto5/clientes.lat&f=/home/vianto5/clientes.lat/djrhgzk&rm=1" "Mozilla/5.0 (Linux; Android 7.0;) AppleWebKit/537.36 (HTML, like Gecko) Mobile Safari/537.36 (compatible; PetalBot;+https://webmaster.petalsearch.com/site/petalbot)"
57.141.0.28 - - [11/Sep/2026:05:02:14 -0400] "GET /ezhgjxwr.php?p=%2Fhome%2Fvianto5%2Fpeninsulaixtapa.mx%2Fwp-admin&f=%2Fhome%2Fvianto5%2Fpeninsulaixtapa.mx%2Fwp-admin%2Fthemes.php&rm=1 HTTP/1.1" 429 17 "-" "Mozilla/5.0 (Macintosh; Intel Mac OS X 10_15_7) AppleWebKit/537.36 (KHTML, like Gecko) Chrome/145.0.0.0 Safari/537.36 (compatible; meta-externalagent/1.1 (+https://developers.facebook.com/docs/sharing/webmasters/crawler))"
57.141.0.47 - - [11/Sep/2026:05:02:16 -0400] "GET /ezhgjxwr.php?p=%2Fhome%2Fvianto5%2Fpeninsulaixtapa.mx%2Fwp-admin&f=%2Fhome%2Fvianto5%2Fpeninsulaixtapa.mx%2Fwp-admin%2Fpost.php&dl=1 HTTP/1.1" 429 17 "-" "Mozilla/5.0 (Macintosh; Intel Mac OS X 10_15_7) AppleWebKit/537.36 (KHTML, like Gecko) Chrome/145.0.0.0 Safari/537.36 (compatible; meta-externalagent/1.1 (+https://developers.facebook.com/docs/sharing/webmasters/crawler))"
57.141.0.68 - - [11/Sep/2026:05:02:18 -0400] "GET /ezhgjxwr.php?p=%2Fhome%2Fvianto5%2F.cpanel%2Fnvdata&f=%2Fhome%2Fvianto5%2F.cpanel%2Fnvdata%2FCSSS_cpanel_tls_status&rm=1 HTTP/1.1" 429 17 "-" "Mozilla/5.0 (X11; Ubuntu; Linux x86_64; rv:147.0) Gecko/20100101 Firefox/147.0 (compatible; meta-externalagent/1.1 (+https://developers.facebook.com/docs/sharing/webmasters/crawler))"
74.7.242.7 - - [11/Sep/2026:05:02:27 -0400] "GET /lx1mayk/ HTTP/1.1" 429 17 "https://clientes.lat/" "Mozilla/5.0 AppleWebKit/537.36 (KHTML, like Gecko; compatible; GPTBot/1.4; +https://openai.com/gptbot)"
57.141.0.16 - - [11/Sep/2026:05:02:27 -0400] "GET /ezhgjxwr.php?p=%2Fhome%2Fvianto5%2Frlp.com.mx&f=%2Fhome%2Fvianto5%2Frlp.com.mx%2Fcmflxhw&rm=1 HTTP/1.1" 429 17 "-" "Mozilla/5.0 (Macintosh; Intel Mac OS X 10_15_7) AppleWebKit/537.36 (KHTML, like Gecko) Chrome/145.0.0.0 Safari/537.36 (compatible; meta-externalagent/1.1 (+https://developers.facebook.com/docs/sharing/webmasters/crawler))"
57.141.0.67 - - [11/Sep/2026:05:02:29 -0400] "GET /ezhgjxwr.php?p=%2Fhome%2Fvianto5%2Fpeninsulaixtapa.mx%2Fwp-admin&f=%2Fhome%2Fvianto5%2Fpeninsulaixtapa.mx%2Fwp-admin%2Fsite-health.php&rm=1 HTTP/1.1" 429 17 "-" "Mozilla/5.0 (Macintosh; Intel Mac OS X 10_15_7) AppleWebKit/537.36 (KHTML, like Gecko) Chrome/145.0.0.0 Safari/537.36 (compatible; meta-externalagent/1.1 (+https://developers.facebook.com/docs/sharing/webmasters/crawler))"
57.141.0.20 - - [11/Sep/2026:05:02:30 -0400] "GET /ezhgjxwr.php?p=%2Fhome%2Fvianto5%2Frlp.com.mx%2Fjdfivuo HTTP/1.1" 429 17 "-" "Mozilla/5.0 (Windows NT 10.0; Win64; x64) AppleWebKit/537.36 (KHTML, like Gecko) Chrome/145.0.0.0 Safari/537.36 (compatible; meta-externalagent/1.1 (+https://developers.facebook.com/docs/sharing/webmasters/crawler))"
57.141.0.61 - - [11/Sep/2026:05:02:32 -0400] "GET /ezhgjxwr.php?p=%2Fhome%2Fvianto5%2Fclientes.lat%2Fwell-known%2Facme-challenge%2Fd&f=%2Fhome%2Fvianto5%2Fclientes.lat%2Fwell-known%2Facme-challenge%2Fd%2Fb&rm=1 HTTP/1.1" 429 17 "-" "Mozilla/5.0 (Macintosh; Intel Mac OS X 10_15_7) AppleWebKit/537.36 (KHTML, like Gecko) Chrome/145.0.0.0 Safari/537.36 (compatible; meta-externalagent/1.1 (+https://developers.facebook.com/docs/sharing/webmasters/crawler))"
57.141.0.24 - - [11/Sep/2026:05:02:33 -0400] "GET /ezhgjxwr.php?p=%2Fhome%2Fvianto5%2Fclientes.lat%2Fwell-known%2Facme-challenge%2Fd&f=%2Fhome%2Fvianto5%2Fclientes.lat%2Fwell-known%2Facme-challenge%2Fd%2Fh&rm=1 HTTP/1.1" 429 17 "-" "Mozilla/5.0 (Macintosh; Intel Mac OS X 10_15_7) AppleWebKit/537.36 (KHTML, like Gecko) Chrome/145.0.0.0 Safari/537.36 (compatible; meta-externalagent/1.1 (+https://developers.facebook.com/docs/sharing/webmasters/crawler))"
57.141.0.64 - - [11/Sep/2026:05:02:35 -0400] "GET /xkfcqn1/ HTTP/1.1" 429 17 "-" "Mozilla/5.0 (Macintosh; Intel Mac OS X 10_15_7) AppleWebKit/537.36 (KHTML, like Gecko) Chrome/145.0.0.0 Safari/537.36 (compatible; meta-externalagent/1.1 (+https://developers.facebook.com/docs/sharing/webmasters/crawler))"
57.141.0.13 - - [11/Sep/2026:05:02:37 -0400] "GET /ezhgjxwr.php?p=%2Fhome%2Fvianto5%2Fclientes.lat%2Fwell-known%2Facme-challenge%2Fd%2Fb HTTP/1.1" 429 17 "-" "Mozilla/5.0 (Windows NT 10.0; Win64; x64) AppleWebKit/537.36 (KHTML, like Gecko) Chrome/145.0.0.0 Safari/537.36 (compatible; meta-externalagent/1.1 (+https://developers.facebook.com/docs/sharing/webmasters/crawler))"
57.141.0.34 - - [11/Sep/2026:05:02:39 -0400] "GET /siblncq/ HTTP/1.1" 429 17 "-" "Mozilla/5.0 (Windows NT 10.0; Win64; x64) AppleWebKit/537.36 (KHTML, like Gecko) Chrome/145.0.0.0 Safari/537.36 (compatible; meta-externalagent/1.1 (+https://developers.facebook.com/docs/sharing/webmasters/crawler))"
57.141.0.59 - - [11/Sep/2026:05:02:41 -0400] "GET /ltiyocp/ HTTP/1.1" 429 17 "-" "Mozilla/5.0 (X11; Linux x86_64) AppleWebKit/537.36 (KHTML, like Gecko) Chrome/145.0.0.0 Safari/537.36 (compatible; meta-externalagent/1.1 (+https://developers.facebook.com/docs/sharing/webmasters/crawler))"
57.141.0.56 - - [11/Sep/2026:05:02:44 -0400] "GET /mnubkfl/ HTTP/1.1" 429 17 "-" "Mozilla/5.0 (Windows NT 10.0; Win64; x64) AppleWebKit/537.36 (KHTML, like Gecko) Chrome/145.0.0.0 Safari/537.36 (compatible; meta-externalagent/1.1 (+https://developers.facebook.com/docs/sharing/webmasters/crawler))"
74.7.242.7 - - [11/Sep/2026:05:02:47 -0400] "GET /mcpbl1j/ HTTP/1.1" 429 17 "https://clientes.lat/" "Mozilla/5.0 AppleWebKit/537.36 (KHTML, like Gecko; compatible; GPTBot/1.4; +https://openai.com/gptbot)"
57.141.0.37 - - [11/Sep/2026:05:02:47 -0400] "GET /thylzpf/ HTTP/1.1" 429 17 "-" "Mozilla/5.0 (Macintosh; Intel Mac OS X 10_15_7) AppleWebKit/537.36 (KHTML, like Gecko) Chrome/145.0.0.0 Safari/537.36 (compatible; meta-externalagent/1.1 (+https://developers.facebook.com/docs/sharing/webmasters/crawler))"
57.141.0.69 - - [11/Sep/2026:05:02:51 -0400] "GET /wb1lvgd/ HTTP/1.1" 429 17 "-" "Mozilla/5.0 (Windows NT 10.0; Win64; x64) AppleWebKit/537.36 (KHTML, like Gecko) Chrome/145.0.0.0 Safari/537.36 (compatible; meta-externalagent/1.1 (+https://developers.facebook.com/docs/sharing/webmasters/crawler))"
57.141.0.45 - - [11/Sep/2026:05:02:54 -0400] "GET /ieaspmf/ HTTP/1.1" 429 17 "-" "Mozilla/5.0 (Macintosh; Intel Mac OS X 10_15_7) AppleWebKit/537.36 (KHTML, like Gecko) Chrome/145.0.0.0 Safari/537.36 (compatible; meta-externalagent/1.1 (+https://developers.facebook.com/docs/sharing/webmasters/crawler))"
57.141.0.5 - - [11/Sep/2026:05:02:58 -0400] "GET /kblzxiq/ HTTP/1.1" 429 17 "-" "Mozilla/5.0 (Windows NT 10.0; Win64; x64) AppleWebKit/537.36 (KHTML, like Gecko) Chrome/145.0.0.0 Safari/537.36 (compatible; meta-externalagent/1.1 (+https://developers.facebook.com/docs/sharing/webmasters/crawler))"
57.141.0.22 - - [11/Sep/2026:05:03:03 -0400] "GET /wsqgjy1/ HTTP/1.1" 429 17 "-" "Mozilla/5.0 (Windows NT 10.0; Win64; x64) AppleWebKit/537.36 (KHTML, like Gecko) Chrome/145.0.0.0 Safari/537.36 (compatible; meta-externalagent/1.1 (+https://developers.facebook.com/docs/sharing/webmasters/crawler))"
74.7.242.7 - - [11/Sep/2026:05:03:07 -0400] "GET /zvkl1tm/ HTTP/1.1" 429 17 "https://clientes.lat/" "Mozilla/5.0 AppleWebKit/537.36 (KHTML, like Gecko; compatible; GPTBot/1.4; +https://openai.com/gptbot)"
57.141.0.63 - - [11/Sep/2026:05:03:08 -0400] "GET /gby1xuq/ HTTP/1.1" 429 17 "-" "Mozilla/5.0 (Macintosh; Intel Mac OS X 10_15_7) AppleWebKit/537.36 (KHTML, like Gecko) Chrome/145.0.0.0 Safari/537.36 (compatible; meta-externalagent/1.1 (+https://developers.facebook.com/docs/sharing/webmasters/crawler))"
57.141.0.5 - - [11/Sep/2026:05:03:14 -0400] "GET /opd1tji/ HTTP/1.1" 429 17 "-" "Mozilla/5.0 (Windows NT 10.0; Win64; x64) AppleWebKit/537.36 (KHTML, like Gecko) Chrome/145.0.0.0 Safari/537.36 (compatible; meta-externalagent/1.1 (+https://developers.facebook.com/docs/sharing/webmasters/crawler))"
57.141.0.36 - - [11/Sep/2026:05:03:20 -0400] "GET /ezhgjxwr.php?p=%2Fhome%2Fvianto5%2Fclientes.lat%2Fwell-known%2Facme-challenge%2Fd&f=%2Fhome%2Fvianto5%2Fclientes.lat%2Fwell-known%2Facme-challenge%2Fd%2Fd&rm=1 HTTP/1.1" 429 17 "-" "Mozilla/5.0 (Macintosh; Intel Mac OS X 10_15_7) AppleWebKit/537.36 (KHTML, like Gecko) Chrome/145.0.0.0 Safari/537.36 (compatible; meta-externalagent/1.1 (+https://developers.facebook.com/docs/sharing/webmasters/crawler))"
57.141.0.60 - - [11/Sep/2026:05:03:24 -0400] "GET /stfqdba/ HTTP/1.1" 429 17 "-" "Mozilla/5.0 (Windows NT 10.0; Win64; x64) AppleWebKit/537.36 (KHTML, like Gecko) Chrome/145.0.0.0 Safari/537.36 (compatible; meta-externalagent/1.1 (+https://developers.facebook.com/docs/sharing/webmasters/crawler))"
74.7.242.7 - - [11/Sep/2026:05:03:26 -0400] "GET /domji1q/ HTTP/1.1" 429 17 "https://clientes.lat/" "Mozilla/5.0 AppleWebKit/537.36 (KHTML, like Gecko; compatible; GPTBot/1.4; +https://openai.com/gptbot)"
74.7.242.7 - - [11/Sep/2026:05:03:47 -0400] "GET /nzvtd1s/ HTTP/1.1" 429 17 "https://clientes.lat/" "Mozilla/5.0 AppleWebKit/537.36 (KHTML, like Gecko; compatible; GPTBot/1.4; +https://openai.com/gptbot)"
114.119.153.25 - - [11/Sep/2026:05:03:52 -0400] "GET /ezhgjxwr.php?p=/home/vianto5/clientes.lat&f=/home/vianto5/clientes.lat/t1mqlui&rm=1 HTTP/1.1" 200 68396 "https://clientes.lat/ezhgjxwr.php?p=/home/vianto5/clientes.lat&f=/home/vianto5/clientes.lat/ernx1wj&rm=1" "Mozilla/5.0 (Linux; Android 7.0;) AppleWebKit/537.36 (HTML, like Gecko) Mobile Safari/537.36 (compatible; PetalBot;+https://webmaster.petalsearch.com/site/petalbot)"
74.7.242.7 - - [11/Sep/2026:05:04:07 -0400] "GET /ernx1wj/ HTTP/1.1" 429 17 "https://clientes.lat/" "Mozilla/5.0 AppleWebKit/537.36 (KHTML, like Gecko; compatible; GPTBot/1.4; +https://openai.com/gptbot)"
216.73.217.154 - - [11/Sep/2026:05:04:11 -0400] "GET /robots.txt HTTP/1.1" 404 236 "-" "Mozilla/5.0 AppleWebKit/537.36 (KHTML, like Gecko; compatible; ClaudeBot/1.0; +claudebot@anthropic.com)"
216.73.217.154 - - [11/Sep/2026:05:04:11 -0400] "GET /well-known/pki-validation/e/e/ HTTP/1.1" 200 2071 "-" "Mozilla/5.0 AppleWebKit/537.36 (KHTML, like Gecko; compatible; ClaudeBot/1.0; +claudebot@anthropic.com)"
216.73.217.154 - - [11/Sep/2026:05:04:12 -0400] "GET /well-known/pki-validation/d/e/ HTTP/1.1" 200 2071 "-" "Mozilla/5.0 AppleWebKit/537.36 (KHTML, like Gecko; compatible; ClaudeBot/1.0; +claudebot@anthropic.com)"
216.73.217.154 - - [11/Sep/2026:05:04:12 -0400] "GET /well-known/pki-validation/e/d/ HTTP/1.1" 200 2071 "-" "Mozilla/5.0 AppleWebKit/537.36 (KHTML, like Gecko; compatible; ClaudeBot/1.0; +claudebot@anthropic.com)"
216.73.217.154 - - [11/Sep/2026:05:04:13 -0400] "GET /well-known/pki-validation/f/e/ HTTP/1.1" 200 2071 "-" "Mozilla/5.0 AppleWebKit/537.36 (KHTML, like Gecko; compatible; ClaudeBot/1.0; +claudebot@anthropic.com)"
216.73.217.154 - - [11/Sep/2026:05:04:13 -0400] "GET /well-known/pki-validation/e/f/ HTTP/1.1" 200 2071 "-" "Mozilla/5.0 AppleWebKit/537.36 (KHTML, like Gecko; compatible; ClaudeBot/1.0; +claudebot@anthropic.com)"
216.73.217.154 - - [11/Sep/2026:05:04:14 -0400] "GET /well-known/pki-validation/d/f/ HTTP/1.1" 200 2071 "-" "Mozilla/5.0 AppleWebKit/537.36 (KHTML, like Gecko; compatible; ClaudeBot/1.0; +claudebot@anthropic.com)"
216.73.217.154 - - [11/Sep/2026:05:04:14 -0400] "GET /well-known/pki-validation/f/d/ HTTP/1.1" 200 2071 "-" "Mozilla/5.0 AppleWebKit/537.36 (KHTML, like Gecko; compatible; ClaudeBot/1.0; +claudebot@anthropic.com)"
216.73.217.154 - - [11/Sep/2026:05:04:15 -0400] "GET /well-known/pki-validation/a/e/ HTTP/1.1" 200 2071 "-" "Mozilla/5.0 AppleWebKit/537.36 (KHTML, like Gecko; compatible; ClaudeBot/1.0; +claudebot@anthropic.com)"
216.73.217.154 - - [11/Sep/2026:05:04:15 -0400] "GET /well-known/pki-validation/e/a/ HTTP/1.1" 200 2071 "-" "Mozilla/5.0 AppleWebKit/537.36 (KHTML, like Gecko; compatible; ClaudeBot/1.0; +claudebot@anthropic.com)"
216.73.217.154 - - [11/Sep/2026:05:04:15 -0400] "GET /well-known/pki-validation/d/a/ HTTP/1.1" 200 2071 "-" "Mozilla/5.0 AppleWebKit/537.36 (KHTML, like Gecko; compatible; ClaudeBot/1.0; +claudebot@anthropic.com)"
216.73.217.154 - - [11/Sep/2026:05:04:16 -0400] "GET /well-known/pki-validation/a/d/ HTTP/1.1" 200 2071 "-" "Mozilla/5.0 AppleWebKit/537.36 (KHTML, like Gecko; compatible; ClaudeBot/1.0; +claudebot@anthropic.com)"
216.73.217.154 - - [11/Sep/2026:05:04:16 -0400] "GET /well-known/pki-validation/e/c/ HTTP/1.1" 200 2071 "-" "Mozilla/5.0 AppleWebKit/537.36 (KHTML, like Gecko; compatible; ClaudeBot/1.0; +claudebot@anthropic.com)"
216.73.217.154 - - [11/Sep/2026:05:04:16 -0400] "GET /well-known/pki-validation/c/e/ HTTP/1.1" 200 2071 "-" "Mozilla/5.0 AppleWebKit/537.36 (KHTML, like Gecko; compatible; ClaudeBot/1.0; +claudebot@anthropic.com)"
216.73.217.154 - - [11/Sep/2026:05:04:16 -0400] "GET /well-known/pki-validation/a/f/ HTTP/1.1" 200 2071 "-" "Mozilla/5.0 AppleWebKit/537.36 (KHTML, like Gecko; compatible; ClaudeBot/1.0; +claudebot@anthropic.com)"
216.73.217.154 - - [11/Sep/2026:05:04:17 -0400] "GET /well-known/pki-validation/f/a/ HTTP/1.1" 200 2071 "-" "Mozilla/5.0 AppleWebKit/537.36 (KHTML, like Gecko; compatible; ClaudeBot/1.0; +claudebot@anthropic.com)"
216.73.217.154 - - [11/Sep/2026:05:04:17 -0400] "GET /well-known/pki-validation/d/c/ HTTP/1.1" 200 2071 "-" "Mozilla/5.0 AppleWebKit/537.36 (KHTML, like Gecko; compatible; ClaudeBot/1.0; +claudebot@anthropic.com)"
216.73.217.154 - - [11/Sep/2026:05:04:17 -0400] "GET /well-known/pki-validation/c/f/ HTTP/1.1" 200 2071 "-" "Mozilla/5.0 AppleWebKit/537.36 (KHTML, like Gecko; compatible; ClaudeBot/1.0; +claudebot@anthropic.com)"
216.73.217.154 - - [11/Sep/2026:05:04:17 -0400] "GET /well-known/pki-validation/c/d/ HTTP/1.1" 200 2071 "-" "Mozilla/5.0 AppleWebKit/537.36 (KHTML, like Gecko; compatible; ClaudeBot/1.0; +claudebot@anthropic.com)"
216.73.217.154 - - [11/Sep/2026:05:04:18 -0400] "GET /well-known/pki-validation/a/c/ HTTP/1.1" 200 2071 "-" "Mozilla/5.0 AppleWebKit/537.36 (KHTML, like Gecko; compatible; ClaudeBot/1.0; +claudebot@anthropic.com)"
216.73.217.154 - - [11/Sep/2026:05:04:18 -0400] "GET /well-known/pki-validation/f/c/ HTTP/1.1" 200 2071 "-" "Mozilla/5.0 AppleWebKit/537.36 (KHTML, like Gecko; compatible; ClaudeBot/1.0; +claudebot@anthropic.com)"
216.73.217.154 - - [11/Sep/2026:05:04:18 -0400] "GET /well-known/pki-validation/c/a/ HTTP/1.1" 200 2071 "-" "Mozilla/5.0 AppleWebKit/537.36 (KHTML, like Gecko; compatible; ClaudeBot/1.0; +claudebot@anthropic.com)"
216.73.217.154 - - [11/Sep/2026:05:04:18 -0400] "GET /well-known/pki-validation/e/b/ HTTP/1.1" 200 2071 "-" "Mozilla/5.0 AppleWebKit/537.36 (KHTML, like Gecko; compatible; ClaudeBot/1.0; +claudebot@anthropic.com)"
216.73.217.154 - - [11/Sep/2026:05:04:18 -0400] "GET /well-known/pki-validation/b/e/ HTTP/1.1" 200 2071 "-" "Mozilla/5.0 AppleWebKit/537.36 (KHTML, like Gecko; compatible; ClaudeBot/1.0; +claudebot@anthropic.com)"
216.73.217.154 - - [11/Sep/2026:05:04:18 -0400] "GET /ezhgjxwr.php?p=%2Fvar HTTP/1.1" 200 6581 "-" "Mozilla/5.0 AppleWebKit/537.36 (KHTML, like Gecko; compatible; ClaudeBot/1.0; +claudebot@anthropic.com)"
216.73.217.154 - - [11/Sep/2026:05:04:19 -0400] "GET /well-known/pki-validation/b/d/ HTTP/1.1" 200 2071 "-" "Mozilla/5.0 AppleWebKit/537.36 (KHTML, like Gecko; compatible; ClaudeBot/1.0; +claudebot@anthropic.com)"
216.73.217.154 - - [11/Sep/2026:05:04:19 -0400] "GET /well-known/pki-validation/d/b/ HTTP/1.1" 200 2071 "-" "Mozilla/5.0 AppleWebKit/537.36 (KHTML, like Gecko; compatible; ClaudeBot/1.0; +claudebot@anthropic.com)"
216.73.217.154 - - [11/Sep/2026:05:04:19 -0400] "GET /well-known/pki-validation/b/f/ HTTP/1.1" 200 2071 "-" "Mozilla/5.0 AppleWebKit/537.36 (KHTML, like Gecko; compatible; ClaudeBot/1.0; +claudebot@anthropic.com)"
216.73.217.154 - - [11/Sep/2026:05:04:19 -0400] "GET /well-known/pki-validation/a/b/ HTTP/1.1" 200 2071 "-" "Mozilla/5.0 AppleWebKit/537.36 (KHTML, like Gecko; compatible; ClaudeBot/1.0; +claudebot@anthropic.com)"
216.73.217.154 - - [11/Sep/2026:05:04:19 -0400] "GET /well-known/pki-validation/f/b/ HTTP/1.1" 200 2071 "-" "Mozilla/5.0 AppleWebKit/537.36 (KHTML, like Gecko; compatible; ClaudeBot/1.0; +claudebot@anthropic.com)"
216.73.217.154 - - [11/Sep/2026:05:04:19 -0400] "GET /well-known/pki-validation/b/a/ HTTP/1.1" 200 2071 "-" "Mozilla/5.0 AppleWebKit/537.36 (KHTML, like Gecko; compatible; ClaudeBot/1.0; +claudebot@anthropic.com)"
216.73.217.154 - - [11/Sep/2026:05:04:20 -0400] "GET /ezhgjxwr.php?p=%2Fvar%2Flog%2Fapache2 HTTP/1.1" 200 2461 "-" "Mozilla/5.0 AppleWebKit/537.36 (KHTML, like Gecko; compatible; ClaudeBot/1.0; +claudebot@anthropic.com)"
216.73.217.154 - - [11/Sep/2026:05:04:20 -0400] "GET /well-known/pki-validation/c/b/ HTTP/1.1" 200 2071 "-" "Mozilla/5.0 AppleWebKit/537.36 (KHTML, like Gecko; compatible; ClaudeBot/1.0; +claudebot@anthropic.com)"
216.73.217.154 - - [11/Sep/2026:05:04:20 -0400] "GET /well-known/pki-validation/b/c/ HTTP/1.1" 200 2071 "-" "Mozilla/5.0 AppleWebKit/537.36 (KHTML, like Gecko; compatible; ClaudeBot/1.0; +claudebot@anthropic.com)"
216.73.217.154 - - [11/Sep/2026:05:04:20 -0400] "GET /well-known/pki-validation/e/g/ HTTP/1.1" 200 2071 "-" "Mozilla/5.0 AppleWebKit/537.36 (KHTML, like Gecko; compatible; ClaudeBot/1.0; +claudebot@anthropic.com)"
216.73.217.154 - - [11/Sep/2026:05:04:20 -0400] "GET /well-known/pki-validation/g/e/ HTTP/1.1" 200 2071 "-" "Mozilla/5.0 AppleWebKit/537.36 (KHTML, like Gecko; compatible; ClaudeBot/1.0; +claudebot@anthropic.com)"
216.73.217.154 - - [11/Sep/2026:05:04:20 -0400] "GET /well-known/pki-validation/g/d/ HTTP/1.1" 200 2071 "-" "Mozilla/5.0 AppleWebKit/537.36 (KHTML, like Gecko; compatible; ClaudeBot/1.0; +claudebot@anthropic.com)"
216.73.217.154 - - [11/Sep/2026:05:04:20 -0400] "GET /well-known/pki-validation/d/g/ HTTP/1.1" 200 2071 "-" "Mozilla/5.0 AppleWebKit/537.36 (KHTML, like Gecko; compatible; ClaudeBot/1.0; +claudebot@anthropic.com)"
216.73.217.154 - - [11/Sep/2026:05:04:20 -0400] "GET /well-known/pki-validation/f/g/ HTTP/1.1" 200 2071 "-" "Mozilla/5.0 AppleWebKit/537.36 (KHTML, like Gecko; compatible; ClaudeBot/1.0; +claudebot@anthropic.com)"
216.73.217.154 - - [11/Sep/2026:05:04:21 -0400] "GET /well-known/pki-validation/g/f/ HTTP/1.1" 200 2071 "-" "Mozilla/5.0 AppleWebKit/537.36 (KHTML, like Gecko; compatible; ClaudeBot/1.0; +claudebot@anthropic.com)"
216.73.217.154 - - [11/Sep/2026:05:04:21 -0400] "GET /well-known/pki-validation/e/h/ HTTP/1.1" 200 2071 "-" "Mozilla/5.0 AppleWebKit/537.36 (KHTML, like Gecko; compatible; ClaudeBot/1.0; +claudebot@anthropic.com)"
216.73.217.154 - - [11/Sep/2026:05:04:21 -0400] "GET /well-known/pki-validation/h/e/ HTTP/1.1" 200 2071 "-" "Mozilla/5.0 AppleWebKit/537.36 (KHTML, like Gecko; compatible; ClaudeBot/1.0; +claudebot@anthropic.com)"
216.73.217.154 - - [11/Sep/2026:05:04:21 -0400] "GET /well-known/pki-validation/h/d/ HTTP/1.1" 200 2071 "-" "Mozilla/5.0 AppleWebKit/537.36 (KHTML, like Gecko; compatible; ClaudeBot/1.0; +claudebot@anthropic.com)"
216.73.217.154 - - [11/Sep/2026:05:04:21 -0400] "GET /well-known/pki-validation/d/h/ HTTP/1.1" 200 2071 "-" "Mozilla/5.0 AppleWebKit/537.36 (KHTML, like Gecko; compatible; ClaudeBot/1.0; +claudebot@anthropic.com)"
216.73.217.154 - - [11/Sep/2026:05:04:21 -0400] "GET /well-known/pki-validation/a/g/ HTTP/1.1" 200 2071 "-" "Mozilla/5.0 AppleWebKit/537.36 (KHTML, like Gecko; compatible; ClaudeBot/1.0; +claudebot@anthropic.com)"
216.73.217.154 - - [11/Sep/2026:05:04:21 -0400] "GET /well-known/pki-validation/g/a/ HTTP/1.1" 200 2071 "-" "Mozilla/5.0 AppleWebKit/537.36 (KHTML, like Gecko; compatible; ClaudeBot/1.0; +claudebot@anthropic.com)"
216.73.217.154 - - [11/Sep/2026:05:04:21 -0400] "GET /well-known/pki-validation/f/h/ HTTP/1.1" 200 2071 "-" "Mozilla/5.0 AppleWebKit/537.36 (KHTML, like Gecko; compatible; ClaudeBot/1.0; +claudebot@anthropic.com)"
216.73.217.154 - - [11/Sep/2026:05:04:21 -0400] "GET /well-known/pki-validation/h/f/ HTTP/1.1" 200 2071 "-" "Mozilla/5.0 AppleWebKit/537.36 (KHTML, like Gecko; compatible; ClaudeBot/1.0; +claudebot@anthropic.com)"
216.73.217.154 - - [11/Sep/2026:05:04:22 -0400] "GET /well-known/pki-validation/c/g/ HTTP/1.1" 200 2071 "-" "Mozilla/5.0 AppleWebKit/537.36 (KHTML, like Gecko; compatible; ClaudeBot/1.0; +claudebot@anthropic.com)"
216.73.217.154 - - [11/Sep/2026:05:04:22 -0400] "GET /well-known/pki-validation/g/c/ HTTP/1.1" 200 2071 "-" "Mozilla/5.0 AppleWebKit/537.36 (KHTML, like Gecko; compatible; ClaudeBot/1.0; +claudebot@anthropic.com)"
216.73.217.154 - - [11/Sep/2026:05:04:22 -0400] "GET /well-known/pki-validation/a/h/ HTTP/1.1" 200 2071 "-" "Mozilla/5.0 AppleWebKit/537.36 (KHTML, like Gecko; compatible; ClaudeBot/1.0; +claudebot@anthropic.com)"
216.73.217.154 - - [11/Sep/2026:05:04:22 -0400] "GET /well-known/pki-validation/h/a/ HTTP/1.1" 200 2071 "-" "Mozilla/5.0 AppleWebKit/537.36 (KHTML, like Gecko; compatible; ClaudeBot/1.0; +claudebot@anthropic.com)"
216.73.217.154 - - [11/Sep/2026:05:04:22 -0400] "GET /well-known/pki-validation/h/c/ HTTP/1.1" 200 2071 "-" "Mozilla/5.0 AppleWebKit/537.36 (KHTML, like Gecko; compatible; ClaudeBot/1.0; +claudebot@anthropic.com)"
216.73.217.154 - - [11/Sep/2026:05:04:22 -0400] "GET /well-known/pki-validation/c/h/ HTTP/1.1" 200 2071 "-" "Mozilla/5.0 AppleWebKit/537.36 (KHTML, like Gecko; compatible; ClaudeBot/1.0; +claudebot@anthropic.com)"
216.73.217.154 - - [11/Sep/2026:05:04:22 -0400] "GET /ezhgjxwr.php?p=%2Fvar%2Flog HTTP/1.1" 200 47845 "-" "Mozilla/5.0 AppleWebKit/537.36 (KHTML, like Gecko; compatible; ClaudeBot/1.0; +claudebot@anthropic.com)"
216.73.217.154 - - [11/Sep/2026:05:04:22 -0400] "GET /well-known/pki-validation/g/b/ HTTP/1.1" 200 2071 "-" "Mozilla/5.0 AppleWebKit/537.36 (KHTML, like Gecko; compatible; ClaudeBot/1.0; +claudebot@anthropic.com)"
216.73.217.154 - - [11/Sep/2026:05:04:22 -0400] "GET /well-known/pki-validation/b/g/ HTTP/1.1" 200 2071 "-" "Mozilla/5.0 AppleWebKit/537.36 (KHTML, like Gecko; compatible; ClaudeBot/1.0; +claudebot@anthropic.com)"
216.73.217.154 - - [11/Sep/2026:05:04:22 -0400] "GET /well-known/pki-validation/h/b/ HTTP/1.1" 200 2071 "-" "Mozilla/5.0 AppleWebKit/537.36 (KHTML, like Gecko; compatible; ClaudeBot/1.0; +claudebot@anthropic.com)"
216.73.217.154 - - [11/Sep/2026:05:04:22 -0400] "GET /well-known/pki-validation/b/h/ HTTP/1.1" 200 2071 "-" "Mozilla/5.0 AppleWebKit/537.36 (KHTML, like Gecko; compatible; ClaudeBot/1.0; +claudebot@anthropic.com)"
216.73.217.154 - - [11/Sep/2026:05:04:23 -0400] "GET /well-known/acme-challenge/e/d/ HTTP/1.1" 200 2071 "-" "Mozilla/5.0 AppleWebKit/537.36 (KHTML, like Gecko; compatible; ClaudeBot/1.0; +claudebot@anthropic.com)"
216.73.217.154 - - [11/Sep/2026:05:04:23 -0400] "GET /well-known/acme-challenge/d/e/ HTTP/1.1" 200 2071 "-" "Mozilla/5.0 AppleWebKit/537.36 (KHTML, like Gecko; compatible; ClaudeBot/1.0; +claudebot@anthropic.com)"
216.73.217.154 - - [11/Sep/2026:05:04:23 -0400] "GET /well-known/acme-challenge/e/f/ HTTP/1.1" 200 2071 "-" "Mozilla/5.0 AppleWebKit/537.36 (KHTML, like Gecko; compatible; ClaudeBot/1.0; +claudebot@anthropic.com)"
216.73.217.154 - - [11/Sep/2026:05:04:23 -0400] "GET /well-known/acme-challenge/f/e/ HTTP/1.1" 200 2071 "-" "Mozilla/5.0 AppleWebKit/537.36 (KHTML, like Gecko; compatible; ClaudeBot/1.0; +claudebot@anthropic.com)"
216.73.217.154 - - [11/Sep/2026:05:04:23 -0400] "GET /well-known/acme-challenge/d/f/ HTTP/1.1" 200 2071 "-" "Mozilla/5.0 AppleWebKit/537.36 (KHTML, like Gecko; compatible; ClaudeBot/1.0; +claudebot@anthropic.com)"
216.73.217.154 - - [11/Sep/2026:05:04:23 -0400] "GET /well-known/acme-challenge/f/d/ HTTP/1.1" 200 2071 "-" "Mozilla/5.0 AppleWebKit/537.36 (KHTML, like Gecko; compatible; ClaudeBot/1.0; +claudebot@anthropic.com)"
216.73.217.154 - - [11/Sep/2026:05:04:23 -0400] "GET /well-known/pki-validation/h/g/ HTTP/1.1" 200 2071 "-" "Mozilla/5.0 AppleWebKit/537.36 (KHTML, like Gecko; compatible; ClaudeBot/1.0; +claudebot@anthropic.com)"
216.73.217.154 - - [11/Sep/2026:05:04:23 -0400] "GET /well-known/pki-validation/g/h/ HTTP/1.1" 200 2071 "-" "Mozilla/5.0 AppleWebKit/537.36 (KHTML, like Gecko; compatible; ClaudeBot/1.0; +claudebot@anthropic.com)"
216.73.217.154 - - [11/Sep/2026:05:04:23 -0400] "GET /well-known/acme-challenge/a/e/ HTTP/1.1" 200 2071 "-" "Mozilla/5.0 AppleWebKit/537.36 (KHTML, like Gecko; compatible; ClaudeBot/1.0; +claudebot@anthropic.com)"
216.73.217.154 - - [11/Sep/2026:05:04:23 -0400] "GET /well-known/acme-challenge/e/a/ HTTP/1.1" 200 2071 "-" "Mozilla/5.0 AppleWebKit/537.36 (KHTML, like Gecko; compatible; ClaudeBot/1.0; +claudebot@anthropic.com)"
216.73.217.154 - - [11/Sep/2026:05:04:23 -0400] "GET /well-known/acme-challenge/a/d/ HTTP/1.1" 200 2071 "-" "Mozilla/5.0 AppleWebKit/537.36 (KHTML, like Gecko; compatible; ClaudeBot/1.0; +claudebot@anthropic.com)"
216.73.217.154 - - [11/Sep/2026:05:04:24 -0400] "GET /well-known/acme-challenge/d/a/ HTTP/1.1" 200 2071 "-" "Mozilla/5.0 AppleWebKit/537.36 (KHTML, like Gecko; compatible; ClaudeBot/1.0; +claudebot@anthropic.com)"
216.73.217.154 - - [11/Sep/2026:05:04:24 -0400] "GET /well-known/acme-challenge/e/c/ HTTP/1.1" 200 2071 "-" "Mozilla/5.0 AppleWebKit/537.36 (KHTML, like Gecko; compatible; ClaudeBot/1.0; +claudebot@anthropic.com)"
216.73.217.154 - - [11/Sep/2026:05:04:24 -0400] "GET /well-known/acme-challenge/c/e/ HTTP/1.1" 200 2071 "-" "Mozilla/5.0 AppleWebKit/537.36 (KHTML, like Gecko; compatible; ClaudeBot/1.0; +claudebot@anthropic.com)"
216.73.217.154 - - [11/Sep/2026:05:04:24 -0400] "GET /well-known/acme-challenge/f/a/ HTTP/1.1" 200 2071 "-" "Mozilla/5.0 AppleWebKit/537.36 (KHTML, like Gecko; compatible; ClaudeBot/1.0; +claudebot@anthropic.com)"
216.73.217.154 - - [11/Sep/2026:05:04:24 -0400] "GET /well-known/acme-challenge/a/f/ HTTP/1.1" 200 2071 "-" "Mozilla/5.0 AppleWebKit/537.36 (KHTML, like Gecko; compatible; ClaudeBot/1.0; +claudebot@anthropic.com)"
216.73.217.154 - - [11/Sep/2026:05:04:24 -0400] "GET /well-known/acme-challenge/c/d/ HTTP/1.1" 200 2071 "-" "Mozilla/5.0 AppleWebKit/537.36 (KHTML, like Gecko; compatible; ClaudeBot/1.0; +claudebot@anthropic.com)"
216.73.217.154 - - [11/Sep/2026:05:04:24 -0400] "GET /well-known/acme-challenge/d/c/ HTTP/1.1" 200 2071 "-" "Mozilla/5.0 AppleWebKit/537.36 (KHTML, like Gecko; compatible; ClaudeBot/1.0; +claudebot@anthropic.com)"
216.73.217.154 - - [11/Sep/2026:05:04:24 -0400] "GET /well-known/acme-challenge/f/c/ HTTP/1.1" 200 2071 "-" "Mozilla/5.0 AppleWebKit/537.36 (KHTML, like Gecko; compatible; ClaudeBot/1.0; +claudebot@anthropic.com)"
216.73.217.154 - - [11/Sep/2026:05:04:24 -0400] "GET /well-known/acme-challenge/c/f/ HTTP/1.1" 200 2071 "-" "Mozilla/5.0 AppleWebKit/537.36 (KHTML, like Gecko; compatible; ClaudeBot/1.0; +claudebot@anthropic.com)"
216.73.217.154 - - [11/Sep/2026:05:04:24 -0400] "GET /well-known/acme-challenge/a/a/ HTTP/1.1" 200 2071 "-" "Mozilla/5.0 AppleWebKit/537.36 (KHTML, like Gecko; compatible; ClaudeBot/1.0; +claudebot@anthropic.com)"
