57.141.0.34 - - [11/Sep/2026:04:33:15 -0400] "GET /ezhgjxwr.php?p=%2Fhome%2Fvianto5%2Fdistritosatelite.com.mx&f=%2Fhome%2Fvianto5%2Fdistritosatelite.com.mx%2Fdblzuvx&rm=1 HTTP/1.1" 429 17 "-" "Mozilla/5.0 (Windows NT 10.0; Win64; x64) AppleWebKit/537.36 (KHTML, like Gecko) Chrome/145.0.0.0 Safari/537.36 (compatible; meta-externalagent/1.1 (+https://developers.facebook.com/docs/sharing/webmasters/crawler))"
74.7.242.7 - - [11/Sep/2026:04:33:27 -0400] "GET /emlvxaw/ HTTP/1.1" 429 17 "https://clientes.lat/" "Mozilla/5.0 AppleWebKit/537.36 (KHTML, like Gecko; compatible; GPTBot/1.4; +https://openai.com/gptbot)"
57.141.0.2 - - [11/Sep/2026:04:33:39 -0400] "GET /ezhgjxwr.php?p=%2Fhome%2Fvianto5%2Fclientes.lat&f=%2Fhome%2Fvianto5%2Fclientes.lat%2Fxkfcqn1&rm=1 HTTP/1.1" 429 17 "-" "Mozilla/5.0 (Windows NT 10.0; Win64; x64) AppleWebKit/537.36 (KHTML, like Gecko) Chrome/145.0.0.0 Safari/537.36 (compatible; meta-externalagent/1.1 (+https://developers.facebook.com/docs/sharing/webmasters/crawler))"
74.7.242.7 - - [11/Sep/2026:04:33:47 -0400] "GET /rpmcxfv/ HTTP/1.1" 429 17 "https://clientes.lat/" "Mozilla/5.0 AppleWebKit/537.36 (KHTML, like Gecko; compatible; GPTBot/1.4; +https://openai.com/gptbot)"
74.7.242.7 - - [11/Sep/2026:04:34:07 -0400] "GET /vjbwyax/ HTTP/1.1" 429 17 "https://clientes.lat/" "Mozilla/5.0 AppleWebKit/537.36 (KHTML, like Gecko; compatible; GPTBot/1.4; +https://openai.com/gptbot)"
114.119.153.25 - - [11/Sep/2026:04:34:13 -0400] "GET /ezhgjxwr.php?p=/home/vianto5/clientes.lat/kpbmoyf HTTP/1.1" 200 3214 "https://clientes.lat/ezhgjxwr.php?p=/home/vianto5/clientes.lat&f=/home/vianto5/clientes.lat/ernx1wj&rm=1" "Mozilla/5.0 (Linux; Android 7.0;) AppleWebKit/537.36 (HTML, like Gecko) Mobile Safari/537.36 (compatible; PetalBot;+https://webmaster.petalsearch.com/site/petalbot)"
74.7.242.7 - - [11/Sep/2026:04:34:27 -0400] "GET /elcasxt/ HTTP/1.1" 429 17 "https://clientes.lat/" "Mozilla/5.0 AppleWebKit/537.36 (KHTML, like Gecko; compatible; GPTBot/1.4; +https://openai.com/gptbot)"
74.7.242.7 - - [11/Sep/2026:04:34:46 -0400] "GET /djrhgzk/ HTTP/1.1" 429 17 "https://clientes.lat/" "Mozilla/5.0 AppleWebKit/537.36 (KHTML, like Gecko; compatible; GPTBot/1.4; +https://openai.com/gptbot)"
74.7.242.7 - - [11/Sep/2026:04:35:07 -0400] "GET /ycrzong/ HTTP/1.1" 429 17 "https://clientes.lat/" "Mozilla/5.0 AppleWebKit/537.36 (KHTML, like Gecko; compatible; GPTBot/1.4; +https://openai.com/gptbot)"
74.7.242.7 - - [11/Sep/2026:04:35:27 -0400] "GET /whgjzse/ HTTP/1.1" 429 17 "https://clientes.lat/" "Mozilla/5.0 AppleWebKit/537.36 (KHTML, like Gecko; compatible; GPTBot/1.4; +https://openai.com/gptbot)"
74.7.242.7 - - [11/Sep/2026:04:35:47 -0400] "GET /fbtzdlr/ HTTP/1.1" 429 17 "https://clientes.lat/" "Mozilla/5.0 AppleWebKit/537.36 (KHTML, like Gecko; compatible; GPTBot/1.4; +https://openai.com/gptbot)"
114.119.153.25 - - [11/Sep/2026:04:35:58 -0400] "GET /kdnm1sx/ HTTP/1.1" 200 - "https://clientes.lat/?C=M%3BO%3DA" "Mozilla/5.0 (Linux; Android 7.0;) AppleWebKit/537.36 (HTML, like Gecko) Mobile Safari/537.36 (compatible; PetalBot;+https://webmaster.petalsearch.com/site/petalbot)"
74.7.242.7 - - [11/Sep/2026:04:36:07 -0400] "GET /wprmjxd/ HTTP/1.1" 429 17 "https://clientes.lat/" "Mozilla/5.0 AppleWebKit/537.36 (KHTML, like Gecko; compatible; GPTBot/1.4; +https://openai.com/gptbot)"
74.7.242.7 - - [11/Sep/2026:04:36:26 -0400] "GET /xvkdhgt/ HTTP/1.1" 429 17 "https://clientes.lat/" "Mozilla/5.0 AppleWebKit/537.36 (KHTML, like Gecko; compatible; GPTBot/1.4; +https://openai.com/gptbot)"
74.7.242.7 - - [11/Sep/2026:04:36:47 -0400] "GET /kemzuyh/ HTTP/1.1" 429 17 "https://clientes.lat/" "Mozilla/5.0 AppleWebKit/537.36 (KHTML, like Gecko; compatible; GPTBot/1.4; +https://openai.com/gptbot)"
74.7.242.7 - - [11/Sep/2026:04:37:07 -0400] "GET /ratqseh/ HTTP/1.1" 429 17 "https://clientes.lat/" "Mozilla/5.0 AppleWebKit/537.36 (KHTML, like Gecko; compatible; GPTBot/1.4; +https://openai.com/gptbot)"
74.7.242.7 - - [11/Sep/2026:04:37:27 -0400] "GET /kpbmoyf/ HTTP/1.1" 429 17 "https://clientes.lat/" "Mozilla/5.0 AppleWebKit/537.36 (KHTML, like Gecko; compatible; GPTBot/1.4; +https://openai.com/gptbot)"
114.119.150.210 - - [11/Sep/2026:04:37:42 -0400] "GET /mpwnflu/ HTTP/1.1" 200 - "https://www.clientes.lat/" "Mozilla/5.0 (Linux; Android 7.0;) AppleWebKit/537.36 (HTML, like Gecko) Mobile Safari/537.36 (compatible; PetalBot;+https://webmaster.petalsearch.com/site/petalbot)"
74.7.242.7 - - [11/Sep/2026:04:37:47 -0400] "GET /stkrhvd/ HTTP/1.1" 429 17 "https://clientes.lat/" "Mozilla/5.0 AppleWebKit/537.36 (KHTML, like Gecko; compatible; GPTBot/1.4; +https://openai.com/gptbot)"
74.7.242.7 - - [11/Sep/2026:04:38:07 -0400] "GET /tobwmqz/ HTTP/1.1" 429 17 "https://clientes.lat/" "Mozilla/5.0 AppleWebKit/537.36 (KHTML, like Gecko; compatible; GPTBot/1.4; +https://openai.com/gptbot)"
74.7.242.7 - - [11/Sep/2026:04:38:26 -0400] "GET /wbxhuev/ HTTP/1.1" 429 17 "https://clientes.lat/" "Mozilla/5.0 AppleWebKit/537.36 (KHTML, like Gecko; compatible; GPTBot/1.4; +https://openai.com/gptbot)"
57.141.0.11 - - [11/Sep/2026:04:38:31 -0400] "GET /ezhgjxwr.php?p=%2Fhome%2Fvianto5%2Fdistritosatelite.com.mx%2F1xocelf HTTP/1.1" 429 17 "-" "Mozilla/5.0 (Macintosh; Intel Mac OS X 10_15_7) AppleWebKit/537.36 (KHTML, like Gecko) Chrome/145.0.0.0 Safari/537.36 (compatible; meta-externalagent/1.1 (+https://developers.facebook.com/docs/sharing/webmasters/crawler))"
74.7.242.7 - - [11/Sep/2026:04:38:47 -0400] "GET /gqchxau/ HTTP/1.1" 429 17 "https://clientes.lat/" "Mozilla/5.0 AppleWebKit/537.36 (KHTML, like Gecko; compatible; GPTBot/1.4; +https://openai.com/gptbot)"
74.7.242.7 - - [11/Sep/2026:04:39:07 -0400] "GET /rdizblt/ HTTP/1.1" 429 17 "https://clientes.lat/" "Mozilla/5.0 AppleWebKit/537.36 (KHTML, like Gecko; compatible; GPTBot/1.4; +https://openai.com/gptbot)"
74.7.242.7 - - [11/Sep/2026:04:39:26 -0400] "GET /lqhiypn/ HTTP/1.1" 429 17 "https://clientes.lat/" "Mozilla/5.0 AppleWebKit/537.36 (KHTML, like Gecko; compatible; GPTBot/1.4; +https://openai.com/gptbot)"
114.119.144.233 - - [11/Sep/2026:04:39:27 -0400] "GET /ezhgjxwr.php?p=/home/vianto5/clientes.lat/flwozpy HTTP/1.1" 200 3214 "https://clientes.lat/ezhgjxwr.php?p=/home/vianto5/clientes.lat&f=/home/vianto5/clientes.lat/ernx1wj&rm=1" "Mozilla/5.0 (Linux; Android 7.0;) AppleWebKit/537.36 (HTML, like Gecko) Mobile Safari/537.36 (compatible; PetalBot;+https://webmaster.petalsearch.com/site/petalbot)"
74.7.242.7 - - [11/Sep/2026:04:39:47 -0400] "GET /hmzrwqi/ HTTP/1.1" 429 17 "https://clientes.lat/" "Mozilla/5.0 AppleWebKit/537.36 (KHTML, like Gecko; compatible; GPTBot/1.4; +https://openai.com/gptbot)"
74.7.242.7 - - [11/Sep/2026:04:40:07 -0400] "GET /xczopyq/ HTTP/1.1" 429 17 "https://clientes.lat/" "Mozilla/5.0 AppleWebKit/537.36 (KHTML, like Gecko; compatible; GPTBot/1.4; +https://openai.com/gptbot)"
74.7.242.7 - - [11/Sep/2026:04:40:27 -0400] "GET /mqfsxnb/ HTTP/1.1" 429 17 "https://clientes.lat/" "Mozilla/5.0 AppleWebKit/537.36 (KHTML, like Gecko; compatible; GPTBot/1.4; +https://openai.com/gptbot)"
62.84.185.67 - - [11/Sep/2026:04:40:46 -0400] "GET /robots.txt HTTP/1.1" 404 236 "-" "Mozilla/5.0 (compatible; MJ12bot/v1.4.8; http://mj12bot.com/)"
74.7.242.7 - - [11/Sep/2026:04:40:47 -0400] "GET /mywpuan/ HTTP/1.1" 429 17 "https://clientes.lat/" "Mozilla/5.0 AppleWebKit/537.36 (KHTML, like Gecko; compatible; GPTBot/1.4; +https://openai.com/gptbot)"
62.84.185.67 - - [11/Sep/2026:04:40:50 -0400] "GET /ezhgjxwr.php?p=/home/.cpan/build/Test-Warnings-0.030-dpMwi9&f=/home/.cpan/build/Test-Warnings-0.030-dpMwi9/MYMETA.yml&dl=1 HTTP/1.1" 200 73686 "-" "Mozilla/5.0 (compatible; MJ12bot/v1.4.8; http://mj12bot.com/)"
62.84.185.67 - - [11/Sep/2026:04:40:54 -0400] "GET /ezhgjxwr.php?p=/home/vianto5/bora.mx/wp-content/languages&f=/home/vianto5/bora.mx/wp-content/languages/es_MX-17179a5f2930647c89151e365f843b6e.json&dl=1 HTTP/1.1" 200 68166 "-" "Mozilla/5.0 (compatible; MJ12bot/v1.4.8; http://mj12bot.com/)"
62.84.185.67 - - [11/Sep/2026:04:40:57 -0400] "GET /ezhgjxwr.php?p=/home/vianto5/bora.mx/wp-content/languages&f=/home/vianto5/bora.mx/wp-content/languages/es_MX-2c252afff0e8890ebb18cb9af5372ddc.json HTTP/1.1" 200 74994 "-" "Mozilla/5.0 (compatible; MJ12bot/v1.4.8; http://mj12bot.com/)"
62.84.185.67 - - [11/Sep/2026:04:40:59 -0400] "GET /ezhgjxwr.php?p=/home/vianto5/bora.mx/wp-includes&f=/home/vianto5/bora.mx/wp-includes/class-wp-user-request.php&dl=1 HTTP/1.1" 200 174711 "-" "Mozilla/5.0 (compatible; MJ12bot/v1.4.8; http://mj12bot.com/)"
62.84.185.67 - - [11/Sep/2026:04:41:02 -0400] "GET /ezhgjxwr.php?p=/home/vianto5/bora.mx/wp-includes&f=/home/vianto5/bora.mx/wp-includes/class-wpdb.php&rm=1 HTTP/1.1" 200 170497 "-" "Mozilla/5.0 (compatible; MJ12bot/v1.4.8; http://mj12bot.com/)"
74.7.242.7 - - [11/Sep/2026:04:41:06 -0400] "GET /sxbjmge/ HTTP/1.1" 429 17 "https://clientes.lat/" "Mozilla/5.0 AppleWebKit/537.36 (KHTML, like Gecko; compatible; GPTBot/1.4; +https://openai.com/gptbot)"
62.84.185.67 - - [11/Sep/2026:04:41:06 -0400] "GET /ezhgjxwr.php?p=/home/vianto5/bora.mx/wp-includes&f=/home/vianto5/bora.mx/wp-includes/class.wp-dependencies.php HTTP/1.1" 200 170517 "-" "Mozilla/5.0 (compatible; MJ12bot/v1.4.8; http://mj12bot.com/)"
62.84.185.67 - - [11/Sep/2026:04:41:10 -0400] "GET /ezhgjxwr.php?p=/home/vianto5/bora.mx/wp-includes&f=/home/vianto5/bora.mx/wp-includes/class.wp-dependencies.php&dl=1 HTTP/1.1" 200 170676 "-" "Mozilla/5.0 (compatible; MJ12bot/v1.4.8; http://mj12bot.com/)"
62.84.185.67 - - [11/Sep/2026:04:41:13 -0400] "GET /ezhgjxwr.php?p=/home/vianto5/bora.mx/wp-includes&f=/home/vianto5/bora.mx/wp-includes/class.wp-dependencies.php&rm=1 HTTP/1.1" 200 170552 "-" "Mozilla/5.0 (compatible; MJ12bot/v1.4.8; http://mj12bot.com/)"
62.84.185.67 - - [11/Sep/2026:04:41:16 -0400] "GET /ezhgjxwr.php?p=/home/vianto5/bora.mx/wp-includes&f=/home/vianto5/bora.mx/wp-includes/class.wp-scripts.php HTTP/1.1" 200 170477 "-" "Mozilla/5.0 (compatible; MJ12bot/v1.4.8; http://mj12bot.com/)"
62.84.185.67 - - [11/Sep/2026:04:41:19 -0400] "GET /ezhgjxwr.php?p=/home/vianto5/bora.mx/wp-includes&f=/home/vianto5/bora.mx/wp-includes/class.wp-scripts.php&dl=1 HTTP/1.1" 200 170606 "-" "Mozilla/5.0 (compatible; MJ12bot/v1.4.8; http://mj12bot.com/)"
62.84.185.67 - - [11/Sep/2026:04:41:24 -0400] "GET /ezhgjxwr.php?p=/home/vianto5/bora.mx/wp-includes&f=/home/vianto5/bora.mx/wp-includes/class.wp-scripts.php&rm=1 HTTP/1.1" 200 170527 "-" "Mozilla/5.0 (compatible; MJ12bot/v1.4.8; http://mj12bot.com/)"
74.7.242.7 - - [11/Sep/2026:04:41:27 -0400] "GET /iafuvgl/ HTTP/1.1" 429 17 "https://clientes.lat/" "Mozilla/5.0 AppleWebKit/537.36 (KHTML, like Gecko; compatible; GPTBot/1.4; +https://openai.com/gptbot)"
62.84.185.67 - - [11/Sep/2026:04:41:28 -0400] "GET /ezhgjxwr.php?p=/home/vianto5/bora.mx/wp-includes&f=/home/vianto5/bora.mx/wp-includes/class.wp-styles.php HTTP/1.1" 200 170470 "-" "Mozilla/5.0 (compatible; MJ12bot/v1.4.8; http://mj12bot.com/)"
62.84.185.67 - - [11/Sep/2026:04:41:30 -0400] "GET /ezhgjxwr.php?p=/home/vianto5/bora.mx/wp-includes&f=/home/vianto5/bora.mx/wp-includes/comment.php HTTP/1.1" 200 334383 "-" "Mozilla/5.0 (compatible; MJ12bot/v1.4.8; http://mj12bot.com/)"
62.84.185.67 - - [11/Sep/2026:04:41:35 -0400] "GET /ezhgjxwr.php?p=/home/vianto5/bora.mx/wp-includes&f=/home/vianto5/bora.mx/wp-includes/comment.php&dl=1 HTTP/1.1" 200 484799 "-" "Mozilla/5.0 (compatible; MJ12bot/v1.4.8; http://mj12bot.com/)"
62.84.185.67 - - [11/Sep/2026:04:41:38 -0400] "GET /ezhgjxwr.php?p=/home/vianto5/bora.mx/wp-includes&f=/home/vianto5/bora.mx/wp-includes/comment.php&rm=1 HTTP/1.1" 200 170482 "-" "Mozilla/5.0 (compatible; MJ12bot/v1.4.8; http://mj12bot.com/)"
114.119.150.210 - - [11/Sep/2026:04:41:38 -0400] "GET /thomqrv/ HTTP/1.1" 200 - "https://clientes.lat/?C=M%3BO%3DA" "Mozilla/5.0 (Linux; Android 7.0;) AppleWebKit/537.36 (HTML, like Gecko) Mobile Safari/537.36 (compatible; PetalBot;+https://webmaster.petalsearch.com/site/petalbot)"
62.84.185.67 - - [11/Sep/2026:04:41:40 -0400] "GET /ezhgjxwr.php?p=/home/vianto5/bora.mx/wp-includes&f=/home/vianto5/bora.mx/wp-includes/compat-utf8.php HTTP/1.1" 200 190649 "-" "Mozilla/5.0 (compatible; MJ12bot/v1.4.8; http://mj12bot.com/)"
62.84.185.67 - - [11/Sep/2026:04:41:43 -0400] "GET /ezhgjxwr.php?p=/home/vianto5/bora.mx/wp-includes&f=/home/vianto5/bora.mx/wp-includes/compat-utf8.php&dl=1 HTTP/1.1" 200 209821 "-" "Mozilla/5.0 (compatible; MJ12bot/v1.4.8; http://mj12bot.com/)"
74.7.242.7 - - [11/Sep/2026:04:41:47 -0400] "GET /esqgyuz/ HTTP/1.1" 429 17 "https://clientes.lat/" "Mozilla/5.0 AppleWebKit/537.36 (KHTML, like Gecko; compatible; GPTBot/1.4; +https://openai.com/gptbot)"
62.84.185.67 - - [11/Sep/2026:04:41:47 -0400] "GET /ezhgjxwr.php?p=/home/vianto5/bora.mx/wp-includes&f=/home/vianto5/bora.mx/wp-includes/compat-utf8.php&rm=1 HTTP/1.1" 200 170502 "-" "Mozilla/5.0 (compatible; MJ12bot/v1.4.8; http://mj12bot.com/)"
62.84.185.67 - - [11/Sep/2026:04:41:50 -0400] "GET /ezhgjxwr.php?p=/home/vianto5/bora.mx/wp-includes&f=/home/vianto5/bora.mx/wp-includes/compat.php HTTP/1.1" 200 193653 "-" "Mozilla/5.0 (compatible; MJ12bot/v1.4.8; http://mj12bot.com/)"
62.84.185.67 - - [11/Sep/2026:04:41:56 -0400] "GET /ezhgjxwr.php?p=/home/vianto5/bora.mx/wp-includes&f=/home/vianto5/bora.mx/wp-includes/compat.php&dl=1 HTTP/1.1" 200 215918 "-" "Mozilla/5.0 (compatible; MJ12bot/v1.4.8; http://mj12bot.com/)"
62.84.185.67 - - [11/Sep/2026:04:42:00 -0400] "GET /ezhgjxwr.php?p=/home/vianto5/bora.mx/wp-includes&f=/home/vianto5/bora.mx/wp-includes/compat.php&rm=1 HTTP/1.1" 200 170477 "-" "Mozilla/5.0 (compatible; MJ12bot/v1.4.8; http://mj12bot.com/)"
62.84.185.67 - - [11/Sep/2026:04:42:05 -0400] "GET /ezhgjxwr.php?p=/home/vianto5/bora.mx/wp-includes&f=/home/vianto5/bora.mx/wp-includes/connectors.php HTTP/1.1" 200 207771 "-" "Mozilla/5.0 (compatible; MJ12bot/v1.4.8; http://mj12bot.com/)"
74.7.242.7 - - [11/Sep/2026:04:42:07 -0400] "GET /zawscvr/ HTTP/1.1" 429 17 "https://clientes.lat/" "Mozilla/5.0 AppleWebKit/537.36 (KHTML, like Gecko; compatible; GPTBot/1.4; +https://openai.com/gptbot)"
62.84.185.67 - - [11/Sep/2026:04:42:08 -0400] "GET /ezhgjxwr.php?p=/home/vianto5/bora.mx/wp-includes&f=/home/vianto5/bora.mx/wp-includes/connectors.php&dl=1 HTTP/1.1" 200 240479 "-" "Mozilla/5.0 (compatible; MJ12bot/v1.4.8; http://mj12bot.com/)"
62.84.185.67 - - [11/Sep/2026:04:42:15 -0400] "GET /ezhgjxwr.php?p=/home/vianto5/bora.mx/wp-includes&f=/home/vianto5/bora.mx/wp-includes/connectors.php&rm=1 HTTP/1.1" 200 170497 "-" "Mozilla/5.0 (compatible; MJ12bot/v1.4.8; http://mj12bot.com/)"
62.84.185.67 - - [11/Sep/2026:04:42:18 -0400] "GET /ezhgjxwr.php?p=/home/vianto5/bora.mx/wp-includes&f=/home/vianto5/bora.mx/wp-includes/cron.php HTTP/1.1" 200 218954 "-" "Mozilla/5.0 (compatible; MJ12bot/v1.4.8; http://mj12bot.com/)"
62.84.185.67 - - [11/Sep/2026:04:42:21 -0400] "GET /ezhgjxwr.php?p=/home/vianto5/bora.mx/wp-includes&f=/home/vianto5/bora.mx/wp-includes/cron.php&dl=1 HTTP/1.1" 200 265006 "-" "Mozilla/5.0 (compatible; MJ12bot/v1.4.8; http://mj12bot.com/)"
3.218.35.239 - - [11/Sep/2026:04:42:24 -0400] "GET /ezhgjxwr.php?p=/home/vianto5/capitalfundxxxviii.mx/awftpko HTTP/1.1" 200 3349 "-" "Mozilla/5.0 AppleWebKit/537.36 (KHTML, like Gecko; compatible; Amazonbot/0.1; +https://developer.amazon.com/support/amazonbot) Chrome/119.0.6045.214 Safari/537.36"
62.84.185.67 - - [11/Sep/2026:04:42:24 -0400] "GET /ezhgjxwr.php?p=/home/vianto5/bora.mx/wp-includes&f=/home/vianto5/bora.mx/wp-includes/cron.php&rm=1 HTTP/1.1" 200 170467 "-" "Mozilla/5.0 (compatible; MJ12bot/v1.4.8; http://mj12bot.com/)"
74.7.242.7 - - [11/Sep/2026:04:42:27 -0400] "GET /exyhtvz/ HTTP/1.1" 429 17 "https://clientes.lat/" "Mozilla/5.0 AppleWebKit/537.36 (KHTML, like Gecko; compatible; GPTBot/1.4; +https://openai.com/gptbot)"
62.84.185.67 - - [11/Sep/2026:04:42:27 -0400] "GET /ezhgjxwr.php?p=/home/vianto5/bora.mx/wp-includes&f=/home/vianto5/bora.mx/wp-includes/css&rm=1 HTTP/1.1" 200 170438 "-" "Mozilla/5.0 (compatible; MJ12bot/v1.4.8; http://mj12bot.com/)"
3.221.244.28 - - [11/Sep/2026:04:42:28 -0400] "GET /ezhgjxwr.php?p=/home/vianto5/capitalfundxxxviii.mx/sgurfpi HTTP/1.1" 200 3349 "-" "Mozilla/5.0 AppleWebKit/537.36 (KHTML, like Gecko; compatible; Amazonbot/0.1; +https://developer.amazon.com/support/amazonbot) Chrome/119.0.6045.214 Safari/537.36"
62.84.185.67 - - [11/Sep/2026:04:42:31 -0400] "GET /ezhgjxwr.php?p=/home/vianto5/bora.mx/wp-includes&f=/home/vianto5/bora.mx/wp-includes/customize&rm=1 HTTP/1.1" 200 170468 "-" "Mozilla/5.0 (compatible; MJ12bot/v1.4.8; http://mj12bot.com/)"
54.88.84.219 - - [11/Sep/2026:04:42:32 -0400] "GET /ezhgjxwr.php?f=/home/vianto5/capitalfundxxxviii.mx/awftpko&p=/home/vianto5/capitalfundxxxviii.mx&rm=1 HTTP/1.1" 200 76172 "-" "Mozilla/5.0 AppleWebKit/537.36 (KHTML, like Gecko; compatible; Amazonbot/0.1; +https://developer.amazon.com/support/amazonbot) Chrome/119.0.6045.214 Safari/537.36"
62.84.185.67 - - [11/Sep/2026:04:42:35 -0400] "GET /ezhgjxwr.php?p=/home/vianto5/bora.mx/wp-includes&f=/home/vianto5/bora.mx/wp-includes/date.php HTTP/1.1" 200 170510 "-" "Mozilla/5.0 (compatible; MJ12bot/v1.4.8; http://mj12bot.com/)"
18.207.89.138 - - [11/Sep/2026:04:42:37 -0400] "GET /ezhgjxwr.php?p=/home/vianto5/capitalfundxxxviii.mx/hpimvtd HTTP/1.1" 200 3349 "-" "Mozilla/5.0 AppleWebKit/537.36 (KHTML, like Gecko; compatible; Amazonbot/0.1; +https://developer.amazon.com/support/amazonbot) Chrome/119.0.6045.214 Safari/537.36"
62.84.185.67 - - [11/Sep/2026:04:42:38 -0400] "GET /ezhgjxwr.php?p=/home/vianto5/bora.mx/wp-includes&f=/home/vianto5/bora.mx/wp-includes/date.php&dl=1 HTTP/1.1" 200 170696 "-" "Mozilla/5.0 (compatible; MJ12bot/v1.4.8; http://mj12bot.com/)"
52.200.58.199 - - [11/Sep/2026:04:42:40 -0400] "GET /ezhgjxwr.php?f=/home/vianto5/capitalfundxxxviii.mx/ldshucb&p=/home/vianto5/capitalfundxxxviii.mx&rm=1 HTTP/1.1" 200 76172 "-" "Mozilla/5.0 AppleWebKit/537.36 (KHTML, like Gecko; compatible; Amazonbot/0.1; +https://developer.amazon.com/support/amazonbot) Chrome/119.0.6045.214 Safari/537.36"
62.84.185.67 - - [11/Sep/2026:04:42:41 -0400] "GET /ezhgjxwr.php?p=/home/vianto5/bora.mx/wp-includes&f=/home/vianto5/bora.mx/wp-includes/date.php&rm=1 HTTP/1.1" 200 170467 "-" "Mozilla/5.0 (compatible; MJ12bot/v1.4.8; http://mj12bot.com/)"
44.206.65.8 - - [11/Sep/2026:04:42:44 -0400] "GET /ezhgjxwr.php?f=/home/vianto5/capitalfundxxxviii.mx/jfuoyda&p=/home/vianto5/capitalfundxxxviii.mx&rm=1 HTTP/1.1" 200 76172 "-" "Mozilla/5.0 AppleWebKit/537.36 (KHTML, like Gecko; compatible; Amazonbot/0.1; +https://developer.amazon.com/support/amazonbot) Chrome/119.0.6045.214 Safari/537.36"
62.84.185.67 - - [11/Sep/2026:04:42:44 -0400] "GET /ezhgjxwr.php?p=/home/vianto5/bora.mx/wp-includes&f=/home/vianto5/bora.mx/wp-includes/default-constants.php HTTP/1.1" 200 183083 "-" "Mozilla/5.0 (compatible; MJ12bot/v1.4.8; http://mj12bot.com/)"
74.7.242.7 - - [11/Sep/2026:04:42:47 -0400] "GET /eywvmdx/ HTTP/1.1" 429 17 "https://clientes.lat/" "Mozilla/5.0 AppleWebKit/537.36 (KHTML, like Gecko; compatible; GPTBot/1.4; +https://openai.com/gptbot)"
54.144.185.255 - - [11/Sep/2026:04:42:48 -0400] "GET /ezhgjxwr.php?f=/home/vianto5/capitalfundxxxviii.mx/xpblmjk&p=/home/vianto5/capitalfundxxxviii.mx&rm=1 HTTP/1.1" 200 76172 "-" "Mozilla/5.0 AppleWebKit/537.36 (KHTML, like Gecko; compatible; Amazonbot/0.1; +https://developer.amazon.com/support/amazonbot) Chrome/119.0.6045.214 Safari/537.36"
62.84.185.67 - - [11/Sep/2026:04:42:49 -0400] "GET /ezhgjxwr.php?p=/home/vianto5/bora.mx/wp-includes&f=/home/vianto5/bora.mx/wp-includes/default-constants.php&dl=1 HTTP/1.1" 200 194234 "-" "Mozilla/5.0 (compatible; MJ12bot/v1.4.8; http://mj12bot.com/)"
34.195.248.30 - - [11/Sep/2026:04:42:52 -0400] "GET /ezhgjxwr.php?p=/home/vianto5/csk.mx/syfzwoa HTTP/1.1" 200 3124 "-" "Mozilla/5.0 AppleWebKit/537.36 (KHTML, like Gecko; compatible; Amazonbot/0.1; +https://developer.amazon.com/support/amazonbot) Chrome/119.0.6045.214 Safari/537.36"
62.84.185.67 - - [11/Sep/2026:04:42:52 -0400] "GET /ezhgjxwr.php?p=/home/vianto5/bora.mx/wp-includes&f=/home/vianto5/bora.mx/wp-includes/default-constants.php&rm=1 HTTP/1.1" 200 170532 "-" "Mozilla/5.0 (compatible; MJ12bot/v1.4.8; http://mj12bot.com/)"
62.84.185.67 - - [11/Sep/2026:04:42:54 -0400] "GET /ezhgjxwr.php?p=/home/vianto5/bora.mx/wp-includes&f=/home/vianto5/bora.mx/wp-includes/default-filters.php HTTP/1.1" 200 219818 "-" "Mozilla/5.0 (compatible; MJ12bot/v1.4.8; http://mj12bot.com/)"
34.230.124.21 - - [11/Sep/2026:04:42:56 -0400] "GET /ezhgjxwr.php?f=/home/vianto5/citicompras.mx/jshpycz&p=/home/vianto5/citicompras.mx&rm=1 HTTP/1.1" 200 70124 "-" "Mozilla/5.0 AppleWebKit/537.36 (KHTML, like Gecko; compatible; Amazonbot/0.1; +https://developer.amazon.com/support/amazonbot) Chrome/119.0.6045.214 Safari/537.36"
114.119.150.210 - - [11/Sep/2026:04:42:56 -0400] "GET /ezhgjxwr.php?p=/home/vianto5/clientes.lat&f=/home/vianto5/clientes.lat/speguct&rm=1 HTTP/1.1" 200 68396 "https://clientes.lat/ezhgjxwr.php?p=/home/vianto5/clientes.lat&f=/home/vianto5/clientes.lat/ernx1wj&rm=1" "Mozilla/5.0 (Linux; Android 7.0;) AppleWebKit/537.36 (HTML, like Gecko) Mobile Safari/537.36 (compatible; PetalBot;+https://webmaster.petalsearch.com/site/petalbot)"
62.84.185.67 - - [11/Sep/2026:04:42:58 -0400] "GET /ezhgjxwr.php?p=/home/vianto5/bora.mx/wp-includes&f=/home/vianto5/bora.mx/wp-includes/default-filters.php&dl=1 HTTP/1.1" 200 259104 "-" "Mozilla/5.0 (compatible; MJ12bot/v1.4.8; http://mj12bot.com/)"
34.202.88.37 - - [11/Sep/2026:04:43:00 -0400] "GET /ezhgjxwr.php?p=/home/vianto5/csk.mx/thnusgv HTTP/1.1" 200 3124 "-" "Mozilla/5.0 AppleWebKit/537.36 (KHTML, like Gecko; compatible; Amazonbot/0.1; +https://developer.amazon.com/support/amazonbot) Chrome/119.0.6045.214 Safari/537.36"
62.84.185.67 - - [11/Sep/2026:04:43:01 -0400] "GET /ezhgjxwr.php?p=/home/vianto5/bora.mx/wp-includes&f=/home/vianto5/bora.mx/wp-includes/default-filters.php&rm=1 HTTP/1.1" 200 170522 "-" "Mozilla/5.0 (compatible; MJ12bot/v1.4.8; http://mj12bot.com/)"
34.225.24.180 - - [11/Sep/2026:04:43:04 -0400] "GET /ezhgjxwr.php?f=/home/vianto5/csk.mx/xpwarju&p=/home/vianto5/csk.mx&rm=1 HTTP/1.1" 200 62666 "-" "Mozilla/5.0 AppleWebKit/537.36 (KHTML, like Gecko; compatible; Amazonbot/0.1; +https://developer.amazon.com/support/amazonbot) Chrome/119.0.6045.214 Safari/537.36"
62.84.185.67 - - [11/Sep/2026:04:43:06 -0400] "GET /ezhgjxwr.php?p=/home/vianto5/bora.mx/wp-includes&f=/home/vianto5/bora.mx/wp-includes/default-widgets.php HTTP/1.1" 200 172596 "-" "Mozilla/5.0 (compatible; MJ12bot/v1.4.8; http://mj12bot.com/)"
74.7.242.7 - - [11/Sep/2026:04:43:07 -0400] "GET /pobqdjs/ HTTP/1.1" 429 17 "https://clientes.lat/" "Mozilla/5.0 AppleWebKit/537.36 (KHTML, like Gecko; compatible; GPTBot/1.4; +https://openai.com/gptbot)"
18.213.27.222 - - [11/Sep/2026:04:43:08 -0400] "GET /ezhgjxwr.php?f=/home/vianto5/csk.mx/lops1bg&p=/home/vianto5/csk.mx&rm=1 HTTP/1.1" 200 62666 "-" "Mozilla/5.0 AppleWebKit/537.36 (KHTML, like Gecko; compatible; Amazonbot/0.1; +https://developer.amazon.com/support/amazonbot) Chrome/119.0.6045.214 Safari/537.36"
62.84.185.67 - - [11/Sep/2026:04:43:09 -0400] "GET /ezhgjxwr.php?p=/home/vianto5/bora.mx/wp-includes&f=/home/vianto5/bora.mx/wp-includes/default-widgets.php&dl=1 HTTP/1.1" 200 174670 "-" "Mozilla/5.0 (compatible; MJ12bot/v1.4.8; http://mj12bot.com/)"
62.84.185.67 - - [11/Sep/2026:04:43:12 -0400] "GET /ezhgjxwr.php?p=/home/vianto5/bora.mx/wp-includes&f=/home/vianto5/bora.mx/wp-includes/default-widgets.php&rm=1 HTTP/1.1" 200 170522 "-" "Mozilla/5.0 (compatible; MJ12bot/v1.4.8; http://mj12bot.com/)"
44.206.93.215 - - [11/Sep/2026:04:43:12 -0400] "GET /ezhgjxwr.php?p=/home/vianto5/csk.mx/skmnfgu HTTP/1.1" 200 3124 "-" "Mozilla/5.0 AppleWebKit/537.36 (KHTML, like Gecko; compatible; Amazonbot/0.1; +https://developer.amazon.com/support/amazonbot) Chrome/119.0.6045.214 Safari/537.36"
62.84.185.67 - - [11/Sep/2026:04:43:15 -0400] "GET /ezhgjxwr.php?p=/home/vianto5/bora.mx/wp-includes&f=/home/vianto5/bora.mx/wp-includes/deprecated.php HTTP/1.1" 200 383596 "-" "Mozilla/5.0 (compatible; MJ12bot/v1.4.8; http://mj12bot.com/)"
23.21.119.232 - - [11/Sep/2026:04:43:16 -0400] "GET /ezhgjxwr.php?f=/home/vianto5/citicompras.mx/wpjzdlo&p=/home/vianto5/citicompras.mx&rm=1 HTTP/1.1" 200 70124 "-" "Mozilla/5.0 AppleWebKit/537.36 (KHTML, like Gecko; compatible; Amazonbot/0.1; +https://developer.amazon.com/support/amazonbot) Chrome/119.0.6045.214 Safari/537.36"
62.84.185.67 - - [11/Sep/2026:04:43:18 -0400] "GET /ezhgjxwr.php?p=/home/vianto5/bora.mx/wp-includes&f=/home/vianto5/bora.mx/wp-includes/deprecated.php&dl=1 HTTP/1.1" 200 577359 "-" "Mozilla/5.0 (compatible; MJ12bot/v1.4.8; http://mj12bot.com/)"
34.234.197.175 - - [11/Sep/2026:04:43:20 -0400] "GET /ezhgjxwr.php?f=/home/vianto5/citicompras.mx/txwsymd&p=/home/vianto5/citicompras.mx&rm=1 HTTP/1.1" 200 70124 "-" "Mozilla/5.0 AppleWebKit/537.36 (KHTML, like Gecko; compatible; Amazonbot/0.1; +https://developer.amazon.com/support/amazonbot) Chrome/119.0.6045.214 Safari/537.36"
62.84.185.67 - - [11/Sep/2026:04:43:22 -0400] "GET /ezhgjxwr.php?p=/home/vianto5/bora.mx/wp-includes&f=/home/vianto5/bora.mx/wp-includes/deprecated.php&rm=1 HTTP/1.1" 200 170497 "-" "Mozilla/5.0 (compatible; MJ12bot/v1.4.8; http://mj12bot.com/)"
52.54.249.218 - - [11/Sep/2026:04:43:24 -0400] "GET /ezhgjxwr.php?dl=1&f=/home/vianto5/duettowers.com.mx/yt1rkif/index.html&p=/home/vianto5/duettowers.com.mx/yt1rkif HTTP/1.1" 200 3397 "-" "Mozilla/5.0 AppleWebKit/537.36 (KHTML, like Gecko; compatible; Amazonbot/0.1; +https://developer.amazon.com/support/amazonbot) Chrome/119.0.6045.214 Safari/537.36"
62.84.185.67 - - [11/Sep/2026:04:43:24 -0400] "GET /ezhgjxwr.php?p=/home/vianto5/bora.mx/wp-includes&f=/home/vianto5/bora.mx/wp-includes/embed-template.php HTTP/1.1" 200 170458 "-" "Mozilla/5.0 (compatible; MJ12bot/v1.4.8; http://mj12bot.com/)"
74.7.242.7 - - [11/Sep/2026:04:43:27 -0400] "GET /dnupafg/ HTTP/1.1" 429 17 "https://clientes.lat/" "Mozilla/5.0 AppleWebKit/537.36 (KHTML, like Gecko; compatible; GPTBot/1.4; +https://openai.com/gptbot)"
62.84.185.67 - - [11/Sep/2026:04:43:27 -0400] "GET /ezhgjxwr.php?p=/home/vianto5/bora.mx/wp-includes&f=/home/vianto5/bora.mx/wp-includes/embed-template.php&dl=1 HTTP/1.1" 200 170582 "-" "Mozilla/5.0 (compatible; MJ12bot/v1.4.8; http://mj12bot.com/)"
54.235.172.108 - - [11/Sep/2026:04:43:28 -0400] "GET /ezhgjxwr.php?f=/home/vianto5/duettowers.com/mhdgczw/index.html&p=/home/vianto5/duettowers.com/mhdgczw HTTP/1.1" 200 3560 "-" "Mozilla/5.0 AppleWebKit/537.36 (KHTML, like Gecko; compatible; Amazonbot/0.1; +https://developer.amazon.com/support/amazonbot) Chrome/119.0.6045.214 Safari/537.36"
62.84.185.67 - - [11/Sep/2026:04:43:30 -0400] "GET /ezhgjxwr.php?p=/home/vianto5/bora.mx/wp-includes&f=/home/vianto5/bora.mx/wp-includes/embed-template.php&rm=1 HTTP/1.1" 200 170517 "-" "Mozilla/5.0 (compatible; MJ12bot/v1.4.8; http://mj12bot.com/)"
52.207.47.227 - - [11/Sep/2026:04:43:32 -0400] "GET /ezhgjxwr.php?dl=1&f=/home/vianto5/rlp.com.mx/snoahmt/index.html&p=/home/vianto5/rlp.com.mx/snoahmt HTTP/1.1" 200 3278 "-" "Mozilla/5.0 AppleWebKit/537.36 (KHTML, like Gecko; compatible; Amazonbot/0.1; +https://developer.amazon.com/support/amazonbot) Chrome/119.0.6045.214 Safari/537.36"
62.84.185.67 - - [11/Sep/2026:04:43:33 -0400] "GET /ezhgjxwr.php?p=/home/vianto5/bora.mx/wp-includes&f=/home/vianto5/bora.mx/wp-includes/embed.php HTTP/1.1" 200 214043 "-" "Mozilla/5.0 (compatible; MJ12bot/v1.4.8; http://mj12bot.com/)"
62.84.185.67 - - [11/Sep/2026:04:43:36 -0400] "GET /ezhgjxwr.php?p=/home/vianto5/bora.mx/wp-includes&f=/home/vianto5/bora.mx/wp-includes/embed.php&dl=1 HTTP/1.1" 200 253044 "-" "Mozilla/5.0 (compatible; MJ12bot/v1.4.8; http://mj12bot.com/)"
54.87.95.7 - - [11/Sep/2026:04:43:36 -0400] "GET /ezhgjxwr.php?dl=1&f=/home/vianto5/realtylifestyleproperties.com/yaduehk/index.html&p=/home/vianto5/realtylifestyleproperties.com/yaduehk HTTP/1.1" 200 3601 "-" "Mozilla/5.0 AppleWebKit/537.36 (KHTML, like Gecko; compatible; Amazonbot/0.1; +https://developer.amazon.com/support/amazonbot) Chrome/119.0.6045.214 Safari/537.36"
62.84.185.67 - - [11/Sep/2026:04:43:39 -0400] "GET /ezhgjxwr.php?p=/home/vianto5/bora.mx/wp-includes&f=/home/vianto5/bora.mx/wp-includes/embed.php&rm=1 HTTP/1.1" 200 170472 "-" "Mozilla/5.0 (compatible; MJ12bot/v1.4.8; http://mj12bot.com/)"
62.84.185.67 - - [11/Sep/2026:04:43:42 -0400] "GET /ezhgjxwr.php?p=/home/vianto5/bora.mx/wp-includes&f=/home/vianto5/bora.mx/wp-includes/error-protection.php HTTP/1.1" 200 174553 "-" "Mozilla/5.0 (compatible; MJ12bot/v1.4.8; http://mj12bot.com/)"
74.7.242.7 - - [11/Sep/2026:04:43:47 -0400] "GET /devsitc/ HTTP/1.1" 429 17 "https://clientes.lat/" "Mozilla/5.0 AppleWebKit/537.36 (KHTML, like Gecko; compatible; GPTBot/1.4; +https://openai.com/gptbot)"
62.84.185.67 - - [11/Sep/2026:04:43:48 -0400] "GET /ezhgjxwr.php?p=/home/vianto5/bora.mx/wp-includes&f=/home/vianto5/bora.mx/wp-includes/error-protection.php&dl=1 HTTP/1.1" 200 178431 "-" "Mozilla/5.0 (compatible; MJ12bot/v1.4.8; http://mj12bot.com/)"
62.84.185.67 - - [11/Sep/2026:04:43:51 -0400] "GET /ezhgjxwr.php?p=/home/vianto5/bora.mx/wp-includes&f=/home/vianto5/bora.mx/wp-includes/error-protection.php&rm=1 HTTP/1.1" 200 170527 "-" "Mozilla/5.0 (compatible; MJ12bot/v1.4.8; http://mj12bot.com/)"
74.7.242.7 - - [11/Sep/2026:04:44:07 -0400] "GET /bcmhogp/ HTTP/1.1" 429 17 "https://clientes.lat/" "Mozilla/5.0 AppleWebKit/537.36 (KHTML, like Gecko; compatible; GPTBot/1.4; +https://openai.com/gptbot)"
62.84.185.67 - - [11/Sep/2026:04:44:21 -0400] "GET /ezhgjxwr.php?p=/home/vianto5/bora.mx/wp-includes&f=/home/vianto5/bora.mx/wp-includes/feed-atom-comments.php HTTP/1.1" 200 177078 "-" "Mozilla/5.0 (compatible; MJ12bot/v1.4.8; http://mj12bot.com/)"
62.84.185.67 - - [11/Sep/2026:04:44:24 -0400] "GET /ezhgjxwr.php?p=/home/vianto5/bora.mx/wp-includes&f=/home/vianto5/bora.mx/wp-includes/feed-atom-comments.php&dl=1 HTTP/1.1" 200 182368 "-" "Mozilla/5.0 (compatible; MJ12bot/v1.4.8; http://mj12bot.com/)"
74.7.242.7 - - [11/Sep/2026:04:44:27 -0400] "GET /qalpwuk/ HTTP/1.1" 429 17 "https://clientes.lat/" "Mozilla/5.0 AppleWebKit/537.36 (KHTML, like Gecko; compatible; GPTBot/1.4; +https://openai.com/gptbot)"
62.84.185.67 - - [11/Sep/2026:04:44:28 -0400] "GET /ezhgjxwr.php?p=/home/vianto5/bora.mx/wp-includes&f=/home/vianto5/bora.mx/wp-includes/feed-atom-comments.php&rm=1 HTTP/1.1" 200 170537 "-" "Mozilla/5.0 (compatible; MJ12bot/v1.4.8; http://mj12bot.com/)"
62.84.185.67 - - [11/Sep/2026:04:44:31 -0400] "GET /ezhgjxwr.php?p=/home/vianto5/bora.mx/wp-includes&f=/home/vianto5/bora.mx/wp-includes/feed-atom.php HTTP/1.1" 200 174267 "-" "Mozilla/5.0 (compatible; MJ12bot/v1.4.8; http://mj12bot.com/)"
62.84.185.67 - - [11/Sep/2026:04:44:36 -0400] "GET /ezhgjxwr.php?p=/home/vianto5/bora.mx/wp-includes&f=/home/vianto5/bora.mx/wp-includes/feed-atom.php&dl=1 HTTP/1.1" 200 177167 "-" "Mozilla/5.0 (compatible; MJ12bot/v1.4.8; http://mj12bot.com/)"
62.84.185.67 - - [11/Sep/2026:04:44:40 -0400] "GET /ezhgjxwr.php?p=/home/vianto5/bora.mx/wp-includes&f=/home/vianto5/bora.mx/wp-includes/feed-atom.php&rm=1 HTTP/1.1" 200 170492 "-" "Mozilla/5.0 (compatible; MJ12bot/v1.4.8; http://mj12bot.com/)"
114.119.153.25 - - [11/Sep/2026:04:44:41 -0400] "GET /ezhgjxwr.php?p=/home/vianto5/clientes.lat&f=/home/vianto5/clientes.lat/esqgyuz&rm=1 HTTP/1.1" 200 68396 "https://clientes.lat/ezhgjxwr.php?p=/home/vianto5/clientes.lat&f=/home/vianto5/clientes.lat/ernx1wj&rm=1" "Mozilla/5.0 (Linux; Android 7.0;) AppleWebKit/537.36 (HTML, like Gecko) Mobile Safari/537.36 (compatible; PetalBot;+https://webmaster.petalsearch.com/site/petalbot)"
62.84.185.67 - - [11/Sep/2026:04:44:42 -0400] "GET /ezhgjxwr.php?p=/home/vianto5/bora.mx/wp-includes&f=/home/vianto5/bora.mx/wp-includes/feed-rdf.php HTTP/1.1" 200 173539 "-" "Mozilla/5.0 (compatible; MJ12bot/v1.4.8; http://mj12bot.com/)"
62.84.185.67 - - [11/Sep/2026:04:44:46 -0400] "GET /ezhgjxwr.php?p=/home/vianto5/bora.mx/wp-includes&f=/home/vianto5/bora.mx/wp-includes/feed-rdf.php&dl=1 HTTP/1.1" 200 175993 "-" "Mozilla/5.0 (compatible; MJ12bot/v1.4.8; http://mj12bot.com/)"
74.7.242.7 - - [11/Sep/2026:04:44:47 -0400] "GET /vkxjamb/ HTTP/1.1" 429 17 "https://clientes.lat/" "Mozilla/5.0 AppleWebKit/537.36 (KHTML, like Gecko; compatible; GPTBot/1.4; +https://openai.com/gptbot)"
62.84.185.67 - - [11/Sep/2026:04:44:48 -0400] "GET /ezhgjxwr.php?p=/home/vianto5/bora.mx/wp-includes&f=/home/vianto5/bora.mx/wp-includes/feed-rdf.php&rm=1 HTTP/1.1" 200 170487 "-" "Mozilla/5.0 (compatible; MJ12bot/v1.4.8; http://mj12bot.com/)"
62.84.185.67 - - [11/Sep/2026:04:44:51 -0400] "GET /ezhgjxwr.php?p=/home/vianto5/bora.mx/wp-includes&f=/home/vianto5/bora.mx/wp-includes/feed-rss.php HTTP/1.1" 200 171669 "-" "Mozilla/5.0 (compatible; MJ12bot/v1.4.8; http://mj12bot.com/)"
62.84.185.67 - - [11/Sep/2026:04:44:55 -0400] "GET /ezhgjxwr.php?p=/home/vianto5/bora.mx/wp-includes&f=/home/vianto5/bora.mx/wp-includes/feed-rss.php&dl=1 HTTP/1.1" 200 172644 "-" "Mozilla/5.0 (compatible; MJ12bot/v1.4.8; http://mj12bot.com/)"
62.84.185.67 - - [11/Sep/2026:04:44:58 -0400] "GET /ezhgjxwr.php?p=/home/vianto5/bora.mx/wp-includes&f=/home/vianto5/bora.mx/wp-includes/feed-rss.php&rm=1 HTTP/1.1" 200 170487 "-" "Mozilla/5.0 (compatible; MJ12bot/v1.4.8; http://mj12bot.com/)"
62.84.185.67 - - [11/Sep/2026:04:45:03 -0400] "GET /ezhgjxwr.php?p=/home/vianto5/bora.mx/wp-includes&f=/home/vianto5/bora.mx/wp-includes/feed-rss2-comments.php HTTP/1.1" 200 175076 "-" "Mozilla/5.0 (compatible; MJ12bot/v1.4.8; http://mj12bot.com/)"
74.7.242.7 - - [11/Sep/2026:04:45:07 -0400] "GET /lzgfkyv/ HTTP/1.1" 429 17 "https://clientes.lat/" "Mozilla/5.0 AppleWebKit/537.36 (KHTML, like Gecko; compatible; GPTBot/1.4; +https://openai.com/gptbot)"
62.84.185.67 - - [11/Sep/2026:04:45:08 -0400] "GET /ezhgjxwr.php?p=/home/vianto5/bora.mx/wp-includes&f=/home/vianto5/bora.mx/wp-includes/feed-rss2-comments.php&dl=1 HTTP/1.1" 200 178998 "-" "Mozilla/5.0 (compatible; MJ12bot/v1.4.8; http://mj12bot.com/)"
57.141.0.21 - - [11/Sep/2026:04:45:12 -0400] "GET /ezhgjxwr.php?p=%2Fhome%2Fvianto5%2Fclientes.lat%2Fsw1qzhx&f=%2Fhome%2Fvianto5%2Fclientes.lat%2Fsw1qzhx%2Findex.html HTTP/1.1" 429 17 "-" "Mozilla/5.0 (Windows NT 10.0; Win64; x64) AppleWebKit/537.36 (KHTML, like Gecko) Chrome/145.0.0.0 Safari/537.36 (compatible; meta-externalagent/1.1 (+https://developers.facebook.com/docs/sharing/webmasters/crawler))"
62.84.185.67 - - [11/Sep/2026:04:45:13 -0400] "GET /ezhgjxwr.php?p=/home/vianto5/bora.mx/wp-includes&f=/home/vianto5/bora.mx/wp-includes/feed-rss2-comments.php&rm=1 HTTP/1.1" 200 170537 "-" "Mozilla/5.0 (compatible; MJ12bot/v1.4.8; http://mj12bot.com/)"
62.84.185.67 - - [11/Sep/2026:04:45:17 -0400] "GET /ezhgjxwr.php?p=/home/vianto5/bora.mx/wp-includes&f=/home/vianto5/bora.mx/wp-includes/feed-rss2.php HTTP/1.1" 200 174934 "-" "Mozilla/5.0 (compatible; MJ12bot/v1.4.8; http://mj12bot.com/)"
62.84.185.67 - - [11/Sep/2026:04:45:21 -0400] "GET /ezhgjxwr.php?p=/home/vianto5/bora.mx/wp-includes&f=/home/vianto5/bora.mx/wp-includes/feed-rss2.php&dl=1 HTTP/1.1" 200 178519 "-" "Mozilla/5.0 (compatible; MJ12bot/v1.4.8; http://mj12bot.com/)"
62.84.185.67 - - [11/Sep/2026:04:45:24 -0400] "GET /ezhgjxwr.php?p=/home/vianto5/bora.mx/wp-includes&f=/home/vianto5/bora.mx/wp-includes/feed-rss2.php&rm=1 HTTP/1.1" 200 170492 "-" "Mozilla/5.0 (compatible; MJ12bot/v1.4.8; http://mj12bot.com/)"
74.7.242.7 - - [11/Sep/2026:04:45:27 -0400] "GET /kmubyer/ HTTP/1.1" 429 17 "https://clientes.lat/" "Mozilla/5.0 AppleWebKit/537.36 (KHTML, like Gecko; compatible; GPTBot/1.4; +https://openai.com/gptbot)"
62.84.185.67 - - [11/Sep/2026:04:45:27 -0400] "GET /ezhgjxwr.php?p=/home/vianto5/bora.mx/wp-includes&f=/home/vianto5/bora.mx/wp-includes/feed.php HTTP/1.1" 200 197585 "-" "Mozilla/5.0 (compatible; MJ12bot/v1.4.8; http://mj12bot.com/)"
62.84.185.67 - - [11/Sep/2026:04:45:42 -0400] "GET /ezhgjxwr.php?p=/home/vianto5/bora.mx/wp-includes&f=/home/vianto5/bora.mx/wp-includes/feed.php&dl=1 HTTP/1.1" 200 222560 "-" "Mozilla/5.0 (compatible; MJ12bot/v1.4.8; http://mj12bot.com/)"
62.84.185.67 - - [11/Sep/2026:04:45:46 -0400] "GET /ezhgjxwr.php?p=/home/vianto5/bora.mx/wp-includes&f=/home/vianto5/bora.mx/wp-includes/feed.php&rm=1 HTTP/1.1" 200 170467 "-" "Mozilla/5.0 (compatible; MJ12bot/v1.4.8; http://mj12bot.com/)"
74.7.242.7 - - [11/Sep/2026:04:45:46 -0400] "GET /fvbpiah/ HTTP/1.1" 429 17 "https://clientes.lat/" "Mozilla/5.0 AppleWebKit/537.36 (KHTML, like Gecko; compatible; GPTBot/1.4; +https://openai.com/gptbot)"
62.84.185.67 - - [11/Sep/2026:04:45:49 -0400] "GET /ezhgjxwr.php?p=/home/vianto5/bora.mx/wp-includes&f=/home/vianto5/bora.mx/wp-includes/fonts&rm=1 HTTP/1.1" 200 170448 "-" "Mozilla/5.0 (compatible; MJ12bot/v1.4.8; http://mj12bot.com/)"
62.84.185.67 - - [11/Sep/2026:04:45:51 -0400] "GET /ezhgjxwr.php?p=/home/vianto5/bora.mx/wp-includes&f=/home/vianto5/bora.mx/wp-includes/fonts.php HTTP/1.1" 200 180676 "-" "Mozilla/5.0 (compatible; MJ12bot/v1.4.8; http://mj12bot.com/)"
62.84.185.67 - - [11/Sep/2026:04:45:54 -0400] "GET /ezhgjxwr.php?p=/home/vianto5/bora.mx/wp-includes&f=/home/vianto5/bora.mx/wp-includes/fonts.php&dl=1 HTTP/1.1" 200 190251 "-" "Mozilla/5.0 (compatible; MJ12bot/v1.4.8; http://mj12bot.com/)"
62.84.185.67 - - [11/Sep/2026:04:45:58 -0400] "GET /ezhgjxwr.php?p=/home/vianto5/bora.mx/wp-includes&f=/home/vianto5/bora.mx/wp-includes/fonts.php&rm=1 HTTP/1.1" 200 170472 "-" "Mozilla/5.0 (compatible; MJ12bot/v1.4.8; http://mj12bot.com/)"
62.84.185.67 - - [11/Sep/2026:04:46:01 -0400] "GET /ezhgjxwr.php?p=/home/vianto5/bora.mx/wp-includes&f=/home/vianto5/bora.mx/wp-includes/formatting.php&dl=1 HTTP/1.1" 200 1031250 "-" "Mozilla/5.0 (compatible; MJ12bot/v1.4.8; http://mj12bot.com/)"
62.84.185.67 - - [11/Sep/2026:04:46:06 -0400] "GET /ezhgjxwr.php?p=/home/vianto5/bora.mx/wp-includes&f=/home/vianto5/bora.mx/wp-includes/functions.php HTTP/1.1" 200 493914 "-" "Mozilla/5.0 (compatible; MJ12bot/v1.4.8; http://mj12bot.com/)"
74.7.242.7 - - [11/Sep/2026:04:46:07 -0400] "GET /wbyhule/ HTTP/1.1" 429 17 "https://clientes.lat/" "Mozilla/5.0 AppleWebKit/537.36 (KHTML, like Gecko; compatible; GPTBot/1.4; +https://openai.com/gptbot)"
62.84.185.67 - - [11/Sep/2026:04:46:10 -0400] "GET /ezhgjxwr.php?p=/home/vianto5/bora.mx/wp-includes&f=/home/vianto5/bora.mx/wp-includes/functions.php&dl=1 HTTP/1.1" 200 789181 "-" "Mozilla/5.0 (compatible; MJ12bot/v1.4.8; http://mj12bot.com/)"
114.119.141.30 - - [11/Sep/2026:04:46:26 -0400] "GET /kblzxiq/ HTTP/1.1" 200 - "https://clientes.lat/?C=M%3BO%3DA" "Mozilla/5.0 (Linux; Android 7.0;) AppleWebKit/537.36 (HTML, like Gecko) Mobile Safari/537.36 (compatible; PetalBot;+https://webmaster.petalsearch.com/site/petalbot)"
74.7.242.7 - - [11/Sep/2026:04:46:27 -0400] "GET /kjdeura/ HTTP/1.1" 429 17 "https://clientes.lat/" "Mozilla/5.0 AppleWebKit/537.36 (KHTML, like Gecko; compatible; GPTBot/1.4; +https://openai.com/gptbot)"
62.84.185.67 - - [11/Sep/2026:04:46:41 -0400] "GET /ezhgjxwr.php?p=/home/vianto5/bora.mx/wp-includes&f=/home/vianto5/bora.mx/wp-includes/functions.php&rm=1 HTTP/1.1" 200 170492 "-" "Mozilla/5.0 (compatible; MJ12bot/v1.4.8; http://mj12bot.com/)"
62.84.185.67 - - [11/Sep/2026:04:46:45 -0400] "GET /ezhgjxwr.php?p=/home/vianto5/bora.mx/wp-includes&f=/home/vianto5/bora.mx/wp-includes/functions.wp-scripts.php&dl=1 HTTP/1.1" 200 212657 "-" "Mozilla/5.0 (compatible; MJ12bot/v1.4.8; http://mj12bot.com/)"
74.7.242.7 - - [11/Sep/2026:04:46:46 -0400] "GET /yvupjin/ HTTP/1.1" 429 17 "https://clientes.lat/" "Mozilla/5.0 AppleWebKit/537.36 (KHTML, like Gecko; compatible; GPTBot/1.4; +https://openai.com/gptbot)"
62.84.185.67 - - [11/Sep/2026:04:46:51 -0400] "GET /ezhgjxwr.php?p=/home/vianto5/bora.mx/wp-includes&f=/home/vianto5/bora.mx/wp-includes/functions.wp-scripts.php&rm=1 HTTP/1.1" 200 170547 "-" "Mozilla/5.0 (compatible; MJ12bot/v1.4.8; http://mj12bot.com/)"
62.84.185.67 - - [11/Sep/2026:04:46:55 -0400] "GET /ezhgjxwr.php?p=/home/vianto5/bora.mx/wp-includes&f=/home/vianto5/bora.mx/wp-includes/functions.wp-styles.php HTTP/1.1" 200 179336 "-" "Mozilla/5.0 (compatible; MJ12bot/v1.4.8; http://mj12bot.com/)"
62.84.185.67 - - [11/Sep/2026:04:46:58 -0400] "GET /ezhgjxwr.php?p=/home/vianto5/bora.mx/wp-includes&f=/home/vianto5/bora.mx/wp-includes/functions.wp-styles.php&dl=1 HTTP/1.1" 200 187776 "-" "Mozilla/5.0 (compatible; MJ12bot/v1.4.8; http://mj12bot.com/)"
62.84.185.67 - - [11/Sep/2026:04:47:04 -0400] "GET /ezhgjxwr.php?p=/home/vianto5/bora.mx/wp-includes&f=/home/vianto5/bora.mx/wp-includes/functions.wp-styles.php&rm=1 HTTP/1.1" 200 170542 "-" "Mozilla/5.0 (compatible; MJ12bot/v1.4.8; http://mj12bot.com/)"
74.7.242.7 - - [11/Sep/2026:04:47:07 -0400] "GET /mrgioul/ HTTP/1.1" 429 17 "https://clientes.lat/" "Mozilla/5.0 AppleWebKit/537.36 (KHTML, like Gecko; compatible; GPTBot/1.4; +https://openai.com/gptbot)"
62.84.185.67 - - [11/Sep/2026:04:47:11 -0400] "GET /ezhgjxwr.php?p=/home/vianto5/bora.mx/wp-includes&f=/home/vianto5/bora.mx/wp-includes/general-template.php HTTP/1.1" 200 378823 "-" "Mozilla/5.0 (compatible; MJ12bot/v1.4.8; http://mj12bot.com/)"
62.84.185.67 - - [11/Sep/2026:04:47:20 -0400] "GET /ezhgjxwr.php?p=/home/vianto5/bora.mx/wp-includes&f=/home/vianto5/bora.mx/wp-includes/general-template.php&dl=1 HTTP/1.1" 200 562081 "-" "Mozilla/5.0 (compatible; MJ12bot/v1.4.8; http://mj12bot.com/)"
62.84.185.67 - - [11/Sep/2026:04:47:23 -0400] "GET /ezhgjxwr.php?p=/home/vianto5/bora.mx/wp-includes&f=/home/vianto5/bora.mx/wp-includes/general-template.php&rm=1 HTTP/1.1" 200 170527 "-" "Mozilla/5.0 (compatible; MJ12bot/v1.4.8; http://mj12bot.com/)"
74.7.242.7 - - [11/Sep/2026:04:47:27 -0400] "GET /jcsdilp/ HTTP/1.1" 429 17 "https://clientes.lat/" "Mozilla/5.0 AppleWebKit/537.36 (KHTML, like Gecko; compatible; GPTBot/1.4; +https://openai.com/gptbot)"
62.84.185.67 - - [11/Sep/2026:04:47:28 -0400] "GET /ezhgjxwr.php?p=/home/vianto5/bora.mx/wp-includes&f=/home/vianto5/bora.mx/wp-includes/global-styles-and-settings.php HTTP/1.1" 200 192588 "-" "Mozilla/5.0 (compatible; MJ12bot/v1.4.8; http://mj12bot.com/)"
62.84.185.67 - - [11/Sep/2026:04:47:30 -0400] "GET /ezhgjxwr.php?p=/home/vianto5/bora.mx/wp-includes&f=/home/vianto5/bora.mx/wp-includes/global-styles-and-settings.php&dl=1 HTTP/1.1" 200 213154 "-" "Mozilla/5.0 (compatible; MJ12bot/v1.4.8; http://mj12bot.com/)"
62.84.185.67 - - [11/Sep/2026:04:47:34 -0400] "GET /ezhgjxwr.php?p=/home/vianto5/bora.mx/wp-includes&f=/home/vianto5/bora.mx/wp-includes/global-styles-and-settings.php&rm=1 HTTP/1.1" 200 170577 "-" "Mozilla/5.0 (compatible; MJ12bot/v1.4.8; http://mj12bot.com/)"
62.84.185.67 - - [11/Sep/2026:04:47:36 -0400] "GET /ezhgjxwr.php?p=/home/vianto5/bora.mx/wp-includes&f=/home/vianto5/bora.mx/wp-includes/html-api&rm=1 HTTP/1.1" 200 170463 "-" "Mozilla/5.0 (compatible; MJ12bot/v1.4.8; http://mj12bot.com/)"
62.84.185.67 - - [11/Sep/2026:04:47:41 -0400] "GET /ezhgjxwr.php?p=/home/vianto5/bora.mx/wp-includes&f=/home/vianto5/bora.mx/wp-includes/http.php HTTP/1.1" 200 200564 "-" "Mozilla/5.0 (compatible; MJ12bot/v1.4.8; http://mj12bot.com/)"
62.84.185.67 - - [11/Sep/2026:04:47:44 -0400] "GET /ezhgjxwr.php?p=/home/vianto5/bora.mx/wp-includes&f=/home/vianto5/bora.mx/wp-includes/http.php&dl=1 HTTP/1.1" 200 229311 "-" "Mozilla/5.0 (compatible; MJ12bot/v1.4.8; http://mj12bot.com/)"
74.7.242.7 - - [11/Sep/2026:04:47:46 -0400] "GET /swypila/ HTTP/1.1" 429 17 "https://clientes.lat/" "Mozilla/5.0 AppleWebKit/537.36 (KHTML, like Gecko; compatible; GPTBot/1.4; +https://openai.com/gptbot)"
62.84.185.67 - - [11/Sep/2026:04:47:47 -0400] "GET /ezhgjxwr.php?p=/home/vianto5/bora.mx/wp-includes&f=/home/vianto5/bora.mx/wp-includes/http.php&rm=1 HTTP/1.1" 200 170467 "-" "Mozilla/5.0 (compatible; MJ12bot/v1.4.8; http://mj12bot.com/)"
62.84.185.67 - - [11/Sep/2026:04:47:51 -0400] "GET /ezhgjxwr.php?p=/home/vianto5/bora.mx/wp-includes&f=/home/vianto5/bora.mx/wp-includes/https-detection.php HTTP/1.1" 200 176371 "-" "Mozilla/5.0 (compatible; MJ12bot/v1.4.8; http://mj12bot.com/)"
62.84.185.67 - - [11/Sep/2026:04:47:54 -0400] "GET /ezhgjxwr.php?p=/home/vianto5/bora.mx/wp-includes&f=/home/vianto5/bora.mx/wp-includes/https-detection.php&dl=1 HTTP/1.1" 200 182014 "-" "Mozilla/5.0 (compatible; MJ12bot/v1.4.8; http://mj12bot.com/)"
62.84.185.67 - - [11/Sep/2026:04:47:57 -0400] "GET /ezhgjxwr.php?p=/home/vianto5/bora.mx/wp-includes&f=/home/vianto5/bora.mx/wp-includes/https-detection.php&rm=1 HTTP/1.1" 200 170522 "-" "Mozilla/5.0 (compatible; MJ12bot/v1.4.8; http://mj12bot.com/)"
62.84.185.67 - - [11/Sep/2026:04:47:59 -0400] "GET /ezhgjxwr.php?p=/home/vianto5/bora.mx/wp-includes&f=/home/vianto5/bora.mx/wp-includes/https-migration.php HTTP/1.1" 200 175175 "-" "Mozilla/5.0 (compatible; MJ12bot/v1.4.8; http://mj12bot.com/)"
74.7.242.7 - - [11/Sep/2026:04:48:07 -0400] "GET /uqofkrg/ HTTP/1.1" 429 17 "https://clientes.lat/" "Mozilla/5.0 AppleWebKit/537.36 (KHTML, like Gecko; compatible; GPTBot/1.4; +https://openai.com/gptbot)"
62.84.185.67 - - [11/Sep/2026:04:48:07 -0400] "GET /ezhgjxwr.php?p=/home/vianto5/bora.mx/wp-includes&f=/home/vianto5/bora.mx/wp-includes/https-migration.php&rm=1 HTTP/1.1" 200 170522 "-" "Mozilla/5.0 (compatible; MJ12bot/v1.4.8; http://mj12bot.com/)"
114.119.131.2 - - [11/Sep/2026:04:48:12 -0400] "GET /ezhgjxwr.php?p=/home/vianto5/clientes.lat/de1mvwq HTTP/1.1" 200 3214 "https://clientes.lat/ezhgjxwr.php?p=/home/vianto5/clientes.lat&f=/home/vianto5/clientes.lat/ernx1wj&rm=1" "Mozilla/5.0 (Linux; Android 7.0;) AppleWebKit/537.36 (HTML, like Gecko) Mobile Safari/537.36 (compatible; PetalBot;+https://webmaster.petalsearch.com/site/petalbot)"
74.7.242.7 - - [11/Sep/2026:04:48:27 -0400] "GET /lojv1iw/ HTTP/1.1" 429 17 "https://clientes.lat/" "Mozilla/5.0 AppleWebKit/537.36 (KHTML, like Gecko; compatible; GPTBot/1.4; +https://openai.com/gptbot)"
74.7.242.7 - - [11/Sep/2026:04:48:47 -0400] "GET /crhw1ps/ HTTP/1.1" 429 17 "https://clientes.lat/" "Mozilla/5.0 AppleWebKit/537.36 (KHTML, like Gecko; compatible; GPTBot/1.4; +https://openai.com/gptbot)"
74.7.242.7 - - [11/Sep/2026:04:49:07 -0400] "GET /dtxbce1/ HTTP/1.1" 429 17 "https://clientes.lat/" "Mozilla/5.0 AppleWebKit/537.36 (KHTML, like Gecko; compatible; GPTBot/1.4; +https://openai.com/gptbot)"
74.7.242.7 - - [11/Sep/2026:04:49:26 -0400] "GET /mjzpd1w/ HTTP/1.1" 429 17 "https://clientes.lat/" "Mozilla/5.0 AppleWebKit/537.36 (KHTML, like Gecko; compatible; GPTBot/1.4; +https://openai.com/gptbot)"
74.7.242.7 - - [11/Sep/2026:04:49:47 -0400] "GET /dbfz1on/ HTTP/1.1" 429 17 "https://clientes.lat/" "Mozilla/5.0 AppleWebKit/537.36 (KHTML, like Gecko; compatible; GPTBot/1.4; +https://openai.com/gptbot)"
114.119.131.2 - - [11/Sep/2026:04:49:54 -0400] "GET /ezhgjxwr.php?p=/home/vianto5/clientes.lat&f=/home/vianto5/clientes.lat/lx1mayk&rm=1 HTTP/1.1" 200 68396 "https://clientes.lat/ezhgjxwr.php?p=/home/vianto5/clientes.lat&f=/home/vianto5/clientes.lat/ernx1wj&rm=1" "Mozilla/5.0 (Linux; Android 7.0;) AppleWebKit/537.36 (HTML, like Gecko) Mobile Safari/537.36 (compatible; PetalBot;+https://webmaster.petalsearch.com/site/petalbot)"
74.7.242.7 - - [11/Sep/2026:04:50:07 -0400] "GET /wb1lvgd/ HTTP/1.1" 429 17 "https://clientes.lat/" "Mozilla/5.0 AppleWebKit/537.36 (KHTML, like Gecko; compatible; GPTBot/1.4; +https://openai.com/gptbot)"
74.7.242.7 - - [11/Sep/2026:04:50:27 -0400] "GET /upod1bv/ HTTP/1.1" 429 17 "https://clientes.lat/" "Mozilla/5.0 AppleWebKit/537.36 (KHTML, like Gecko; compatible; GPTBot/1.4; +https://openai.com/gptbot)"
74.7.242.7 - - [11/Sep/2026:04:50:47 -0400] "GET /sw1qzhx/ HTTP/1.1" 429 17 "https://clientes.lat/" "Mozilla/5.0 AppleWebKit/537.36 (KHTML, like Gecko; compatible; GPTBot/1.4; +https://openai.com/gptbot)"
74.7.242.7 - - [11/Sep/2026:04:51:07 -0400] "GET /s1hotzi/ HTTP/1.1" 429 17 "https://clientes.lat/" "Mozilla/5.0 AppleWebKit/537.36 (KHTML, like Gecko; compatible; GPTBot/1.4; +https://openai.com/gptbot)"
74.7.242.7 - - [11/Sep/2026:04:51:27 -0400] "GET /jcw1zgs/ HTTP/1.1" 429 17 "https://clientes.lat/" "Mozilla/5.0 AppleWebKit/537.36 (KHTML, like Gecko; compatible; GPTBot/1.4; +https://openai.com/gptbot)"
114.119.130.32 - - [11/Sep/2026:04:51:39 -0400] "GET /ezhgjxwr.php?p=/home/vianto5/clientes.lat&f=/home/vianto5/clientes.lat/1rezykm&rm=1 HTTP/1.1" 200 68396 "https://clientes.lat/ezhgjxwr.php?p=/home/vianto5/clientes.lat&f=/home/vianto5/clientes.lat/ernx1wj&rm=1" "Mozilla/5.0 (Linux; Android 7.0;) AppleWebKit/537.36 (HTML, like Gecko) Mobile Safari/537.36 (compatible; PetalBot;+https://webmaster.petalsearch.com/site/petalbot)"
74.7.242.7 - - [11/Sep/2026:04:51:46 -0400] "GET /vob1lyx/ HTTP/1.1" 429 17 "https://clientes.lat/" "Mozilla/5.0 AppleWebKit/537.36 (KHTML, like Gecko; compatible; GPTBot/1.4; +https://openai.com/gptbot)"
74.7.242.7 - - [11/Sep/2026:04:52:07 -0400] "GET /i1mtwyv/ HTTP/1.1" 429 17 "https://clientes.lat/" "Mozilla/5.0 AppleWebKit/537.36 (KHTML, like Gecko; compatible; GPTBot/1.4; +https://openai.com/gptbot)"
74.7.242.7 - - [11/Sep/2026:04:52:27 -0400] "GET /ug1bqoh/ HTTP/1.1" 429 17 "https://clientes.lat/" "Mozilla/5.0 AppleWebKit/537.36 (KHTML, like Gecko; compatible; GPTBot/1.4; +https://openai.com/gptbot)"
74.7.242.7 - - [11/Sep/2026:04:52:47 -0400] "GET /xkfcqn1/ HTTP/1.1" 429 17 "https://clientes.lat/" "Mozilla/5.0 AppleWebKit/537.36 (KHTML, like Gecko; compatible; GPTBot/1.4; +https://openai.com/gptbot)"
74.7.242.7 - - [11/Sep/2026:04:53:07 -0400] "GET /p1knvat/ HTTP/1.1" 429 17 "https://clientes.lat/" "Mozilla/5.0 AppleWebKit/537.36 (KHTML, like Gecko; compatible; GPTBot/1.4; +https://openai.com/gptbot)"
114.119.141.30 - - [11/Sep/2026:04:53:24 -0400] "GET /well-known/?C=D%3BO%3DA HTTP/1.1" 200 1011 "https://clientes.lat/well-known/" "Mozilla/5.0 (Linux; Android 7.0;) AppleWebKit/537.36 (HTML, like Gecko) Mobile Safari/537.36 (compatible; PetalBot;+https://webmaster.petalsearch.com/site/petalbot)"
74.7.242.7 - - [11/Sep/2026:04:53:27 -0400] "GET /1rezykm/ HTTP/1.1" 429 17 "https://clientes.lat/" "Mozilla/5.0 AppleWebKit/537.36 (KHTML, like Gecko; compatible; GPTBot/1.4; +https://openai.com/gptbot)"
