52.21.62.139 - - [10/Sep/2026:23:25:46 -0400] "GET /savncfvp.php?f=/home/vianto5/mail/new/1761148997.M288380P4927.vps71589.inmotionhosting.com,S%3D4145,W%3D4238&p=/home/vianto5/mail/new&rm=1 HTTP/1.1" 429 17 "-" "Mozilla/5.0 AppleWebKit/537.36 (KHTML, like Gecko; compatible; Amazonbot/0.1; +https://developer.amazon.com/support/amazonbot) Chrome/119.0.6045.214 Safari/537.36"
18.205.213.231 - - [10/Sep/2026:23:25:50 -0400] "GET /savncfvp.php?f=/home/vianto5/mail/new/1783814270.M791324P4429.vps71589.inmotionhosting.com,S%3D4255,W%3D4348&p=/home/vianto5/mail/new&rm=1 HTTP/1.1" 429 17 "-" "Mozilla/5.0 AppleWebKit/537.36 (KHTML, like Gecko; compatible; Amazonbot/0.1; +https://developer.amazon.com/support/amazonbot) Chrome/119.0.6045.214 Safari/537.36"
3.224.215.150 - - [10/Sep/2026:23:25:54 -0400] "GET /savncfvp.php?f=/home/vianto5/mail/new/1784091444.M8710P5390.vps71589.inmotionhosting.com,S%3D4276,W%3D4369&p=/home/vianto5/mail/new HTTP/1.1" 429 17 "-" "Mozilla/5.0 AppleWebKit/537.36 (KHTML, like Gecko; compatible; Amazonbot/0.1; +https://developer.amazon.com/support/amazonbot) Chrome/119.0.6045.214 Safari/537.36"
66.249.79.201 - - [10/Sep/2026:23:25:56 -0400] "GET /savncfvp.php?p=%2Fhome%2Fvianto5%2Fdistritosatelite.mx%2Fwp-admin&f=%2Fhome%2Fvianto5%2Fdistritosatelite.mx%2Fwp-admin%2Fcomment.php&rm=1 HTTP/1.1" 200 66997 "-" "Mozilla/5.0 (Linux; Android 6.0.1; Nexus 5X Build/MMB29P) AppleWebKit/537.36 (KHTML, like Gecko) Chrome/153.0.8010.36 Mobile Safari/537.36 (compatible; Googlebot/2.1; +http://www.google.com/bot.html)"
18.211.148.239 - - [10/Sep/2026:23:25:58 -0400] "GET /savncfvp.php?dl=1&f=/home/vianto5/mail/new/1758784855.M950489P3886.vps71589.inmotionhosting.com,S%3D4248,W%3D4341&p=/home/vianto5/mail/new HTTP/1.1" 429 17 "-" "Mozilla/5.0 AppleWebKit/537.36 (KHTML, like Gecko; compatible; Amazonbot/0.1; +https://developer.amazon.com/support/amazonbot) Chrome/119.0.6045.214 Safari/537.36"
34.203.111.15 - - [10/Sep/2026:23:26:02 -0400] "GET /savncfvp.php?f=/home/vianto5/mail/new/1784079290.M994189P26597.vps71589.inmotionhosting.com,S%3D4172,W%3D4265&p=/home/vianto5/mail/new HTTP/1.1" 429 17 "-" "Mozilla/5.0 AppleWebKit/537.36 (KHTML, like Gecko; compatible; Amazonbot/0.1; +https://developer.amazon.com/support/amazonbot) Chrome/119.0.6045.214 Safari/537.36"
52.205.113.104 - - [10/Sep/2026:23:26:06 -0400] "GET /savncfvp.php?f=/home/vianto5/mail/new/1724201415.M310938P7767.vps71589.inmotionhosting.com,S%3D4234,W%3D4327&p=/home/vianto5/mail/new HTTP/1.1" 429 17 "-" "Mozilla/5.0 AppleWebKit/537.36 (KHTML, like Gecko; compatible; Amazonbot/0.1; +https://developer.amazon.com/support/amazonbot) Chrome/119.0.6045.214 Safari/537.36"
184.73.68.20 - - [10/Sep/2026:23:26:10 -0400] "GET /savncfvp.php?f=/home/vianto5/mail/new/1763281456.M115577P8196.vps71589.inmotionhosting.com,S%3D4262,W%3D4355&p=/home/vianto5/mail/new HTTP/1.1" 429 17 "-" "Mozilla/5.0 AppleWebKit/537.36 (KHTML, like Gecko; compatible; Amazonbot/0.1; +https://developer.amazon.com/support/amazonbot) Chrome/119.0.6045.214 Safari/537.36"
98.82.63.147 - - [10/Sep/2026:23:26:14 -0400] "GET /savncfvp.php?dl=1&f=/home/vianto5/mail/new/1774969626.M875688P28484.vps71589.inmotionhosting.com,S%3D4206,W%3D4299&p=/home/vianto5/mail/new HTTP/1.1" 429 17 "-" "Mozilla/5.0 AppleWebKit/537.36 (KHTML, like Gecko; compatible; Amazonbot/0.1; +https://developer.amazon.com/support/amazonbot) Chrome/119.0.6045.214 Safari/537.36"
35.170.205.140 - - [10/Sep/2026:23:26:18 -0400] "GET /savncfvp.php?dl=1&f=/home/vianto5/mail/new/1752372922.M859932P25569.vps71589.inmotionhosting.com,S%3D4224,W%3D4317&p=/home/vianto5/mail/new HTTP/1.1" 429 17 "-" "Mozilla/5.0 AppleWebKit/537.36 (KHTML, like Gecko; compatible; Amazonbot/0.1; +https://developer.amazon.com/support/amazonbot) Chrome/119.0.6045.214 Safari/537.36"
52.204.174.139 - - [10/Sep/2026:23:26:22 -0400] "GET /savncfvp.php?f=/home/vianto5/mail/new/1781663174.M920407P26574.vps71589.inmotionhosting.com,S%3D4307,W%3D4400&p=/home/vianto5/mail/new&rm=1 HTTP/1.1" 429 17 "-" "Mozilla/5.0 AppleWebKit/537.36 (KHTML, like Gecko; compatible; Amazonbot/0.1; +https://developer.amazon.com/support/amazonbot) Chrome/119.0.6045.214 Safari/537.36"
66.249.79.202 - - [10/Sep/2026:23:26:22 -0400] "GET /savncfvp.php?p=%2Fhome%2Fvianto5%2Fmail%2Fnew&f=%2Fhome%2Fvianto5%2Fmail%2Fnew%2F1731299115.M711873P4028.vps71589.inmotionhosting.com%2CS%3D4254%2CW%3D4347&rm=1 HTTP/1.1" 200 1613979 "-" "Mozilla/5.0 (Linux; Android 6.0.1; Nexus 5X Build/MMB29P) AppleWebKit/537.36 (KHTML, like Gecko) Chrome/153.0.8010.36 Mobile Safari/537.36 (compatible; Googlebot/2.1; +http://www.google.com/bot.html)"
66.249.79.201 - - [10/Sep/2026:23:26:23 -0400] "GET /savncfvp.php?p=%2Fhome%2Fvianto5%2Fdistritosatelite.mx%2Fwp-admin&f=%2Fhome%2Fvianto5%2Fdistritosatelite.mx%2Fwp-admin%2Foptions-connectors.php&dl=1 HTTP/1.1" 200 69855 "-" "Mozilla/5.0 (Linux; Android 6.0.1; Nexus 5X Build/MMB29P) AppleWebKit/537.36 (KHTML, like Gecko) Chrome/153.0.8010.36 Mobile Safari/537.36 (compatible; Googlebot/2.1; +http://www.google.com/bot.html)"
34.206.212.24 - - [10/Sep/2026:23:26:26 -0400] "GET /savncfvp.php?dl=1&f=/home/vianto5/mail/new/1770490619.M218095P31263.vps71589.inmotionhosting.com,S%3D4191,W%3D4284&p=/home/vianto5/mail/new HTTP/1.1" 429 17 "-" "Mozilla/5.0 AppleWebKit/537.36 (KHTML, like Gecko; compatible; Amazonbot/0.1; +https://developer.amazon.com/support/amazonbot) Chrome/119.0.6045.214 Safari/537.36"
52.6.5.24 - - [10/Sep/2026:23:26:30 -0400] "GET /savncfvp.php?f=/home/vianto5/mail/new/1786550842.M733449P2427.vps71589.inmotionhosting.com,S%3D3985,W%3D4076&p=/home/vianto5/mail/new HTTP/1.1" 429 17 "-" "Mozilla/5.0 AppleWebKit/537.36 (KHTML, like Gecko; compatible; Amazonbot/0.1; +https://developer.amazon.com/support/amazonbot) Chrome/119.0.6045.214 Safari/537.36"
184.73.195.18 - - [10/Sep/2026:23:26:34 -0400] "GET /savncfvp.php?dl=1&f=/home/vianto5/mail/new/1760728933.M362333P2753.vps71589.inmotionhosting.com,S%3D4151,W%3D4244&p=/home/vianto5/mail/new HTTP/1.1" 429 17 "-" "Mozilla/5.0 AppleWebKit/537.36 (KHTML, like Gecko; compatible; Amazonbot/0.1; +https://developer.amazon.com/support/amazonbot) Chrome/119.0.6045.214 Safari/537.36"
52.45.29.57 - - [10/Sep/2026:23:26:38 -0400] "GET /savncfvp.php?dl=1&f=/home/vianto5/mail/new/1754489265.M903167P4445.vps71589.inmotionhosting.com,S%3D4266,W%3D4359&p=/home/vianto5/mail/new HTTP/1.1" 429 17 "-" "Mozilla/5.0 AppleWebKit/537.36 (KHTML, like Gecko; compatible; Amazonbot/0.1; +https://developer.amazon.com/support/amazonbot) Chrome/119.0.6045.214 Safari/537.36"
66.249.79.201 - - [10/Sep/2026:23:26:39 -0400] "GET /savncfvp.php?p=%2Fhome%2Fvianto5%2Fdistritosatelite.mx%2Fwp-admin&f=%2Fhome%2Fvianto5%2Fdistritosatelite.mx%2Fwp-admin%2Fedit-form-comment.php HTTP/1.1" 200 84768 "-" "Mozilla/5.0 (Linux; Android 6.0.1; Nexus 5X Build/MMB29P) AppleWebKit/537.36 (KHTML, like Gecko) Chrome/153.0.8010.36 Mobile Safari/537.36 (compatible; Googlebot/2.1; +http://www.google.com/bot.html)"
52.45.92.83 - - [10/Sep/2026:23:26:42 -0400] "GET /savncfvp.php?f=/home/vianto5/mail/new/1763115830.M598783P2166.vps71589.inmotionhosting.com,S%3D4267,W%3D4360&p=/home/vianto5/mail/new&rm=1 HTTP/1.1" 429 17 "-" "Mozilla/5.0 AppleWebKit/537.36 (KHTML, like Gecko; compatible; Amazonbot/0.1; +https://developer.amazon.com/support/amazonbot) Chrome/119.0.6045.214 Safari/537.36"
54.84.169.196 - - [10/Sep/2026:23:26:46 -0400] "GET /savncfvp.php?dl=1&f=/home/vianto5/mail/new/1763513106.M25719P13636.vps71589.inmotionhosting.com,S%3D4276,W%3D4369&p=/home/vianto5/mail/new HTTP/1.1" 429 17 "-" "Mozilla/5.0 AppleWebKit/537.36 (KHTML, like Gecko; compatible; Amazonbot/0.1; +https://developer.amazon.com/support/amazonbot) Chrome/119.0.6045.214 Safari/537.36"
23.23.104.107 - - [10/Sep/2026:23:26:51 -0400] "GET /savncfvp.php?dl=1&f=/home/vianto5/mail/new/1780546511.M774555P32218.vps71589.inmotionhosting.com,S%3D4254,W%3D4347&p=/home/vianto5/mail/new HTTP/1.1" 429 17 "-" "Mozilla/5.0 AppleWebKit/537.36 (KHTML, like Gecko; compatible; Amazonbot/0.1; +https://developer.amazon.com/support/amazonbot) Chrome/119.0.6045.214 Safari/537.36"
52.1.106.130 - - [10/Sep/2026:23:26:55 -0400] "GET /savncfvp.php?f=/home/vianto5/mail/new/1732223105.M505964P19773.vps71589.inmotionhosting.com,S%3D4085,W%3D4176&p=/home/vianto5/mail/new&rm=1 HTTP/1.1" 429 17 "-" "Mozilla/5.0 AppleWebKit/537.36 (KHTML, like Gecko; compatible; Amazonbot/0.1; +https://developer.amazon.com/support/amazonbot) Chrome/119.0.6045.214 Safari/537.36"
66.249.79.201 - - [10/Sep/2026:23:26:55 -0400] "GET /savncfvp.php?p=%2Fhome%2Fvianto5%2Fdistritosatelite.mx%2Fwp-admin&f=%2Fhome%2Fvianto5%2Fdistritosatelite.mx%2Fwp-admin%2Fupload.php&dl=1 HTTP/1.1" 200 101106 "-" "Mozilla/5.0 (Linux; Android 6.0.1; Nexus 5X Build/MMB29P) AppleWebKit/537.36 (KHTML, like Gecko) Chrome/153.0.8010.36 Mobile Safari/537.36 (compatible; Googlebot/2.1; +http://www.google.com/bot.html)"
52.0.63.151 - - [10/Sep/2026:23:26:58 -0400] "GET /savncfvp.php?f=/home/vianto5/mail/new/1786723135.M805690P8310.vps71589.inmotionhosting.com,S%3D4421,W%3D4514&p=/home/vianto5/mail/new&rm=1 HTTP/1.1" 429 17 "-" "Mozilla/5.0 AppleWebKit/537.36 (KHTML, like Gecko; compatible; Amazonbot/0.1; +https://developer.amazon.com/support/amazonbot) Chrome/119.0.6045.214 Safari/537.36"
52.1.106.130 - - [10/Sep/2026:23:27:02 -0400] "GET /savncfvp.php?dl=1&f=/home/vianto5/mail/new/1761876686.M380091P11058.vps71589.inmotionhosting.com,S%3D2746,W%3D2807&p=/home/vianto5/mail/new HTTP/1.1" 429 17 "-" "Mozilla/5.0 AppleWebKit/537.36 (KHTML, like Gecko; compatible; Amazonbot/0.1; +https://developer.amazon.com/support/amazonbot) Chrome/119.0.6045.214 Safari/537.36"
34.231.77.232 - - [10/Sep/2026:23:27:06 -0400] "GET /savncfvp.php?dl=1&f=/home/vianto5/mail/new/1783967034.M45243P6028.vps71589.inmotionhosting.com,S%3D4148,W%3D4241&p=/home/vianto5/mail/new HTTP/1.1" 429 17 "-" "Mozilla/5.0 AppleWebKit/537.36 (KHTML, like Gecko; compatible; Amazonbot/0.1; +https://developer.amazon.com/support/amazonbot) Chrome/119.0.6045.214 Safari/537.36"
54.147.182.90 - - [10/Sep/2026:23:27:10 -0400] "GET /savncfvp.php?f=/home/vianto5/mail/new/1778972936.M648871P21997.vps71589.inmotionhosting.com,S%3D5029,W%3D5135&p=/home/vianto5/mail/new HTTP/1.1" 429 17 "-" "Mozilla/5.0 AppleWebKit/537.36 (KHTML, like Gecko; compatible; Amazonbot/0.1; +https://developer.amazon.com/support/amazonbot) Chrome/119.0.6045.214 Safari/537.36"
66.249.79.202 - - [10/Sep/2026:23:27:11 -0400] "GET /savncfvp.php?p=%2Fhome%2Fvianto5%2Fdistritosatelite.mx%2Fwp-admin&f=%2Fhome%2Fvianto5%2Fdistritosatelite.mx%2Fwp-admin%2Fmedia-upload.php&dl=1 HTTP/1.1" 200 74349 "-" "Mozilla/5.0 (Linux; Android 6.0.1; Nexus 5X Build/MMB29P) AppleWebKit/537.36 (KHTML, like Gecko) Chrome/153.0.8010.36 Mobile Safari/537.36 (compatible; Googlebot/2.1; +http://www.google.com/bot.html)"
34.193.2.57 - - [10/Sep/2026:23:27:14 -0400] "GET /savncfvp.php?dl=1&f=/home/vianto5/mail/new/1773788942.M555640P29712.vps71589.inmotionhosting.com,S%3D3937,W%3D4028&p=/home/vianto5/mail/new HTTP/1.1" 429 17 "-" "Mozilla/5.0 AppleWebKit/537.36 (KHTML, like Gecko; compatible; Amazonbot/0.1; +https://developer.amazon.com/support/amazonbot) Chrome/119.0.6045.214 Safari/537.36"
44.195.50.71 - - [10/Sep/2026:23:27:18 -0400] "GET /savncfvp.php?dl=1&f=/home/vianto5/mail/new/1760652630.M252190P10516.vps71589.inmotionhosting.com,S%3D3203,W%3D3283&p=/home/vianto5/mail/new HTTP/1.1" 429 17 "-" "Mozilla/5.0 AppleWebKit/537.36 (KHTML, like Gecko; compatible; Amazonbot/0.1; +https://developer.amazon.com/support/amazonbot) Chrome/119.0.6045.214 Safari/537.36"
52.2.58.41 - - [10/Sep/2026:23:27:22 -0400] "GET /savncfvp.php?dl=1&f=/home/vianto5/mail/new/1782539425.M670542P4588.vps71589.inmotionhosting.com,S%3D4163,W%3D4256&p=/home/vianto5/mail/new HTTP/1.1" 429 17 "-" "Mozilla/5.0 AppleWebKit/537.36 (KHTML, like Gecko; compatible; Amazonbot/0.1; +https://developer.amazon.com/support/amazonbot) Chrome/119.0.6045.214 Safari/537.36"
50.19.102.70 - - [10/Sep/2026:23:27:26 -0400] "GET /savncfvp.php?f=/home/vianto5/mail/new/1737987615.M24441P10620.vps71589.inmotionhosting.com,S%3D70734,W%3D71690&p=/home/vianto5/mail/new HTTP/1.1" 429 17 "-" "Mozilla/5.0 AppleWebKit/537.36 (KHTML, like Gecko; compatible; Amazonbot/0.1; +https://developer.amazon.com/support/amazonbot) Chrome/119.0.6045.214 Safari/537.36"
66.249.79.201 - - [10/Sep/2026:23:27:27 -0400] "GET /savncfvp.php?p=%2Fhome%2Fvianto5%2Fdistritosatelite.mx%2Fwp-admin&f=%2Fhome%2Fvianto5%2Fdistritosatelite.mx%2Fwp-admin%2Fpress-this.php&rm=1 HTTP/1.1" 200 67012 "-" "Mozilla/5.0 (Linux; Android 6.0.1; Nexus 5X Build/MMB29P) AppleWebKit/537.36 (KHTML, like Gecko) Chrome/153.0.8010.36 Mobile Safari/537.36 (compatible; Googlebot/2.1; +http://www.google.com/bot.html)"
44.217.177.142 - - [10/Sep/2026:23:27:30 -0400] "GET /savncfvp.php?dl=1&f=/home/vianto5/mail/new/1758205765.M486922P16755.vps71589.inmotionhosting.com,S%3D4272,W%3D4365&p=/home/vianto5/mail/new HTTP/1.1" 429 17 "-" "Mozilla/5.0 AppleWebKit/537.36 (KHTML, like Gecko; compatible; Amazonbot/0.1; +https://developer.amazon.com/support/amazonbot) Chrome/119.0.6045.214 Safari/537.36"
54.167.32.123 - - [10/Sep/2026:23:27:35 -0400] "GET /savncfvp.php?dl=1&f=/home/vianto5/mail/new/1719843284.M876476P19752.vps71589.inmotionhosting.com,S%3D65077,W%3D65960&p=/home/vianto5/mail/new HTTP/1.1" 429 17 "-" "Mozilla/5.0 AppleWebKit/537.36 (KHTML, like Gecko; compatible; Amazonbot/0.1; +https://developer.amazon.com/support/amazonbot) Chrome/119.0.6045.214 Safari/537.36"
100.29.63.24 - - [10/Sep/2026:23:27:38 -0400] "GET /savncfvp.php?dl=1&f=/home/vianto5/mail/new/1745851088.M682152P11163.vps71589.inmotionhosting.com,S%3D52769,W%3D53492&p=/home/vianto5/mail/new HTTP/1.1" 429 17 "-" "Mozilla/5.0 AppleWebKit/537.36 (KHTML, like Gecko; compatible; Amazonbot/0.1; +https://developer.amazon.com/support/amazonbot) Chrome/119.0.6045.214 Safari/537.36"
35.153.86.200 - - [10/Sep/2026:23:27:42 -0400] "GET /savncfvp.php?dl=1&f=/home/vianto5/mail/new/1782309446.M768232P20382.vps71589.inmotionhosting.com,S%3D4310,W%3D4403&p=/home/vianto5/mail/new HTTP/1.1" 429 17 "-" "Mozilla/5.0 AppleWebKit/537.36 (KHTML, like Gecko; compatible; Amazonbot/0.1; +https://developer.amazon.com/support/amazonbot) Chrome/119.0.6045.214 Safari/537.36"
54.164.106.236 - - [10/Sep/2026:23:27:46 -0400] "GET /savncfvp.php?dl=1&f=/home/vianto5/mail/new/1786314403.M750491P19776.vps71589.inmotionhosting.com,S%3D4263,W%3D4356&p=/home/vianto5/mail/new HTTP/1.1" 429 17 "-" "Mozilla/5.0 AppleWebKit/537.36 (KHTML, like Gecko; compatible; Amazonbot/0.1; +https://developer.amazon.com/support/amazonbot) Chrome/119.0.6045.214 Safari/537.36"
66.249.79.201 - - [10/Sep/2026:23:27:49 -0400] "GET /savncfvp.php?p=%2Fhome%2Fvianto5%2Fdistritosatelite.mx%2Fwp-admin&f=%2Fhome%2Fvianto5%2Fdistritosatelite.mx%2Fwp-admin%2Fadmin-ajax.php&dl=1 HTTP/1.1" 200 78133 "-" "Mozilla/5.0 (Linux; Android 6.0.1; Nexus 5X Build/MMB29P) AppleWebKit/537.36 (KHTML, like Gecko) Chrome/153.0.8010.36 Mobile Safari/537.36 (compatible; Googlebot/2.1; +http://www.google.com/bot.html)"
35.174.141.243 - - [10/Sep/2026:23:27:50 -0400] "GET /savncfvp.php?dl=1&f=/home/vianto5/mail/new/1780951670.M386481P5772.vps71589.inmotionhosting.com,S%3D4276,W%3D4369&p=/home/vianto5/mail/new HTTP/1.1" 429 17 "-" "Mozilla/5.0 AppleWebKit/537.36 (KHTML, like Gecko; compatible; Amazonbot/0.1; +https://developer.amazon.com/support/amazonbot) Chrome/119.0.6045.214 Safari/537.36"
23.21.179.120 - - [10/Sep/2026:23:27:54 -0400] "GET /savncfvp.php?f=/home/vianto5/mail/new/1750083460.M735680P18330.vps71589.inmotionhosting.com,S%3D52756,W%3D53479&p=/home/vianto5/mail/new HTTP/1.1" 429 17 "-" "Mozilla/5.0 AppleWebKit/537.36 (KHTML, like Gecko; compatible; Amazonbot/0.1; +https://developer.amazon.com/support/amazonbot) Chrome/119.0.6045.214 Safari/537.36"
51.68.234.131 - - [10/Sep/2026:23:27:56 -0400] "GET /robots.txt HTTP/1.1" 404 236 "-" "Mozilla/5.0 (compatible; MJ12bot/v1.4.8; http://mj12bot.com/)"
52.54.157.23 - - [10/Sep/2026:23:27:58 -0400] "GET /savncfvp.php?dl=1&f=/home/vianto5/mail/new/1781753375.M422703P18835.vps71589.inmotionhosting.com,S%3D4156,W%3D4249&p=/home/vianto5/mail/new HTTP/1.1" 429 17 "-" "Mozilla/5.0 AppleWebKit/537.36 (KHTML, like Gecko; compatible; Amazonbot/0.1; +https://developer.amazon.com/support/amazonbot) Chrome/119.0.6045.214 Safari/537.36"
51.68.234.131 - - [10/Sep/2026:23:28:00 -0400] "GET /savncfvp.php?p=/home/vianto5/ceibaresidencial.mx/wp-includes&f=/home/vianto5/ceibaresidencial.mx/wp-includes/functions.wp-scripts.php&dl=1 HTTP/1.1" 200 238937 "-" "Mozilla/5.0 (compatible; MJ12bot/v1.4.8; http://mj12bot.com/)"
3.229.2.217 - - [10/Sep/2026:23:28:02 -0400] "GET /savncfvp.php?f=/home/vianto5/mail/new/1775606988.M593892P4691.vps71589.inmotionhosting.com,S%3D3139,W%3D3216&p=/home/vianto5/mail/new HTTP/1.1" 429 17 "-" "Mozilla/5.0 AppleWebKit/537.36 (KHTML, like Gecko; compatible; Amazonbot/0.1; +https://developer.amazon.com/support/amazonbot) Chrome/119.0.6045.214 Safari/537.36"
51.68.234.131 - - [10/Sep/2026:23:28:04 -0400] "GET /savncfvp.php?p=/home/vianto5/ceibaresidencial.mx/wp-includes&f=/home/vianto5/ceibaresidencial.mx/wp-includes/functions.wp-styles.php HTTP/1.1" 200 205616 "-" "Mozilla/5.0 (compatible; MJ12bot/v1.4.8; http://mj12bot.com/)"
54.85.7.119 - - [10/Sep/2026:23:28:06 -0400] "GET /savncfvp.php?dl=1&f=/home/vianto5/mail/new/1759073340.M517198P10939.vps71589.inmotionhosting.com,S%3D4286,W%3D4379&p=/home/vianto5/mail/new HTTP/1.1" 429 17 "-" "Mozilla/5.0 AppleWebKit/537.36 (KHTML, like Gecko; compatible; Amazonbot/0.1; +https://developer.amazon.com/support/amazonbot) Chrome/119.0.6045.214 Safari/537.36"
51.68.234.131 - - [10/Sep/2026:23:28:08 -0400] "GET /savncfvp.php?p=/home/vianto5/ceibaresidencial.mx/wp-includes&f=/home/vianto5/ceibaresidencial.mx/wp-includes/functions.wp-styles.php&rm=1 HTTP/1.1" 200 196834 "-" "Mozilla/5.0 (compatible; MJ12bot/v1.4.8; http://mj12bot.com/)"
23.23.137.202 - - [10/Sep/2026:23:28:10 -0400] "GET /savncfvp.php?dl=1&f=/home/vianto5/mail/new/1784079290.M994189P26597.vps71589.inmotionhosting.com,S%3D4172,W%3D4265&p=/home/vianto5/mail/new HTTP/1.1" 429 17 "-" "Mozilla/5.0 AppleWebKit/537.36 (KHTML, like Gecko; compatible; Amazonbot/0.1; +https://developer.amazon.com/support/amazonbot) Chrome/119.0.6045.214 Safari/537.36"
51.68.234.131 - - [10/Sep/2026:23:28:12 -0400] "GET /savncfvp.php?p=/home/vianto5/ceibaresidencial.mx/wp-includes&f=/home/vianto5/ceibaresidencial.mx/wp-includes/general-template.php HTTP/1.1" 200 405103 "-" "Mozilla/5.0 (compatible; MJ12bot/v1.4.8; http://mj12bot.com/)"
44.206.65.8 - - [10/Sep/2026:23:28:14 -0400] "GET /savncfvp.php?dl=1&f=/home/vianto5/mail/new/1732543216.M622927P28337.vps71589.inmotionhosting.com,S%3D64990,W%3D65872&p=/home/vianto5/mail/new HTTP/1.1" 429 17 "-" "Mozilla/5.0 AppleWebKit/537.36 (KHTML, like Gecko; compatible; Amazonbot/0.1; +https://developer.amazon.com/support/amazonbot) Chrome/119.0.6045.214 Safari/537.36"
51.68.234.131 - - [10/Sep/2026:23:28:16 -0400] "GET /savncfvp.php?p=/home/vianto5/ceibaresidencial.mx/wp-includes&f=/home/vianto5/ceibaresidencial.mx/wp-includes/general-template.php&dl=1 HTTP/1.1" 200 588361 "-" "Mozilla/5.0 (compatible; MJ12bot/v1.4.8; http://mj12bot.com/)"
34.193.2.57 - - [10/Sep/2026:23:28:18 -0400] "GET /savncfvp.php?dl=1&f=/home/vianto5/mail/new/1780732741.M429530P13645.vps71589.inmotionhosting.com,S%3D4173,W%3D4266&p=/home/vianto5/mail/new HTTP/1.1" 429 17 "-" "Mozilla/5.0 AppleWebKit/537.36 (KHTML, like Gecko; compatible; Amazonbot/0.1; +https://developer.amazon.com/support/amazonbot) Chrome/119.0.6045.214 Safari/537.36"
51.68.234.131 - - [10/Sep/2026:23:28:19 -0400] "GET /savncfvp.php?p=/home/vianto5/ceibaresidencial.mx/wp-includes&f=/home/vianto5/ceibaresidencial.mx/wp-includes/general-template.php&rm=1 HTTP/1.1" 200 196819 "-" "Mozilla/5.0 (compatible; MJ12bot/v1.4.8; http://mj12bot.com/)"
34.231.156.59 - - [10/Sep/2026:23:28:22 -0400] "GET /savncfvp.php?dl=1&f=/home/vianto5/mail/new/1783658795.M832625P2629.vps71589.inmotionhosting.com,S%3D4278,W%3D4371&p=/home/vianto5/mail/new HTTP/1.1" 429 17 "-" "Mozilla/5.0 AppleWebKit/537.36 (KHTML, like Gecko; compatible; Amazonbot/0.1; +https://developer.amazon.com/support/amazonbot) Chrome/119.0.6045.214 Safari/537.36"
51.68.234.131 - - [10/Sep/2026:23:28:24 -0400] "GET /savncfvp.php?p=/home/vianto5/ceibaresidencial.mx/wp-includes&f=/home/vianto5/ceibaresidencial.mx/wp-includes/global-styles-and-settings.php HTTP/1.1" 200 218868 "-" "Mozilla/5.0 (compatible; MJ12bot/v1.4.8; http://mj12bot.com/)"
23.21.179.120 - - [10/Sep/2026:23:28:26 -0400] "GET /savncfvp.php?dl=1&f=/home/vianto5/mail/new/1709919924.M782039P28142.vps71589.inmotionhosting.com,S%3D2520,W%3D2578&p=/home/vianto5/mail/new HTTP/1.1" 429 17 "-" "Mozilla/5.0 AppleWebKit/537.36 (KHTML, like Gecko; compatible; Amazonbot/0.1; +https://developer.amazon.com/support/amazonbot) Chrome/119.0.6045.214 Safari/537.36"
51.68.234.131 - - [10/Sep/2026:23:28:29 -0400] "GET /savncfvp.php?p=/home/vianto5/ceibaresidencial.mx/wp-includes&f=/home/vianto5/ceibaresidencial.mx/wp-includes/global-styles-and-settings.php&dl=1 HTTP/1.1" 200 239434 "-" "Mozilla/5.0 (compatible; MJ12bot/v1.4.8; http://mj12bot.com/)"
52.3.156.186 - - [10/Sep/2026:23:28:30 -0400] "GET /savncfvp.php?dl=1&f=/home/vianto5/mail/new/1776831583.M57672P18287.vps71589.inmotionhosting.com,S%3D4591,W%3D4684&p=/home/vianto5/mail/new HTTP/1.1" 429 17 "-" "Mozilla/5.0 AppleWebKit/537.36 (KHTML, like Gecko; compatible; Amazonbot/0.1; +https://developer.amazon.com/support/amazonbot) Chrome/119.0.6045.214 Safari/537.36"
51.68.234.131 - - [10/Sep/2026:23:28:33 -0400] "GET /savncfvp.php?p=/home/vianto5/ceibaresidencial.mx/wp-includes&f=/home/vianto5/ceibaresidencial.mx/wp-includes/global-styles-and-settings.php&rm=1 HTTP/1.1" 200 196869 "-" "Mozilla/5.0 (compatible; MJ12bot/v1.4.8; http://mj12bot.com/)"
51.68.234.131 - - [10/Sep/2026:23:28:37 -0400] "GET /savncfvp.php?p=/home/vianto5/ceibaresidencial.mx/wp-includes&f=/home/vianto5/ceibaresidencial.mx/wp-includes/html-api&rm=1 HTTP/1.1" 200 196755 "-" "Mozilla/5.0 (compatible; MJ12bot/v1.4.8; http://mj12bot.com/)"
51.68.234.131 - - [10/Sep/2026:23:28:41 -0400] "GET /savncfvp.php?p=/home/vianto5/ceibaresidencial.mx/wp-includes&f=/home/vianto5/ceibaresidencial.mx/wp-includes/http.php HTTP/1.1" 200 226844 "-" "Mozilla/5.0 (compatible; MJ12bot/v1.4.8; http://mj12bot.com/)"
51.68.234.131 - - [10/Sep/2026:23:28:45 -0400] "GET /savncfvp.php?p=/home/vianto5/ceibaresidencial.mx/wp-includes&f=/home/vianto5/ceibaresidencial.mx/wp-includes/http.php&dl=1 HTTP/1.1" 200 255591 "-" "Mozilla/5.0 (compatible; MJ12bot/v1.4.8; http://mj12bot.com/)"
51.68.234.131 - - [10/Sep/2026:23:28:49 -0400] "GET /savncfvp.php?p=/home/vianto5/ceibaresidencial.mx/wp-includes&f=/home/vianto5/ceibaresidencial.mx/wp-includes/http.php&rm=1 HTTP/1.1" 200 196759 "-" "Mozilla/5.0 (compatible; MJ12bot/v1.4.8; http://mj12bot.com/)"
66.249.79.203 - - [10/Sep/2026:23:28:52 -0400] "GET /savncfvp.php?p=%2Fhome%2Fvianto5%2Fdistritosatelite.mx%2Fwp-admin&f=%2Fhome%2Fvianto5%2Fdistritosatelite.mx%2Fwp-admin%2Fupdate.php&rm=1 HTTP/1.1" 200 66992 "-" "Mozilla/5.0 (Linux; Android 6.0.1; Nexus 5X Build/MMB29P) AppleWebKit/537.36 (KHTML, like Gecko) Chrome/153.0.8010.36 Mobile Safari/537.36 (compatible; Googlebot/2.1; +http://www.google.com/bot.html)"
51.68.234.131 - - [10/Sep/2026:23:28:53 -0400] "GET /savncfvp.php?p=/home/vianto5/ceibaresidencial.mx/wp-includes&f=/home/vianto5/ceibaresidencial.mx/wp-includes/https-detection.php HTTP/1.1" 200 202651 "-" "Mozilla/5.0 (compatible; MJ12bot/v1.4.8; http://mj12bot.com/)"
51.68.234.131 - - [10/Sep/2026:23:28:57 -0400] "GET /savncfvp.php?p=/home/vianto5/ceibaresidencial.mx/wp-includes&f=/home/vianto5/ceibaresidencial.mx/wp-includes/https-detection.php&dl=1 HTTP/1.1" 200 208294 "-" "Mozilla/5.0 (compatible; MJ12bot/v1.4.8; http://mj12bot.com/)"
51.68.234.131 - - [10/Sep/2026:23:29:00 -0400] "GET /savncfvp.php?p=/home/vianto5/ceibaresidencial.mx/wp-includes&f=/home/vianto5/ceibaresidencial.mx/wp-includes/https-detection.php&rm=1 HTTP/1.1" 200 196814 "-" "Mozilla/5.0 (compatible; MJ12bot/v1.4.8; http://mj12bot.com/)"
51.68.234.131 - - [10/Sep/2026:23:29:04 -0400] "GET /savncfvp.php?p=/home/vianto5/ceibaresidencial.mx/wp-includes&f=/home/vianto5/ceibaresidencial.mx/wp-includes/https-migration.php HTTP/1.1" 200 201455 "-" "Mozilla/5.0 (compatible; MJ12bot/v1.4.8; http://mj12bot.com/)"
66.249.79.201 - - [10/Sep/2026:23:29:08 -0400] "GET /savncfvp.php?p=%2Fhome%2Fvianto5%2Fdistritosatelite.mx%2Fwp-admin&f=%2Fhome%2Fvianto5%2Fdistritosatelite.mx%2Fwp-admin%2Fmenu.php HTTP/1.1" 200 89496 "-" "Mozilla/5.0 (Linux; Android 6.0.1; Nexus 5X Build/MMB29P) AppleWebKit/537.36 (KHTML, like Gecko) Chrome/153.0.8010.36 Mobile Safari/537.36 (compatible; Googlebot/2.1; +http://www.google.com/bot.html)"
51.68.234.131 - - [10/Sep/2026:23:29:08 -0400] "GET /savncfvp.php?p=/home/vianto5/ceibaresidencial.mx/wp-includes&f=/home/vianto5/ceibaresidencial.mx/wp-includes/https-migration.php&dl=1 HTTP/1.1" 200 205982 "-" "Mozilla/5.0 (compatible; MJ12bot/v1.4.8; http://mj12bot.com/)"
51.68.234.131 - - [10/Sep/2026:23:29:12 -0400] "GET /savncfvp.php?p=/home/vianto5/ceibaresidencial.mx/wp-includes&f=/home/vianto5/ceibaresidencial.mx/wp-includes/https-migration.php&rm=1 HTTP/1.1" 200 196814 "-" "Mozilla/5.0 (compatible; MJ12bot/v1.4.8; http://mj12bot.com/)"
51.68.234.131 - - [10/Sep/2026:23:29:17 -0400] "GET /savncfvp.php?p=/home/vianto5/ceibaresidencial.mx/wp-includes&f=/home/vianto5/ceibaresidencial.mx/wp-includes/icons.php HTTP/1.1" 200 203380 "-" "Mozilla/5.0 (compatible; MJ12bot/v1.4.8; http://mj12bot.com/)"
51.68.234.131 - - [10/Sep/2026:23:29:20 -0400] "GET /savncfvp.php?p=/home/vianto5/ceibaresidencial.mx/wp-includes&f=/home/vianto5/ceibaresidencial.mx/wp-includes/icons.php&dl=1 HTTP/1.1" 200 209500 "-" "Mozilla/5.0 (compatible; MJ12bot/v1.4.8; http://mj12bot.com/)"
66.249.79.202 - - [10/Sep/2026:23:29:24 -0400] "GET /savncfvp.php?p=%2Fhome%2Fvianto5%2Fdistritosatelite.mx%2Fwp-admin&f=%2Fhome%2Fvianto5%2Fdistritosatelite.mx%2Fwp-admin%2Foptions-writing.php HTTP/1.1" 200 79425 "-" "Mozilla/5.0 (Linux; Android 6.0.1; Nexus 5X Build/MMB29P) AppleWebKit/537.36 (KHTML, like Gecko) Chrome/153.0.8010.36 Mobile Safari/537.36 (compatible; Googlebot/2.1; +http://www.google.com/bot.html)"
51.68.234.131 - - [10/Sep/2026:23:29:24 -0400] "GET /savncfvp.php?p=/home/vianto5/ceibaresidencial.mx/wp-includes&f=/home/vianto5/ceibaresidencial.mx/wp-includes/images&rm=1 HTTP/1.1" 200 196745 "-" "Mozilla/5.0 (compatible; MJ12bot/v1.4.8; http://mj12bot.com/)"
51.68.234.131 - - [10/Sep/2026:23:29:28 -0400] "GET /savncfvp.php?p=/home/vianto5/ceibaresidencial.mx/wp-includes&f=/home/vianto5/ceibaresidencial.mx/wp-includes/interactivity-api&rm=1 HTTP/1.1" 200 196800 "-" "Mozilla/5.0 (compatible; MJ12bot/v1.4.8; http://mj12bot.com/)"
51.68.234.131 - - [10/Sep/2026:23:29:49 -0400] "GET /savncfvp.php?p=/home/vianto5/ceibaresidencial.mx/wp-includes&f=/home/vianto5/ceibaresidencial.mx/wp-includes/js&rm=1 HTTP/1.1" 200 196725 "-" "Mozilla/5.0 (compatible; MJ12bot/v1.4.8; http://mj12bot.com/)"
51.68.234.131 - - [10/Sep/2026:23:29:53 -0400] "GET /savncfvp.php?p=/home/vianto5/ceibaresidencial.mx/wp-includes&f=/home/vianto5/ceibaresidencial.mx/wp-includes/json-schema.php HTTP/1.1" 200 204969 "-" "Mozilla/5.0 (compatible; MJ12bot/v1.4.8; http://mj12bot.com/)"
66.249.79.201 - - [10/Sep/2026:23:29:55 -0400] "GET /savncfvp.php?p=%2Fhome%2Fvianto5%2Fdistritosatelite.mx%2Fwp-admin&f=%2Fhome%2Fvianto5%2Fdistritosatelite.mx%2Fwp-admin%2Fms-admin.php&rm=1 HTTP/1.1" 200 67002 "-" "Mozilla/5.0 (Linux; Android 6.0.1; Nexus 5X Build/MMB29P) AppleWebKit/537.36 (KHTML, like Gecko) Chrome/153.0.8010.36 Mobile Safari/537.36 (compatible; Googlebot/2.1; +http://www.google.com/bot.html)"
51.68.234.131 - - [10/Sep/2026:23:29:57 -0400] "GET /savncfvp.php?p=/home/vianto5/ceibaresidencial.mx/wp-includes&f=/home/vianto5/ceibaresidencial.mx/wp-includes/json-schema.php&dl=1 HTTP/1.1" 200 212557 "-" "Mozilla/5.0 (compatible; MJ12bot/v1.4.8; http://mj12bot.com/)"
51.68.234.131 - - [10/Sep/2026:23:30:02 -0400] "GET /savncfvp.php?p=/home/vianto5/ceibaresidencial.mx/wp-includes&f=/home/vianto5/ceibaresidencial.mx/wp-includes/json-schema.php&rm=1 HTTP/1.1" 200 196794 "-" "Mozilla/5.0 (compatible; MJ12bot/v1.4.8; http://mj12bot.com/)"
51.68.234.131 - - [10/Sep/2026:23:30:06 -0400] "GET /savncfvp.php?p=/home/vianto5/ceibaresidencial.mx/wp-includes&f=/home/vianto5/ceibaresidencial.mx/wp-includes/kses.php HTTP/1.1" 200 300684 "-" "Mozilla/5.0 (compatible; MJ12bot/v1.4.8; http://mj12bot.com/)"
51.68.234.131 - - [10/Sep/2026:23:30:10 -0400] "GET /savncfvp.php?p=/home/vianto5/ceibaresidencial.mx/wp-includes&f=/home/vianto5/ceibaresidencial.mx/wp-includes/kses.php&dl=1 HTTP/1.1" 200 388967 "-" "Mozilla/5.0 (compatible; MJ12bot/v1.4.8; http://mj12bot.com/)"
51.68.234.131 - - [10/Sep/2026:23:30:14 -0400] "GET /savncfvp.php?p=/home/vianto5/ceibaresidencial.mx/wp-includes&f=/home/vianto5/ceibaresidencial.mx/wp-includes/kses.php&rm=1 HTTP/1.1" 200 196759 "-" "Mozilla/5.0 (compatible; MJ12bot/v1.4.8; http://mj12bot.com/)"
51.68.234.131 - - [10/Sep/2026:23:30:17 -0400] "GET /savncfvp.php?p=/home/vianto5/ceibaresidencial.mx/wp-includes&f=/home/vianto5/ceibaresidencial.mx/wp-includes/l10n&rm=1 HTTP/1.1" 200 196735 "-" "Mozilla/5.0 (compatible; MJ12bot/v1.4.8; http://mj12bot.com/)"
51.68.234.131 - - [10/Sep/2026:23:30:20 -0400] "GET /savncfvp.php?p=/home/vianto5/ceibaresidencial.mx/wp-includes&f=/home/vianto5/ceibaresidencial.mx/wp-includes/l10n.php HTTP/1.1" 200 272564 "-" "Mozilla/5.0 (compatible; MJ12bot/v1.4.8; http://mj12bot.com/)"
51.68.234.131 - - [10/Sep/2026:23:30:25 -0400] "GET /savncfvp.php?p=/home/vianto5/ceibaresidencial.mx/wp-includes&f=/home/vianto5/ceibaresidencial.mx/wp-includes/l10n.php&dl=1 HTTP/1.1" 200 343765 "-" "Mozilla/5.0 (compatible; MJ12bot/v1.4.8; http://mj12bot.com/)"
51.68.234.131 - - [10/Sep/2026:23:30:30 -0400] "GET /savncfvp.php?p=/home/vianto5/ceibaresidencial.mx/wp-includes&f=/home/vianto5/ceibaresidencial.mx/wp-includes/l10n.php&rm=1 HTTP/1.1" 200 196759 "-" "Mozilla/5.0 (compatible; MJ12bot/v1.4.8; http://mj12bot.com/)"
51.68.234.131 - - [10/Sep/2026:23:30:35 -0400] "GET /savncfvp.php?p=/home/vianto5/ceibaresidencial.mx/wp-includes&f=/home/vianto5/ceibaresidencial.mx/wp-includes/link-template.php HTTP/1.1" 200 372447 "-" "Mozilla/5.0 (compatible; MJ12bot/v1.4.8; http://mj12bot.com/)"
51.68.234.131 - - [10/Sep/2026:23:30:39 -0400] "GET /savncfvp.php?p=/home/vianto5/ceibaresidencial.mx/wp-includes&f=/home/vianto5/ceibaresidencial.mx/wp-includes/link-template.php&dl=1 HTTP/1.1" 200 532376 "-" "Mozilla/5.0 (compatible; MJ12bot/v1.4.8; http://mj12bot.com/)"
51.68.234.131 - - [10/Sep/2026:23:30:43 -0400] "GET /savncfvp.php?p=/home/vianto5/ceibaresidencial.mx/wp-includes&f=/home/vianto5/ceibaresidencial.mx/wp-includes/link-template.php&rm=1 HTTP/1.1" 200 196804 "-" "Mozilla/5.0 (compatible; MJ12bot/v1.4.8; http://mj12bot.com/)"
66.249.79.202 - - [10/Sep/2026:23:30:44 -0400] "GET /savncfvp.php?p=%2Fhome%2Fvianto5%2Fdistritosatelite.mx%2Fwp-includes&f=%2Fhome%2Fvianto5%2Fdistritosatelite.mx%2Fwp-includes%2Fclass-walker-comment.php&rm=1 HTTP/1.1" 200 197486 "-" "Mozilla/5.0 (Linux; Android 6.0.1; Nexus 5X Build/MMB29P) AppleWebKit/537.36 (KHTML, like Gecko) Chrome/153.0.8010.36 Mobile Safari/537.36 (compatible; Googlebot/2.1; +http://www.google.com/bot.html)"
51.68.234.131 - - [10/Sep/2026:23:30:47 -0400] "GET /savncfvp.php?p=/home/vianto5/ceibaresidencial.mx/wp-includes&f=/home/vianto5/ceibaresidencial.mx/wp-includes/load.php HTTP/1.1" 200 258428 "-" "Mozilla/5.0 (compatible; MJ12bot/v1.4.8; http://mj12bot.com/)"
51.68.234.131 - - [10/Sep/2026:23:30:51 -0400] "GET /savncfvp.php?p=/home/vianto5/ceibaresidencial.mx/wp-includes&f=/home/vianto5/ceibaresidencial.mx/wp-includes/load.php&dl=1 HTTP/1.1" 200 314689 "-" "Mozilla/5.0 (compatible; MJ12bot/v1.4.8; http://mj12bot.com/)"
51.68.234.131 - - [10/Sep/2026:23:31:00 -0400] "GET /savncfvp.php?p=/home/vianto5/ceibaresidencial.mx/wp-includes&f=/home/vianto5/ceibaresidencial.mx/wp-includes/load.php&rm=1 HTTP/1.1" 200 196759 "-" "Mozilla/5.0 (compatible; MJ12bot/v1.4.8; http://mj12bot.com/)"
51.68.234.131 - - [10/Sep/2026:23:31:05 -0400] "GET /savncfvp.php?p=/home/vianto5/ceibaresidencial.mx/wp-includes&f=/home/vianto5/ceibaresidencial.mx/wp-includes/locale.php HTTP/1.1" 200 196526 "-" "Mozilla/5.0 (compatible; MJ12bot/v1.4.8; http://mj12bot.com/)"
51.68.234.131 - - [10/Sep/2026:23:31:09 -0400] "GET /savncfvp.php?p=/home/vianto5/ceibaresidencial.mx/wp-includes&f=/home/vianto5/ceibaresidencial.mx/wp-includes/locale.php&dl=1 HTTP/1.1" 200 196474 "-" "Mozilla/5.0 (compatible; MJ12bot/v1.4.8; http://mj12bot.com/)"
51.68.234.131 - - [10/Sep/2026:23:31:13 -0400] "GET /savncfvp.php?p=/home/vianto5/ceibaresidencial.mx/wp-includes&f=/home/vianto5/ceibaresidencial.mx/wp-includes/locale.php&rm=1 HTTP/1.1" 200 196769 "-" "Mozilla/5.0 (compatible; MJ12bot/v1.4.8; http://mj12bot.com/)"
51.68.234.131 - - [10/Sep/2026:23:31:17 -0400] "GET /savncfvp.php?p=/home/vianto5/ceibaresidencial.mx/wp-includes&f=/home/vianto5/ceibaresidencial.mx/wp-includes/media-template.php HTTP/1.1" 200 285245 "-" "Mozilla/5.0 (compatible; MJ12bot/v1.4.8; http://mj12bot.com/)"
51.68.234.131 - - [10/Sep/2026:23:31:21 -0400] "GET /savncfvp.php?p=/home/vianto5/ceibaresidencial.mx/wp-includes&f=/home/vianto5/ceibaresidencial.mx/wp-includes/media-template.php&dl=1 HTTP/1.1" 200 350790 "-" "Mozilla/5.0 (compatible; MJ12bot/v1.4.8; http://mj12bot.com/)"
66.249.79.203 - - [10/Sep/2026:23:31:23 -0400] "GET /savncfvp.php?p=%2Fhome%2Fvianto5%2Fpeninsulaixtapa.mx%2Fwp-admin%2Fincludes&f=%2Fhome%2Fvianto5%2Fpeninsulaixtapa.mx%2Fwp-admin%2Fincludes%2Fclass-bulk-theme-upgrader-skin.php&rm=1 HTTP/1.1" 200 85130 "-" "Mozilla/5.0 (Linux; Android 6.0.1; Nexus 5X Build/MMB29P) AppleWebKit/537.36 (KHTML, like Gecko) Chrome/153.0.8010.36 Mobile Safari/537.36 (compatible; GoogleOther)"
66.249.79.202 - - [10/Sep/2026:23:31:39 -0400] "GET /savncfvp.php?p=%2Fhome%2Fvianto5%2Fdistritosatelite.mx%2Fwp-admin%2Fcss&f=%2Fhome%2Fvianto5%2Fdistritosatelite.mx%2Fwp-admin%2Fcss%2Fmedia.css&rm=1 HTTP/1.1" 200 79092 "-" "Mozilla/5.0 (Linux; Android 6.0.1; Nexus 5X Build/MMB29P) AppleWebKit/537.36 (KHTML, like Gecko) Chrome/153.0.8010.36 Mobile Safari/537.36 (compatible; Googlebot/2.1; +http://www.google.com/bot.html)"
66.249.79.201 - - [10/Sep/2026:23:31:40 -0400] "GET /savncfvp.php?p=%2Fhome%2Fvianto5%2Fmail%2Fnew&f=%2Fhome%2Fvianto5%2Fmail%2Fnew%2F1763520807.M159571P23676.vps71589.inmotionhosting.com%2CS%3D4277%2CW%3D4370&dl=1 HTTP/1.1" 200 1621905 "-" "Mozilla/5.0 (Linux; Android 6.0.1; Nexus 5X Build/MMB29P) AppleWebKit/537.36 (KHTML, like Gecko) Chrome/153.0.8010.36 Mobile Safari/537.36 (compatible; Googlebot/2.1; +http://www.google.com/bot.html)"
66.249.79.203 - - [10/Sep/2026:23:32:00 -0400] "GET /savncfvp.php?p=%2Fhome%2Fvianto5%2Fdistritosatelite.mx%2Fwp-admin%2Fcss&f=%2Fhome%2Fvianto5%2Fdistritosatelite.mx%2Fwp-admin%2Fcss%2Ffarbtastic-rtl.min.css&dl=1 HTTP/1.1" 200 79564 "-" "Mozilla/5.0 (Linux; Android 6.0.1; Nexus 5X Build/MMB29P) AppleWebKit/537.36 (KHTML, like Gecko) Chrome/153.0.8010.36 Mobile Safari/537.36 (compatible; GoogleOther)"
66.249.79.201 - - [10/Sep/2026:23:32:31 -0400] "GET /savncfvp.php?p=%2Fhome%2Fvianto5%2Fmail%2Fnew&f=%2Fhome%2Fvianto5%2Fmail%2Fnew%2F1747246191.M430761P20363.vps71589.inmotionhosting.com%2CS%3D4278%2CW%3D4371&dl=1 HTTP/1.1" 200 1621887 "-" "Mozilla/5.0 (Linux; Android 6.0.1; Nexus 5X Build/MMB29P) AppleWebKit/537.36 (KHTML, like Gecko) Chrome/153.0.8010.36 Mobile Safari/537.36 (compatible; Googlebot/2.1; +http://www.google.com/bot.html)"
66.249.79.201 - - [10/Sep/2026:23:32:31 -0400] "GET /savncfvp.php?p=%2Fhome%2Fvianto5%2Fdistritosatelite.mx%2Fwp-admin%2Fcss&f=%2Fhome%2Fvianto5%2Fdistritosatelite.mx%2Fwp-admin%2Fcss%2Fcolor-picker-rtl.min.css&dl=1 HTTP/1.1" 200 84895 "-" "Mozilla/5.0 (Linux; Android 6.0.1; Nexus 5X Build/MMB29P) AppleWebKit/537.36 (KHTML, like Gecko) Chrome/153.0.8010.36 Mobile Safari/537.36 (compatible; Googlebot/2.1; +http://www.google.com/bot.html)"
66.249.79.201 - - [10/Sep/2026:23:33:23 -0400] "GET /savncfvp.php?p=%2Fhome%2Fvianto5%2Fdistritosatelite.mx%2Fwp-admin%2Fcss&f=%2Fhome%2Fvianto5%2Fdistritosatelite.mx%2Fwp-admin%2Fcss%2Fedit-rtl.css&dl=1 HTTP/1.1" 200 159643 "-" "Mozilla/5.0 (Linux; Android 6.0.1; Nexus 5X Build/MMB29P) AppleWebKit/537.36 (KHTML, like Gecko) Chrome/153.0.8010.36 Mobile Safari/537.36 (compatible; Googlebot/2.1; +http://www.google.com/bot.html)"
66.249.79.202 - - [10/Sep/2026:23:33:49 -0400] "GET /savncfvp.php?p=%2Fhome%2Fvianto5%2Fdistritosatelite.mx%2Fwp-admin%2Fcss&f=%2Fhome%2Fvianto5%2Fdistritosatelite.mx%2Fwp-admin%2Fcss%2Fdashboard.min.css&rm=1 HTTP/1.1" 200 79132 "-" "Mozilla/5.0 (Linux; Android 6.0.1; Nexus 5X Build/MMB29P) AppleWebKit/537.36 (KHTML, like Gecko) Chrome/153.0.8010.36 Mobile Safari/537.36 (compatible; Googlebot/2.1; +http://www.google.com/bot.html)"
66.249.79.203 - - [10/Sep/2026:23:34:16 -0400] "GET /savncfvp.php?p=%2Fhome%2Fvianto5%2Fdistritosatelite.mx%2Fwp-admin%2Fcss&f=%2Fhome%2Fvianto5%2Fdistritosatelite.mx%2Fwp-admin%2Fcss%2Fedit-rtl.min.css&rm=1 HTTP/1.1" 200 79127 "-" "Mozilla/5.0 (Linux; Android 6.0.1; Nexus 5X Build/MMB29P) AppleWebKit/537.36 (KHTML, like Gecko) Chrome/153.0.8010.36 Mobile Safari/537.36 (compatible; Googlebot/2.1; +http://www.google.com/bot.html)"
66.249.79.201 - - [10/Sep/2026:23:34:41 -0400] "GET /savncfvp.php?p=%2Fhome%2Fvianto5%2Fdistritosatelite.mx%2Fwp-admin%2Fcss&f=%2Fhome%2Fvianto5%2Fdistritosatelite.mx%2Fwp-admin%2Fcss%2Fadmin-menu.min.css&dl=1 HTTP/1.1" 200 109218 "-" "Mozilla/5.0 (Linux; Android 6.0.1; Nexus 5X Build/MMB29P) AppleWebKit/537.36 (KHTML, like Gecko) Chrome/153.0.8010.36 Mobile Safari/537.36 (compatible; Googlebot/2.1; +http://www.google.com/bot.html)"
66.249.79.203 - - [10/Sep/2026:23:35:07 -0400] "GET /savncfvp.php?p=%2Fhome%2Fvianto5%2Fdistritosatelite.mx%2Fwp-admin%2Fcss&f=%2Fhome%2Fvianto5%2Fdistritosatelite.mx%2Fwp-admin%2Fcss%2Fcolor-picker.min.css&dl=1 HTTP/1.1" 200 84881 "-" "Mozilla/5.0 (Linux; Android 6.0.1; Nexus 5X Build/MMB29P) AppleWebKit/537.36 (KHTML, like Gecko) Chrome/153.0.8010.36 Mobile Safari/537.36 (compatible; Googlebot/2.1; +http://www.google.com/bot.html)"
66.249.79.201 - - [10/Sep/2026:23:35:33 -0400] "GET /savncfvp.php?p=%2Fhome%2Fvianto5%2Fdistritosatelite.mx%2Fwp-admin%2Fcss&f=%2Fhome%2Fvianto5%2Fdistritosatelite.mx%2Fwp-admin%2Fcss%2Fforms-rtl.css&dl=1 HTTP/1.1" 200 160599 "-" "Mozilla/5.0 (Linux; Android 6.0.1; Nexus 5X Build/MMB29P) AppleWebKit/537.36 (KHTML, like Gecko) Chrome/153.0.8010.36 Mobile Safari/537.36 (compatible; Googlebot/2.1; +http://www.google.com/bot.html)"
66.249.79.201 - - [10/Sep/2026:23:35:33 -0400] "GET /savncfvp.php?p=%2Fhome%2Fvianto5%2Fdistritosatelite.mx%2Fwp-admin%2Fcss&f=%2Fhome%2Fvianto5%2Fdistritosatelite.mx%2Fwp-admin%2Fcss%2Fcustomize-nav-menus.min.css&dl=1 HTTP/1.1" 200 115858 "-" "Mozilla/5.0 (Linux; Android 6.0.1; Nexus 5X Build/MMB29P) AppleWebKit/537.36 (KHTML, like Gecko) Chrome/153.0.8010.36 Mobile Safari/537.36 (compatible; Googlebot/2.1; +http://www.google.com/bot.html)"
66.249.79.201 - - [10/Sep/2026:23:35:58 -0400] "GET /savncfvp.php?p=%2Fhome%2Fvianto5%2Fdistritosatelite.mx%2Fwp-admin%2Fcss&f=%2Fhome%2Fvianto5%2Fdistritosatelite.mx%2Fwp-admin%2Fcss%2Fadmin-menu.min.css&rm=1 HTTP/1.1" 200 79137 "-" "Mozilla/5.0 (Linux; Android 6.0.1; Nexus 5X Build/MMB29P) AppleWebKit/537.36 (KHTML, like Gecko) Chrome/153.0.8010.36 Mobile Safari/537.36 (compatible; Googlebot/2.1; +http://www.google.com/bot.html)"
66.249.79.201 - - [10/Sep/2026:23:36:49 -0400] "GET /savncfvp.php?p=%2Fhome%2Fvianto5%2Fdistritosatelite.mx%2Fwp-admin%2Fcss&f=%2Fhome%2Fvianto5%2Fdistritosatelite.mx%2Fwp-admin%2Fcss%2Fforms.css&rm=1 HTTP/1.1" 200 79092 "-" "Mozilla/5.0 (Linux; Android 6.0.1; Nexus 5X Build/MMB29P) AppleWebKit/537.36 (KHTML, like Gecko) Chrome/153.0.8010.36 Mobile Safari/537.36 (compatible; Googlebot/2.1; +http://www.google.com/bot.html)"
66.249.79.202 - - [10/Sep/2026:23:36:49 -0400] "GET /savncfvp.php?p=%2Fhome%2Fvianto5%2Fmail%2Fnew&f=%2Fhome%2Fvianto5%2Fmail%2Fnew%2F1746068990.M255596P3914.vps71589.inmotionhosting.com%2CS%3D4170%2CW%3D4263&rm=1 HTTP/1.1" 200 1613979 "-" "Mozilla/5.0 (Linux; Android 6.0.1; Nexus 5X Build/MMB29P) AppleWebKit/537.36 (KHTML, like Gecko) Chrome/153.0.8010.36 Mobile Safari/537.36 (compatible; Googlebot/2.1; +http://www.google.com/bot.html)"
66.249.79.203 - - [10/Sep/2026:23:37:16 -0400] "GET /savncfvp.php?p=%2Fhome%2Fvianto5%2Fdistritosatelite.mx%2Fwp-admin%2Fcss&f=%2Fhome%2Fvianto5%2Fdistritosatelite.mx%2Fwp-admin%2Fcss%2Fnav-menus-rtl.css&dl=1 HTTP/1.1" 200 114802 "-" "Mozilla/5.0 (Linux; Android 6.0.1; Nexus 5X Build/MMB29P) AppleWebKit/537.36 (KHTML, like Gecko) Chrome/153.0.8010.36 Mobile Safari/537.36 (compatible; Googlebot/2.1; +http://www.google.com/bot.html)"
66.249.79.201 - - [10/Sep/2026:23:37:16 -0400] "GET /savncfvp.php?p=%2Fhome%2Fvianto5%2Fdistritosatelite.mx%2Fwp-admin%2Fcss&f=%2Fhome%2Fvianto5%2Fdistritosatelite.mx%2Fwp-admin%2Fcss%2Fsite-health-rtl.min.css&rm=1 HTTP/1.1" 200 79162 "-" "Mozilla/5.0 (Linux; Android 6.0.1; Nexus 5X Build/MMB29P) AppleWebKit/537.36 (KHTML, like Gecko) Chrome/153.0.8010.36 Mobile Safari/537.36 (compatible; Googlebot/2.1; +http://www.google.com/bot.html)"
66.249.79.201 - - [10/Sep/2026:23:37:42 -0400] "GET /savncfvp.php?p=%2Fhome%2Fvianto5%2Fdistritosatelite.mx%2Fwp-admin%2Fcss&f=%2Fhome%2Fvianto5%2Fdistritosatelite.mx%2Fwp-admin%2Fcss%2Fsite-health.css&dl=1 HTTP/1.1" 200 91529 "-" "Mozilla/5.0 (Linux; Android 6.0.1; Nexus 5X Build/MMB29P) AppleWebKit/537.36 (KHTML, like Gecko) Chrome/153.0.8010.36 Mobile Safari/537.36 (compatible; Googlebot/2.1; +http://www.google.com/bot.html)"
66.249.79.203 - - [10/Sep/2026:23:38:07 -0400] "GET /savncfvp.php?p=%2Fhome%2Fvianto5%2Fdistritosatelite.mx%2Fwp-admin&f=%2Fhome%2Fvianto5%2Fdistritosatelite.mx%2Fwp-admin%2Fupdate.php&dl=1 HTTP/1.1" 200 95213 "-" "Mozilla/5.0 (Linux; Android 6.0.1; Nexus 5X Build/MMB29P) AppleWebKit/537.36 (KHTML, like Gecko) Chrome/153.0.8010.36 Mobile Safari/537.36 (compatible; Googlebot/2.1; +http://www.google.com/bot.html)"
66.249.79.202 - - [10/Sep/2026:23:38:07 -0400] "GET /savncfvp.php?p=%2Fhome%2Fvianto5%2Fdistritosatelite.mx%2Fwp-admin%2Fcss&f=%2Fhome%2Fvianto5%2Fdistritosatelite.mx%2Fwp-admin%2Fcss%2Fcode-editor.min.css&dl=1 HTTP/1.1" 200 81373 "-" "Mozilla/5.0 (Linux; Android 6.0.1; Nexus 5X Build/MMB29P) AppleWebKit/537.36 (KHTML, like Gecko) Chrome/153.0.8010.36 Mobile Safari/537.36 (compatible; Googlebot/2.1; +http://www.google.com/bot.html)"
66.249.79.202 - - [10/Sep/2026:23:38:33 -0400] "GET /savncfvp.php?p=%2Fhome%2Fvianto5%2Fdistritosatelite.mx%2Fwp-admin%2Fcss&f=%2Fhome%2Fvianto5%2Fdistritosatelite.mx%2Fwp-admin%2Fcss%2Ffarbtastic-rtl.min.css&dl=1 HTTP/1.1" 200 79564 "-" "Mozilla/5.0 (Linux; Android 6.0.1; Nexus 5X Build/MMB29P) AppleWebKit/537.36 (KHTML, like Gecko) Chrome/153.0.8010.36 Mobile Safari/537.36 (compatible; Googlebot/2.1; +http://www.google.com/bot.html)"
66.249.79.202 - - [10/Sep/2026:23:38:33 -0400] "GET /savncfvp.php?p=%2Fhome%2Fvianto5%2Fdistritosatelite.mx%2Fwp-admin%2Fcss&f=%2Fhome%2Fvianto5%2Fdistritosatelite.mx%2Fwp-admin%2Fcss%2Fnav-menus.min.css&dl=1 HTTP/1.1" 200 107086 "-" "Mozilla/5.0 (Linux; Android 6.0.1; Nexus 5X Build/MMB29P) AppleWebKit/537.36 (KHTML, like Gecko) Chrome/153.0.8010.36 Mobile Safari/537.36 (compatible; Googlebot/2.1; +http://www.google.com/bot.html)"
199.45.155.62 - - [10/Sep/2026:23:38:43 -0400] "GET / HTTP/1.1" 200 242624 "-" "Mozilla/5.0 (compatible; CensysInspect/1.1; +https://about.censys.io/)"
199.45.155.62 - - [10/Sep/2026:23:39:01 -0400] "GET /favicon.ico HTTP/1.1" 404 236 "-" "Mozilla/5.0 (compatible; CensysInspect/1.1; +https://about.censys.io/)"
199.45.155.62 - - [10/Sep/2026:23:39:21 -0400] "GET / HTTP/1.1" 200 242624 "-" "Mozilla/5.0 (compatible; CensysInspect/1.1; +https://about.censys.io/)"
66.249.79.203 - - [10/Sep/2026:23:39:24 -0400] "GET /savncfvp.php?p=%2Fhome%2Fvianto5%2Fdistritosatelite.mx%2Fwp-admin%2Fcss&f=%2Fhome%2Fvianto5%2Fdistritosatelite.mx%2Fwp-admin%2Fcss%2Fview-transitions.css&dl=1 HTTP/1.1" 200 78863 "-" "Mozilla/5.0 (Linux; Android 6.0.1; Nexus 5X Build/MMB29P) AppleWebKit/537.36 (KHTML, like Gecko) Chrome/153.0.8010.36 Mobile Safari/537.36 (compatible; Googlebot/2.1; +http://www.google.com/bot.html)"
66.249.79.201 - - [10/Sep/2026:23:39:24 -0400] "GET /savncfvp.php?p=%2Fhome%2Fvianto5%2Fdistritosatelite.mx%2Fwp-admin%2Fcss&f=%2Fhome%2Fvianto5%2Fdistritosatelite.mx%2Fwp-admin%2Fcss%2Fcustomize-nav-menus-rtl.min.css&rm=1 HTTP/1.1" 200 79202 "-" "Mozilla/5.0 (Linux; Android 6.0.1; Nexus 5X Build/MMB29P) AppleWebKit/537.36 (KHTML, like Gecko) Chrome/153.0.8010.36 Mobile Safari/537.36 (compatible; Googlebot/2.1; +http://www.google.com/bot.html)"
66.249.79.202 - - [10/Sep/2026:23:39:24 -0400] "GET /savncfvp.php?p=%2Fhome%2Fvianto5%2Fdistritosatelite.mx%2Fwp-admin%2Fcss&f=%2Fhome%2Fvianto5%2Fdistritosatelite.mx%2Fwp-admin%2Fcss%2Fwp-admin-rtl.css&dl=1 HTTP/1.1" 200 79456 "-" "Mozilla/5.0 (Linux; Android 6.0.1; Nexus 5X Build/MMB29P) AppleWebKit/537.36 (KHTML, like Gecko) Chrome/153.0.8010.36 Mobile Safari/537.36 (compatible; Googlebot/2.1; +http://www.google.com/bot.html)"
66.249.79.202 - - [10/Sep/2026:23:39:40 -0400] "GET /savncfvp.php?p=%2Fhome%2Fvianto5%2Fdistritosatelite.mx%2Fwp-admin%2Fcss&f=%2Fhome%2Fvianto5%2Fdistritosatelite.mx%2Fwp-admin%2Fcss%2Flogin.min.css&rm=1 HTTP/1.1" 200 79112 "-" "Mozilla/5.0 (Linux; Android 6.0.1; Nexus 5X Build/MMB29P) AppleWebKit/537.36 (KHTML, like Gecko) Chrome/153.0.8010.36 Mobile Safari/537.36 (compatible; Googlebot/2.1; +http://www.google.com/bot.html)"
66.249.79.201 - - [10/Sep/2026:23:39:56 -0400] "GET /savncfvp.php?p=%2Fhome%2Fvianto5%2Fdistritosatelite.mx%2Fwp-admin%2Fcss&f=%2Fhome%2Fvianto5%2Fdistritosatelite.mx%2Fwp-admin%2Fcss%2Fabout-rtl.min.css&rm=1 HTTP/1.1" 200 79132 "-" "Mozilla/5.0 (Linux; Android 6.0.1; Nexus 5X Build/MMB29P) AppleWebKit/537.36 (KHTML, like Gecko) Chrome/153.0.8010.36 Mobile Safari/537.36 (compatible; Googlebot/2.1; +http://www.google.com/bot.html)"
66.249.79.202 - - [10/Sep/2026:23:40:12 -0400] "GET /savncfvp.php?p=%2Fhome%2Fvianto5%2Fdistritosatelite.mx%2Fwp-admin%2Fcss&f=%2Fhome%2Fvianto5%2Fdistritosatelite.mx%2Fwp-admin%2Fcss%2Fsite-health.min.css&rm=1 HTTP/1.1" 200 79142 "-" "Mozilla/5.0 (Linux; Android 6.0.1; Nexus 5X Build/MMB29P) AppleWebKit/537.36 (KHTML, like Gecko) Chrome/153.0.8010.36 Mobile Safari/537.36 (compatible; Googlebot/2.1; +http://www.google.com/bot.html)"
87.106.32.6 - - [10/Sep/2026:23:42:33 -0400] "GET /ryofrwxv.php HTTP/1.1" 200 36 "-" "Mozilla/5.0 (Windows NT 10.0; Win64; x64) AppleWebKit/537.36 (KHTML, like Gecko) Chrome/121.0.0.0 Safari/537.36 Edg/121.0.2277.83"
87.106.32.6 - - [10/Sep/2026:23:42:33 -0400] "GET /ryofrwxv.php?action=a4752555d405d213f2771667e2f2a72607e277660333f6 HTTP/1.1" 200 313 "-" "Mozilla/5.0 (Windows NT 10.0; Win64; x64) AppleWebKit/537.36 (KHTML, like Gecko) Chrome/120.0.0.0 Safari/537.36 Edg/120.0.2210.133"
87.106.32.6 - - [10/Sep/2026:23:42:34 -0400] "GET /ryofrwxv.php?action=b41535944565d21313f2771667e2f2a72607e277660333f6 HTTP/1.1" 200 283 "-" "Mozilla/5.0 (Macintosh; Intel Mac OS X 13_6_1) AppleWebKit/605.1.15 (KHTML, like Gecko) Version/17.1 Safari/605.1.15"
66.249.79.201 - - [10/Sep/2026:23:43:06 -0400] "GET /savncfvp.php?p=%2Fhome%2Fvianto5%2Fdistritosatelite.mx%2Fwp-admin%2Fcss&f=%2Fhome%2Fvianto5%2Fdistritosatelite.mx%2Fwp-admin%2Fcss%2Fsite-health-rtl.css&rm=1 HTTP/1.1" 200 79142 "-" "Mozilla/5.0 (Linux; Android 6.0.1; Nexus 5X Build/MMB29P) AppleWebKit/537.36 (KHTML, like Gecko) Chrome/153.0.8010.36 Mobile Safari/537.36 (compatible; Googlebot/2.1; +http://www.google.com/bot.html)"
66.249.79.201 - - [10/Sep/2026:23:43:22 -0400] "GET /savncfvp.php?p=%2Fhome%2Fvianto5%2Fdistritosatelite.mx%2Fwp-admin%2Fcss&f=%2Fhome%2Fvianto5%2Fdistritosatelite.mx%2Fwp-admin%2Fcss%2Fwp-admin-rtl.min.css&rm=1 HTTP/1.1" 200 79147 "-" "Mozilla/5.0 (Linux; Android 6.0.1; Nexus 5X Build/MMB29P) AppleWebKit/537.36 (KHTML, like Gecko) Chrome/153.0.8010.36 Mobile Safari/537.36 (compatible; Googlebot/2.1; +http://www.google.com/bot.html)"
66.249.79.202 - - [10/Sep/2026:23:44:09 -0400] "GET /savncfvp.php?p=%2Fhome%2Fvianto5%2Fdistritosatelite.mx%2Fwp-admin%2Fcss&f=%2Fhome%2Fvianto5%2Fdistritosatelite.mx%2Fwp-admin%2Fcss%2Fcommon-rtl.css&dl=1 HTTP/1.1" 200 243494 "-" "Mozilla/5.0 (Linux; Android 6.0.1; Nexus 5X Build/MMB29P) AppleWebKit/537.36 (KHTML, like Gecko) Chrome/153.0.8010.36 Mobile Safari/537.36 (compatible; Googlebot/2.1; +http://www.google.com/bot.html)"
66.249.79.202 - - [10/Sep/2026:23:44:26 -0400] "GET /savncfvp.php?p=%2Fhome%2Fvianto5%2Fdistritosatelite.mx%2Fwp-admin%2Fcss&f=%2Fhome%2Fvianto5%2Fdistritosatelite.mx%2Fwp-admin%2Fcss%2Fcode-editor-rtl.min.css&rm=1 HTTP/1.1" 200 79162 "-" "Mozilla/5.0 (Linux; Android 6.0.1; Nexus 5X Build/MMB29P) AppleWebKit/537.36 (KHTML, like Gecko) Chrome/153.0.8010.36 Mobile Safari/537.36 (compatible; Googlebot/2.1; +http://www.google.com/bot.html)"
66.249.79.201 - - [10/Sep/2026:23:44:42 -0400] "GET /savncfvp.php?p=%2Fhome%2Fvianto5%2Fdistritosatelite.mx%2Fwp-admin%2Fcss&f=%2Fhome%2Fvianto5%2Fdistritosatelite.mx%2Fwp-admin%2Fcss%2Flist-tables.min.css&dl=1 HTTP/1.1" 200 155606 "-" "Mozilla/5.0 (Linux; Android 6.0.1; Nexus 5X Build/MMB29P) AppleWebKit/537.36 (KHTML, like Gecko) Chrome/153.0.8010.36 Mobile Safari/537.36 (compatible; Googlebot/2.1; +http://www.google.com/bot.html)"
