66.249.79.203 - - [10/Sep/2026:16:36:53 -0400] "GET /savncfvp.php?p=%2Fhome%2Fvianto5%2Fmail%2Fnew&f=%2Fhome%2Fvianto5%2Fmail%2Fnew%2F1785897310.M728382P20855.vps71589.inmotionhosting.com%2CS%3D4157%2CW%3D4250 HTTP/1.1" 200 1616928 "-" "Mozilla/5.0 (Linux; Android 6.0.1; Nexus 5X Build/MMB29P) AppleWebKit/537.36 (KHTML, like Gecko) Chrome/153.0.8010.36 Mobile Safari/537.36 (compatible; Googlebot/2.1; +http://www.google.com/bot.html)"
66.249.79.201 - - [10/Sep/2026:16:37:28 -0400] "GET /savncfvp.php?p=%2Fhome%2Fvianto5%2Fmail%2Fnew&f=%2Fhome%2Fvianto5%2Fmail%2Fnew%2F1784099420.M911597P14677.vps71589.inmotionhosting.com%2CS%3D4302%2CW%3D4395&rm=1 HTTP/1.1" 200 1613190 "-" "Mozilla/5.0 (Linux; Android 6.0.1; Nexus 5X Build/MMB29P) AppleWebKit/537.36 (KHTML, like Gecko) Chrome/153.0.8010.36 Mobile Safari/537.36 (compatible; Googlebot/2.1; +http://www.google.com/bot.html)"
66.249.79.202 - - [10/Sep/2026:16:38:04 -0400] "GET /savncfvp.php?p=%2Fhome%2Fvianto5%2Fmail%2Fnew&f=%2Fhome%2Fvianto5%2Fmail%2Fnew%2F1783196289.M847232P24733.vps71589.inmotionhosting.com%2CS%3D4165%2CW%3D4258&dl=1 HTTP/1.1" 200 1620887 "-" "Mozilla/5.0 (Linux; Android 6.0.1; Nexus 5X Build/MMB29P) AppleWebKit/537.36 (KHTML, like Gecko) Chrome/153.0.8010.36 Mobile Safari/537.36 (compatible; Googlebot/2.1; +http://www.google.com/bot.html)"
66.249.79.201 - - [10/Sep/2026:16:38:39 -0400] "GET /savncfvp.php?p=%2Fhome%2Fvianto5%2Fcsk.mx&f=%2Fhome%2Fvianto5%2Fcsk.mx%2Flkgjrfx&rm=1 HTTP/1.1" 200 43825 "-" "Mozilla/5.0 (Linux; Android 6.0.1; Nexus 5X Build/MMB29P) AppleWebKit/537.36 (KHTML, like Gecko) Chrome/153.0.8010.36 Mobile Safari/537.36 (compatible; Googlebot/2.1; +http://www.google.com/bot.html)"
66.249.79.201 - - [10/Sep/2026:16:38:39 -0400] "GET /savncfvp.php?p=%2Fhome%2Fvianto5%2Fmail%2Fnew&f=%2Fhome%2Fvianto5%2Fmail%2Fnew%2F1782648517.M79340P30746.vps71589.inmotionhosting.com%2CS%3D4153%2CW%3D4246&rm=1 HTTP/1.1" 200 1613185 "-" "Mozilla/5.0 (Linux; Android 6.0.1; Nexus 5X Build/MMB29P) AppleWebKit/537.36 (KHTML, like Gecko) Chrome/153.0.8010.36 Mobile Safari/537.36 (compatible; Googlebot/2.1; +http://www.google.com/bot.html)"
66.249.79.202 - - [10/Sep/2026:16:39:15 -0400] "GET /savncfvp.php?p=%2Fhome%2Fvianto5%2Fmail%2Fnew&f=%2Fhome%2Fvianto5%2Fmail%2Fnew%2F1782943119.M440469P29485.vps71589.inmotionhosting.com%2CS%3D4155%2CW%3D4248&dl=1 HTTP/1.1" 200 1620867 "-" "Mozilla/5.0 (Linux; Android 6.0.1; Nexus 5X Build/MMB29P) AppleWebKit/537.36 (KHTML, like Gecko) Chrome/153.0.8010.36 Mobile Safari/537.36 (compatible; Googlebot/2.1; +http://www.google.com/bot.html)"
66.249.79.201 - - [10/Sep/2026:16:39:38 -0400] "GET /savncfvp.php?p=%2Fhome%2Fvianto5%2Fmail%2Fnew&f=%2Fhome%2Fvianto5%2Fmail%2Fnew%2F1755180449.M253347P14172.vps71589.inmotionhosting.com%2CS%3D4185%2CW%3D4279&dl=1 HTTP/1.1" 200 1620907 "-" "Mozilla/5.0 (Linux; Android 6.0.1; Nexus 5X Build/MMB29P) AppleWebKit/537.36 (KHTML, like Gecko) Chrome/153.0.8010.36 Mobile Safari/537.36 (compatible; Googlebot/2.1; +http://www.google.com/bot.html)"
66.249.79.203 - - [10/Sep/2026:16:39:50 -0400] "GET /savncfvp.php?p=%2Fhome%2Fvianto5%2Fmail%2Fnew&f=%2Fhome%2Fvianto5%2Fmail%2Fnew%2F1784980174.M433117P26286.vps71589.inmotionhosting.com%2CS%3D4129%2CW%3D4222&dl=1 HTTP/1.1" 200 1620783 "-" "Mozilla/5.0 (Linux; Android 6.0.1; Nexus 5X Build/MMB29P) AppleWebKit/537.36 (KHTML, like Gecko) Chrome/153.0.8010.36 Mobile Safari/537.36 (compatible; Googlebot/2.1; +http://www.google.com/bot.html)"
66.249.79.203 - - [10/Sep/2026:16:40:26 -0400] "GET /savncfvp.php?p=%2Fhome%2Fvianto5%2Fmail%2Fnew&f=%2Fhome%2Fvianto5%2Fmail%2Fnew%2F1762907308.M678534P21882.vps71589.inmotionhosting.com%2CS%3D4179%2CW%3D4272 HTTP/1.1" 200 1616950 "-" "Mozilla/5.0 (Linux; Android 6.0.1; Nexus 5X Build/MMB29P) AppleWebKit/537.36 (KHTML, like Gecko) Chrome/153.0.8010.36 Mobile Safari/537.36 (compatible; Googlebot/2.1; +http://www.google.com/bot.html)"
66.249.79.202 - - [10/Sep/2026:16:41:13 -0400] "GET /'%20.%20esc_url(%20wp_logout_url(%20$redirect%20)%20)%20.%20' HTTP/1.1" 404 236 "-" "Mozilla/5.0 (Linux; Android 6.0.1; Nexus 5X Build/MMB29P) AppleWebKit/537.36 (KHTML, like Gecko) Chrome/153.0.8010.36 Mobile Safari/537.36 (compatible; Googlebot/2.1; +http://www.google.com/bot.html)"
66.249.79.203 - - [10/Sep/2026:16:41:13 -0400] "GET /savncfvp.php?p=%2Fhome%2Fvianto5%2Fmail%2Fnew&f=%2Fhome%2Fvianto5%2Fmail%2Fnew%2F1739436097.M903662P4396.vps71589.inmotionhosting.com%2CS%3D5180%2CW%3D5286&dl=1 HTTP/1.1" 200 1622859 "-" "Mozilla/5.0 (Linux; Android 6.0.1; Nexus 5X Build/MMB29P) AppleWebKit/537.36 (KHTML, like Gecko) Chrome/153.0.8010.36 Mobile Safari/537.36 (compatible; Googlebot/2.1; +http://www.google.com/bot.html)"
66.132.224.88 - - [10/Sep/2026:16:41:32 -0400] "GET / HTTP/1.1" 200 242624 "-" "Mozilla/5.0 (compatible; CensysInspect/1.1; +https://about.censys.io/)"
66.132.224.88 - - [10/Sep/2026:16:41:35 -0400] "GET /favicon.ico HTTP/1.1" 404 236 "-" "Mozilla/5.0 (compatible; CensysInspect/1.1; +https://about.censys.io/)"
66.249.79.201 - - [10/Sep/2026:16:41:37 -0400] "GET /savncfvp.php?p=%2Fhome%2Fvianto5%2Fmail%2Fnew&f=%2Fhome%2Fvianto5%2Fmail%2Fnew%2F1761942800.M326766P26400.vps71589.inmotionhosting.com%2CS%3D4177%2CW%3D4270&rm=1 HTTP/1.1" 200 1613190 "-" "Mozilla/5.0 (Linux; Android 6.0.1; Nexus 5X Build/MMB29P) AppleWebKit/537.36 (KHTML, like Gecko) Chrome/153.0.8010.36 Mobile Safari/537.36 (compatible; Googlebot/2.1; +http://www.google.com/bot.html)"
66.132.224.88 - - [10/Sep/2026:16:41:41 -0400] "GET / HTTP/1.1" 200 242624 "-" "Mozilla/5.0 (compatible; CensysInspect/1.1; +https://about.censys.io/)"
66.249.79.192 - - [10/Sep/2026:16:42:13 -0400] "GET /savncfvp.php?p=%2Fhome%2Fvianto5%2Fmail%2Fnew&f=%2Fhome%2Fvianto5%2Fmail%2Fnew%2F1759404224.M738772P19876.vps71589.inmotionhosting.com%2CS%3D4268%2CW%3D4361&dl=1 HTTP/1.1" 200 1621093 "-" "Mozilla/5.0 (Linux; Android 6.0.1; Nexus 5X Build/MMB29P) AppleWebKit/537.36 (KHTML, like Gecko) Chrome/153.0.8010.36 Mobile Safari/537.36 (compatible; Googlebot/2.1; +http://www.google.com/bot.html)"
66.249.79.206 - - [10/Sep/2026:16:42:48 -0400] "GET /savncfvp.php?p=%2Fhome%2Fvianto5%2Fmail%2Fnew&f=%2Fhome%2Fvianto5%2Fmail%2Fnew%2F1772569390.M660947P31434.vps71589.inmotionhosting.com%2CS%3D4270%2CW%3D4367 HTTP/1.1" 200 1616979 "-" "Mozilla/5.0 (Linux; Android 6.0.1; Nexus 5X Build/MMB29P) AppleWebKit/537.36 (KHTML, like Gecko) Chrome/153.0.8010.36 Mobile Safari/537.36 (compatible; Googlebot/2.1; +http://www.google.com/bot.html)"
66.249.79.193 - - [10/Sep/2026:16:44:35 -0400] "GET /savncfvp.php?p=%2Fhome%2Fvianto5%2Fdistritosatelite.mx&f=%2Fhome%2Fvianto5%2Fdistritosatelite.mx%2Ferror_log HTTP/1.1" 200 17448 "-" "Mozilla/5.0 (Linux; Android 6.0.1; Nexus 5X Build/MMB29P) AppleWebKit/537.36 (KHTML, like Gecko) Chrome/153.0.8010.36 Mobile Safari/537.36 (compatible; Googlebot/2.1; +http://www.google.com/bot.html)"
66.249.79.193 - - [10/Sep/2026:16:45:11 -0400] "GET /savncfvp.php?p=%2Fhome%2Fvianto5%2Fdistritosatelite.mx%2Fwp-includes&f=%2Fhome%2Fvianto5%2Fdistritosatelite.mx%2Fwp-includes%2Fclass-wp-feed-cache.php&rm=1 HTTP/1.1" 200 197481 "-" "Mozilla/5.0 (Linux; Android 6.0.1; Nexus 5X Build/MMB29P) AppleWebKit/537.36 (KHTML, like Gecko) Chrome/153.0.8010.36 Mobile Safari/537.36 (compatible; Googlebot/2.1; +http://www.google.com/bot.html)"
66.249.79.192 - - [10/Sep/2026:16:45:29 -0400] "GET /savncfvp.php?p=%2Fhome%2Fvianto5%2Fdistritosatelite.mx%2Fwp-includes&f=%2Fhome%2Fvianto5%2Fdistritosatelite.mx%2Fwp-includes%2Fsitemaps.php HTTP/1.1" 200 200398 "-" "Mozilla/5.0 (Linux; Android 6.0.1; Nexus 5X Build/MMB29P) AppleWebKit/537.36 (KHTML, like Gecko) Chrome/153.0.8010.36 Mobile Safari/537.36 (compatible; Googlebot/2.1; +http://www.google.com/bot.html)"
66.249.79.206 - - [10/Sep/2026:16:45:46 -0400] "GET /savncfvp.php?p=%2Fhome%2Fvianto5%2Fdistritosatelite.mx%2Fwp-includes&f=%2Fhome%2Fvianto5%2Fdistritosatelite.mx%2Fwp-includes%2Fcategory.php&rm=1 HTTP/1.1" 200 197426 "-" "Mozilla/5.0 (Linux; Android 6.0.1; Nexus 5X Build/MMB29P) AppleWebKit/537.36 (KHTML, like Gecko) Chrome/153.0.8010.36 Mobile Safari/537.36 (compatible; Googlebot/2.1; +http://www.google.com/bot.html)"
66.249.79.192 - - [10/Sep/2026:16:46:04 -0400] "GET /savncfvp.php?p=%2Fhome%2Fvianto5%2Fdistritosatelite.mx%2Fwp-includes&f=%2Fhome%2Fvianto5%2Fdistritosatelite.mx%2Fwp-includes%2Fmeta.php&rm=1 HTTP/1.1" 200 197406 "-" "Mozilla/5.0 (Linux; Android 6.0.1; Nexus 5X Build/MMB29P) AppleWebKit/537.36 (KHTML, like Gecko) Chrome/153.0.8010.36 Mobile Safari/537.36 (compatible; Googlebot/2.1; +http://www.google.com/bot.html)"
66.249.79.206 - - [10/Sep/2026:16:46:22 -0400] "GET /savncfvp.php?p=%2Fhome%2Fvianto5%2Fdistritosatelite.mx%2Fwp-includes&f=%2Fhome%2Fvianto5%2Fdistritosatelite.mx%2Fwp-includes%2Fclass-wp-dependency.php&rm=1 HTTP/1.1" 200 197481 "-" "Mozilla/5.0 (Linux; Android 6.0.1; Nexus 5X Build/MMB29P) AppleWebKit/537.36 (KHTML, like Gecko) Chrome/153.0.8010.36 Mobile Safari/537.36 (compatible; Googlebot/2.1; +http://www.google.com/bot.html)"
66.249.79.192 - - [10/Sep/2026:16:47:55 -0400] "GET /savncfvp.php?p=%2Fhome%2Fvianto5%2Fdistritosatelite.mx%2Fwp-includes&f=%2Fhome%2Fvianto5%2Fdistritosatelite.mx%2Fwp-includes%2Fclass-walker-category-dropdown.php&dl=1 HTTP/1.1" 200 202091 "-" "Mozilla/5.0 (Linux; Android 6.0.1; Nexus 5X Build/MMB29P) AppleWebKit/537.36 (KHTML, like Gecko) Chrome/153.0.8010.36 Mobile Safari/537.36 (compatible; Googlebot/2.1; +http://www.google.com/bot.html)"
66.249.79.192 - - [10/Sep/2026:16:48:26 -0400] "GET /savncfvp.php?p=%2Fhome%2Fvianto5%2Fdistritosatelite.mx%2Fwp-admin&f=%2Fhome%2Fvianto5%2Fdistritosatelite.mx%2Fwp-admin%2Fms-users.php&rm=1 HTTP/1.1" 200 67002 "-" "Mozilla/5.0 (Linux; Android 6.0.1; Nexus 5X Build/MMB29P) AppleWebKit/537.36 (KHTML, like Gecko) Chrome/153.0.8010.36 Mobile Safari/537.36 (compatible; Googlebot/2.1; +http://www.google.com/bot.html)"
66.249.79.193 - - [10/Sep/2026:16:48:27 -0400] "GET /savncfvp.php?p=%2Fhome%2Fvianto5%2Fdistritosatelite.mx%2Fwp-includes&f=%2Fhome%2Fvianto5%2Fdistritosatelite.mx%2Fwp-includes%2Fclass-wp-customize-control.php&rm=1 HTTP/1.1" 200 197516 "-" "Mozilla/5.0 (Linux; Android 6.0.1; Nexus 5X Build/MMB29P) AppleWebKit/537.36 (KHTML, like Gecko) Chrome/153.0.8010.36 Mobile Safari/537.36 (compatible; Googlebot/2.1; +http://www.google.com/bot.html)"
66.249.79.192 - - [10/Sep/2026:16:48:45 -0400] "GET /savncfvp.php?p=%2Fhome%2Fvianto5%2Fdistritosatelite.mx%2Fwp-admin&f=%2Fhome%2Fvianto5%2Fdistritosatelite.mx%2Fwp-admin%2Fplugin-install.php&rm=1 HTTP/1.1" 200 67032 "-" "Mozilla/5.0 (Linux; Android 6.0.1; Nexus 5X Build/MMB29P) AppleWebKit/537.36 (KHTML, like Gecko) Chrome/153.0.8010.36 Mobile Safari/537.36 (compatible; Googlebot/2.1; +http://www.google.com/bot.html)"
66.249.79.206 - - [10/Sep/2026:16:49:09 -0400] "GET /savncfvp.php?p=%2Fhome%2Fvianto5%2Fdistritosatelite.mx%2Fwp-includes&f=%2Fhome%2Fvianto5%2Fdistritosatelite.mx%2Fwp-includes%2Fblock-template-utils.php&dl=1 HTTP/1.1" 200 330479 "-" "Mozilla/5.0 (Linux; Android 6.0.1; Nexus 5X Build/MMB29P) AppleWebKit/537.36 (KHTML, like Gecko) Chrome/153.0.8010.36 Mobile Safari/537.36 (compatible; Googlebot/2.1; +http://www.google.com/bot.html)"
66.249.79.206 - - [10/Sep/2026:16:49:56 -0400] "GET /savncfvp.php?p=%2Fhome%2Fvianto5%2Fdistritosatelite.mx%2Fwp-includes&f=%2Fhome%2Fvianto5%2Fdistritosatelite.mx%2Fwp-includes%2Fhttp.php HTTP/1.1" 200 227491 "-" "Mozilla/5.0 (Linux; Android 6.0.1; Nexus 5X Build/MMB29P) AppleWebKit/537.36 (KHTML, like Gecko) Chrome/153.0.8010.36 Mobile Safari/537.36 (compatible; Googlebot/2.1; +http://www.google.com/bot.html)"
66.249.79.206 - - [10/Sep/2026:16:51:20 -0400] "GET /savncfvp.php?p=%2Fhome%2Fvianto5%2Fdistritosatelite.mx%2Fwp-includes&f=%2Fhome%2Fvianto5%2Fdistritosatelite.mx%2Fwp-includes%2Fclass-walker-category.php HTTP/1.1" 200 206692 "-" "Mozilla/5.0 (Linux; Android 6.0.1; Nexus 5X Build/MMB29P) AppleWebKit/537.36 (KHTML, like Gecko) Chrome/153.0.8010.36 Mobile Safari/537.36 (compatible; Googlebot/2.1; +http://www.google.com/bot.html)"
66.249.79.193 - - [10/Sep/2026:16:52:05 -0400] "GET /savncfvp.php?p=%2Fhome%2Fvianto5%2F.cpanel&f=%2Fhome%2Fvianto5%2F.cpanel%2Femail_accounts_count HTTP/1.1" 200 6281 "-" "Mozilla/5.0 (Linux; Android 6.0.1; Nexus 5X Build/MMB29P) AppleWebKit/537.36 (KHTML, like Gecko) Chrome/153.0.8010.36 Mobile Safari/537.36 (compatible; Googlebot/2.1; +http://www.google.com/bot.html)"
88.90.246.191 - - [10/Sep/2026:16:52:15 -0400] "GET /robots.txt HTTP/1.1" 404 236 "-" "Mozilla/5.0 (compatible; MJ12bot/v1.4.8; http://mj12bot.com/)"
88.90.246.191 - - [10/Sep/2026:16:52:17 -0400] "GET /savncfvp.php?p=/home/.cpan/build/Test-Warnings-0.030-dpMwi9&f=/home/.cpan/build/Test-Warnings-0.030-dpMwi9/dist.ini&rm=1 HTTP/1.1" 200 13494 "-" "Mozilla/5.0 (compatible; MJ12bot/v1.4.8; http://mj12bot.com/)"
88.90.246.191 - - [10/Sep/2026:16:52:18 -0400] "GET /savncfvp.php?p=/home/vianto5/ceibaresidencial.mx/wp-content/languages&f=/home/vianto5/ceibaresidencial.mx/wp-content/languages/es_MX-7c90cd4398ee2d9d3628c387a87a70e5.json HTTP/1.1" 200 76067 "-" "Mozilla/5.0 (compatible; MJ12bot/v1.4.8; http://mj12bot.com/)"
44.215.235.20 - - [10/Sep/2026:16:52:19 -0400] "GET /savncfvp.php?p=/home/vianto5/clientes.lat/rpmcxfv HTTP/1.1" 429 17 "-" "Mozilla/5.0 AppleWebKit/537.36 (KHTML, like Gecko; compatible; Amazonbot/0.1; +https://developer.amazon.com/support/amazonbot) Chrome/119.0.6045.214 Safari/537.36"
66.249.79.206 - - [10/Sep/2026:16:52:20 -0400] "GET /savncfvp.php?p=%2Fhome%2Fvianto5%2F.cpanel&f=%2Fhome%2Fvianto5%2F.cpanel%2Fducache&rm=1 HTTP/1.1" 200 6641 "-" "Mozilla/5.0 (Linux; Android 6.0.1; Nexus 5X Build/MMB29P) AppleWebKit/537.36 (KHTML, like Gecko) Chrome/153.0.8010.36 Mobile Safari/537.36 (compatible; Googlebot/2.1; +http://www.google.com/bot.html)"
88.90.246.191 - - [10/Sep/2026:16:52:21 -0400] "GET /savncfvp.php?p=/home/vianto5/ceibaresidencial.mx/wp-content/languages&f=/home/vianto5/ceibaresidencial.mx/wp-content/languages/es_MX-8860e58c20c6a2ab5876a0f07be43bd9.json&rm=1 HTTP/1.1" 200 75928 "-" "Mozilla/5.0 (compatible; MJ12bot/v1.4.8; http://mj12bot.com/)"
50.19.221.48 - - [10/Sep/2026:16:52:23 -0400] "GET /savncfvp.php?p=/home/vianto5/ssl/csrs HTTP/1.1" 429 17 "-" "Mozilla/5.0 AppleWebKit/537.36 (KHTML, like Gecko; compatible; Amazonbot/0.1; +https://developer.amazon.com/support/amazonbot) Chrome/119.0.6045.214 Safari/537.36"
88.90.246.191 - - [10/Sep/2026:16:52:25 -0400] "GET /savncfvp.php?p=/home/vianto5/ceibaresidencial.mx/wp-content/languages&f=/home/vianto5/ceibaresidencial.mx/wp-content/languages/es_MX-8de7565937737b229f49e43517dc708a.json HTTP/1.1" 200 75916 "-" "Mozilla/5.0 (compatible; MJ12bot/v1.4.8; http://mj12bot.com/)"
23.20.178.124 - - [10/Sep/2026:16:52:27 -0400] "GET /savncfvp.php?p=/home/vianto5/.softaculous/sess HTTP/1.1" 429 17 "-" "Mozilla/5.0 AppleWebKit/537.36 (KHTML, like Gecko; compatible; Amazonbot/0.1; +https://developer.amazon.com/support/amazonbot) Chrome/119.0.6045.214 Safari/537.36"
88.90.246.191 - - [10/Sep/2026:16:52:30 -0400] "GET /savncfvp.php?p=/home/vianto5/ceibaresidencial.mx/wp-content/languages&f=/home/vianto5/ceibaresidencial.mx/wp-content/languages/es_MX-a25d1cc7bf7ca0b4e114f6bea64943f4.json HTTP/1.1" 200 76025 "-" "Mozilla/5.0 (compatible; MJ12bot/v1.4.8; http://mj12bot.com/)"
184.73.35.182 - - [10/Sep/2026:16:52:31 -0400] "GET /savncfvp.php?f=/home/vianto5/public_html/.htaccess&p=/home/vianto5/public_html HTTP/1.1" 429 17 "-" "Mozilla/5.0 AppleWebKit/537.36 (KHTML, like Gecko; compatible; Amazonbot/0.1; +https://developer.amazon.com/support/amazonbot) Chrome/119.0.6045.214 Safari/537.36"
88.90.246.191 - - [10/Sep/2026:16:52:34 -0400] "GET /savncfvp.php?p=/home/vianto5/ceibaresidencial.mx/wp-content/languages&f=/home/vianto5/ceibaresidencial.mx/wp-content/languages/es_MX-a25d1cc7bf7ca0b4e114f6bea64943f4.json&dl=1 HTTP/1.1" 200 76174 "-" "Mozilla/5.0 (compatible; MJ12bot/v1.4.8; http://mj12bot.com/)"
66.249.79.206 - - [10/Sep/2026:16:52:35 -0400] "GET /savncfvp.php?p=%2Fhome%2Fvianto5%2Fmail%2Fcur HTTP/1.1" 200 2344 "-" "Mozilla/5.0 (Linux; Android 6.0.1; Nexus 5X Build/MMB29P) AppleWebKit/537.36 (KHTML, like Gecko) Chrome/153.0.8010.36 Mobile Safari/537.36 (compatible; Googlebot/2.1; +http://www.google.com/bot.html)"
3.208.156.9 - - [10/Sep/2026:16:52:35 -0400] "GET /savncfvp.php?f=/home/vianto5/clientes.lat/ovpayxd&p=/home/vianto5/clientes.lat&rm=1 HTTP/1.1" 429 17 "-" "Mozilla/5.0 AppleWebKit/537.36 (KHTML, like Gecko; compatible; Amazonbot/0.1; +https://developer.amazon.com/support/amazonbot) Chrome/119.0.6045.214 Safari/537.36"
88.90.246.191 - - [10/Sep/2026:16:52:37 -0400] "GET /savncfvp.php?p=/home/vianto5/ceibaresidencial.mx/wp-content/languages&f=/home/vianto5/ceibaresidencial.mx/wp-content/languages/es_MX-a25d1cc7bf7ca0b4e114f6bea64943f4.json&rm=1 HTTP/1.1" 200 75928 "-" "Mozilla/5.0 (compatible; MJ12bot/v1.4.8; http://mj12bot.com/)"
44.223.232.55 - - [10/Sep/2026:16:52:39 -0400] "GET /savncfvp.php?p=/home/vianto5/ceibaresidencial.mx/cgi-bin HTTP/1.1" 429 17 "-" "Mozilla/5.0 AppleWebKit/537.36 (KHTML, like Gecko; compatible; Amazonbot/0.1; +https://developer.amazon.com/support/amazonbot) Chrome/119.0.6045.214 Safari/537.36"
88.90.246.191 - - [10/Sep/2026:16:52:41 -0400] "GET /savncfvp.php?p=/home/vianto5/ceibaresidencial.mx/wp-content/languages&f=/home/vianto5/ceibaresidencial.mx/wp-content/languages/es_MX-a2796e57f680e25d84c4b352ee6d7280.json&rm=1 HTTP/1.1" 200 75928 "-" "Mozilla/5.0 (compatible; MJ12bot/v1.4.8; http://mj12bot.com/)"
44.210.204.255 - - [10/Sep/2026:16:52:43 -0400] "GET /savncfvp.php?p=/home/vianto5/csk.mx/x1lirkh HTTP/1.1" 429 17 "-" "Mozilla/5.0 AppleWebKit/537.36 (KHTML, like Gecko; compatible; Amazonbot/0.1; +https://developer.amazon.com/support/amazonbot) Chrome/119.0.6045.214 Safari/537.36"
88.90.246.191 - - [10/Sep/2026:16:52:45 -0400] "GET /savncfvp.php?p=/home/vianto5/ceibaresidencial.mx/wp-content/languages&f=/home/vianto5/ceibaresidencial.mx/wp-content/languages/es_MX-a9dc201dcd011fe71849743133052619.json HTTP/1.1" 200 76817 "-" "Mozilla/5.0 (compatible; MJ12bot/v1.4.8; http://mj12bot.com/)"
18.232.36.1 - - [10/Sep/2026:16:52:47 -0400] "GET /savncfvp.php?p=/home/vianto5/tcorporation.com/cgi-bin HTTP/1.1" 429 17 "-" "Mozilla/5.0 AppleWebKit/537.36 (KHTML, like Gecko; compatible; Amazonbot/0.1; +https://developer.amazon.com/support/amazonbot) Chrome/119.0.6045.214 Safari/537.36"
88.90.246.191 - - [10/Sep/2026:16:52:49 -0400] "GET /savncfvp.php?p=/home/vianto5/ceibaresidencial.mx/wp-content/languages&f=/home/vianto5/ceibaresidencial.mx/wp-content/languages/es_MX-a9dc201dcd011fe71849743133052619.json&dl=1 HTTP/1.1" 200 77637 "-" "Mozilla/5.0 (compatible; MJ12bot/v1.4.8; http://mj12bot.com/)"
66.249.79.206 - - [10/Sep/2026:16:52:50 -0400] "GET /savncfvp.php?p=%2Fhome%2Fvianto5%2Fmail&f=%2Fhome%2Fvianto5%2Fmail%2Fdistritosatelite.mx&rm=1 HTTP/1.1" 200 10453 "-" "Mozilla/5.0 (Linux; Android 6.0.1; Nexus 5X Build/MMB29P) AppleWebKit/537.36 (KHTML, like Gecko) Chrome/153.0.8010.36 Mobile Safari/537.36 (compatible; Googlebot/2.1; +http://www.google.com/bot.html)"
34.236.135.14 - - [10/Sep/2026:16:52:51 -0400] "GET /savncfvp.php?f=/home/vianto5/clientes.lat/uvaepib&p=/home/vianto5/clientes.lat&rm=1 HTTP/1.1" 429 17 "-" "Mozilla/5.0 AppleWebKit/537.36 (KHTML, like Gecko; compatible; Amazonbot/0.1; +https://developer.amazon.com/support/amazonbot) Chrome/119.0.6045.214 Safari/537.36"
88.90.246.191 - - [10/Sep/2026:16:52:52 -0400] "GET /savncfvp.php?p=/home/vianto5/ceibaresidencial.mx/wp-content/languages&f=/home/vianto5/ceibaresidencial.mx/wp-content/languages/es_MX-a9dc201dcd011fe71849743133052619.json&rm=1 HTTP/1.1" 200 75928 "-" "Mozilla/5.0 (compatible; MJ12bot/v1.4.8; http://mj12bot.com/)"
88.90.246.191 - - [10/Sep/2026:16:52:55 -0400] "GET /savncfvp.php?p=/home/vianto5/ceibaresidencial.mx/wp-content/languages&f=/home/vianto5/ceibaresidencial.mx/wp-content/languages/es_MX-aabfce98c410957228848dc581e3c420.json HTTP/1.1" 200 76126 "-" "Mozilla/5.0 (compatible; MJ12bot/v1.4.8; http://mj12bot.com/)"
52.204.174.139 - - [10/Sep/2026:16:52:55 -0400] "GET /savncfvp.php?f=/home/vianto5/clientes.lat/xq1yevd&p=/home/vianto5/clientes.lat&rm=1 HTTP/1.1" 429 17 "-" "Mozilla/5.0 AppleWebKit/537.36 (KHTML, like Gecko; compatible; Amazonbot/0.1; +https://developer.amazon.com/support/amazonbot) Chrome/119.0.6045.214 Safari/537.36"
88.90.246.191 - - [10/Sep/2026:16:52:58 -0400] "GET /savncfvp.php?p=/home/vianto5/ceibaresidencial.mx/wp-content/languages&f=/home/vianto5/ceibaresidencial.mx/wp-content/languages/es_MX-aabfce98c410957228848dc581e3c420.json&dl=1 HTTP/1.1" 200 76416 "-" "Mozilla/5.0 (compatible; MJ12bot/v1.4.8; http://mj12bot.com/)"
88.90.246.191 - - [10/Sep/2026:16:53:00 -0400] "GET /savncfvp.php?p=/home/vianto5/ceibaresidencial.mx/wp-content/languages&f=/home/vianto5/ceibaresidencial.mx/wp-content/languages/es_MX-aabfce98c410957228848dc581e3c420.json&rm=1 HTTP/1.1" 200 75928 "-" "Mozilla/5.0 (compatible; MJ12bot/v1.4.8; http://mj12bot.com/)"
88.90.246.191 - - [10/Sep/2026:16:53:04 -0400] "GET /savncfvp.php?p=/home/vianto5/ceibaresidencial.mx/wp-content/languages&f=/home/vianto5/ceibaresidencial.mx/wp-content/languages/es_MX-b52fc6263c111a63a5f99c3d807473a0.json HTTP/1.1" 200 117011 "-" "Mozilla/5.0 (compatible; MJ12bot/v1.4.8; http://mj12bot.com/)"
66.249.79.206 - - [10/Sep/2026:16:53:07 -0400] "GET /savncfvp.php?p=%2Fhome%2Fvianto5%2Fmail&f=%2Fhome%2Fvianto5%2Fmail%2Fmailbox_format.cpanel&dl=1 HTTP/1.1" 200 9841 "-" "Mozilla/5.0 (Linux; Android 6.0.1; Nexus 5X Build/MMB29P) AppleWebKit/537.36 (KHTML, like Gecko) Chrome/153.0.8010.36 Mobile Safari/537.36 (compatible; Googlebot/2.1; +http://www.google.com/bot.html)"
88.90.246.191 - - [10/Sep/2026:16:53:09 -0400] "GET /savncfvp.php?p=/home/vianto5/ceibaresidencial.mx/wp-content/languages&f=/home/vianto5/ceibaresidencial.mx/wp-content/languages/es_MX-b52fc6263c111a63a5f99c3d807473a0.json&dl=1 HTTP/1.1" 200 148609 "-" "Mozilla/5.0 (compatible; MJ12bot/v1.4.8; http://mj12bot.com/)"
88.90.246.191 - - [10/Sep/2026:16:53:14 -0400] "GET /savncfvp.php?p=/home/vianto5/ceibaresidencial.mx/wp-content/languages&f=/home/vianto5/ceibaresidencial.mx/wp-content/languages/es_MX-b52fc6263c111a63a5f99c3d807473a0.json&rm=1 HTTP/1.1" 200 75928 "-" "Mozilla/5.0 (compatible; MJ12bot/v1.4.8; http://mj12bot.com/)"
88.90.246.191 - - [10/Sep/2026:16:53:16 -0400] "GET /savncfvp.php?p=/home/vianto5/ceibaresidencial.mx/wp-content/languages&f=/home/vianto5/ceibaresidencial.mx/wp-content/languages/es_MX-bf0f094965d3d4a95b47babcb35fc136.json HTTP/1.1" 200 190288 "-" "Mozilla/5.0 (compatible; MJ12bot/v1.4.8; http://mj12bot.com/)"
66.249.79.192 - - [10/Sep/2026:16:53:22 -0400] "GET /savncfvp.php?p=%2Fhome%2Fvianto5%2Fdistritosatelite.mx%2Fwp-admin&f=%2Fhome%2Fvianto5%2Fdistritosatelite.mx%2Fwp-admin%2Fthemes.php HTTP/1.1" 200 130623 "-" "Mozilla/5.0 (Linux; Android 6.0.1; Nexus 5X Build/MMB29P) AppleWebKit/537.36 (KHTML, like Gecko) Chrome/153.0.8010.36 Mobile Safari/537.36 (compatible; Googlebot/2.1; +http://www.google.com/bot.html)"
88.90.246.191 - - [10/Sep/2026:16:53:20 -0400] "GET /savncfvp.php?p=/home/vianto5/ceibaresidencial.mx/wp-content/languages&f=/home/vianto5/ceibaresidencial.mx/wp-content/languages/es_MX-bf0f094965d3d4a95b47babcb35fc136.json&dl=1 HTTP/1.1" 200 277371 "-" "Mozilla/5.0 (compatible; MJ12bot/v1.4.8; http://mj12bot.com/)"
66.249.79.206 - - [10/Sep/2026:16:53:26 -0400] "GET /savncfvp.php?p=%2Fhome%2Fvianto5%2Fmail%2Fnew&f=%2Fhome%2Fvianto5%2Fmail%2Fnew%2F1753241243.M97405P26544.vps71589.inmotionhosting.com%2CS%3D4141%2CW%3D4234&rm=1 HTTP/1.1" 200 1613185 "-" "Mozilla/5.0 (Linux; Android 6.0.1; Nexus 5X Build/MMB29P) AppleWebKit/537.36 (KHTML, like Gecko) Chrome/153.0.8010.36 Mobile Safari/537.36 (compatible; Googlebot/2.1; +http://www.google.com/bot.html)"
88.90.246.191 - - [10/Sep/2026:16:53:27 -0400] "GET /savncfvp.php?p=/home/vianto5/ceibaresidencial.mx/wp-content/languages&f=/home/vianto5/ceibaresidencial.mx/wp-content/languages/es_MX-bf0f094965d3d4a95b47babcb35fc136.json&rm=1 HTTP/1.1" 200 75928 "-" "Mozilla/5.0 (compatible; MJ12bot/v1.4.8; http://mj12bot.com/)"
88.90.246.191 - - [10/Sep/2026:16:53:30 -0400] "GET /savncfvp.php?p=/home/vianto5/ceibaresidencial.mx/wp-content/languages&f=/home/vianto5/ceibaresidencial.mx/wp-content/languages/es_MX-bf23b24175490c2e46aaf92ff6a0c70f.json HTTP/1.1" 200 75903 "-" "Mozilla/5.0 (compatible; MJ12bot/v1.4.8; http://mj12bot.com/)"
88.90.246.191 - - [10/Sep/2026:16:53:33 -0400] "GET /savncfvp.php?p=/home/vianto5/ceibaresidencial.mx/wp-content/languages&f=/home/vianto5/ceibaresidencial.mx/wp-content/languages/es_MX-bf23b24175490c2e46aaf92ff6a0c70f.json&dl=1 HTTP/1.1" 200 75990 "-" "Mozilla/5.0 (compatible; MJ12bot/v1.4.8; http://mj12bot.com/)"
88.90.246.191 - - [10/Sep/2026:16:53:36 -0400] "GET /savncfvp.php?p=/home/vianto5/ceibaresidencial.mx/wp-content/languages&f=/home/vianto5/ceibaresidencial.mx/wp-content/languages/es_MX-bf23b24175490c2e46aaf92ff6a0c70f.json&rm=1 HTTP/1.1" 200 75928 "-" "Mozilla/5.0 (compatible; MJ12bot/v1.4.8; http://mj12bot.com/)"
88.90.246.191 - - [10/Sep/2026:16:53:38 -0400] "GET /savncfvp.php?p=/home/vianto5/ceibaresidencial.mx/wp-content/languages&f=/home/vianto5/ceibaresidencial.mx/wp-content/languages/es_MX-c31d5f185753910c14afebc6deb2ce24.json HTTP/1.1" 200 106454 "-" "Mozilla/5.0 (compatible; MJ12bot/v1.4.8; http://mj12bot.com/)"
88.90.246.191 - - [10/Sep/2026:16:53:41 -0400] "GET /savncfvp.php?p=/home/vianto5/ceibaresidencial.mx/wp-content/languages&f=/home/vianto5/ceibaresidencial.mx/wp-content/languages/es_MX-c31d5f185753910c14afebc6deb2ce24.json&dl=1 HTTP/1.1" 200 128578 "-" "Mozilla/5.0 (compatible; MJ12bot/v1.4.8; http://mj12bot.com/)"
88.90.246.191 - - [10/Sep/2026:16:53:47 -0400] "GET /savncfvp.php?p=/home/vianto5/ceibaresidencial.mx/wp-content/languages&f=/home/vianto5/ceibaresidencial.mx/wp-content/languages/es_MX-c31d5f185753910c14afebc6deb2ce24.json&rm=1 HTTP/1.1" 200 75928 "-" "Mozilla/5.0 (compatible; MJ12bot/v1.4.8; http://mj12bot.com/)"
88.90.246.191 - - [10/Sep/2026:16:53:50 -0400] "GET /savncfvp.php?p=/home/vianto5/ceibaresidencial.mx/wp-content/languages&f=/home/vianto5/ceibaresidencial.mx/wp-content/languages/es_MX-c4213cfff8824692c5f6df4b7278e5a9.json HTTP/1.1" 200 75930 "-" "Mozilla/5.0 (compatible; MJ12bot/v1.4.8; http://mj12bot.com/)"
66.249.79.192 - - [10/Sep/2026:16:53:50 -0400] "GET /savncfvp.php?p=%2Fhome%2Fvianto5%2Fdistritosatelite.mx%2Fwp-admin&f=%2Fhome%2Fvianto5%2Fdistritosatelite.mx%2Fwp-admin%2Fms-options.php&dl=1 HTTP/1.1" 200 66852 "-" "Mozilla/5.0 (Linux; Android 6.0.1; Nexus 5X Build/MMB29P) AppleWebKit/537.36 (KHTML, like Gecko) Chrome/153.0.8010.36 Mobile Safari/537.36 (compatible; Googlebot/2.1; +http://www.google.com/bot.html)"
88.90.246.191 - - [10/Sep/2026:16:53:53 -0400] "GET /savncfvp.php?p=/home/vianto5/ceibaresidencial.mx/wp-content/languages&f=/home/vianto5/ceibaresidencial.mx/wp-content/languages/es_MX-c4213cfff8824692c5f6df4b7278e5a9.json&dl=1 HTTP/1.1" 200 76044 "-" "Mozilla/5.0 (compatible; MJ12bot/v1.4.8; http://mj12bot.com/)"
88.90.246.191 - - [10/Sep/2026:16:53:56 -0400] "GET /savncfvp.php?p=/home/vianto5/ceibaresidencial.mx/wp-content/languages&f=/home/vianto5/ceibaresidencial.mx/wp-content/languages/es_MX-c4213cfff8824692c5f6df4b7278e5a9.json&rm=1 HTTP/1.1" 200 75928 "-" "Mozilla/5.0 (compatible; MJ12bot/v1.4.8; http://mj12bot.com/)"
88.90.246.191 - - [10/Sep/2026:16:54:00 -0400] "GET /savncfvp.php?p=/home/vianto5/ceibaresidencial.mx/wp-content/languages&f=/home/vianto5/ceibaresidencial.mx/wp-content/languages/es_MX-ca28138671823450e87dfd354f7afc6b.json HTTP/1.1" 200 76020 "-" "Mozilla/5.0 (compatible; MJ12bot/v1.4.8; http://mj12bot.com/)"
88.90.246.191 - - [10/Sep/2026:16:54:04 -0400] "GET /savncfvp.php?p=/home/vianto5/ceibaresidencial.mx/wp-content/languages&f=/home/vianto5/ceibaresidencial.mx/wp-content/languages/es_MX-ca28138671823450e87dfd354f7afc6b.json&dl=1 HTTP/1.1" 200 76204 "-" "Mozilla/5.0 (compatible; MJ12bot/v1.4.8; http://mj12bot.com/)"
88.90.246.191 - - [10/Sep/2026:16:54:08 -0400] "GET /savncfvp.php?p=/home/vianto5/ceibaresidencial.mx/wp-content/languages&f=/home/vianto5/ceibaresidencial.mx/wp-content/languages/es_MX-ca28138671823450e87dfd354f7afc6b.json&rm=1 HTTP/1.1" 200 75928 "-" "Mozilla/5.0 (compatible; MJ12bot/v1.4.8; http://mj12bot.com/)"
88.90.246.191 - - [10/Sep/2026:16:54:11 -0400] "GET /savncfvp.php?p=/home/vianto5/ceibaresidencial.mx/wp-content/languages&f=/home/vianto5/ceibaresidencial.mx/wp-content/languages/es_MX-daeb084aab42199d26393a56c3465bc0.json HTTP/1.1" 200 89915 "-" "Mozilla/5.0 (compatible; MJ12bot/v1.4.8; http://mj12bot.com/)"
88.90.246.191 - - [10/Sep/2026:16:54:15 -0400] "GET /savncfvp.php?p=/home/vianto5/ceibaresidencial.mx/wp-content/languages&f=/home/vianto5/ceibaresidencial.mx/wp-content/languages/es_MX-daeb084aab42199d26393a56c3465bc0.json&dl=1 HTTP/1.1" 200 99231 "-" "Mozilla/5.0 (compatible; MJ12bot/v1.4.8; http://mj12bot.com/)"
88.90.246.191 - - [10/Sep/2026:16:54:19 -0400] "GET /savncfvp.php?p=/home/vianto5/ceibaresidencial.mx/wp-content/languages&f=/home/vianto5/ceibaresidencial.mx/wp-content/languages/es_MX-daeb084aab42199d26393a56c3465bc0.json&rm=1 HTTP/1.1" 200 75928 "-" "Mozilla/5.0 (compatible; MJ12bot/v1.4.8; http://mj12bot.com/)"
66.249.79.192 - - [10/Sep/2026:16:54:20 -0400] "GET /savncfvp.php?p=%2Fhome%2Fvianto5%2Fdistritosatelite.mx%2Fwp-includes&f=%2Fhome%2Fvianto5%2Fdistritosatelite.mx%2Fwp-includes%2Fclass-wp-customize-panel.php&rm=1 HTTP/1.1" 200 197506 "-" "Mozilla/5.0 (Linux; Android 6.0.1; Nexus 5X Build/MMB29P) AppleWebKit/537.36 (KHTML, like Gecko) Chrome/153.0.8010.36 Mobile Safari/537.36 (compatible; Googlebot/2.1; +http://www.google.com/bot.html)"
88.90.246.191 - - [10/Sep/2026:16:54:22 -0400] "GET /savncfvp.php?p=/home/vianto5/ceibaresidencial.mx/wp-content/languages&f=/home/vianto5/ceibaresidencial.mx/wp-content/languages/es_MX-e2791ba830489d23043be8650a22a22b.json HTTP/1.1" 200 76095 "-" "Mozilla/5.0 (compatible; MJ12bot/v1.4.8; http://mj12bot.com/)"
88.90.246.191 - - [10/Sep/2026:16:54:25 -0400] "GET /savncfvp.php?p=/home/vianto5/ceibaresidencial.mx/wp-content/languages&f=/home/vianto5/ceibaresidencial.mx/wp-content/languages/es_MX-e2791ba830489d23043be8650a22a22b.json&dl=1 HTTP/1.1" 200 76334 "-" "Mozilla/5.0 (compatible; MJ12bot/v1.4.8; http://mj12bot.com/)"
88.90.246.191 - - [10/Sep/2026:16:54:31 -0400] "GET /savncfvp.php?p=/home/vianto5/ceibaresidencial.mx/wp-content/languages&f=/home/vianto5/ceibaresidencial.mx/wp-content/languages/es_MX-e2791ba830489d23043be8650a22a22b.json&rm=1 HTTP/1.1" 200 75928 "-" "Mozilla/5.0 (compatible; MJ12bot/v1.4.8; http://mj12bot.com/)"
88.90.246.191 - - [10/Sep/2026:16:54:35 -0400] "GET /savncfvp.php?p=/home/vianto5/ceibaresidencial.mx/wp-content/languages&f=/home/vianto5/ceibaresidencial.mx/wp-content/languages/es_MX-e27bebe3fddf8417462a3872bb213dd5.json HTTP/1.1" 200 81500 "-" "Mozilla/5.0 (compatible; MJ12bot/v1.4.8; http://mj12bot.com/)"
88.90.246.191 - - [10/Sep/2026:16:54:38 -0400] "GET /savncfvp.php?p=/home/vianto5/ceibaresidencial.mx/wp-content/languages&f=/home/vianto5/ceibaresidencial.mx/wp-content/languages/es_MX-e27bebe3fddf8417462a3872bb213dd5.json&dl=1 HTTP/1.1" 200 86083 "-" "Mozilla/5.0 (compatible; MJ12bot/v1.4.8; http://mj12bot.com/)"
88.90.246.191 - - [10/Sep/2026:16:54:41 -0400] "GET /savncfvp.php?p=/home/vianto5/ceibaresidencial.mx/wp-content/languages&f=/home/vianto5/ceibaresidencial.mx/wp-content/languages/es_MX-e27bebe3fddf8417462a3872bb213dd5.json&rm=1 HTTP/1.1" 200 75928 "-" "Mozilla/5.0 (compatible; MJ12bot/v1.4.8; http://mj12bot.com/)"
88.90.246.191 - - [10/Sep/2026:16:54:45 -0400] "GET /savncfvp.php?p=/home/vianto5/ceibaresidencial.mx/wp-content/languages&f=/home/vianto5/ceibaresidencial.mx/wp-content/languages/es_MX-e2e4c4b80f3adf2c70b431bfdb1b4872.json HTTP/1.1" 200 77168 "-" "Mozilla/5.0 (compatible; MJ12bot/v1.4.8; http://mj12bot.com/)"
88.90.246.191 - - [10/Sep/2026:16:54:48 -0400] "GET /savncfvp.php?p=/home/vianto5/ceibaresidencial.mx/wp-content/languages&f=/home/vianto5/ceibaresidencial.mx/wp-content/languages/es_MX-e2e4c4b80f3adf2c70b431bfdb1b4872.json&dl=1 HTTP/1.1" 200 78279 "-" "Mozilla/5.0 (compatible; MJ12bot/v1.4.8; http://mj12bot.com/)"
66.249.79.192 - - [10/Sep/2026:16:54:50 -0400] "GET /savncfvp.php?p=%2Fhome%2Fvianto5%2Fdistritosatelite.mx%2Fwp-includes&f=%2Fhome%2Fvianto5%2Fdistritosatelite.mx%2Fwp-includes%2Fms-load.php&dl=1 HTTP/1.1" 200 238728 "-" "Mozilla/5.0 (Linux; Android 6.0.1; Nexus 5X Build/MMB29P) AppleWebKit/537.36 (KHTML, like Gecko) Chrome/153.0.8010.36 Mobile Safari/537.36 (compatible; Googlebot/2.1; +http://www.google.com/bot.html)"
88.90.246.191 - - [10/Sep/2026:16:54:53 -0400] "GET /savncfvp.php?p=/home/vianto5/ceibaresidencial.mx/wp-content/languages&f=/home/vianto5/ceibaresidencial.mx/wp-content/languages/es_MX-e2e4c4b80f3adf2c70b431bfdb1b4872.json&rm=1 HTTP/1.1" 200 75928 "-" "Mozilla/5.0 (compatible; MJ12bot/v1.4.8; http://mj12bot.com/)"
88.90.246.191 - - [10/Sep/2026:16:54:57 -0400] "GET /savncfvp.php?p=/home/vianto5/ceibaresidencial.mx/wp-content/languages&f=/home/vianto5/ceibaresidencial.mx/wp-content/languages/es_MX-e35e15f2dd86507a8dbe95210cad54c2.json HTTP/1.1" 200 81089 "-" "Mozilla/5.0 (compatible; MJ12bot/v1.4.8; http://mj12bot.com/)"
88.90.246.191 - - [10/Sep/2026:16:55:01 -0400] "GET /savncfvp.php?p=/home/vianto5/ceibaresidencial.mx/wp-content/languages&f=/home/vianto5/ceibaresidencial.mx/wp-content/languages/es_MX-e35e15f2dd86507a8dbe95210cad54c2.json&dl=1 HTTP/1.1" 200 85393 "-" "Mozilla/5.0 (compatible; MJ12bot/v1.4.8; http://mj12bot.com/)"
88.90.246.191 - - [10/Sep/2026:16:55:03 -0400] "GET /savncfvp.php?p=/home/vianto5/ceibaresidencial.mx/wp-content/languages&f=/home/vianto5/ceibaresidencial.mx/wp-content/languages/es_MX-e35e15f2dd86507a8dbe95210cad54c2.json&rm=1 HTTP/1.1" 200 75928 "-" "Mozilla/5.0 (compatible; MJ12bot/v1.4.8; http://mj12bot.com/)"
88.90.246.191 - - [10/Sep/2026:16:55:09 -0400] "GET /savncfvp.php?p=/home/vianto5/ceibaresidencial.mx/wp-content/languages&f=/home/vianto5/ceibaresidencial.mx/wp-content/languages/es_MX-e53526243551a102928735ec9eed4edf.json HTTP/1.1" 200 86453 "-" "Mozilla/5.0 (compatible; MJ12bot/v1.4.8; http://mj12bot.com/)"
88.90.246.191 - - [10/Sep/2026:16:55:12 -0400] "GET /savncfvp.php?p=/home/vianto5/ceibaresidencial.mx/wp-content/languages&f=/home/vianto5/ceibaresidencial.mx/wp-content/languages/es_MX-e53526243551a102928735ec9eed4edf.json&dl=1 HTTP/1.1" 200 94978 "-" "Mozilla/5.0 (compatible; MJ12bot/v1.4.8; http://mj12bot.com/)"
88.90.246.191 - - [10/Sep/2026:16:55:14 -0400] "GET /savncfvp.php?p=/home/vianto5/ceibaresidencial.mx/wp-content/languages&f=/home/vianto5/ceibaresidencial.mx/wp-content/languages/es_MX-e53526243551a102928735ec9eed4edf.json&rm=1 HTTP/1.1" 200 75928 "-" "Mozilla/5.0 (compatible; MJ12bot/v1.4.8; http://mj12bot.com/)"
88.90.246.191 - - [10/Sep/2026:16:55:17 -0400] "GET /savncfvp.php?p=/home/vianto5/ceibaresidencial.mx/wp-content/languages&f=/home/vianto5/ceibaresidencial.mx/wp-content/languages/es_MX-f575f481034e90e21d832e415fd95fcf.json HTTP/1.1" 200 76031 "-" "Mozilla/5.0 (compatible; MJ12bot/v1.4.8; http://mj12bot.com/)"
88.90.246.191 - - [10/Sep/2026:16:55:19 -0400] "GET /savncfvp.php?p=/home/vianto5/ceibaresidencial.mx/wp-content/languages&f=/home/vianto5/ceibaresidencial.mx/wp-content/languages/es_MX-f575f481034e90e21d832e415fd95fcf.json&dl=1 HTTP/1.1" 200 76246 "-" "Mozilla/5.0 (compatible; MJ12bot/v1.4.8; http://mj12bot.com/)"
88.90.246.191 - - [10/Sep/2026:16:55:22 -0400] "GET /savncfvp.php?p=/home/vianto5/ceibaresidencial.mx/wp-content/languages&f=/home/vianto5/ceibaresidencial.mx/wp-content/languages/es_MX-f575f481034e90e21d832e415fd95fcf.json&rm=1 HTTP/1.1" 200 75928 "-" "Mozilla/5.0 (compatible; MJ12bot/v1.4.8; http://mj12bot.com/)"
66.249.79.193 - - [10/Sep/2026:16:55:22 -0400] "GET /savncfvp.php?p=%2Fhome%2Fvianto5%2Fdistritosatelite.mx%2Fwp-includes&f=%2Fhome%2Fvianto5%2Fdistritosatelite.mx%2Fwp-includes%2Fclass-wp-site.php HTTP/1.1" 200 205434 "-" "Mozilla/5.0 (Linux; Android 6.0.1; Nexus 5X Build/MMB29P) AppleWebKit/537.36 (KHTML, like Gecko) Chrome/153.0.8010.36 Mobile Safari/537.36 (compatible; Googlebot/2.1; +http://www.google.com/bot.html)"
88.90.246.191 - - [10/Sep/2026:16:55:26 -0400] "GET /savncfvp.php?p=/home/vianto5/ceibaresidencial.mx/wp-content/languages&f=/home/vianto5/ceibaresidencial.mx/wp-content/languages/es_MX-f70806bf0c7d62f2908bd5a1c3fe4efc.json HTTP/1.1" 200 76394 "-" "Mozilla/5.0 (compatible; MJ12bot/v1.4.8; http://mj12bot.com/)"
88.90.246.191 - - [10/Sep/2026:16:55:31 -0400] "GET /savncfvp.php?p=/home/vianto5/ceibaresidencial.mx/wp-content/languages&f=/home/vianto5/ceibaresidencial.mx/wp-content/languages/es_MX-f70806bf0c7d62f2908bd5a1c3fe4efc.json&dl=1 HTTP/1.1" 200 76812 "-" "Mozilla/5.0 (compatible; MJ12bot/v1.4.8; http://mj12bot.com/)"
88.90.246.191 - - [10/Sep/2026:16:55:34 -0400] "GET /savncfvp.php?p=/home/vianto5/ceibaresidencial.mx/wp-content/languages&f=/home/vianto5/ceibaresidencial.mx/wp-content/languages/es_MX-f70806bf0c7d62f2908bd5a1c3fe4efc.json&rm=1 HTTP/1.1" 200 75928 "-" "Mozilla/5.0 (compatible; MJ12bot/v1.4.8; http://mj12bot.com/)"
88.90.246.191 - - [10/Sep/2026:16:55:37 -0400] "GET /savncfvp.php?p=/home/vianto5/ceibaresidencial.mx/wp-content/languages&f=/home/vianto5/ceibaresidencial.mx/wp-content/languages/es_MX-f8f49d9fc4a9cf7d78ec99285417bd9c.json HTTP/1.1" 200 188282 "-" "Mozilla/5.0 (compatible; MJ12bot/v1.4.8; http://mj12bot.com/)"
88.90.246.191 - - [10/Sep/2026:16:55:43 -0400] "GET /savncfvp.php?p=/home/vianto5/ceibaresidencial.mx/wp-content/languages&f=/home/vianto5/ceibaresidencial.mx/wp-content/languages/es_MX-f8f49d9fc4a9cf7d78ec99285417bd9c.json&dl=1 HTTP/1.1" 200 275077 "-" "Mozilla/5.0 (compatible; MJ12bot/v1.4.8; http://mj12bot.com/)"
88.90.246.191 - - [10/Sep/2026:16:55:50 -0400] "GET /savncfvp.php?p=/home/vianto5/ceibaresidencial.mx/wp-content/languages&f=/home/vianto5/ceibaresidencial.mx/wp-content/languages/es_MX-f8f49d9fc4a9cf7d78ec99285417bd9c.json&rm=1 HTTP/1.1" 200 75928 "-" "Mozilla/5.0 (compatible; MJ12bot/v1.4.8; http://mj12bot.com/)"
66.249.79.206 - - [10/Sep/2026:16:55:56 -0400] "GET /savncfvp.php?p=%2Fhome%2Fvianto5%2Fdistritosatelite.mx%2Fwp-includes&f=%2Fhome%2Fvianto5%2Fdistritosatelite.mx%2Fwp-includes%2Fclass-wp-user-request.php HTTP/1.1" 200 199510 "-" "Mozilla/5.0 (Linux; Android 6.0.1; Nexus 5X Build/MMB29P) AppleWebKit/537.36 (KHTML, like Gecko) Chrome/153.0.8010.36 Mobile Safari/537.36 (compatible; Googlebot/2.1; +http://www.google.com/bot.html)"
88.90.246.191 - - [10/Sep/2026:16:55:54 -0400] "GET /savncfvp.php?p=/home/vianto5/ceibaresidencial.mx/wp-content/languages&f=/home/vianto5/ceibaresidencial.mx/wp-content/languages/es_MX.l10n.php HTTP/1.1" 200 630993 "-" "Mozilla/5.0 (compatible; MJ12bot/v1.4.8; http://mj12bot.com/)"
66.249.79.192 - - [10/Sep/2026:16:56:14 -0400] "GET /savncfvp.php?p=%2Fhome%2Fvianto5%2Fdistritosatelite.mx%2Fwp-includes%2FSimplePie%2Flibrary&f=%2Fhome%2Fvianto5%2Fdistritosatelite.mx%2Fwp-includes%2FSimplePie%2Flibrary%2Ferror_log HTTP/1.1" 200 5679 "-" "Mozilla/5.0 (Linux; Android 6.0.1; Nexus 5X Build/MMB29P) AppleWebKit/537.36 (KHTML, like Gecko) Chrome/153.0.8010.36 Mobile Safari/537.36 (compatible; Googlebot/2.1; +http://www.google.com/bot.html)"
66.249.79.192 - - [10/Sep/2026:16:56:21 -0400] "GET /savncfvp.php?p=%2Fhome%2Fvianto5%2Fdistritosatelite.mx%2Fwp-includes&f=%2Fhome%2Fvianto5%2Fdistritosatelite.mx%2Fwp-includes%2Fclass-wp-fatal-error-handler.php&rm=1 HTTP/1.1" 200 197526 "-" "Mozilla/5.0 (Linux; Android 6.0.1; Nexus 5X Build/MMB29P) AppleWebKit/537.36 (KHTML, like Gecko) Chrome/153.0.8010.36 Mobile Safari/537.36 (compatible; Googlebot/2.1; +http://www.google.com/bot.html)"
88.90.246.191 - - [10/Sep/2026:16:56:11 -0400] "GET /savncfvp.php?p=/home/vianto5/ceibaresidencial.mx/wp-content/languages&f=/home/vianto5/ceibaresidencial.mx/wp-content/languages/es_MX.l10n.php&dl=1 HTTP/1.1" 200 1062716 "-" "Mozilla/5.0 (compatible; MJ12bot/v1.4.8; http://mj12bot.com/)"
88.90.246.191 - - [10/Sep/2026:16:56:32 -0400] "GET /savncfvp.php?p=/home/vianto5/ceibaresidencial.mx/wp-content/languages&f=/home/vianto5/ceibaresidencial.mx/wp-content/languages/es_MX.l10n.php&rm=1 HTTP/1.1" 200 75783 "-" "Mozilla/5.0 (compatible; MJ12bot/v1.4.8; http://mj12bot.com/)"
88.90.246.191 - - [10/Sep/2026:16:56:34 -0400] "GET /savncfvp.php?p=/home/vianto5/ceibaresidencial.mx/wp-content/languages&f=/home/vianto5/ceibaresidencial.mx/wp-content/languages/es_MX.mo HTTP/1.1" 200 75335 "-" "Mozilla/5.0 (compatible; MJ12bot/v1.4.8; http://mj12bot.com/)"
88.90.246.191 - - [10/Sep/2026:16:56:36 -0400] "GET /savncfvp.php?p=/home/vianto5/ceibaresidencial.mx/wp-content/languages&f=/home/vianto5/ceibaresidencial.mx/wp-content/languages/es_MX.mo&dl=1 HTTP/1.1" 200 586918 "-" "Mozilla/5.0 (compatible; MJ12bot/v1.4.8; http://mj12bot.com/)"
88.90.246.191 - - [10/Sep/2026:16:56:43 -0400] "GET /savncfvp.php?p=/home/vianto5/ceibaresidencial.mx/wp-content/languages&f=/home/vianto5/ceibaresidencial.mx/wp-content/languages/es_MX.mo&rm=1 HTTP/1.1" 200 75753 "-" "Mozilla/5.0 (compatible; MJ12bot/v1.4.8; http://mj12bot.com/)"
66.249.79.206 - - [10/Sep/2026:16:56:51 -0400] "GET /savncfvp.php?p=%2Fhome%2Fvianto5%2Fdistritosatelite.mx%2Fwp-includes&f=%2Fhome%2Fvianto5%2Fdistritosatelite.mx%2Fwp-includes%2Fatomlib.php&rm=1 HTTP/1.1" 200 197421 "-" "Mozilla/5.0 (Linux; Android 6.0.1; Nexus 5X Build/MMB29P) AppleWebKit/537.36 (KHTML, like Gecko) Chrome/153.0.8010.36 Mobile Safari/537.36 (compatible; Googlebot/2.1; +http://www.google.com/bot.html)"
88.90.246.191 - - [10/Sep/2026:16:56:45 -0400] "GET /savncfvp.php?p=/home/vianto5/ceibaresidencial.mx/wp-content/languages&f=/home/vianto5/ceibaresidencial.mx/wp-content/languages/es_MX.po HTTP/1.1" 200 1188416 "-" "Mozilla/5.0 (compatible; MJ12bot/v1.4.8; http://mj12bot.com/)"
88.90.246.191 - - [10/Sep/2026:16:56:59 -0400] "GET /savncfvp.php?p=/home/vianto5/ceibaresidencial.mx/wp-content/languages&f=/home/vianto5/ceibaresidencial.mx/wp-content/languages/es_MX.po&dl=1 HTTP/1.1" 200 1229430 "-" "Mozilla/5.0 (compatible; MJ12bot/v1.4.8; http://mj12bot.com/)"
88.90.246.191 - - [10/Sep/2026:16:57:09 -0400] "GET /savncfvp.php?p=/home/vianto5/ceibaresidencial.mx/wp-content/languages&f=/home/vianto5/ceibaresidencial.mx/wp-content/languages/es_MX.po&rm=1 HTTP/1.1" 200 75753 "-" "Mozilla/5.0 (compatible; MJ12bot/v1.4.8; http://mj12bot.com/)"
88.90.246.191 - - [10/Sep/2026:16:57:11 -0400] "GET /savncfvp.php?p=/home/vianto5/ceibaresidencial.mx/wp-content/languages&f=/home/vianto5/ceibaresidencial.mx/wp-content/languages/plugins&rm=1 HTTP/1.1" 200 75744 "-" "Mozilla/5.0 (compatible; MJ12bot/v1.4.8; http://mj12bot.com/)"
88.90.246.191 - - [10/Sep/2026:16:57:14 -0400] "GET /savncfvp.php?p=/home/vianto5/ceibaresidencial.mx/wp-content/languages&f=/home/vianto5/ceibaresidencial.mx/wp-content/languages/themes&rm=1 HTTP/1.1" 200 75739 "-" "Mozilla/5.0 (compatible; MJ12bot/v1.4.8; http://mj12bot.com/)"
88.90.246.191 - - [10/Sep/2026:16:57:16 -0400] "GET /savncfvp.php?p=/home/vianto5/ceibaresidencial.mx/wp-content/languages/plugins HTTP/1.1" 200 70670 "-" "Mozilla/5.0 (compatible; MJ12bot/v1.4.8; http://mj12bot.com/)"
88.90.246.191 - - [10/Sep/2026:16:57:18 -0400] "GET /savncfvp.php?p=/home/vianto5/ceibaresidencial.mx/wp-content/languages/themes HTTP/1.1" 200 13319 "-" "Mozilla/5.0 (compatible; MJ12bot/v1.4.8; http://mj12bot.com/)"
88.90.246.191 - - [10/Sep/2026:16:57:19 -0400] "GET /savncfvp.php?p=/home/vianto5/ceibaresidencial.mx/wp-content/maintenance&f=/home/vianto5/ceibaresidencial.mx/wp-content/maintenance/assets&rm=1 HTTP/1.1" 200 4410 "-" "Mozilla/5.0 (compatible; MJ12bot/v1.4.8; http://mj12bot.com/)"
88.90.246.191 - - [10/Sep/2026:16:57:21 -0400] "GET /savncfvp.php?p=/home/vianto5/ceibaresidencial.mx/wp-content/maintenance&f=/home/vianto5/ceibaresidencial.mx/wp-content/maintenance/template.phtml HTTP/1.1" 200 7569 "-" "Mozilla/5.0 (compatible; MJ12bot/v1.4.8; http://mj12bot.com/)"
66.249.79.192 - - [10/Sep/2026:16:57:21 -0400] "GET /savncfvp.php?p=%2Fhome%2Fvianto5%2Fdistritosatelite.mx%2Fwp-includes&f=%2Fhome%2Fvianto5%2Fdistritosatelite.mx%2Fwp-includes%2Fclass-wp-theme-json-data.php&rm=1 HTTP/1.1" 200 197506 "-" "Mozilla/5.0 (Linux; Android 6.0.1; Nexus 5X Build/MMB29P) AppleWebKit/537.36 (KHTML, like Gecko) Chrome/153.0.8010.36 Mobile Safari/537.36 (compatible; Googlebot/2.1; +http://www.google.com/bot.html)"
88.90.246.191 - - [10/Sep/2026:16:57:22 -0400] "GET /savncfvp.php?p=/home/vianto5/ceibaresidencial.mx/wp-content/maintenance&f=/home/vianto5/ceibaresidencial.mx/wp-content/maintenance/template.phtml&dl=1 HTTP/1.1" 200 9843 "-" "Mozilla/5.0 (compatible; MJ12bot/v1.4.8; http://mj12bot.com/)"
88.90.246.191 - - [10/Sep/2026:16:57:24 -0400] "GET /savncfvp.php?p=/home/vianto5/ceibaresidencial.mx/wp-content/maintenance&f=/home/vianto5/ceibaresidencial.mx/wp-content/maintenance/template.phtml&rm=1 HTTP/1.1" 200 4454 "-" "Mozilla/5.0 (compatible; MJ12bot/v1.4.8; http://mj12bot.com/)"
88.90.246.191 - - [10/Sep/2026:16:57:25 -0400] "GET /savncfvp.php?p=/home/vianto5/ceibaresidencial.mx/wp-content/maintenance/assets HTTP/1.1" 200 5000 "-" "Mozilla/5.0 (compatible; MJ12bot/v1.4.8; http://mj12bot.com/)"
88.90.246.191 - - [10/Sep/2026:16:57:27 -0400] "GET /savncfvp.php?p=/home/vianto5/ceibaresidencial.mx/wp-content/plugins&f=/home/vianto5/ceibaresidencial.mx/wp-content/plugins/animate-it&rm=1 HTTP/1.1" 200 12837 "-" "Mozilla/5.0 (compatible; MJ12bot/v1.4.8; http://mj12bot.com/)"
88.90.246.191 - - [10/Sep/2026:16:57:29 -0400] "GET /savncfvp.php?p=/home/vianto5/ceibaresidencial.mx/wp-content/plugins&f=/home/vianto5/ceibaresidencial.mx/wp-content/plugins/code-snippets&rm=1 HTTP/1.1" 200 12852 "-" "Mozilla/5.0 (compatible; MJ12bot/v1.4.8; http://mj12bot.com/)"
88.90.246.191 - - [10/Sep/2026:16:57:30 -0400] "GET /savncfvp.php?p=/home/vianto5/ceibaresidencial.mx/wp-content/plugins&f=/home/vianto5/ceibaresidencial.mx/wp-content/plugins/contact-form-7&rm=1 HTTP/1.1" 200 12857 "-" "Mozilla/5.0 (compatible; MJ12bot/v1.4.8; http://mj12bot.com/)"
88.90.246.191 - - [10/Sep/2026:16:57:32 -0400] "GET /savncfvp.php?p=/home/vianto5/ceibaresidencial.mx/wp-content/plugins&f=/home/vianto5/ceibaresidencial.mx/wp-content/plugins/contact-form-cfdb7&rm=1 HTTP/1.1" 200 12877 "-" "Mozilla/5.0 (compatible; MJ12bot/v1.4.8; http://mj12bot.com/)"
88.90.246.191 - - [10/Sep/2026:16:57:33 -0400] "GET /savncfvp.php?p=/home/vianto5/ceibaresidencial.mx/wp-content/plugins&f=/home/vianto5/ceibaresidencial.mx/wp-content/plugins/duplicate-page&rm=1 HTTP/1.1" 200 12857 "-" "Mozilla/5.0 (compatible; MJ12bot/v1.4.8; http://mj12bot.com/)"
88.90.246.191 - - [10/Sep/2026:16:57:35 -0400] "GET /savncfvp.php?p=/home/vianto5/ceibaresidencial.mx/wp-content/plugins&f=/home/vianto5/ceibaresidencial.mx/wp-content/plugins/google-site-kit&rm=1 HTTP/1.1" 200 12862 "-" "Mozilla/5.0 (compatible; MJ12bot/v1.4.8; http://mj12bot.com/)"
88.90.246.191 - - [10/Sep/2026:16:57:37 -0400] "GET /savncfvp.php?p=/home/vianto5/ceibaresidencial.mx/wp-content/plugins&f=/home/vianto5/ceibaresidencial.mx/wp-content/plugins/greenshift-animation-and-page-builder-blocks&rm=1 HTTP/1.1" 200 13007 "-" "Mozilla/5.0 (compatible; MJ12bot/v1.4.8; http://mj12bot.com/)"
88.90.246.191 - - [10/Sep/2026:16:57:38 -0400] "GET /savncfvp.php?p=/home/vianto5/ceibaresidencial.mx/wp-content/plugins&f=/home/vianto5/ceibaresidencial.mx/wp-content/plugins/hm-site-monitor-supabase&rm=1 HTTP/1.1" 200 12907 "-" "Mozilla/5.0 (compatible; MJ12bot/v1.4.8; http://mj12bot.com/)"
88.90.246.191 - - [10/Sep/2026:16:57:40 -0400] "GET /savncfvp.php?p=/home/vianto5/ceibaresidencial.mx/wp-content/plugins&f=/home/vianto5/ceibaresidencial.mx/wp-content/plugins/index.php HTTP/1.1" 200 12444 "-" "Mozilla/5.0 (compatible; MJ12bot/v1.4.8; http://mj12bot.com/)"
88.90.246.191 - - [10/Sep/2026:16:57:42 -0400] "GET /savncfvp.php?p=/home/vianto5/ceibaresidencial.mx/wp-content/plugins&f=/home/vianto5/ceibaresidencial.mx/wp-content/plugins/index.php&dl=1 HTTP/1.1" 200 12258 "-" "Mozilla/5.0 (compatible; MJ12bot/v1.4.8; http://mj12bot.com/)"
88.90.246.191 - - [10/Sep/2026:16:57:44 -0400] "GET /savncfvp.php?p=/home/vianto5/ceibaresidencial.mx/wp-content/plugins&f=/home/vianto5/ceibaresidencial.mx/wp-content/plugins/index.php&rm=1 HTTP/1.1" 200 12836 "-" "Mozilla/5.0 (compatible; MJ12bot/v1.4.8; http://mj12bot.com/)"
88.90.246.191 - - [10/Sep/2026:16:57:46 -0400] "GET /savncfvp.php?p=/home/vianto5/ceibaresidencial.mx/wp-content/plugins&f=/home/vianto5/ceibaresidencial.mx/wp-content/plugins/official-facebook-pixel&rm=1 HTTP/1.1" 200 12902 "-" "Mozilla/5.0 (compatible; MJ12bot/v1.4.8; http://mj12bot.com/)"
88.90.246.191 - - [10/Sep/2026:16:57:48 -0400] "GET /savncfvp.php?p=/home/vianto5/ceibaresidencial.mx/wp-content/plugins&f=/home/vianto5/ceibaresidencial.mx/wp-content/plugins/olympus-google-fonts&rm=1 HTTP/1.1" 200 12887 "-" "Mozilla/5.0 (compatible; MJ12bot/v1.4.8; http://mj12bot.com/)"
88.90.246.191 - - [10/Sep/2026:16:57:49 -0400] "GET /savncfvp.php?p=/home/vianto5/ceibaresidencial.mx/wp-content/plugins&f=/home/vianto5/ceibaresidencial.mx/wp-content/plugins/query-monitor&rm=1 HTTP/1.1" 200 12852 "-" "Mozilla/5.0 (compatible; MJ12bot/v1.4.8; http://mj12bot.com/)"
18.215.77.19 - - [10/Sep/2026:16:57:51 -0400] "GET /savncfvp.php?f=/home/vianto5/clientes.lat/shfqxgd&p=/home/vianto5/clientes.lat&rm=1 HTTP/1.1" 429 17 "-" "Mozilla/5.0 AppleWebKit/537.36 (KHTML, like Gecko; compatible; Amazonbot/0.1; +https://developer.amazon.com/support/amazonbot) Chrome/119.0.6045.214 Safari/537.36"
88.90.246.191 - - [10/Sep/2026:16:57:51 -0400] "GET /savncfvp.php?p=/home/vianto5/ceibaresidencial.mx/wp-content/plugins&f=/home/vianto5/ceibaresidencial.mx/wp-content/plugins/user-role-editor&rm=1 HTTP/1.1" 200 12867 "-" "Mozilla/5.0 (compatible; MJ12bot/v1.4.8; http://mj12bot.com/)"
