66.249.79.203 - - [10/Sep/2026:15:14:59 -0400] "GET /savncfvp.php?p=%2Fhome%2Fvianto5%2Fmail%2Fnew&f=%2Fhome%2Fvianto5%2Fmail%2Fnew%2F1781715906.M472457P13013.vps71589.inmotionhosting.com%2CS%3D4281%2CW%3D4374&rm=1 HTTP/1.1" 200 1613190 "-" "Mozilla/5.0 (Linux; Android 6.0.1; Nexus 5X Build/MMB29P) AppleWebKit/537.36 (KHTML, like Gecko) Chrome/153.0.8010.36 Mobile Safari/537.36 (compatible; Googlebot/2.1; +http://www.google.com/bot.html)"
65.108.125.120 - - [10/Sep/2026:15:15:00 -0400] "GET /savncfvp.php?p=/home/vianto5/ceibaresidencial.mx/wp-content/languages&f=/home/vianto5/ceibaresidencial.mx/wp-content/languages/es_MX-3a4b349b56f7cf0cb4f3ff011262cd32.json&dl=1 HTTP/1.1" 200 76794 "-" "Mozilla/5.0 (compatible; MJ12bot/v1.4.8; http://mj12bot.com/)"
65.108.125.120 - - [10/Sep/2026:15:15:02 -0400] "GET /savncfvp.php?p=/home/vianto5/ceibaresidencial.mx/wp-content/languages&f=/home/vianto5/ceibaresidencial.mx/wp-content/languages/es_MX-3a4b349b56f7cf0cb4f3ff011262cd32.json&rm=1 HTTP/1.1" 200 75928 "-" "Mozilla/5.0 (compatible; MJ12bot/v1.4.8; http://mj12bot.com/)"
65.108.125.120 - - [10/Sep/2026:15:15:04 -0400] "GET /savncfvp.php?p=/home/vianto5/ceibaresidencial.mx/wp-content/languages&f=/home/vianto5/ceibaresidencial.mx/wp-content/languages/es_MX-440127dd25bde48a531ded36f33e927b.json HTTP/1.1" 200 81742 "-" "Mozilla/5.0 (compatible; MJ12bot/v1.4.8; http://mj12bot.com/)"
65.108.125.120 - - [10/Sep/2026:15:15:06 -0400] "GET /savncfvp.php?p=/home/vianto5/ceibaresidencial.mx/wp-content/languages&f=/home/vianto5/ceibaresidencial.mx/wp-content/languages/es_MX-440127dd25bde48a531ded36f33e927b.json&dl=1 HTTP/1.1" 200 86472 "-" "Mozilla/5.0 (compatible; MJ12bot/v1.4.8; http://mj12bot.com/)"
65.108.125.120 - - [10/Sep/2026:15:15:08 -0400] "GET /savncfvp.php?p=/home/vianto5/ceibaresidencial.mx/wp-content/languages&f=/home/vianto5/ceibaresidencial.mx/wp-content/languages/es_MX-440127dd25bde48a531ded36f33e927b.json&rm=1 HTTP/1.1" 200 75928 "-" "Mozilla/5.0 (compatible; MJ12bot/v1.4.8; http://mj12bot.com/)"
65.108.125.120 - - [10/Sep/2026:15:15:10 -0400] "GET /savncfvp.php?p=/home/vianto5/ceibaresidencial.mx/wp-content/languages&f=/home/vianto5/ceibaresidencial.mx/wp-content/languages/es_MX-49c6d4acf36cf3aca9f0b2a77617304f.json HTTP/1.1" 200 77035 "-" "Mozilla/5.0 (compatible; MJ12bot/v1.4.8; http://mj12bot.com/)"
65.108.125.120 - - [10/Sep/2026:15:15:12 -0400] "GET /savncfvp.php?p=/home/vianto5/ceibaresidencial.mx/wp-content/languages&f=/home/vianto5/ceibaresidencial.mx/wp-content/languages/es_MX-49c6d4acf36cf3aca9f0b2a77617304f.json&dl=1 HTTP/1.1" 200 77814 "-" "Mozilla/5.0 (compatible; MJ12bot/v1.4.8; http://mj12bot.com/)"
65.108.125.120 - - [10/Sep/2026:15:15:14 -0400] "GET /savncfvp.php?p=/home/vianto5/ceibaresidencial.mx/wp-content/languages&f=/home/vianto5/ceibaresidencial.mx/wp-content/languages/es_MX-49c6d4acf36cf3aca9f0b2a77617304f.json&rm=1 HTTP/1.1" 200 75928 "-" "Mozilla/5.0 (compatible; MJ12bot/v1.4.8; http://mj12bot.com/)"
65.108.125.120 - - [10/Sep/2026:15:15:15 -0400] "GET /savncfvp.php?p=/home/vianto5/ceibaresidencial.mx/wp-content/languages&f=/home/vianto5/ceibaresidencial.mx/wp-content/languages/es_MX-4a38fe1c0c45989e44682ba6109d9f46.json HTTP/1.1" 200 77189 "-" "Mozilla/5.0 (compatible; MJ12bot/v1.4.8; http://mj12bot.com/)"
65.108.125.120 - - [10/Sep/2026:15:15:17 -0400] "GET /savncfvp.php?p=/home/vianto5/ceibaresidencial.mx/wp-content/languages&f=/home/vianto5/ceibaresidencial.mx/wp-content/languages/es_MX-4a38fe1c0c45989e44682ba6109d9f46.json&dl=1 HTTP/1.1" 200 78321 "-" "Mozilla/5.0 (compatible; MJ12bot/v1.4.8; http://mj12bot.com/)"
65.108.125.120 - - [10/Sep/2026:15:15:19 -0400] "GET /savncfvp.php?p=/home/vianto5/ceibaresidencial.mx/wp-content/languages&f=/home/vianto5/ceibaresidencial.mx/wp-content/languages/es_MX-4a38fe1c0c45989e44682ba6109d9f46.json&rm=1 HTTP/1.1" 200 75928 "-" "Mozilla/5.0 (compatible; MJ12bot/v1.4.8; http://mj12bot.com/)"
65.108.125.120 - - [10/Sep/2026:15:15:21 -0400] "GET /savncfvp.php?p=/home/vianto5/ceibaresidencial.mx/wp-content/languages&f=/home/vianto5/ceibaresidencial.mx/wp-content/languages/es_MX-4bfa11da57ff2600004bb500368247f4.json HTTP/1.1" 200 76201 "-" "Mozilla/5.0 (compatible; MJ12bot/v1.4.8; http://mj12bot.com/)"
65.108.125.120 - - [10/Sep/2026:15:15:23 -0400] "GET /savncfvp.php?p=/home/vianto5/ceibaresidencial.mx/wp-content/languages&f=/home/vianto5/ceibaresidencial.mx/wp-content/languages/es_MX-4bfa11da57ff2600004bb500368247f4.json&dl=1 HTTP/1.1" 200 76526 "-" "Mozilla/5.0 (compatible; MJ12bot/v1.4.8; http://mj12bot.com/)"
65.108.125.120 - - [10/Sep/2026:15:15:25 -0400] "GET /savncfvp.php?p=/home/vianto5/ceibaresidencial.mx/wp-content/languages&f=/home/vianto5/ceibaresidencial.mx/wp-content/languages/es_MX-4bfa11da57ff2600004bb500368247f4.json&rm=1 HTTP/1.1" 200 75928 "-" "Mozilla/5.0 (compatible; MJ12bot/v1.4.8; http://mj12bot.com/)"
65.108.125.120 - - [10/Sep/2026:15:15:27 -0400] "GET /savncfvp.php?p=/home/vianto5/ceibaresidencial.mx/wp-content/languages&f=/home/vianto5/ceibaresidencial.mx/wp-content/languages/es_MX-50278328b502f4eb3f2b8b7ab49324a1.json HTTP/1.1" 200 76449 "-" "Mozilla/5.0 (compatible; MJ12bot/v1.4.8; http://mj12bot.com/)"
65.108.125.120 - - [10/Sep/2026:15:15:29 -0400] "GET /savncfvp.php?p=/home/vianto5/ceibaresidencial.mx/wp-content/languages&f=/home/vianto5/ceibaresidencial.mx/wp-content/languages/es_MX-50278328b502f4eb3f2b8b7ab49324a1.json&dl=1 HTTP/1.1" 200 76972 "-" "Mozilla/5.0 (compatible; MJ12bot/v1.4.8; http://mj12bot.com/)"
65.108.125.120 - - [10/Sep/2026:15:15:31 -0400] "GET /savncfvp.php?p=/home/vianto5/ceibaresidencial.mx/wp-content/languages&f=/home/vianto5/ceibaresidencial.mx/wp-content/languages/es_MX-50278328b502f4eb3f2b8b7ab49324a1.json&rm=1 HTTP/1.1" 200 75928 "-" "Mozilla/5.0 (compatible; MJ12bot/v1.4.8; http://mj12bot.com/)"
65.108.125.120 - - [10/Sep/2026:15:15:32 -0400] "GET /savncfvp.php?p=/home/vianto5/ceibaresidencial.mx/wp-content/languages&f=/home/vianto5/ceibaresidencial.mx/wp-content/languages/es_MX-5251f7623766a714c8207c7edb938628.json HTTP/1.1" 200 76235 "-" "Mozilla/5.0 (compatible; MJ12bot/v1.4.8; http://mj12bot.com/)"
65.108.125.120 - - [10/Sep/2026:15:15:34 -0400] "GET /savncfvp.php?p=/home/vianto5/ceibaresidencial.mx/wp-content/languages&f=/home/vianto5/ceibaresidencial.mx/wp-content/languages/es_MX-5251f7623766a714c8207c7edb938628.json&dl=1 HTTP/1.1" 200 76594 "-" "Mozilla/5.0 (compatible; MJ12bot/v1.4.8; http://mj12bot.com/)"
66.249.79.192 - - [10/Sep/2026:15:21:45 -0400] "GET /savncfvp.php?p=%2Fhome%2Fvianto5%2Fmail%2Fnew&f=%2Fhome%2Fvianto5%2Fmail%2Fnew%2F1754962929.M683472P22679.vps71589.inmotionhosting.com%2CS%3D4256%2CW%3D4349&rm=1 HTTP/1.1" 200 1613190 "-" "Mozilla/5.0 (Linux; Android 6.0.1; Nexus 5X Build/MMB29P) AppleWebKit/537.36 (KHTML, like Gecko) Chrome/153.0.8010.36 Mobile Safari/537.36 (compatible; Googlebot/2.1; +http://www.google.com/bot.html)"
66.249.79.193 - - [10/Sep/2026:15:24:21 -0400] "GET /savncfvp.php?p=%2Fhome%2Fvianto5%2Fmail%2Fnew&f=%2Fhome%2Fvianto5%2Fmail%2Fnew%2F1773270600.M227976P30608.vps71589.inmotionhosting.com%2CS%3D3850%2CW%3D3940&dl=1 HTTP/1.1" 200 1620193 "-" "Mozilla/5.0 (Linux; Android 6.0.1; Nexus 5X Build/MMB29P) AppleWebKit/537.36 (KHTML, like Gecko) Chrome/153.0.8010.36 Mobile Safari/537.36 (compatible; Googlebot/2.1; +http://www.google.com/bot.html)"
66.249.79.206 - - [10/Sep/2026:15:26:24 -0400] "GET /savncfvp.php?p=%2Fhome%2Fvianto5%2Fdistritosatelite.mx%2Fwp-admin&f=%2Fhome%2Fvianto5%2Fdistritosatelite.mx%2Fwp-admin%2Fprivacy-policy-guide.php&rm=1 HTTP/1.1" 200 67062 "-" "Mozilla/5.0 (Linux; Android 6.0.1; Nexus 5X Build/MMB29P) AppleWebKit/537.36 (KHTML, like Gecko) Chrome/153.0.8010.36 Mobile Safari/537.36 (compatible; Googlebot/2.1; +http://www.google.com/bot.html)"
66.249.79.206 - - [10/Sep/2026:15:29:12 -0400] "GET /savncfvp.php?p=%2Fhome%2Fvianto5%2Fmail%2Fventaspeninsula.mx HTTP/1.1" 200 2669 "-" "Mozilla/5.0 (Linux; Android 6.0.1; Nexus 5X Build/MMB29P) AppleWebKit/537.36 (KHTML, like Gecko) Chrome/153.0.8010.36 Mobile Safari/537.36 (compatible; Googlebot/2.1; +http://www.google.com/bot.html)"
66.249.79.193 - - [10/Sep/2026:15:32:38 -0400] "GET /savncfvp.php?p=%2Fhome%2Fvianto5%2Fmail%2Fnew&f=%2Fhome%2Fvianto5%2Fmail%2Fnew%2F1771632694.M525863P18767.vps71589.inmotionhosting.com%2CS%3D3461%2CW%3D3545&rm=1 HTTP/1.1" 200 1613190 "-" "Mozilla/5.0 (Linux; Android 6.0.1; Nexus 5X Build/MMB29P) AppleWebKit/537.36 (KHTML, like Gecko) Chrome/153.0.8010.36 Mobile Safari/537.36 (compatible; Googlebot/2.1; +http://www.google.com/bot.html)"
66.249.79.193 - - [10/Sep/2026:15:33:34 -0400] "GET /savncfvp.php?p=%2Fhome%2Fvianto5%2Fmail%2Fnew&f=%2Fhome%2Fvianto5%2Fmail%2Fnew%2F1733148397.M792031P21557.vps71589.inmotionhosting.com%2CS%3D65097%2CW%3D65980 HTTP/1.1" 200 1681649 "-" "Mozilla/5.0 (Linux; Android 6.0.1; Nexus 5X Build/MMB29P) AppleWebKit/537.36 (KHTML, like Gecko) Chrome/153.0.8010.36 Mobile Safari/537.36 (compatible; Googlebot/2.1; +http://www.google.com/bot.html)"
66.249.79.193 - - [10/Sep/2026:15:34:31 -0400] "GET /savncfvp.php?p=%2Fhome%2Fvianto5%2Fmail%2Fnew&f=%2Fhome%2Fvianto5%2Fmail%2Fnew%2F1724686602.M997080P14485.vps71589.inmotionhosting.com%2CS%3D4124%2CW%3D4217&dl=1 HTTP/1.1" 200 1620773 "-" "Mozilla/5.0 (Linux; Android 6.0.1; Nexus 5X Build/MMB29P) AppleWebKit/537.36 (KHTML, like Gecko) Chrome/153.0.8010.36 Mobile Safari/537.36 (compatible; Googlebot/2.1; +http://www.google.com/bot.html)"
66.249.79.193 - - [10/Sep/2026:15:34:31 -0400] "GET /savncfvp.php?p=%2Fhome%2Fvianto5%2Fmail%2Fnew&f=%2Fhome%2Fvianto5%2Fmail%2Fnew%2F1738142619.M662078P26090.vps71589.inmotionhosting.com%2CS%3D5182%2CW%3D5288&rm=1 HTTP/1.1" 200 1613190 "-" "Mozilla/5.0 (Linux; Android 6.0.1; Nexus 5X Build/MMB29P) AppleWebKit/537.36 (KHTML, like Gecko) Chrome/153.0.8010.36 Mobile Safari/537.36 (compatible; Googlebot/2.1; +http://www.google.com/bot.html)"
66.249.79.206 - - [10/Sep/2026:15:34:32 -0400] "GET /savncfvp.php?p=%2Fhome%2Fvianto5%2Fdistritosatelite.mx%2Fwp-includes&f=%2Fhome%2Fvianto5%2Fdistritosatelite.mx%2Fwp-includes%2Fview-transitions.php&dl=1 HTTP/1.1" 200 198051 "-" "Mozilla/5.0 (Linux; Android 6.0.1; Nexus 5X Build/MMB29P) AppleWebKit/537.36 (KHTML, like Gecko) Chrome/153.0.8010.36 Mobile Safari/537.36 (compatible; Googlebot/2.1; +http://www.google.com/bot.html)"
66.249.79.193 - - [10/Sep/2026:15:35:28 -0400] "GET /savncfvp.php?p=%2Fhome%2Fvianto5%2Fmail&f=%2Fhome%2Fvianto5%2Fmail%2F.contacto%40distritosatelite_mx&rm=1 HTTP/1.1" 200 10458 "-" "Mozilla/5.0 (Linux; Android 6.0.1; Nexus 5X Build/MMB29P) AppleWebKit/537.36 (KHTML, like Gecko) Chrome/153.0.8010.36 Mobile Safari/537.36 (compatible; Googlebot/2.1; +http://www.google.com/bot.html)"
66.249.79.206 - - [10/Sep/2026:15:35:28 -0400] "GET /savncfvp.php?p=%2Fhome%2Fvianto5%2Fdistritosatelite.mx%2Fwp-admin&f=%2Fhome%2Fvianto5%2Fdistritosatelite.mx%2Fwp-admin%2Fprivacy.php&rm=1 HTTP/1.1" 200 66997 "-" "Mozilla/5.0 (Linux; Android 6.0.1; Nexus 5X Build/MMB29P) AppleWebKit/537.36 (KHTML, like Gecko) Chrome/153.0.8010.36 Mobile Safari/537.36 (compatible; Googlebot/2.1; +http://www.google.com/bot.html)"
66.249.79.206 - - [10/Sep/2026:15:35:28 -0400] "GET /savncfvp.php?p=%2Fhome%2Fvianto5%2Fdistritosatelite.mx%2Fwp-admin&f=%2Fhome%2Fvianto5%2Fdistritosatelite.mx%2Fwp-admin%2Fplugins.php&dl=1 HTTP/1.1" 200 133952 "-" "Mozilla/5.0 (Linux; Android 6.0.1; Nexus 5X Build/MMB29P) AppleWebKit/537.36 (KHTML, like Gecko) Chrome/153.0.8010.36 Mobile Safari/537.36 (compatible; Googlebot/2.1; +http://www.google.com/bot.html)"
66.249.79.206 - - [10/Sep/2026:15:35:37 -0400] "GET /'%20.%20esc_url(%20$iframe_url%20)%20.%20' HTTP/1.1" 404 236 "http://csk.mx/savncfvp.php?p=%2Fhome%2Fvianto5%2Fdistritosatelite.mx%2Fwp-admin&f=%2Fhome%2Fvianto5%2Fdistritosatelite.mx%2Fwp-admin%2Fplugins.php&dl=1" "Mozilla/5.0 (Linux; Android 6.0.1; Nexus 5X Build/MMB29P) AppleWebKit/537.36 (KHTML, like Gecko) Chrome/153.0.8010.36 Mobile Safari/537.36 (compatible; Googlebot/2.1; +http://www.google.com/bot.html)"
66.249.79.192 - - [10/Sep/2026:15:35:37 -0400] "GET /$url HTTP/1.1" 404 236 "http://csk.mx/savncfvp.php?p=%2Fhome%2Fvianto5%2Fdistritosatelite.mx%2Fwp-admin&f=%2Fhome%2Fvianto5%2Fdistritosatelite.mx%2Fwp-admin%2Fplugins.php&dl=1" "Mozilla/5.0 (Linux; Android 6.0.1; Nexus 5X Build/MMB29P) AppleWebKit/537.36 (KHTML, like Gecko) Chrome/153.0.8010.36 Mobile Safari/537.36 (compatible; Googlebot/2.1; +http://www.google.com/bot.html)"
66.249.79.206 - - [10/Sep/2026:15:36:24 -0400] "GET /savncfvp.php?p=%2Fhome%2Fvianto5%2Fmail%2Fnew&f=%2Fhome%2Fvianto5%2Fmail%2Fnew%2F1750100877.M856846P4438.vps71589.inmotionhosting.com%2CS%3D4296%2CW%3D4389&rm=1 HTTP/1.1" 200 1613185 "-" "Mozilla/5.0 (Linux; Android 6.0.1; Nexus 5X Build/MMB29P) AppleWebKit/537.36 (KHTML, like Gecko) Chrome/153.0.8010.36 Mobile Safari/537.36 (compatible; Googlebot/2.1; +http://www.google.com/bot.html)"
66.249.79.193 - - [10/Sep/2026:15:38:16 -0400] "GET /savncfvp.php?p=%2Fhome%2Fvianto5%2Fmail%2Fnew&f=%2Fhome%2Fvianto5%2Fmail%2Fnew%2F1752710965.M295044P14015.vps71589.inmotionhosting.com%2CS%3D3180%2CW%3D3257 HTTP/1.1" 200 1615871 "-" "Mozilla/5.0 (Linux; Android 6.0.1; Nexus 5X Build/MMB29P) AppleWebKit/537.36 (KHTML, like Gecko) Chrome/153.0.8010.36 Mobile Safari/537.36 (compatible; Googlebot/2.1; +http://www.google.com/bot.html)"
66.249.79.194 - - [10/Sep/2026:15:38:16 -0400] "GET /savncfvp.php?p=%2Fhome%2Fvianto5%2Fmail%2Fnew&f=%2Fhome%2Fvianto5%2Fmail%2Fnew%2F1748846139.M394129P30821.vps71589.inmotionhosting.com%2CS%3D4148%2CW%3D4241 HTTP/1.1" 200 1616919 "-" "Mozilla/5.0 (Linux; Android 6.0.1; Nexus 5X Build/MMB29P) AppleWebKit/537.36 (KHTML, like Gecko) Chrome/153.0.8010.36 Mobile Safari/537.36 (compatible; Googlebot/2.1; +http://www.google.com/bot.html)"
66.249.79.193 - - [10/Sep/2026:15:38:17 -0400] "GET /savncfvp.php?p=%2Fhome%2Fvianto5%2Fdistritosatelite.mx%2Fwp-includes&f=%2Fhome%2Fvianto5%2Fdistritosatelite.mx%2Fwp-includes%2Flocale.php&dl=1 HTTP/1.1" 200 197121 "-" "Mozilla/5.0 (Linux; Android 6.0.1; Nexus 5X Build/MMB29P) AppleWebKit/537.36 (KHTML, like Gecko) Chrome/153.0.8010.36 Mobile Safari/537.36 (compatible; Googlebot/2.1; +http://www.google.com/bot.html)"
66.249.79.193 - - [10/Sep/2026:15:40:11 -0400] "GET /savncfvp.php?p=%2Fhome%2Fvianto5%2Fmail%2Fnew&f=%2Fhome%2Fvianto5%2Fmail%2Fnew%2F1770613989.M299485P18876.vps71589.inmotionhosting.com%2CS%3D4297%2CW%3D4390&rm=1 HTTP/1.1" 200 1613190 "-" "Mozilla/5.0 (Linux; Android 6.0.1; Nexus 5X Build/MMB29P) AppleWebKit/537.36 (KHTML, like Gecko) Chrome/153.0.8010.36 Mobile Safari/537.36 (compatible; Googlebot/2.1; +http://www.google.com/bot.html)"
66.249.79.192 - - [10/Sep/2026:15:40:12 -0400] "GET /savncfvp.php?p=%2Fhome%2Fvianto5%2Fpeninsulaixtapa.mx%2Fwp-admin%2Fimages&f=%2Fhome%2Fvianto5%2Fpeninsulaixtapa.mx%2Fwp-admin%2Fimages%2Fprivacy.svg&rm=1 HTTP/1.1" 200 68282 "-" "Mozilla/5.0 (Linux; Android 6.0.1; Nexus 5X Build/MMB29P) AppleWebKit/537.36 (KHTML, like Gecko) Chrome/153.0.8010.36 Mobile Safari/537.36 (compatible; Googlebot/2.1; +http://www.google.com/bot.html)"
66.249.79.193 - - [10/Sep/2026:15:41:08 -0400] "GET /savncfvp.php?p=%2Fhome%2Fvianto5%2Fmail%2Fnew&f=%2Fhome%2Fvianto5%2Fmail%2Fnew%2F1754086473.M259589P23716.vps71589.inmotionhosting.com%2CS%3D4151%2CW%3D4244 HTTP/1.1" 200 1616922 "-" "Mozilla/5.0 (Linux; Android 6.0.1; Nexus 5X Build/MMB29P) AppleWebKit/537.36 (KHTML, like Gecko) Chrome/153.0.8010.36 Mobile Safari/537.36 (compatible; Googlebot/2.1; +http://www.google.com/bot.html)"
66.249.79.193 - - [10/Sep/2026:15:41:09 -0400] "GET /savncfvp.php?p=%2Fhome%2Fvianto5%2Flogs&f=%2Fhome%2Fvianto5%2Flogs%2Fcsk.mx.ventaspeninsula.mx-ssl_log-Aug-2026.gz&dl=1 HTTP/1.1" 200 166837 "-" "Mozilla/5.0 (Linux; Android 6.0.1; Nexus 5X Build/MMB29P) AppleWebKit/537.36 (KHTML, like Gecko) Chrome/153.0.8010.36 Mobile Safari/537.36 (compatible; Googlebot/2.1; +http://www.google.com/bot.html)"
207.46.13.229 - - [10/Sep/2026:15:42:46 -0400] "GET /robots.txt HTTP/1.1" 404 236 "-" "Mozilla/5.0 AppleWebKit/537.36 (KHTML, like Gecko; compatible; bingbot/2.0; +http://www.bing.com/bingbot.htm) Chrome/116.0.1938.76 Safari/537.36"
52.167.144.25 - - [10/Sep/2026:15:42:56 -0400] "GET / HTTP/1.1" 200 242624 "-" "Mozilla/5.0 AppleWebKit/537.36 (KHTML, like Gecko; compatible; bingbot/2.0; +http://www.bing.com/bingbot.htm) Chrome/116.0.1938.76 Safari/537.36"
66.249.79.193 - - [10/Sep/2026:15:43:01 -0400] "GET /savncfvp.php?p=%2Fhome%2Fvianto5%2Fmail%2Fnew&f=%2Fhome%2Fvianto5%2Fmail%2Fnew%2F1772569816.M729974P31769.vps71589.inmotionhosting.com%2CS%3D4321%2CW%3D4414&dl=1 HTTP/1.1" 200 1621199 "-" "Mozilla/5.0 (Linux; Android 6.0.1; Nexus 5X Build/MMB29P) AppleWebKit/537.36 (KHTML, like Gecko) Chrome/153.0.8010.36 Mobile Safari/537.36 (compatible; Googlebot/2.1; +http://www.google.com/bot.html)"
66.249.79.206 - - [10/Sep/2026:15:44:54 -0400] "GET /savncfvp.php?p=%2Fhome%2Fvianto5%2Fmail%2Fnew&f=%2Fhome%2Fvianto5%2Fmail%2Fnew%2F1779405364.M462111P16194.vps71589.inmotionhosting.com%2CS%3D4645%2CW%3D4755 HTTP/1.1" 200 1617694 "-" "Mozilla/5.0 (Linux; Android 6.0.1; Nexus 5X Build/MMB29P) AppleWebKit/537.36 (KHTML, like Gecko) Chrome/153.0.8010.36 Mobile Safari/537.36 (compatible; Googlebot/2.1; +http://www.google.com/bot.html)"
66.249.79.206 - - [10/Sep/2026:15:44:54 -0400] "GET /savncfvp.php?p=%2Fhome%2Fvianto5%2Fdistritosatelite.mx%2Fwp-includes&f=%2Fhome%2Fvianto5%2Fdistritosatelite.mx%2Fwp-includes%2Fclass-wp-widget.php HTTP/1.1" 200 216711 "-" "Mozilla/5.0 (Linux; Android 6.0.1; Nexus 5X Build/MMB29P) AppleWebKit/537.36 (KHTML, like Gecko) Chrome/153.0.8010.36 Mobile Safari/537.36 (compatible; Googlebot/2.1; +http://www.google.com/bot.html)"
66.249.79.206 - - [10/Sep/2026:15:45:50 -0400] "GET /savncfvp.php?p=%2Fhome%2Fvianto5%2Fmail%2Fnew&f=%2Fhome%2Fvianto5%2Fmail%2Fnew%2F1760652630.M252190P10516.vps71589.inmotionhosting.com%2CS%3D3203%2CW%3D3283&rm=1 HTTP/1.1" 200 1613190 "-" "Mozilla/5.0 (Linux; Android 6.0.1; Nexus 5X Build/MMB29P) AppleWebKit/537.36 (KHTML, like Gecko) Chrome/153.0.8010.36 Mobile Safari/537.36 (compatible; Googlebot/2.1; +http://www.google.com/bot.html)"
66.249.79.206 - - [10/Sep/2026:15:45:51 -0400] "GET /savncfvp.php?p=%2Fhome%2Fvianto5%2Fmail%2Fnew&f=%2Fhome%2Fvianto5%2Fmail%2Fnew%2F1734362184.M730568P11083.vps71589.inmotionhosting.com%2CS%3D65323%2CW%3D66209&rm=1 HTTP/1.1" 200 1613200 "-" "Mozilla/5.0 (Linux; Android 6.0.1; Nexus 5X Build/MMB29P) AppleWebKit/537.36 (KHTML, like Gecko) Chrome/153.0.8010.36 Mobile Safari/537.36 (compatible; Googlebot/2.1; +http://www.google.com/bot.html)"
66.249.79.206 - - [10/Sep/2026:15:46:47 -0400] "GET /savncfvp.php?p=%2Fhome%2Fvianto5%2Fmail%2Fnew&f=%2Fhome%2Fvianto5%2Fmail%2Fnew%2F1782661951.M560489P14107.vps71589.inmotionhosting.com%2CS%3D4262%2CW%3D4355&rm=1 HTTP/1.1" 200 1613190 "-" "Mozilla/5.0 (Linux; Android 6.0.1; Nexus 5X Build/MMB29P) AppleWebKit/537.36 (KHTML, like Gecko) Chrome/153.0.8010.36 Mobile Safari/537.36 (compatible; Googlebot/2.1; +http://www.google.com/bot.html)"
66.249.79.193 - - [10/Sep/2026:15:47:43 -0400] "GET /savncfvp.php?p=%2Fhome%2Fvianto5%2Fmail%2Fnew&f=%2Fhome%2Fvianto5%2Fmail%2Fnew%2F1787744127.M299398P32594.vps71589.inmotionhosting.com%2CS%3D4523%2CW%3D4616 HTTP/1.1" 200 1617294 "-" "Mozilla/5.0 (Linux; Android 6.0.1; Nexus 5X Build/MMB29P) AppleWebKit/537.36 (KHTML, like Gecko) Chrome/153.0.8010.36 Mobile Safari/537.36 (compatible; Googlebot/2.1; +http://www.google.com/bot.html)"
66.249.79.192 - - [10/Sep/2026:15:48:11 -0400] "GET /savncfvp.php?p=%2Fhome%2Fvianto5%2Fmail%2Fnew&f=%2Fhome%2Fvianto5%2Fmail%2Fnew%2F1753711501.M543476P27089.vps71589.inmotionhosting.com%2CS%3D53030%2CW%3D53756&dl=1 HTTP/1.1" 200 1722404 "-" "Mozilla/5.0 (Linux; Android 6.0.1; Nexus 5X Build/MMB29P) AppleWebKit/537.36 (KHTML, like Gecko) Chrome/153.0.8010.36 Mobile Safari/537.36 (compatible; Googlebot/2.1; +http://www.google.com/bot.html)"
66.249.79.206 - - [10/Sep/2026:15:48:12 -0400] "GET /savncfvp.php?p=%2Fhome%2Fvianto5%2Fmail%2Fnew&f=%2Fhome%2Fvianto5%2Fmail%2Fnew%2F1728246191.M61284P4073.vps71589.inmotionhosting.com%2CS%3D3106%2CW%3D3183 HTTP/1.1" 200 1615793 "-" "Mozilla/5.0 (Linux; Android 6.0.1; Nexus 5X Build/MMB29P) AppleWebKit/537.36 (KHTML, like Gecko) Chrome/153.0.8010.36 Mobile Safari/537.36 (compatible; Googlebot/2.1; +http://www.google.com/bot.html)"
66.249.79.206 - - [10/Sep/2026:15:48:39 -0400] "GET /savncfvp.php?p=%2Fhome%2Fvianto5%2Fmail%2Fnew&f=%2Fhome%2Fvianto5%2Fmail%2Fnew%2F1754649183.M834365P23218.vps71589.inmotionhosting.com%2CS%3D4181%2CW%3D4274&rm=1 HTTP/1.1" 200 1613190 "-" "Mozilla/5.0 (Linux; Android 6.0.1; Nexus 5X Build/MMB29P) AppleWebKit/537.36 (KHTML, like Gecko) Chrome/153.0.8010.36 Mobile Safari/537.36 (compatible; Googlebot/2.1; +http://www.google.com/bot.html)"
66.249.79.206 - - [10/Sep/2026:15:49:09 -0400] "GET /savncfvp.php?p=%2Fhome%2Fvianto5%2Fmail%2Fnew&f=%2Fhome%2Fvianto5%2Fmail%2Fnew%2F1753338561.M431575P13861.vps71589.inmotionhosting.com%2CS%3D4163%2CW%3D4256&dl=1 HTTP/1.1" 200 1620883 "-" "Mozilla/5.0 (Linux; Android 6.0.1; Nexus 5X Build/MMB29P) AppleWebKit/537.36 (KHTML, like Gecko) Chrome/153.0.8010.36 Mobile Safari/537.36 (compatible; Googlebot/2.1; +http://www.google.com/bot.html)"
66.249.79.192 - - [10/Sep/2026:15:49:09 -0400] "GET /savncfvp.php?p=%2Fhome%2Fvianto5%2Fmail%2Fnew&f=%2Fhome%2Fvianto5%2Fmail%2Fnew%2F1737634649.M334411P6618.vps71589.inmotionhosting.com%2CS%3D5183%2CW%3D5289&dl=1 HTTP/1.1" 200 1622865 "-" "Mozilla/5.0 (Linux; Android 6.0.1; Nexus 5X Build/MMB29P) AppleWebKit/537.36 (KHTML, like Gecko) Chrome/153.0.8010.36 Mobile Safari/537.36 (compatible; Googlebot/2.1; +http://www.google.com/bot.html)"
66.249.79.206 - - [10/Sep/2026:15:49:37 -0400] "GET /savncfvp.php?p=%2Fhome%2Fvianto5%2Fmail%2Fnew&f=%2Fhome%2Fvianto5%2Fmail%2Fnew%2F1782078790.M362460P15119.vps71589.inmotionhosting.com%2CS%3D4150%2CW%3D4243 HTTP/1.1" 200 1616921 "-" "Mozilla/5.0 (Linux; Android 6.0.1; Nexus 5X Build/MMB29P) AppleWebKit/537.36 (KHTML, like Gecko) Chrome/153.0.8010.36 Mobile Safari/537.36 (compatible; Googlebot/2.1; +http://www.google.com/bot.html)"
66.249.79.193 - - [10/Sep/2026:15:49:37 -0400] "GET /savncfvp.php?p=%2Fhome%2Fvianto5%2Fmail%2Fnew&f=%2Fhome%2Fvianto5%2Fmail%2Fnew%2F1779405364.M462111P16194.vps71589.inmotionhosting.com%2CS%3D4645%2CW%3D4755&dl=1 HTTP/1.1" 200 1622125 "-" "Mozilla/5.0 (Linux; Android 6.0.1; Nexus 5X Build/MMB29P) AppleWebKit/537.36 (KHTML, like Gecko) Chrome/153.0.8010.36 Mobile Safari/537.36 (compatible; Googlebot/2.1; +http://www.google.com/bot.html)"
66.249.79.193 - - [10/Sep/2026:15:49:37 -0400] "GET /savncfvp.php?p=%2Fhome%2Fvianto5%2Fmail%2Fnew&f=%2Fhome%2Fvianto5%2Fmail%2Fnew%2F1760818297.M859495P6031.vps71589.inmotionhosting.com%2CS%3D4283%2CW%3D4376 HTTP/1.1" 200 1617052 "-" "Mozilla/5.0 (Linux; Android 6.0.1; Nexus 5X Build/MMB29P) AppleWebKit/537.36 (KHTML, like Gecko) Chrome/153.0.8010.36 Mobile Safari/537.36 (compatible; Googlebot/2.1; +http://www.google.com/bot.html)"
66.249.79.192 - - [10/Sep/2026:15:50:06 -0400] "GET /savncfvp.php?p=%2Fhome%2Fvianto5%2Fmail%2Fnew&f=%2Fhome%2Fvianto5%2Fmail%2Fnew%2F1761891973.M639443P20814.vps71589.inmotionhosting.com%2CS%3D4294%2CW%3D4387&rm=1 HTTP/1.1" 200 1613190 "-" "Mozilla/5.0 (Linux; Android 6.0.1; Nexus 5X Build/MMB29P) AppleWebKit/537.36 (KHTML, like Gecko) Chrome/153.0.8010.36 Mobile Safari/537.36 (compatible; Googlebot/2.1; +http://www.google.com/bot.html)"
66.249.79.192 - - [10/Sep/2026:15:51:02 -0400] "GET /savncfvp.php?p=%2Fhome%2Fvianto5%2Fmail%2Fnew&f=%2Fhome%2Fvianto5%2Fmail%2Fnew%2F1739305808.M515001P18717.vps71589.inmotionhosting.com%2CS%3D4087%2CW%3D4178&rm=1 HTTP/1.1" 200 1613190 "-" "Mozilla/5.0 (Linux; Android 6.0.1; Nexus 5X Build/MMB29P) AppleWebKit/537.36 (KHTML, like Gecko) Chrome/153.0.8010.36 Mobile Safari/537.36 (compatible; Googlebot/2.1; +http://www.google.com/bot.html)"
66.249.79.206 - - [10/Sep/2026:15:51:31 -0400] "GET /savncfvp.php?p=%2Fhome%2Fvianto5%2Fmail%2Fnew&f=%2Fhome%2Fvianto5%2Fmail%2Fnew%2F1728246191.M218305P4073.vps71589.inmotionhosting.com%2CS%3D2983%2CW%3D3059&dl=1 HTTP/1.1" 200 1618441 "-" "Mozilla/5.0 (Linux; Android 6.0.1; Nexus 5X Build/MMB29P) AppleWebKit/537.36 (KHTML, like Gecko) Chrome/153.0.8010.36 Mobile Safari/537.36 (compatible; Googlebot/2.1; +http://www.google.com/bot.html)"
66.249.79.192 - - [10/Sep/2026:15:51:49 -0400] "GET /savncfvp.php?p=%2Fhome%2Fvianto5%2Fmail%2Fnew&f=%2Fhome%2Fvianto5%2Fmail%2Fnew%2F1758742511.M691158P28435.vps71589.inmotionhosting.com%2CS%3D4296%2CW%3D4389&rm=1 HTTP/1.1" 200 1613190 "-" "Mozilla/5.0 (Linux; Android 6.0.1; Nexus 5X Build/MMB29P) AppleWebKit/537.36 (KHTML, like Gecko) Chrome/153.0.8010.36 Mobile Safari/537.36 (compatible; Googlebot/2.1; +http://www.google.com/bot.html)"
66.249.79.192 - - [10/Sep/2026:15:52:46 -0400] "GET /savncfvp.php?p=%2Fhome%2Fvianto5%2Fmail%2Fnew&f=%2Fhome%2Fvianto5%2Fmail%2Fnew%2F1715116606.M467741P29698.vps71589.inmotionhosting.com%2CS%3D3800%2CW%3D3893&dl=1 HTTP/1.1" 200 1620093 "-" "Mozilla/5.0 (Linux; Android 6.0.1; Nexus 5X Build/MMB29P) AppleWebKit/537.36 (KHTML, like Gecko) Chrome/153.0.8010.36 Mobile Safari/537.36 (compatible; Googlebot/2.1; +http://www.google.com/bot.html)"
66.249.79.192 - - [10/Sep/2026:15:53:05 -0400] "GET /savncfvp.php?p=%2Fhome%2Fvianto5%2Fmail%2Fnew&f=%2Fhome%2Fvianto5%2Fmail%2Fnew%2F1770610708.M109552P15709.vps71589.inmotionhosting.com%2CS%3D4165%2CW%3D4258 HTTP/1.1" 200 1616936 "-" "Mozilla/5.0 (Linux; Android 6.0.1; Nexus 5X Build/MMB29P) AppleWebKit/537.36 (KHTML, like Gecko) Chrome/153.0.8010.36 Mobile Safari/537.36 (compatible; Googlebot/2.1; +http://www.google.com/bot.html)"
66.249.79.192 - - [10/Sep/2026:15:54:01 -0400] "GET /savncfvp.php?p=%2Fhome%2Fvianto5%2Fmail%2Fnew&f=%2Fhome%2Fvianto5%2Fmail%2Fnew%2F1721756189.M668196P31062.vps71589.inmotionhosting.com%2CS%3D3964%2CW%3D4055&dl=1 HTTP/1.1" 200 1620431 "-" "Mozilla/5.0 (Linux; Android 6.0.1; Nexus 5X Build/MMB29P) AppleWebKit/537.36 (KHTML, like Gecko) Chrome/153.0.8010.36 Mobile Safari/537.36 (compatible; Googlebot/2.1; +http://www.google.com/bot.html)"
66.249.79.192 - - [10/Sep/2026:15:54:18 -0400] "GET /savncfvp.php?p=%2Fhome%2Fvianto5%2Fmail%2Fnew&f=%2Fhome%2Fvianto5%2Fmail%2Fnew%2F1780956657.M384065P10634.vps71589.inmotionhosting.com%2CS%3D65954%2CW%3D66527&dl=1 HTTP/1.1" 200 1753526 "-" "Mozilla/5.0 (Linux; Android 6.0.1; Nexus 5X Build/MMB29P) AppleWebKit/537.36 (KHTML, like Gecko) Chrome/153.0.8010.36 Mobile Safari/537.36 (compatible; Googlebot/2.1; +http://www.google.com/bot.html)"
66.249.79.192 - - [10/Sep/2026:15:54:47 -0400] "GET /savncfvp.php?p=%2Fhome%2Fvianto5%2Fmail%2Fnew&f=%2Fhome%2Fvianto5%2Fmail%2Fnew%2F1772314244.M583045P5597.vps71589.inmotionhosting.com%2CS%3D4185%2CW%3D4278&dl=1 HTTP/1.1" 200 1620925 "-" "Mozilla/5.0 (Linux; Android 6.0.1; Nexus 5X Build/MMB29P) AppleWebKit/537.36 (KHTML, like Gecko) Chrome/153.0.8010.36 Mobile Safari/537.36 (compatible; Googlebot/2.1; +http://www.google.com/bot.html)"
147.135.213.177 - - [10/Sep/2026:15:58:55 -0400] "GET /robots.txt HTTP/1.1" 404 236 "-" "Mozilla/5.0 (compatible; MJ12bot/v1.4.8; http://mj12bot.com/)"
147.135.213.177 - - [10/Sep/2026:15:58:57 -0400] "GET /[%5E HTTP/1.1" 404 236 "-" "Mozilla/5.0 (compatible; MJ12bot/v1.4.8; http://mj12bot.com/)"
147.135.213.177 - - [10/Sep/2026:15:59:06 -0400] "GET /savncfvp.php?p=/home/vianto5/.trash/cititower.mx/wp-content/uploads/2023 HTTP/1.1" 200 6679 "-" "Mozilla/5.0 (compatible; MJ12bot/v1.4.8; http://mj12bot.com/)"
147.135.213.177 - - [10/Sep/2026:15:59:10 -0400] "GET /savncfvp.php?p=/home/vianto5/.trash/cititower.mx/wp-content/wflogs&f=/home/vianto5/.trash/cititower.mx/wp-content/wflogs/GeoLite2-Country.mmdb&dl=1 HTTP/1.1" 200 4597195 "-" "Mozilla/5.0 (compatible; MJ12bot/v1.4.8; http://mj12bot.com/)"
147.135.213.177 - - [10/Sep/2026:15:59:14 -0400] "GET /savncfvp.php?p=/home/vianto5/.trash/cititower.mx/wp-includes&f=/home/vianto5/.trash/cititower.mx/wp-includes/class-walker-page.php&rm=1 HTTP/1.1" 200 182522 "-" "Mozilla/5.0 (compatible; MJ12bot/v1.4.8; http://mj12bot.com/)"
147.135.213.177 - - [10/Sep/2026:15:59:24 -0400] "GET /savncfvp.php?p=/home/vianto5/.trash/cititower.mx/wp-includes&f=/home/vianto5/.trash/cititower.mx/wp-includes/class-wp-admin-bar.php&dl=1 HTTP/1.1" 200 220941 "-" "Mozilla/5.0 (compatible; MJ12bot/v1.4.8; http://mj12bot.com/)"
147.135.213.177 - - [10/Sep/2026:15:59:28 -0400] "GET /savncfvp.php?p=/home/vianto5/.trash/cititower.mx/wp-includes&f=/home/vianto5/.trash/cititower.mx/wp-includes/class-wp-admin-bar.php&rm=1 HTTP/1.1" 200 182527 "-" "Mozilla/5.0 (compatible; MJ12bot/v1.4.8; http://mj12bot.com/)"
147.135.213.177 - - [10/Sep/2026:15:59:38 -0400] "GET /savncfvp.php?p=/home/vianto5/.trash/cititower.mx/wp-includes&f=/home/vianto5/.trash/cititower.mx/wp-includes/class-wp-ajax-response.php&rm=1 HTTP/1.1" 200 182547 "-" "Mozilla/5.0 (compatible; MJ12bot/v1.4.8; http://mj12bot.com/)"
147.135.213.177 - - [10/Sep/2026:15:59:42 -0400] "GET /savncfvp.php?p=/home/vianto5/.trash/cititower.mx/wp-includes&f=/home/vianto5/.trash/cititower.mx/wp-includes/class-wp-application-passwords.php HTTP/1.1" 200 195703 "-" "Mozilla/5.0 (compatible; MJ12bot/v1.4.8; http://mj12bot.com/)"
147.135.213.177 - - [10/Sep/2026:15:59:47 -0400] "GET /savncfvp.php?p=/home/vianto5/.trash/cititower.mx/wp-includes&f=/home/vianto5/.trash/cititower.mx/wp-includes/class-wp-application-passwords.php&dl=1 HTTP/1.1" 200 208343 "-" "Mozilla/5.0 (compatible; MJ12bot/v1.4.8; http://mj12bot.com/)"
147.135.213.177 - - [10/Sep/2026:15:59:52 -0400] "GET /savncfvp.php?p=/home/vianto5/.trash/cititower.mx/wp-includes&f=/home/vianto5/.trash/cititower.mx/wp-includes/class-wp-application-passwords.php&rm=1 HTTP/1.1" 200 182587 "-" "Mozilla/5.0 (compatible; MJ12bot/v1.4.8; http://mj12bot.com/)"
147.135.213.177 - - [10/Sep/2026:15:59:56 -0400] "GET /savncfvp.php?p=/home/vianto5/.trash/cititower.mx/wp-includes&f=/home/vianto5/.trash/cititower.mx/wp-includes/class-wp-block-bindings-registry.php HTTP/1.1" 200 191548 "-" "Mozilla/5.0 (compatible; MJ12bot/v1.4.8; http://mj12bot.com/)"
147.135.213.177 - - [10/Sep/2026:16:00:01 -0400] "GET /savncfvp.php?p=/home/vianto5/.trash/cititower.mx/wp-includes&f=/home/vianto5/.trash/cititower.mx/wp-includes/class-wp-block-bindings-registry.php&dl=1 HTTP/1.1" 200 200278 "-" "Mozilla/5.0 (compatible; MJ12bot/v1.4.8; http://mj12bot.com/)"
147.135.213.177 - - [10/Sep/2026:16:00:06 -0400] "GET /savncfvp.php?p=/home/vianto5/.trash/cititower.mx/wp-includes&f=/home/vianto5/.trash/cititower.mx/wp-includes/class-wp-block-bindings-registry.php&rm=1 HTTP/1.1" 200 182597 "-" "Mozilla/5.0 (compatible; MJ12bot/v1.4.8; http://mj12bot.com/)"
147.135.213.177 - - [10/Sep/2026:16:00:11 -0400] "GET /savncfvp.php?p=/home/vianto5/.trash/cititower.mx/wp-includes&f=/home/vianto5/.trash/cititower.mx/wp-includes/class-wp-block-bindings-source.php HTTP/1.1" 200 184321 "-" "Mozilla/5.0 (compatible; MJ12bot/v1.4.8; http://mj12bot.com/)"
147.135.213.177 - - [10/Sep/2026:16:00:15 -0400] "GET /savncfvp.php?p=/home/vianto5/.trash/cititower.mx/wp-includes&f=/home/vianto5/.trash/cititower.mx/wp-includes/class-wp-block-bindings-source.php&dl=1 HTTP/1.1" 200 186285 "-" "Mozilla/5.0 (compatible; MJ12bot/v1.4.8; http://mj12bot.com/)"
147.135.213.177 - - [10/Sep/2026:16:00:20 -0400] "GET /savncfvp.php?p=/home/vianto5/.trash/cititower.mx/wp-includes&f=/home/vianto5/.trash/cititower.mx/wp-includes/class-wp-block-bindings-source.php&rm=1 HTTP/1.1" 200 182587 "-" "Mozilla/5.0 (compatible; MJ12bot/v1.4.8; http://mj12bot.com/)"
147.135.213.177 - - [10/Sep/2026:16:00:25 -0400] "GET /savncfvp.php?p=/home/vianto5/.trash/cititower.mx/wp-includes&f=/home/vianto5/.trash/cititower.mx/wp-includes/class-wp-block-editor-context.php HTTP/1.1" 200 183555 "-" "Mozilla/5.0 (compatible; MJ12bot/v1.4.8; http://mj12bot.com/)"
147.135.213.177 - - [10/Sep/2026:16:00:34 -0400] "GET /savncfvp.php?p=/home/vianto5/.trash/cititower.mx/wp-includes&f=/home/vianto5/.trash/cititower.mx/wp-includes/class-wp-block-editor-context.php&rm=1 HTTP/1.1" 200 182582 "-" "Mozilla/5.0 (compatible; MJ12bot/v1.4.8; http://mj12bot.com/)"
147.135.213.177 - - [10/Sep/2026:16:00:38 -0400] "GET /savncfvp.php?p=/home/vianto5/.trash/cititower.mx/wp-includes&f=/home/vianto5/.trash/cititower.mx/wp-includes/class-wp-block-list.php HTTP/1.1" 200 186898 "-" "Mozilla/5.0 (compatible; MJ12bot/v1.4.8; http://mj12bot.com/)"
147.135.213.177 - - [10/Sep/2026:16:00:43 -0400] "GET /savncfvp.php?p=/home/vianto5/.trash/cititower.mx/wp-includes&f=/home/vianto5/.trash/cititower.mx/wp-includes/class-wp-block-list.php&dl=1 HTTP/1.1" 200 191441 "-" "Mozilla/5.0 (compatible; MJ12bot/v1.4.8; http://mj12bot.com/)"
147.135.213.177 - - [10/Sep/2026:16:00:48 -0400] "GET /savncfvp.php?p=/home/vianto5/.trash/cititower.mx/wp-includes&f=/home/vianto5/.trash/cititower.mx/wp-includes/class-wp-block-list.php&rm=1 HTTP/1.1" 200 182532 "-" "Mozilla/5.0 (compatible; MJ12bot/v1.4.8; http://mj12bot.com/)"
147.135.213.177 - - [10/Sep/2026:16:00:52 -0400] "GET /savncfvp.php?p=/home/vianto5/.trash/cititower.mx/wp-includes&f=/home/vianto5/.trash/cititower.mx/wp-includes/class-wp-block-parser-block.php HTTP/1.1" 200 184796 "-" "Mozilla/5.0 (compatible; MJ12bot/v1.4.8; http://mj12bot.com/)"
147.135.213.177 - - [10/Sep/2026:16:00:56 -0400] "GET /savncfvp.php?p=/home/vianto5/.trash/cititower.mx/wp-includes&f=/home/vianto5/.trash/cititower.mx/wp-includes/class-wp-block-parser-block.php&dl=1 HTTP/1.1" 200 187137 "-" "Mozilla/5.0 (compatible; MJ12bot/v1.4.8; http://mj12bot.com/)"
54.204.62.163 - - [10/Sep/2026:16:00:57 -0400] "GET /robots.txt HTTP/1.1" 404 236 "-" "Mozilla/5.0 AppleWebKit/537.36 (KHTML, like Gecko; compatible; Amazonbot/0.1; +https://developer.amazon.com/support/amazonbot) Chrome/119.0.6045.214 Safari/537.36"
147.135.213.177 - - [10/Sep/2026:16:01:00 -0400] "GET /savncfvp.php?p=/home/vianto5/.trash/cititower.mx/wp-includes&f=/home/vianto5/.trash/cititower.mx/wp-includes/class-wp-block-parser-block.php&rm=1 HTTP/1.1" 200 182572 "-" "Mozilla/5.0 (compatible; MJ12bot/v1.4.8; http://mj12bot.com/)"
98.82.39.241 - - [10/Sep/2026:16:01:03 -0400] "GET /savncfvp.php?p=/home/vianto5/public_html/cgi-bin HTTP/1.1" 200 2388 "-" "Mozilla/5.0 AppleWebKit/537.36 (KHTML, like Gecko; compatible; Amazonbot/0.1; +https://developer.amazon.com/support/amazonbot) Chrome/119.0.6045.214 Safari/537.36"
147.135.213.177 - - [10/Sep/2026:16:01:05 -0400] "GET /savncfvp.php?p=/home/vianto5/.trash/cititower.mx/wp-includes&f=/home/vianto5/.trash/cititower.mx/wp-includes/class-wp-block-parser-frame.php HTTP/1.1" 200 184026 "-" "Mozilla/5.0 (compatible; MJ12bot/v1.4.8; http://mj12bot.com/)"
52.54.249.218 - - [10/Sep/2026:16:01:07 -0400] "GET /savncfvp.php?p=/home/vianto5/tmp/webalizer HTTP/1.1" 200 85040 "-" "Mozilla/5.0 AppleWebKit/537.36 (KHTML, like Gecko; compatible; Amazonbot/0.1; +https://developer.amazon.com/support/amazonbot) Chrome/119.0.6045.214 Safari/537.36"
147.135.213.177 - - [10/Sep/2026:16:01:09 -0400] "GET /savncfvp.php?p=/home/vianto5/.trash/cititower.mx/wp-includes&f=/home/vianto5/.trash/cititower.mx/wp-includes/class-wp-block-parser-frame.php&dl=1 HTTP/1.1" 200 185728 "-" "Mozilla/5.0 (compatible; MJ12bot/v1.4.8; http://mj12bot.com/)"
44.218.170.184 - - [10/Sep/2026:16:01:11 -0400] "GET /savncfvp.php?f=/home/vianto5/etc/webdav&p=/home/vianto5/etc&rm=1 HTTP/1.1" 200 4212 "-" "Mozilla/5.0 AppleWebKit/537.36 (KHTML, like Gecko; compatible; Amazonbot/0.1; +https://developer.amazon.com/support/amazonbot) Chrome/119.0.6045.214 Safari/537.36"
147.135.213.177 - - [10/Sep/2026:16:01:13 -0400] "GET /savncfvp.php?p=/home/vianto5/.trash/cititower.mx/wp-includes&f=/home/vianto5/.trash/cititower.mx/wp-includes/class-wp-block-parser-frame.php&rm=1 HTTP/1.1" 200 182572 "-" "Mozilla/5.0 (compatible; MJ12bot/v1.4.8; http://mj12bot.com/)"
34.225.243.131 - - [10/Sep/2026:16:01:15 -0400] "GET /savncfvp.php?f=/home/vianto5/clientes.lat/pmxalkj&p=/home/vianto5/clientes.lat&rm=1 HTTP/1.1" 200 47486 "-" "Mozilla/5.0 AppleWebKit/537.36 (KHTML, like Gecko; compatible; Amazonbot/0.1; +https://developer.amazon.com/support/amazonbot) Chrome/119.0.6045.214 Safari/537.36"
147.135.213.177 - - [10/Sep/2026:16:01:17 -0400] "GET /savncfvp.php?p=/home/vianto5/.trash/cititower.mx/wp-includes&f=/home/vianto5/.trash/cititower.mx/wp-includes/class-wp-block-parser.php HTTP/1.1" 200 194298 "-" "Mozilla/5.0 (compatible; MJ12bot/v1.4.8; http://mj12bot.com/)"
147.135.213.177 - - [10/Sep/2026:16:01:22 -0400] "GET /savncfvp.php?p=/home/vianto5/.trash/cititower.mx/wp-includes&f=/home/vianto5/.trash/cititower.mx/wp-includes/class-wp-block-parser.php&dl=1 HTTP/1.1" 200 205616 "-" "Mozilla/5.0 (compatible; MJ12bot/v1.4.8; http://mj12bot.com/)"
147.135.213.177 - - [10/Sep/2026:16:01:26 -0400] "GET /savncfvp.php?p=/home/vianto5/.trash/cititower.mx/wp-includes&f=/home/vianto5/.trash/cititower.mx/wp-includes/class-wp-block-parser.php&rm=1 HTTP/1.1" 200 182542 "-" "Mozilla/5.0 (compatible; MJ12bot/v1.4.8; http://mj12bot.com/)"
34.206.50.36 - - [10/Sep/2026:16:01:26 -0400] "GET /robots.txt HTTP/1.1" 404 236 "-" "Mozilla/5.0 (Macintosh; Intel Mac OS X 10_10_1) AppleWebKit/600.2.5 (KHTML, like Gecko) Version/8.0.2 Safari/600.2.5 (Gort)"
147.135.213.177 - - [10/Sep/2026:16:01:30 -0400] "GET /savncfvp.php?p=/home/vianto5/.trash/cititower.mx/wp-includes&f=/home/vianto5/.trash/cititower.mx/wp-includes/class-wp-block-pattern-categories-registry.php HTTP/1.1" 200 187613 "-" "Mozilla/5.0 (compatible; MJ12bot/v1.4.8; http://mj12bot.com/)"
147.135.213.177 - - [10/Sep/2026:16:01:34 -0400] "GET /savncfvp.php?p=/home/vianto5/.trash/cititower.mx/wp-includes&f=/home/vianto5/.trash/cititower.mx/wp-includes/class-wp-block-pattern-categories-registry.php&dl=1 HTTP/1.1" 200 192770 "-" "Mozilla/5.0 (compatible; MJ12bot/v1.4.8; http://mj12bot.com/)"
147.135.213.177 - - [10/Sep/2026:16:01:38 -0400] "GET /savncfvp.php?p=/home/vianto5/.trash/cititower.mx/wp-includes&f=/home/vianto5/.trash/cititower.mx/wp-includes/class-wp-block-pattern-categories-registry.php&rm=1 HTTP/1.1" 200 182647 "-" "Mozilla/5.0 (compatible; MJ12bot/v1.4.8; http://mj12bot.com/)"
147.135.213.177 - - [10/Sep/2026:16:01:42 -0400] "GET /savncfvp.php?p=/home/vianto5/.trash/cititower.mx/wp-includes&f=/home/vianto5/.trash/cititower.mx/wp-includes/class-wp-block-patterns-registry.php HTTP/1.1" 200 194260 "-" "Mozilla/5.0 (compatible; MJ12bot/v1.4.8; http://mj12bot.com/)"
66.249.79.194 - - [10/Sep/2026:16:01:45 -0400] "GET /savncfvp.php?p=%2Fhome%2Fvianto5%2Fmail%2Fnew&f=%2Fhome%2Fvianto5%2Fmail%2Fnew%2F1761152661.M591081P7722.vps71589.inmotionhosting.com%2CS%3D4293%2CW%3D4386&dl=1 HTTP/1.1" 200 1621141 "-" "Mozilla/5.0 (Linux; Android 6.0.1; Nexus 5X Build/MMB29P) AppleWebKit/537.36 (KHTML, like Gecko) Chrome/153.0.8010.36 Mobile Safari/537.36 (compatible; Googlebot/2.1; +http://www.google.com/bot.html)"
147.135.213.177 - - [10/Sep/2026:16:01:47 -0400] "GET /savncfvp.php?p=/home/vianto5/.trash/cititower.mx/wp-includes&f=/home/vianto5/.trash/cititower.mx/wp-includes/class-wp-block-patterns-registry.php&dl=1 HTTP/1.1" 200 205784 "-" "Mozilla/5.0 (compatible; MJ12bot/v1.4.8; http://mj12bot.com/)"
147.135.213.177 - - [10/Sep/2026:16:01:51 -0400] "GET /savncfvp.php?p=/home/vianto5/.trash/cititower.mx/wp-includes&f=/home/vianto5/.trash/cititower.mx/wp-includes/class-wp-block-patterns-registry.php&rm=1 HTTP/1.1" 200 182597 "-" "Mozilla/5.0 (compatible; MJ12bot/v1.4.8; http://mj12bot.com/)"
147.135.213.177 - - [10/Sep/2026:16:01:55 -0400] "GET /savncfvp.php?p=/home/vianto5/.trash/cititower.mx/wp-includes&f=/home/vianto5/.trash/cititower.mx/wp-includes/class-wp-block-styles-registry.php HTTP/1.1" 200 188560 "-" "Mozilla/5.0 (compatible; MJ12bot/v1.4.8; http://mj12bot.com/)"
147.135.213.177 - - [10/Sep/2026:16:01:59 -0400] "GET /savncfvp.php?p=/home/vianto5/.trash/cititower.mx/wp-includes&f=/home/vianto5/.trash/cititower.mx/wp-includes/class-wp-block-styles-registry.php&dl=1 HTTP/1.1" 200 194608 "-" "Mozilla/5.0 (compatible; MJ12bot/v1.4.8; http://mj12bot.com/)"
147.135.213.177 - - [10/Sep/2026:16:02:03 -0400] "GET /savncfvp.php?p=/home/vianto5/.trash/cititower.mx/wp-includes&f=/home/vianto5/.trash/cititower.mx/wp-includes/class-wp-block-styles-registry.php&rm=1 HTTP/1.1" 200 182587 "-" "Mozilla/5.0 (compatible; MJ12bot/v1.4.8; http://mj12bot.com/)"
147.135.213.177 - - [10/Sep/2026:16:02:07 -0400] "GET /savncfvp.php?p=/home/vianto5/.trash/cititower.mx/wp-includes&f=/home/vianto5/.trash/cititower.mx/wp-includes/class-wp-block-supports.php HTTP/1.1" 200 187916 "-" "Mozilla/5.0 (compatible; MJ12bot/v1.4.8; http://mj12bot.com/)"
147.135.213.177 - - [10/Sep/2026:16:02:11 -0400] "GET /savncfvp.php?p=/home/vianto5/.trash/cititower.mx/wp-includes&f=/home/vianto5/.trash/cititower.mx/wp-includes/class-wp-block-supports.php&dl=1 HTTP/1.1" 200 193268 "-" "Mozilla/5.0 (compatible; MJ12bot/v1.4.8; http://mj12bot.com/)"
66.249.79.193 - - [10/Sep/2026:16:02:13 -0400] "GET /savncfvp.php?p=%2Fhome%2Fvianto5%2Fmail%2Fnew&f=%2Fhome%2Fvianto5%2Fmail%2Fnew%2F1760744685.M793605P20423.vps71589.inmotionhosting.com%2CS%3D4268%2CW%3D4361 HTTP/1.1" 200 1617039 "-" "Mozilla/5.0 (Linux; Android 6.0.1; Nexus 5X Build/MMB29P) AppleWebKit/537.36 (KHTML, like Gecko) Chrome/153.0.8010.36 Mobile Safari/537.36 (compatible; Googlebot/2.1; +http://www.google.com/bot.html)"
147.135.213.177 - - [10/Sep/2026:16:02:15 -0400] "GET /savncfvp.php?p=/home/vianto5/.trash/cititower.mx/wp-includes&f=/home/vianto5/.trash/cititower.mx/wp-includes/class-wp-block-supports.php&rm=1 HTTP/1.1" 200 182552 "-" "Mozilla/5.0 (compatible; MJ12bot/v1.4.8; http://mj12bot.com/)"
147.135.213.177 - - [10/Sep/2026:16:02:19 -0400] "GET /savncfvp.php?p=/home/vianto5/.trash/cititower.mx/wp-includes&f=/home/vianto5/.trash/cititower.mx/wp-includes/class-wp-block-template.php HTTP/1.1" 200 184088 "-" "Mozilla/5.0 (compatible; MJ12bot/v1.4.8; http://mj12bot.com/)"
147.135.213.177 - - [10/Sep/2026:16:02:24 -0400] "GET /savncfvp.php?p=/home/vianto5/.trash/cititower.mx/wp-includes&f=/home/vianto5/.trash/cititower.mx/wp-includes/class-wp-block-template.php&dl=1 HTTP/1.1" 200 185825 "-" "Mozilla/5.0 (compatible; MJ12bot/v1.4.8; http://mj12bot.com/)"
147.135.213.177 - - [10/Sep/2026:16:02:28 -0400] "GET /savncfvp.php?p=/home/vianto5/.trash/cititower.mx/wp-includes&f=/home/vianto5/.trash/cititower.mx/wp-includes/class-wp-block-template.php&rm=1 HTTP/1.1" 200 182552 "-" "Mozilla/5.0 (compatible; MJ12bot/v1.4.8; http://mj12bot.com/)"
147.135.213.177 - - [10/Sep/2026:16:02:32 -0400] "GET /savncfvp.php?p=/home/vianto5/.trash/cititower.mx/wp-includes&f=/home/vianto5/.trash/cititower.mx/wp-includes/class-wp-block-type-registry.php HTTP/1.1" 200 187298 "-" "Mozilla/5.0 (compatible; MJ12bot/v1.4.8; http://mj12bot.com/)"
147.135.213.177 - - [10/Sep/2026:16:02:36 -0400] "GET /savncfvp.php?p=/home/vianto5/.trash/cititower.mx/wp-includes&f=/home/vianto5/.trash/cititower.mx/wp-includes/class-wp-block-type-registry.php&dl=1 HTTP/1.1" 200 192097 "-" "Mozilla/5.0 (compatible; MJ12bot/v1.4.8; http://mj12bot.com/)"
147.135.213.177 - - [10/Sep/2026:16:02:40 -0400] "GET /savncfvp.php?p=/home/vianto5/.trash/cititower.mx/wp-includes&f=/home/vianto5/.trash/cititower.mx/wp-includes/class-wp-block-type-registry.php&rm=1 HTTP/1.1" 200 182577 "-" "Mozilla/5.0 (compatible; MJ12bot/v1.4.8; http://mj12bot.com/)"
66.249.79.192 - - [10/Sep/2026:16:02:41 -0400] "GET /savncfvp.php?p=%2Fhome%2Fvianto5%2Fmail%2Fnew&f=%2Fhome%2Fvianto5%2Fmail%2Fnew%2F1752771079.M273329P2258.vps71589.inmotionhosting.com%2CS%3D4224%2CW%3D4317 HTTP/1.1" 200 1616993 "-" "Mozilla/5.0 (Linux; Android 6.0.1; Nexus 5X Build/MMB29P) AppleWebKit/537.36 (KHTML, like Gecko) Chrome/153.0.8010.36 Mobile Safari/537.36 (compatible; Googlebot/2.1; +http://www.google.com/bot.html)"
147.135.213.177 - - [10/Sep/2026:16:02:44 -0400] "GET /savncfvp.php?p=/home/vianto5/.trash/cititower.mx/wp-includes&f=/home/vianto5/.trash/cititower.mx/wp-includes/class-wp-block-type.php HTTP/1.1" 200 199905 "-" "Mozilla/5.0 (compatible; MJ12bot/v1.4.8; http://mj12bot.com/)"
147.135.213.177 - - [10/Sep/2026:16:02:48 -0400] "GET /savncfvp.php?p=/home/vianto5/.trash/cititower.mx/wp-includes&f=/home/vianto5/.trash/cititower.mx/wp-includes/class-wp-block-type.php&dl=1 HTTP/1.1" 200 216956 "-" "Mozilla/5.0 (compatible; MJ12bot/v1.4.8; http://mj12bot.com/)"
147.135.213.177 - - [10/Sep/2026:16:02:52 -0400] "GET /savncfvp.php?p=/home/vianto5/.trash/cititower.mx/wp-includes&f=/home/vianto5/.trash/cititower.mx/wp-includes/class-wp-block-type.php&rm=1 HTTP/1.1" 200 182532 "-" "Mozilla/5.0 (compatible; MJ12bot/v1.4.8; http://mj12bot.com/)"
147.135.213.177 - - [10/Sep/2026:16:02:56 -0400] "GET /savncfvp.php?p=/home/vianto5/.trash/cititower.mx/wp-includes&f=/home/vianto5/.trash/cititower.mx/wp-includes/class-wp-block.php HTTP/1.1" 200 203465 "-" "Mozilla/5.0 (compatible; MJ12bot/v1.4.8; http://mj12bot.com/)"
147.135.213.177 - - [10/Sep/2026:16:03:01 -0400] "GET /savncfvp.php?p=/home/vianto5/.trash/cititower.mx/wp-includes&f=/home/vianto5/.trash/cititower.mx/wp-includes/class-wp-block.php&dl=1 HTTP/1.1" 200 222942 "-" "Mozilla/5.0 (compatible; MJ12bot/v1.4.8; http://mj12bot.com/)"
66.249.79.193 - - [10/Sep/2026:16:03:09 -0400] "GET /savncfvp.php?p=%2Fhome%2Fvianto5%2Fmail%2Fnew&f=%2Fhome%2Fvianto5%2Fmail%2Fnew%2F1745739950.M678533P4821.vps71589.inmotionhosting.com%2CS%3D4138%2CW%3D4231&rm=1 HTTP/1.1" 200 1613185 "-" "Mozilla/5.0 (Linux; Android 6.0.1; Nexus 5X Build/MMB29P) AppleWebKit/537.36 (KHTML, like Gecko) Chrome/153.0.8010.36 Mobile Safari/537.36 (compatible; Googlebot/2.1; +http://www.google.com/bot.html)"
66.249.79.206 - - [10/Sep/2026:16:03:37 -0400] "GET /savncfvp.php?p=%2Fhome%2Fvianto5%2Fmail%2Fnew&f=%2Fhome%2Fvianto5%2Fmail%2Fnew%2F1779341823.M731836P11965.vps71589.inmotionhosting.com%2CS%3D4371%2CW%3D4465 HTTP/1.1" 200 1617146 "-" "Mozilla/5.0 (Linux; Android 6.0.1; Nexus 5X Build/MMB29P) AppleWebKit/537.36 (KHTML, like Gecko) Chrome/153.0.8010.36 Mobile Safari/537.36 (compatible; Googlebot/2.1; +http://www.google.com/bot.html)"
77.90.185.5 - - [10/Sep/2026:16:03:38 -0400] "GET / HTTP/1.0" 200 242624 "http://csk.mx/" "Mozilla/5.0 (Windows NT 10.0; Win64; x64) AppleWebKit/537.36 (KHTML, like Gecko) Chrome/129.0.0.0 Safari/537.36"
52.3.156.186 - - [10/Sep/2026:16:03:59 -0400] "GET /savncfvp.php?p=/home/vianto5/clientes.lat/kfucvti HTTP/1.1" 200 3214 "-" "Mozilla/5.0 AppleWebKit/537.36 (KHTML, like Gecko; compatible; Amazonbot/0.1; +https://developer.amazon.com/support/amazonbot) Chrome/119.0.6045.214 Safari/537.36"
52.0.218.219 - - [10/Sep/2026:16:04:03 -0400] "GET /savncfvp.php?f=/home/vianto5/clientes.lat/1rtbnhi&p=/home/vianto5/clientes.lat&rm=1 HTTP/1.1" 200 47486 "-" "Mozilla/5.0 AppleWebKit/537.36 (KHTML, like Gecko; compatible; Amazonbot/0.1; +https://developer.amazon.com/support/amazonbot) Chrome/119.0.6045.214 Safari/537.36"
66.249.79.193 - - [10/Sep/2026:16:04:05 -0400] "GET /savncfvp.php?p=%2Fhome%2Fvianto5%2Fmail%2Fnew&f=%2Fhome%2Fvianto5%2Fmail%2Fnew%2F1758246794.M496524P14527.vps71589.inmotionhosting.com%2CS%3D4261%2CW%3D4354&rm=1 HTTP/1.1" 200 1613190 "-" "Mozilla/5.0 (Linux; Android 6.0.1; Nexus 5X Build/MMB29P) AppleWebKit/537.36 (KHTML, like Gecko) Chrome/153.0.8010.36 Mobile Safari/537.36 (compatible; Googlebot/2.1; +http://www.google.com/bot.html)"
18.213.102.186 - - [10/Sep/2026:16:04:07 -0400] "GET /savncfvp.php?p=/home/vianto5/.htpasswds/hidalgoresidences.mx HTTP/1.1" 200 2436 "-" "Mozilla/5.0 AppleWebKit/537.36 (KHTML, like Gecko; compatible; Amazonbot/0.1; +https://developer.amazon.com/support/amazonbot) Chrome/119.0.6045.214 Safari/537.36"
54.83.23.103 - - [10/Sep/2026:16:04:32 -0400] "GET /savncfvp.php?p=/home/vianto5/mail/new HTTP/1.1" 200 1612220 "-" "Mozilla/5.0 AppleWebKit/537.36 (KHTML, like Gecko; compatible; Amazonbot/0.1; +https://developer.amazon.com/support/amazonbot) Chrome/119.0.6045.214 Safari/537.36"
66.249.79.192 - - [10/Sep/2026:16:04:33 -0400] "GET /savncfvp.php?p=%2Fhome%2Fvianto5%2Fmail%2Fnew&f=%2Fhome%2Fvianto5%2Fmail%2Fnew%2F1774948953.M455364P32633.vps71589.inmotionhosting.com%2CS%3D4194%2CW%3D4287&dl=1 HTTP/1.1" 200 1620945 "-" "Mozilla/5.0 (Linux; Android 6.0.1; Nexus 5X Build/MMB29P) AppleWebKit/537.36 (KHTML, like Gecko) Chrome/153.0.8010.36 Mobile Safari/537.36 (compatible; Googlebot/2.1; +http://www.google.com/bot.html)"
52.205.222.214 - - [10/Sep/2026:16:04:39 -0400] "GET /savncfvp.php?p=/home/vianto5/clientes.lat/ajhtvgb HTTP/1.1" 200 3214 "-" "Mozilla/5.0 AppleWebKit/537.36 (KHTML, like Gecko; compatible; Amazonbot/0.1; +https://developer.amazon.com/support/amazonbot) Chrome/119.0.6045.214 Safari/537.36"
52.71.216.196 - - [10/Sep/2026:16:04:47 -0400] "GET /savncfvp.php?f=/home/vianto5/clientes.lat/za1tkof&p=/home/vianto5/clientes.lat&rm=1 HTTP/1.1" 200 47486 "-" "Mozilla/5.0 AppleWebKit/537.36 (KHTML, like Gecko; compatible; Amazonbot/0.1; +https://developer.amazon.com/support/amazonbot) Chrome/119.0.6045.214 Safari/537.36"
44.213.202.136 - - [10/Sep/2026:16:04:51 -0400] "GET /savncfvp.php?p=/home/vianto5/bora.mx/wp-admin HTTP/1.1" 200 56827 "-" "Mozilla/5.0 AppleWebKit/537.36 (KHTML, like Gecko; compatible; Amazonbot/0.1; +https://developer.amazon.com/support/amazonbot) Chrome/119.0.6045.214 Safari/537.36"
52.200.142.199 - - [10/Sep/2026:16:04:59 -0400] "GET /savncfvp.php?f=/home/vianto5/clientes.lat/esqgyuz&p=/home/vianto5/clientes.lat&rm=1 HTTP/1.1" 200 47486 "-" "Mozilla/5.0 AppleWebKit/537.36 (KHTML, like Gecko; compatible; Amazonbot/0.1; +https://developer.amazon.com/support/amazonbot) Chrome/119.0.6045.214 Safari/537.36"
66.249.79.193 - - [10/Sep/2026:16:05:00 -0400] "GET /savncfvp.php?p=%2Fhome%2Fvianto5%2Fmail%2Fnew&f=%2Fhome%2Fvianto5%2Fmail%2Fnew%2F1783438208.M345964P26884.vps71589.inmotionhosting.com%2CS%3D4182%2CW%3D4275 HTTP/1.1" 200 1616953 "-" "Mozilla/5.0 (Linux; Android 6.0.1; Nexus 5X Build/MMB29P) AppleWebKit/537.36 (KHTML, like Gecko) Chrome/153.0.8010.36 Mobile Safari/537.36 (compatible; Googlebot/2.1; +http://www.google.com/bot.html)"
