66.249.79.203 - - [11/Sep/2026:00:09:33 -0400] "GET /savncfvp.php?p=%2Fhome%2Fvianto5%2Fmail%2Fnew&f=%2Fhome%2Fvianto5%2Fmail%2Fnew%2F1748562783.M486394P13228.vps71589.inmotionhosting.com%2CS%3D3787%2CW%3D3880&rm=1 HTTP/1.1" 200 1613984 "-" "Mozilla/5.0 (Linux; Android 6.0.1; Nexus 5X Build/MMB29P) AppleWebKit/537.36 (KHTML, like Gecko) Chrome/153.0.8010.36 Mobile Safari/537.36 (compatible; Googlebot/2.1; +http://www.google.com/bot.html)"
66.249.79.204 - - [11/Sep/2026:00:09:50 -0400] "GET /savncfvp.php?p=%2Fhome%2Fvianto5%2Fmail%2Fnew&f=%2Fhome%2Fvianto5%2Fmail%2Fnew%2F1745930134.M203050P19061.vps71589.inmotionhosting.com%2CS%3D4179%2CW%3D4272 HTTP/1.1" 200 1617744 "-" "Mozilla/5.0 (Linux; Android 6.0.1; Nexus 5X Build/MMB29P) AppleWebKit/537.36 (KHTML, like Gecko) Chrome/153.0.8010.36 Mobile Safari/537.36 (compatible; Googlebot/2.1; +http://www.google.com/bot.html)"
66.249.79.201 - - [11/Sep/2026:00:10:19 -0400] "GET /savncfvp.php?p=%2Fhome%2Fvianto5%2Fmail%2Fnew&f=%2Fhome%2Fvianto5%2Fmail%2Fnew%2F1745933236.M215893P22583.vps71589.inmotionhosting.com%2CS%3D4190%2CW%3D4283&dl=1 HTTP/1.1" 200 1621731 "-" "Mozilla/5.0 (Linux; Android 6.0.1; Nexus 5X Build/MMB29P) AppleWebKit/537.36 (KHTML, like Gecko) Chrome/153.0.8010.36 Mobile Safari/537.36 (compatible; Googlebot/2.1; +http://www.google.com/bot.html)"
66.249.79.201 - - [11/Sep/2026:00:10:40 -0400] "GET /savncfvp.php?p=%2Fhome%2Fvianto5%2Fmail%2Fnew&f=%2Fhome%2Fvianto5%2Fmail%2Fnew%2F1770469761.M782722P14925.vps71589.inmotionhosting.com%2CS%3D4305%2CW%3D4398 HTTP/1.1" 200 1617870 "-" "Mozilla/5.0 (Linux; Android 6.0.1; Nexus 5X Build/MMB29P) AppleWebKit/537.36 (KHTML, like Gecko) Chrome/153.0.8010.36 Mobile Safari/537.36 (compatible; Googlebot/2.1; +http://www.google.com/bot.html)"
66.249.79.201 - - [11/Sep/2026:00:11:03 -0400] "GET /savncfvp.php?p=%2Fhome%2Fvianto5%2Fmail%2Fnew&f=%2Fhome%2Fvianto5%2Fmail%2Fnew%2F1770480769.M452302P23099.vps71589.inmotionhosting.com%2CS%3D4294%2CW%3D4387 HTTP/1.1" 200 1617859 "-" "Mozilla/5.0 (Linux; Android 6.0.1; Nexus 5X Build/MMB29P) AppleWebKit/537.36 (KHTML, like Gecko) Chrome/153.0.8010.36 Mobile Safari/537.36 (compatible; Googlebot/2.1; +http://www.google.com/bot.html)"
66.249.79.202 - - [11/Sep/2026:00:11:26 -0400] "GET /savncfvp.php?p=%2Fhome%2Fvianto5%2Fdistritosatelite.mx%2Fwp-admin&f=%2Fhome%2Fvianto5%2Fdistritosatelite.mx%2Fwp-admin%2Fprofile.php&dl=1 HTTP/1.1" 200 66954 "-" "Mozilla/5.0 (Linux; Android 6.0.1; Nexus 5X Build/MMB29P) AppleWebKit/537.36 (KHTML, like Gecko) Chrome/153.0.8010.36 Mobile Safari/537.36 (compatible; Googlebot/2.1; +http://www.google.com/bot.html)"
51.77.216.81 - - [11/Sep/2026:00:12:02 -0400] "GET /robots.txt HTTP/1.1" 404 236 "-" "Mozilla/5.0 (compatible; MJ12bot/v1.4.8; http://mj12bot.com/)"
51.77.216.81 - - [11/Sep/2026:00:12:04 -0400] "GET /'%20.%20esc_url(%20$link%20)%20.%20' HTTP/1.1" 404 236 "-" "Mozilla/5.0 (compatible; MJ12bot/v1.4.8; http://mj12bot.com/)"
51.77.216.81 - - [11/Sep/2026:00:12:05 -0400] "GET /'%20.%20esc_url(%20$url%20)%20.%20' HTTP/1.1" 404 236 "-" "Mozilla/5.0 (compatible; MJ12bot/v1.4.8; http://mj12bot.com/)"
51.77.216.81 - - [11/Sep/2026:00:13:05 -0400] "GET /savncfvp.php?p=/home/vianto5/.trash/cititower.mx/wp-includes&f=/home/vianto5/.trash/cititower.mx/wp-includes/class-wp-plugin-dependencies.php&dl=1 HTTP/1.1" 200 234079 "-" "Mozilla/5.0 (compatible; MJ12bot/v1.4.8; http://mj12bot.com/)"
51.77.216.81 - - [11/Sep/2026:00:13:09 -0400] "GET /savncfvp.php?p=/home/vianto5/.trash/cititower.mx/wp-includes&f=/home/vianto5/.trash/cititower.mx/wp-includes/class-wp-plugin-dependencies.php&rm=1 HTTP/1.1" 200 182577 "-" "Mozilla/5.0 (compatible; MJ12bot/v1.4.8; http://mj12bot.com/)"
51.77.216.81 - - [11/Sep/2026:00:13:10 -0400] "GET /savncfvp.php?p=/home/vianto5/.trash/cititower.mx/wp-includes&f=/home/vianto5/.trash/cititower.mx/wp-includes/class-wp-post-type.php HTTP/1.1" 200 216131 "-" "Mozilla/5.0 (compatible; MJ12bot/v1.4.8; http://mj12bot.com/)"
51.77.216.81 - - [11/Sep/2026:00:13:14 -0400] "GET /savncfvp.php?p=/home/vianto5/.trash/cititower.mx/wp-includes&f=/home/vianto5/.trash/cititower.mx/wp-includes/class-wp-post-type.php&dl=1 HTTP/1.1" 200 246267 "-" "Mozilla/5.0 (compatible; MJ12bot/v1.4.8; http://mj12bot.com/)"
66.249.79.202 - - [11/Sep/2026:00:13:17 -0400] "GET /savncfvp.php?p=%2Fhome%2Fvianto5%2Fdistritosatelite.mx%2Fwp-includes&f=%2Fhome%2Fvianto5%2Fdistritosatelite.mx%2Fwp-includes%2Fms-blogs.php&dl=1 HTTP/1.1" 200 251579 "-" "Mozilla/5.0 (Linux; Android 6.0.1; Nexus 5X Build/MMB29P) AppleWebKit/537.36 (KHTML, like Gecko) Chrome/153.0.8010.36 Mobile Safari/537.36 (compatible; Googlebot/2.1; +http://www.google.com/bot.html)"
51.77.216.81 - - [11/Sep/2026:00:13:18 -0400] "GET /savncfvp.php?p=/home/vianto5/.trash/cititower.mx/wp-includes&f=/home/vianto5/.trash/cititower.mx/wp-includes/class-wp-post-type.php&rm=1 HTTP/1.1" 200 182527 "-" "Mozilla/5.0 (compatible; MJ12bot/v1.4.8; http://mj12bot.com/)"
51.77.216.81 - - [11/Sep/2026:00:13:22 -0400] "GET /savncfvp.php?p=/home/vianto5/.trash/cititower.mx/wp-includes&f=/home/vianto5/.trash/cititower.mx/wp-includes/class-wp-post.php HTTP/1.1" 200 189142 "-" "Mozilla/5.0 (compatible; MJ12bot/v1.4.8; http://mj12bot.com/)"
51.77.216.81 - - [11/Sep/2026:00:13:25 -0400] "GET /savncfvp.php?p=/home/vianto5/.trash/cititower.mx/wp-includes&f=/home/vianto5/.trash/cititower.mx/wp-includes/class-wp-post.php&dl=1 HTTP/1.1" 200 195412 "-" "Mozilla/5.0 (compatible; MJ12bot/v1.4.8; http://mj12bot.com/)"
51.77.216.81 - - [11/Sep/2026:00:13:29 -0400] "GET /savncfvp.php?p=/home/vianto5/.trash/cititower.mx/wp-includes&f=/home/vianto5/.trash/cititower.mx/wp-includes/class-wp-post.php&rm=1 HTTP/1.1" 200 182502 "-" "Mozilla/5.0 (compatible; MJ12bot/v1.4.8; http://mj12bot.com/)"
51.77.216.81 - - [11/Sep/2026:00:13:32 -0400] "GET /savncfvp.php?p=/home/vianto5/.trash/cititower.mx/wp-includes&f=/home/vianto5/.trash/cititower.mx/wp-includes/class-wp-query.php HTTP/1.1" 200 356976 "-" "Mozilla/5.0 (compatible; MJ12bot/v1.4.8; http://mj12bot.com/)"
51.77.216.81 - - [11/Sep/2026:00:13:36 -0400] "GET /savncfvp.php?p=/home/vianto5/.trash/cititower.mx/wp-includes&f=/home/vianto5/.trash/cititower.mx/wp-includes/class-wp-query.php&dl=1 HTTP/1.1" 200 510843 "-" "Mozilla/5.0 (compatible; MJ12bot/v1.4.8; http://mj12bot.com/)"
51.77.216.81 - - [11/Sep/2026:00:13:40 -0400] "GET /savncfvp.php?p=/home/vianto5/.trash/cititower.mx/wp-includes&f=/home/vianto5/.trash/cititower.mx/wp-includes/class-wp-query.php&rm=1 HTTP/1.1" 200 182507 "-" "Mozilla/5.0 (compatible; MJ12bot/v1.4.8; http://mj12bot.com/)"
51.77.216.81 - - [11/Sep/2026:00:13:44 -0400] "GET /savncfvp.php?p=/home/vianto5/.trash/cititower.mx/wp-includes&f=/home/vianto5/.trash/cititower.mx/wp-includes/class-wp-recovery-mode-cookie-service.php HTTP/1.1" 200 189387 "-" "Mozilla/5.0 (compatible; MJ12bot/v1.4.8; http://mj12bot.com/)"
51.77.216.81 - - [11/Sep/2026:00:13:47 -0400] "GET /savncfvp.php?p=/home/vianto5/.trash/cititower.mx/wp-includes&f=/home/vianto5/.trash/cititower.mx/wp-includes/class-wp-recovery-mode-cookie-service.php&dl=1 HTTP/1.1" 200 196050 "-" "Mozilla/5.0 (compatible; MJ12bot/v1.4.8; http://mj12bot.com/)"
51.77.216.81 - - [11/Sep/2026:00:13:51 -0400] "GET /savncfvp.php?p=/home/vianto5/.trash/cititower.mx/wp-includes&f=/home/vianto5/.trash/cititower.mx/wp-includes/class-wp-recovery-mode-cookie-service.php&rm=1 HTTP/1.1" 200 182622 "-" "Mozilla/5.0 (compatible; MJ12bot/v1.4.8; http://mj12bot.com/)"
51.77.216.81 - - [11/Sep/2026:00:13:55 -0400] "GET /savncfvp.php?p=/home/vianto5/.trash/cititower.mx/wp-includes&f=/home/vianto5/.trash/cititower.mx/wp-includes/class-wp-recovery-mode-email-service.php HTTP/1.1" 200 194326 "-" "Mozilla/5.0 (compatible; MJ12bot/v1.4.8; http://mj12bot.com/)"
51.77.216.81 - - [11/Sep/2026:00:13:58 -0400] "GET /savncfvp.php?p=/home/vianto5/.trash/cititower.mx/wp-includes&f=/home/vianto5/.trash/cititower.mx/wp-includes/class-wp-recovery-mode-email-service.php&dl=1 HTTP/1.1" 200 205295 "-" "Mozilla/5.0 (compatible; MJ12bot/v1.4.8; http://mj12bot.com/)"
51.77.216.81 - - [11/Sep/2026:00:14:02 -0400] "GET /savncfvp.php?p=/home/vianto5/.trash/cititower.mx/wp-includes&f=/home/vianto5/.trash/cititower.mx/wp-includes/class-wp-recovery-mode-email-service.php&rm=1 HTTP/1.1" 200 182617 "-" "Mozilla/5.0 (compatible; MJ12bot/v1.4.8; http://mj12bot.com/)"
51.77.216.81 - - [11/Sep/2026:00:14:06 -0400] "GET /savncfvp.php?p=/home/vianto5/.trash/cititower.mx/wp-includes&f=/home/vianto5/.trash/cititower.mx/wp-includes/class-wp-recovery-mode-key-service.php HTTP/1.1" 200 187007 "-" "Mozilla/5.0 (compatible; MJ12bot/v1.4.8; http://mj12bot.com/)"
51.77.216.81 - - [11/Sep/2026:00:14:09 -0400] "GET /savncfvp.php?p=/home/vianto5/.trash/cititower.mx/wp-includes&f=/home/vianto5/.trash/cititower.mx/wp-includes/class-wp-recovery-mode-key-service.php&dl=1 HTTP/1.1" 200 191394 "-" "Mozilla/5.0 (compatible; MJ12bot/v1.4.8; http://mj12bot.com/)"
51.77.216.81 - - [11/Sep/2026:00:14:13 -0400] "GET /savncfvp.php?p=/home/vianto5/.trash/cititower.mx/wp-includes&f=/home/vianto5/.trash/cititower.mx/wp-includes/class-wp-recovery-mode-key-service.php&rm=1 HTTP/1.1" 200 182607 "-" "Mozilla/5.0 (compatible; MJ12bot/v1.4.8; http://mj12bot.com/)"
51.77.216.81 - - [11/Sep/2026:00:14:16 -0400] "GET /savncfvp.php?p=/home/vianto5/.trash/cititower.mx/wp-includes&f=/home/vianto5/.trash/cititower.mx/wp-includes/class-wp-recovery-mode-link-service.php HTTP/1.1" 200 185806 "-" "Mozilla/5.0 (compatible; MJ12bot/v1.4.8; http://mj12bot.com/)"
51.77.216.81 - - [11/Sep/2026:00:14:20 -0400] "GET /savncfvp.php?p=/home/vianto5/.trash/cititower.mx/wp-includes&f=/home/vianto5/.trash/cititower.mx/wp-includes/class-wp-recovery-mode-link-service.php&dl=1 HTTP/1.1" 200 189055 "-" "Mozilla/5.0 (compatible; MJ12bot/v1.4.8; http://mj12bot.com/)"
51.77.216.81 - - [11/Sep/2026:00:14:24 -0400] "GET /savncfvp.php?p=/home/vianto5/.trash/cititower.mx/wp-includes&f=/home/vianto5/.trash/cititower.mx/wp-includes/class-wp-recovery-mode-link-service.php&rm=1 HTTP/1.1" 200 182612 "-" "Mozilla/5.0 (compatible; MJ12bot/v1.4.8; http://mj12bot.com/)"
51.77.216.81 - - [11/Sep/2026:00:14:27 -0400] "GET /savncfvp.php?p=/home/vianto5/.trash/cititower.mx/wp-includes&f=/home/vianto5/.trash/cititower.mx/wp-includes/class-wp-recovery-mode.php HTTP/1.1" 200 194347 "-" "Mozilla/5.0 (compatible; MJ12bot/v1.4.8; http://mj12bot.com/)"
51.77.216.81 - - [11/Sep/2026:00:14:31 -0400] "GET /savncfvp.php?p=/home/vianto5/.trash/cititower.mx/wp-includes&f=/home/vianto5/.trash/cititower.mx/wp-includes/class-wp-recovery-mode.php&dl=1 HTTP/1.1" 200 205568 "-" "Mozilla/5.0 (compatible; MJ12bot/v1.4.8; http://mj12bot.com/)"
51.77.216.81 - - [11/Sep/2026:00:14:35 -0400] "GET /savncfvp.php?p=/home/vianto5/.trash/cititower.mx/wp-includes&f=/home/vianto5/.trash/cititower.mx/wp-includes/class-wp-recovery-mode.php&rm=1 HTTP/1.1" 200 182547 "-" "Mozilla/5.0 (compatible; MJ12bot/v1.4.8; http://mj12bot.com/)"
51.77.216.81 - - [11/Sep/2026:00:14:38 -0400] "GET /savncfvp.php?p=/home/vianto5/.trash/cititower.mx/wp-includes&f=/home/vianto5/.trash/cititower.mx/wp-includes/class-wp-rewrite.php HTTP/1.1" 200 250459 "-" "Mozilla/5.0 (compatible; MJ12bot/v1.4.8; http://mj12bot.com/)"
199.45.154.73 - - [11/Sep/2026:00:14:39 -0400] "GET / HTTP/1.1" 200 242624 "-" "Mozilla/5.0 (compatible; CensysInspect/1.1; +https://about.censys.io/)"
51.77.216.81 - - [11/Sep/2026:00:14:42 -0400] "GET /savncfvp.php?p=/home/vianto5/.trash/cititower.mx/wp-includes&f=/home/vianto5/.trash/cititower.mx/wp-includes/class-wp-rewrite.php&dl=1 HTTP/1.1" 200 313675 "-" "Mozilla/5.0 (compatible; MJ12bot/v1.4.8; http://mj12bot.com/)"
51.77.216.81 - - [11/Sep/2026:00:14:45 -0400] "GET /savncfvp.php?p=/home/vianto5/.trash/cititower.mx/wp-includes&f=/home/vianto5/.trash/cititower.mx/wp-includes/class-wp-rewrite.php&rm=1 HTTP/1.1" 200 182517 "-" "Mozilla/5.0 (compatible; MJ12bot/v1.4.8; http://mj12bot.com/)"
51.77.216.81 - - [11/Sep/2026:00:14:49 -0400] "GET /savncfvp.php?p=/home/vianto5/.trash/cititower.mx/wp-includes&f=/home/vianto5/.trash/cititower.mx/wp-includes/class-wp-role.php HTTP/1.1" 200 184630 "-" "Mozilla/5.0 (compatible; MJ12bot/v1.4.8; http://mj12bot.com/)"
51.77.216.81 - - [11/Sep/2026:00:14:53 -0400] "GET /savncfvp.php?p=/home/vianto5/.trash/cititower.mx/wp-includes&f=/home/vianto5/.trash/cititower.mx/wp-includes/class-wp-role.php&dl=1 HTTP/1.1" 200 186939 "-" "Mozilla/5.0 (compatible; MJ12bot/v1.4.8; http://mj12bot.com/)"
51.77.216.81 - - [11/Sep/2026:00:14:56 -0400] "GET /savncfvp.php?p=/home/vianto5/.trash/cititower.mx/wp-includes&f=/home/vianto5/.trash/cititower.mx/wp-includes/class-wp-role.php&rm=1 HTTP/1.1" 200 182502 "-" "Mozilla/5.0 (compatible; MJ12bot/v1.4.8; http://mj12bot.com/)"
51.77.216.81 - - [11/Sep/2026:00:15:00 -0400] "GET /savncfvp.php?p=/home/vianto5/.trash/cititower.mx/wp-includes&f=/home/vianto5/.trash/cititower.mx/wp-includes/class-wp-roles.php HTTP/1.1" 200 191185 "-" "Mozilla/5.0 (compatible; MJ12bot/v1.4.8; http://mj12bot.com/)"
51.77.216.81 - - [11/Sep/2026:00:15:03 -0400] "GET /savncfvp.php?p=/home/vianto5/.trash/cititower.mx/wp-includes&f=/home/vianto5/.trash/cititower.mx/wp-includes/class-wp-roles.php&dl=1 HTTP/1.1" 200 199551 "-" "Mozilla/5.0 (compatible; MJ12bot/v1.4.8; http://mj12bot.com/)"
51.77.216.81 - - [11/Sep/2026:00:15:07 -0400] "GET /savncfvp.php?p=/home/vianto5/.trash/cititower.mx/wp-includes&f=/home/vianto5/.trash/cititower.mx/wp-includes/class-wp-roles.php&rm=1 HTTP/1.1" 200 182507 "-" "Mozilla/5.0 (compatible; MJ12bot/v1.4.8; http://mj12bot.com/)"
66.249.79.202 - - [11/Sep/2026:00:15:10 -0400] "GET /savncfvp.php?p=%2Fhome%2Fvianto5%2Fdistritosatelite.mx%2Fwp-includes&f=%2Fhome%2Fvianto5%2Fdistritosatelite.mx%2Fwp-includes%2Fdefault-filters.php HTTP/1.1" 200 246745 "-" "Mozilla/5.0 (Linux; Android 6.0.1; Nexus 5X Build/MMB29P) AppleWebKit/537.36 (KHTML, like Gecko) Chrome/153.0.8010.36 Mobile Safari/537.36 (compatible; Googlebot/2.1; +http://www.google.com/bot.html)"
51.77.216.81 - - [11/Sep/2026:00:15:11 -0400] "GET /savncfvp.php?p=/home/vianto5/.trash/cititower.mx/wp-includes&f=/home/vianto5/.trash/cititower.mx/wp-includes/class-wp-script-modules.php HTTP/1.1" 200 196884 "-" "Mozilla/5.0 (compatible; MJ12bot/v1.4.8; http://mj12bot.com/)"
51.77.216.81 - - [11/Sep/2026:00:15:14 -0400] "GET /savncfvp.php?p=/home/vianto5/.trash/cititower.mx/wp-includes&f=/home/vianto5/.trash/cititower.mx/wp-includes/class-wp-script-modules.php&dl=1 HTTP/1.1" 200 210425 "-" "Mozilla/5.0 (compatible; MJ12bot/v1.4.8; http://mj12bot.com/)"
51.77.216.81 - - [11/Sep/2026:00:15:18 -0400] "GET /savncfvp.php?p=/home/vianto5/.trash/cititower.mx/wp-includes&f=/home/vianto5/.trash/cititower.mx/wp-includes/class-wp-script-modules.php&rm=1 HTTP/1.1" 200 182552 "-" "Mozilla/5.0 (compatible; MJ12bot/v1.4.8; http://mj12bot.com/)"
51.77.216.81 - - [11/Sep/2026:00:15:21 -0400] "GET /savncfvp.php?p=/home/vianto5/.trash/cititower.mx/wp-includes&f=/home/vianto5/.trash/cititower.mx/wp-includes/class-wp-scripts.php HTTP/1.1" 200 211935 "-" "Mozilla/5.0 (compatible; MJ12bot/v1.4.8; http://mj12bot.com/)"
51.77.216.81 - - [11/Sep/2026:00:15:25 -0400] "GET /savncfvp.php?p=/home/vianto5/.trash/cititower.mx/wp-includes&f=/home/vianto5/.trash/cititower.mx/wp-includes/class-wp-scripts.php&dl=1 HTTP/1.1" 200 239627 "-" "Mozilla/5.0 (compatible; MJ12bot/v1.4.8; http://mj12bot.com/)"
66.249.79.202 - - [11/Sep/2026:00:15:25 -0400] "GET /savncfvp.php?p=%2Fhome%2Fvianto5%2Flogs&f=%2Fhome%2Fvianto5%2Flogs%2Fdistritosatelite.mx.ventaspeninsula.mx-Aug-2026.gz&dl=1 HTTP/1.1" 200 766774 "-" "Mozilla/5.0 (Linux; Android 6.0.1; Nexus 5X Build/MMB29P) AppleWebKit/537.36 (KHTML, like Gecko) Chrome/153.0.8010.36 Mobile Safari/537.36 (compatible; Googlebot/2.1; +http://www.google.com/bot.html)"
51.77.216.81 - - [11/Sep/2026:00:15:29 -0400] "GET /savncfvp.php?p=/home/vianto5/.trash/cititower.mx/wp-includes&f=/home/vianto5/.trash/cititower.mx/wp-includes/class-wp-scripts.php&rm=1 HTTP/1.1" 200 182517 "-" "Mozilla/5.0 (compatible; MJ12bot/v1.4.8; http://mj12bot.com/)"
51.77.216.81 - - [11/Sep/2026:00:15:32 -0400] "GET /savncfvp.php?p=/home/vianto5/.trash/cititower.mx/wp-includes&f=/home/vianto5/.trash/cititower.mx/wp-includes/class-wp-session-tokens.php HTTP/1.1" 200 189802 "-" "Mozilla/5.0 (compatible; MJ12bot/v1.4.8; http://mj12bot.com/)"
199.45.154.73 - - [11/Sep/2026:00:15:33 -0400] "GET / HTTP/1.1" 200 242624 "-" "Mozilla/5.0 (compatible; CensysInspect/1.1; +https://about.censys.io/)"
51.77.216.81 - - [11/Sep/2026:00:15:36 -0400] "GET /savncfvp.php?p=/home/vianto5/.trash/cititower.mx/wp-includes&f=/home/vianto5/.trash/cititower.mx/wp-includes/class-wp-session-tokens.php&dl=1 HTTP/1.1" 200 197039 "-" "Mozilla/5.0 (compatible; MJ12bot/v1.4.8; http://mj12bot.com/)"
51.77.216.81 - - [11/Sep/2026:00:15:40 -0400] "GET /savncfvp.php?p=/home/vianto5/.trash/cititower.mx/wp-includes&f=/home/vianto5/.trash/cititower.mx/wp-includes/class-wp-session-tokens.php&rm=1 HTTP/1.1" 200 182552 "-" "Mozilla/5.0 (compatible; MJ12bot/v1.4.8; http://mj12bot.com/)"
51.77.216.81 - - [11/Sep/2026:00:15:43 -0400] "GET /savncfvp.php?p=/home/vianto5/.trash/cititower.mx/wp-includes&f=/home/vianto5/.trash/cititower.mx/wp-includes/class-wp-simplepie-file.php HTTP/1.1" 200 185637 "-" "Mozilla/5.0 (compatible; MJ12bot/v1.4.8; http://mj12bot.com/)"
51.77.216.81 - - [11/Sep/2026:00:15:47 -0400] "GET /savncfvp.php?p=/home/vianto5/.trash/cititower.mx/wp-includes&f=/home/vianto5/.trash/cititower.mx/wp-includes/class-wp-simplepie-file.php&dl=1 HTTP/1.1" 200 188800 "-" "Mozilla/5.0 (compatible; MJ12bot/v1.4.8; http://mj12bot.com/)"
51.77.216.81 - - [11/Sep/2026:00:15:50 -0400] "GET /savncfvp.php?p=/home/vianto5/.trash/cititower.mx/wp-includes&f=/home/vianto5/.trash/cititower.mx/wp-includes/class-wp-simplepie-file.php&rm=1 HTTP/1.1" 200 182552 "-" "Mozilla/5.0 (compatible; MJ12bot/v1.4.8; http://mj12bot.com/)"
51.77.216.81 - - [11/Sep/2026:00:15:54 -0400] "GET /savncfvp.php?p=/home/vianto5/.trash/cititower.mx/wp-includes&f=/home/vianto5/.trash/cititower.mx/wp-includes/class-wp-simplepie-sanitize-kses.php HTTP/1.1" 200 183984 "-" "Mozilla/5.0 (compatible; MJ12bot/v1.4.8; http://mj12bot.com/)"
51.77.216.81 - - [11/Sep/2026:00:15:58 -0400] "GET /savncfvp.php?p=/home/vianto5/.trash/cititower.mx/wp-includes&f=/home/vianto5/.trash/cititower.mx/wp-includes/class-wp-simplepie-sanitize-kses.php&dl=1 HTTP/1.1" 200 185540 "-" "Mozilla/5.0 (compatible; MJ12bot/v1.4.8; http://mj12bot.com/)"
51.77.216.81 - - [11/Sep/2026:00:16:01 -0400] "GET /savncfvp.php?p=/home/vianto5/.trash/cititower.mx/wp-includes&f=/home/vianto5/.trash/cititower.mx/wp-includes/class-wp-simplepie-sanitize-kses.php&rm=1 HTTP/1.1" 200 182597 "-" "Mozilla/5.0 (compatible; MJ12bot/v1.4.8; http://mj12bot.com/)"
66.249.79.202 - - [11/Sep/2026:00:16:02 -0400] "GET /savncfvp.php?p=%2Fhome%2Fvianto5%2Fmail&f=%2Fhome%2Fvianto5%2Fmail%2Fdovecot-uidlist&dl=1 HTTP/1.1" 200 311104 "-" "Mozilla/5.0 (Linux; Android 6.0.1; Nexus 5X Build/MMB29P) AppleWebKit/537.36 (KHTML, like Gecko) Chrome/153.0.8010.36 Mobile Safari/537.36 (compatible; Googlebot/2.1; +http://www.google.com/bot.html)"
51.77.216.81 - - [11/Sep/2026:00:16:05 -0400] "GET /savncfvp.php?p=/home/vianto5/.trash/cititower.mx/wp-includes&f=/home/vianto5/.trash/cititower.mx/wp-includes/class-wp-site-query.php HTTP/1.1" 200 218838 "-" "Mozilla/5.0 (compatible; MJ12bot/v1.4.8; http://mj12bot.com/)"
51.77.216.81 - - [11/Sep/2026:00:16:09 -0400] "GET /savncfvp.php?p=/home/vianto5/.trash/cititower.mx/wp-includes&f=/home/vianto5/.trash/cititower.mx/wp-includes/class-wp-site-query.php&dl=1 HTTP/1.1" 200 250169 "-" "Mozilla/5.0 (compatible; MJ12bot/v1.4.8; http://mj12bot.com/)"
51.77.216.81 - - [11/Sep/2026:00:16:12 -0400] "GET /savncfvp.php?p=/home/vianto5/.trash/cititower.mx/wp-includes&f=/home/vianto5/.trash/cititower.mx/wp-includes/class-wp-site-query.php&rm=1 HTTP/1.1" 200 182532 "-" "Mozilla/5.0 (compatible; MJ12bot/v1.4.8; http://mj12bot.com/)"
51.77.216.81 - - [11/Sep/2026:00:16:16 -0400] "GET /savncfvp.php?p=/home/vianto5/.trash/cititower.mx/wp-includes&f=/home/vianto5/.trash/cititower.mx/wp-includes/class-wp-site.php HTTP/1.1" 200 190103 "-" "Mozilla/5.0 (compatible; MJ12bot/v1.4.8; http://mj12bot.com/)"
51.77.216.81 - - [11/Sep/2026:00:16:20 -0400] "GET /savncfvp.php?p=/home/vianto5/.trash/cititower.mx/wp-includes&f=/home/vianto5/.trash/cititower.mx/wp-includes/class-wp-site.php&dl=1 HTTP/1.1" 200 197343 "-" "Mozilla/5.0 (compatible; MJ12bot/v1.4.8; http://mj12bot.com/)"
51.77.216.81 - - [11/Sep/2026:00:16:23 -0400] "GET /savncfvp.php?p=/home/vianto5/.trash/cititower.mx/wp-includes&f=/home/vianto5/.trash/cititower.mx/wp-includes/class-wp-site.php&rm=1 HTTP/1.1" 200 182502 "-" "Mozilla/5.0 (compatible; MJ12bot/v1.4.8; http://mj12bot.com/)"
66.249.79.201 - - [11/Sep/2026:00:16:23 -0400] "GET /savncfvp.php?p=%2Fhome%2Fvianto5%2Fmail&f=%2Fhome%2Fvianto5%2Fmail%2Fdovecot.index.cache HTTP/1.1" 200 10043 "-" "Mozilla/5.0 (Linux; Android 6.0.1; Nexus 5X Build/MMB29P) AppleWebKit/537.36 (KHTML, like Gecko) Chrome/153.0.8010.36 Mobile Safari/537.36 (compatible; Googlebot/2.1; +http://www.google.com/bot.html)"
51.77.216.81 - - [11/Sep/2026:00:16:27 -0400] "GET /savncfvp.php?p=/home/vianto5/.trash/cititower.mx/wp-includes&f=/home/vianto5/.trash/cititower.mx/wp-includes/class-wp-styles.php HTTP/1.1" 200 194179 "-" "Mozilla/5.0 (compatible; MJ12bot/v1.4.8; http://mj12bot.com/)"
51.77.216.81 - - [11/Sep/2026:00:16:30 -0400] "GET /savncfvp.php?p=/home/vianto5/.trash/cititower.mx/wp-includes&f=/home/vianto5/.trash/cititower.mx/wp-includes/class-wp-styles.php&dl=1 HTTP/1.1" 200 204863 "-" "Mozilla/5.0 (compatible; MJ12bot/v1.4.8; http://mj12bot.com/)"
51.77.216.81 - - [11/Sep/2026:00:16:34 -0400] "GET /savncfvp.php?p=/home/vianto5/.trash/cititower.mx/wp-includes&f=/home/vianto5/.trash/cititower.mx/wp-includes/class-wp-styles.php&rm=1 HTTP/1.1" 200 182512 "-" "Mozilla/5.0 (compatible; MJ12bot/v1.4.8; http://mj12bot.com/)"
51.77.216.81 - - [11/Sep/2026:00:16:37 -0400] "GET /savncfvp.php?p=/home/vianto5/.trash/cititower.mx/wp-includes&f=/home/vianto5/.trash/cititower.mx/wp-includes/class-wp-tax-query.php HTTP/1.1" 200 204247 "-" "Mozilla/5.0 (compatible; MJ12bot/v1.4.8; http://mj12bot.com/)"
51.77.216.81 - - [11/Sep/2026:00:16:41 -0400] "GET /savncfvp.php?p=/home/vianto5/.trash/cititower.mx/wp-includes&f=/home/vianto5/.trash/cititower.mx/wp-includes/class-wp-tax-query.php&dl=1 HTTP/1.1" 200 223588 "-" "Mozilla/5.0 (compatible; MJ12bot/v1.4.8; http://mj12bot.com/)"
66.249.79.201 - - [11/Sep/2026:00:16:44 -0400] "GET /savncfvp.php?p=%2Fhome%2Fvianto5 HTTP/1.1" 200 17362 "-" "Mozilla/5.0 (Linux; Android 6.0.1; Nexus 5X Build/MMB29P) AppleWebKit/537.36 (KHTML, like Gecko) Chrome/153.0.8010.36 Mobile Safari/537.36 (compatible; Googlebot/2.1; +http://www.google.com/bot.html)"
51.77.216.81 - - [11/Sep/2026:00:16:45 -0400] "GET /savncfvp.php?p=/home/vianto5/.trash/cititower.mx/wp-includes&f=/home/vianto5/.trash/cititower.mx/wp-includes/class-wp-tax-query.php&rm=1 HTTP/1.1" 200 182527 "-" "Mozilla/5.0 (compatible; MJ12bot/v1.4.8; http://mj12bot.com/)"
51.77.216.81 - - [11/Sep/2026:00:16:48 -0400] "GET /savncfvp.php?p=/home/vianto5/.trash/cititower.mx/wp-includes&f=/home/vianto5/.trash/cititower.mx/wp-includes/class-wp-taxonomy.php HTTP/1.1" 200 203271 "-" "Mozilla/5.0 (compatible; MJ12bot/v1.4.8; http://mj12bot.com/)"
51.77.216.81 - - [11/Sep/2026:00:16:52 -0400] "GET /savncfvp.php?p=/home/vianto5/.trash/cititower.mx/wp-includes&f=/home/vianto5/.trash/cititower.mx/wp-includes/class-wp-taxonomy.php&dl=1 HTTP/1.1" 200 221624 "-" "Mozilla/5.0 (compatible; MJ12bot/v1.4.8; http://mj12bot.com/)"
51.77.216.81 - - [11/Sep/2026:00:16:55 -0400] "GET /savncfvp.php?p=/home/vianto5/.trash/cititower.mx/wp-includes&f=/home/vianto5/.trash/cititower.mx/wp-includes/class-wp-taxonomy.php&rm=1 HTTP/1.1" 200 182522 "-" "Mozilla/5.0 (compatible; MJ12bot/v1.4.8; http://mj12bot.com/)"
51.77.216.81 - - [11/Sep/2026:00:16:59 -0400] "GET /savncfvp.php?p=/home/vianto5/.trash/cititower.mx/wp-includes&f=/home/vianto5/.trash/cititower.mx/wp-includes/class-wp-term-query.php HTTP/1.1" 200 229175 "-" "Mozilla/5.0 (compatible; MJ12bot/v1.4.8; http://mj12bot.com/)"
51.77.216.81 - - [11/Sep/2026:00:17:02 -0400] "GET /savncfvp.php?p=/home/vianto5/.trash/cititower.mx/wp-includes&f=/home/vianto5/.trash/cititower.mx/wp-includes/class-wp-term-query.php&dl=1 HTTP/1.1" 200 270127 "-" "Mozilla/5.0 (compatible; MJ12bot/v1.4.8; http://mj12bot.com/)"
51.77.216.81 - - [11/Sep/2026:00:17:06 -0400] "GET /savncfvp.php?p=/home/vianto5/.trash/cititower.mx/wp-includes&f=/home/vianto5/.trash/cititower.mx/wp-includes/class-wp-term-query.php&rm=1 HTTP/1.1" 200 182532 "-" "Mozilla/5.0 (compatible; MJ12bot/v1.4.8; http://mj12bot.com/)"
66.249.79.201 - - [11/Sep/2026:00:17:06 -0400] "GET /savncfvp.php?p=%2Fhome%2Fvianto5%2Fdistritosatelite.mx%2Fwp-includes&f=%2Fhome%2Fvianto5%2Fdistritosatelite.mx%2Fwp-includes%2Fpost-thumbnail-template.php&rm=1 HTTP/1.1" 200 197501 "-" "Mozilla/5.0 (Linux; Android 6.0.1; Nexus 5X Build/MMB29P) AppleWebKit/537.36 (KHTML, like Gecko) Chrome/153.0.8010.36 Mobile Safari/537.36 (compatible; Googlebot/2.1; +http://www.google.com/bot.html)"
51.77.216.81 - - [11/Sep/2026:00:17:10 -0400] "GET /savncfvp.php?p=/home/vianto5/.trash/cititower.mx/wp-includes&f=/home/vianto5/.trash/cititower.mx/wp-includes/class-wp-term.php HTTP/1.1" 200 187817 "-" "Mozilla/5.0 (compatible; MJ12bot/v1.4.8; http://mj12bot.com/)"
51.77.216.81 - - [11/Sep/2026:00:17:13 -0400] "GET /savncfvp.php?p=/home/vianto5/.trash/cititower.mx/wp-includes&f=/home/vianto5/.trash/cititower.mx/wp-includes/class-wp-term.php&dl=1 HTTP/1.1" 200 192901 "-" "Mozilla/5.0 (compatible; MJ12bot/v1.4.8; http://mj12bot.com/)"
51.77.216.81 - - [11/Sep/2026:00:17:17 -0400] "GET /savncfvp.php?p=/home/vianto5/.trash/cititower.mx/wp-includes&f=/home/vianto5/.trash/cititower.mx/wp-includes/class-wp-term.php&rm=1 HTTP/1.1" 200 182502 "-" "Mozilla/5.0 (compatible; MJ12bot/v1.4.8; http://mj12bot.com/)"
51.77.216.81 - - [11/Sep/2026:00:17:21 -0400] "GET /savncfvp.php?p=/home/vianto5/.trash/cititower.mx/wp-includes&f=/home/vianto5/.trash/cititower.mx/wp-includes/class-wp-text-diff-renderer-inline.php HTTP/1.1" 200 183137 "-" "Mozilla/5.0 (compatible; MJ12bot/v1.4.8; http://mj12bot.com/)"
51.77.216.81 - - [11/Sep/2026:00:17:24 -0400] "GET /savncfvp.php?p=/home/vianto5/.trash/cititower.mx/wp-includes&f=/home/vianto5/.trash/cititower.mx/wp-includes/class-wp-text-diff-renderer-inline.php&dl=1 HTTP/1.1" 200 183902 "-" "Mozilla/5.0 (compatible; MJ12bot/v1.4.8; http://mj12bot.com/)"
51.77.216.81 - - [11/Sep/2026:00:17:28 -0400] "GET /savncfvp.php?p=/home/vianto5/.trash/cititower.mx/wp-includes&f=/home/vianto5/.trash/cititower.mx/wp-includes/class-wp-text-diff-renderer-inline.php&rm=1 HTTP/1.1" 200 182607 "-" "Mozilla/5.0 (compatible; MJ12bot/v1.4.8; http://mj12bot.com/)"
66.249.79.202 - - [11/Sep/2026:00:17:28 -0400] "GET /savncfvp.php?p=%2Fhome%2Fvianto5%2Fdistritosatelite.mx%2Fwp-admin&f=%2Fhome%2Fvianto5%2Fdistritosatelite.mx%2Fwp-admin%2Fadmin-footer.php&rm=1 HTTP/1.1" 200 67022 "-" "Mozilla/5.0 (Linux; Android 6.0.1; Nexus 5X Build/MMB29P) AppleWebKit/537.36 (KHTML, like Gecko) Chrome/153.0.8010.36 Mobile Safari/537.36 (compatible; Googlebot/2.1; +http://www.google.com/bot.html)"
66.249.79.202 - - [11/Sep/2026:00:17:28 -0400] "GET /savncfvp.php?p=%2Fhome%2Fvianto5%2Fdistritosatelite.mx%2Fwp-admin&f=%2Fhome%2Fvianto5%2Fdistritosatelite.mx%2Fwp-admin%2Fcustomize.php HTTP/1.1" 200 81226 "-" "Mozilla/5.0 (Linux; Android 6.0.1; Nexus 5X Build/MMB29P) AppleWebKit/537.36 (KHTML, like Gecko) Chrome/153.0.8010.36 Mobile Safari/537.36 (compatible; Googlebot/2.1; +http://www.google.com/bot.html)"
51.77.216.81 - - [11/Sep/2026:00:17:31 -0400] "GET /savncfvp.php?p=/home/vianto5/.trash/cititower.mx/wp-includes&f=/home/vianto5/.trash/cititower.mx/wp-includes/class-wp-text-diff-renderer-table.php HTTP/1.1" 200 202381 "-" "Mozilla/5.0 (compatible; MJ12bot/v1.4.8; http://mj12bot.com/)"
51.77.216.81 - - [11/Sep/2026:00:17:35 -0400] "GET /savncfvp.php?p=/home/vianto5/.trash/cititower.mx/wp-includes&f=/home/vianto5/.trash/cititower.mx/wp-includes/class-wp-text-diff-renderer-table.php&dl=1 HTTP/1.1" 200 220974 "-" "Mozilla/5.0 (compatible; MJ12bot/v1.4.8; http://mj12bot.com/)"
51.77.216.81 - - [11/Sep/2026:00:17:38 -0400] "GET /savncfvp.php?p=/home/vianto5/.trash/cititower.mx/wp-includes&f=/home/vianto5/.trash/cititower.mx/wp-includes/class-wp-text-diff-renderer-table.php&rm=1 HTTP/1.1" 200 182602 "-" "Mozilla/5.0 (compatible; MJ12bot/v1.4.8; http://mj12bot.com/)"
51.77.216.81 - - [11/Sep/2026:00:17:42 -0400] "GET /savncfvp.php?p=/home/vianto5/.trash/cititower.mx/wp-includes&f=/home/vianto5/.trash/cititower.mx/wp-includes/class-wp-textdomain-registry.php HTTP/1.1" 200 192902 "-" "Mozilla/5.0 (compatible; MJ12bot/v1.4.8; http://mj12bot.com/)"
51.77.216.81 - - [11/Sep/2026:00:17:45 -0400] "GET /savncfvp.php?p=/home/vianto5/.trash/cititower.mx/wp-includes&f=/home/vianto5/.trash/cititower.mx/wp-includes/class-wp-textdomain-registry.php&dl=1 HTTP/1.1" 200 202891 "-" "Mozilla/5.0 (compatible; MJ12bot/v1.4.8; http://mj12bot.com/)"
51.77.216.81 - - [11/Sep/2026:00:17:49 -0400] "GET /savncfvp.php?p=/home/vianto5/.trash/cititower.mx/wp-includes&f=/home/vianto5/.trash/cititower.mx/wp-includes/class-wp-textdomain-registry.php&rm=1 HTTP/1.1" 200 182577 "-" "Mozilla/5.0 (compatible; MJ12bot/v1.4.8; http://mj12bot.com/)"
66.249.79.201 - - [11/Sep/2026:00:17:49 -0400] "GET /savncfvp.php?p=%2Fhome%2Fvianto5%2Fdistritosatelite.mx%2Fwp-admin&f=%2Fhome%2Fvianto5%2Fdistritosatelite.mx%2Fwp-admin%2Fupgrade.php&dl=1 HTTP/1.1" 200 80439 "-" "Mozilla/5.0 (Linux; Android 6.0.1; Nexus 5X Build/MMB29P) AppleWebKit/537.36 (KHTML, like Gecko) Chrome/153.0.8010.36 Mobile Safari/537.36 (compatible; Googlebot/2.1; +http://www.google.com/bot.html)"
51.77.216.81 - - [11/Sep/2026:00:17:53 -0400] "GET /savncfvp.php?p=/home/vianto5/.trash/cititower.mx/wp-includes&f=/home/vianto5/.trash/cititower.mx/wp-includes/class-wp-theme-json-data.php HTTP/1.1" 200 183958 "-" "Mozilla/5.0 (compatible; MJ12bot/v1.4.8; http://mj12bot.com/)"
51.77.216.81 - - [11/Sep/2026:00:17:56 -0400] "GET /savncfvp.php?p=/home/vianto5/.trash/cititower.mx/wp-includes&f=/home/vianto5/.trash/cititower.mx/wp-includes/class-wp-theme-json-data.php&dl=1 HTTP/1.1" 200 185553 "-" "Mozilla/5.0 (compatible; MJ12bot/v1.4.8; http://mj12bot.com/)"
51.77.216.81 - - [11/Sep/2026:00:18:00 -0400] "GET /savncfvp.php?p=/home/vianto5/.trash/cititower.mx/wp-includes&f=/home/vianto5/.trash/cititower.mx/wp-includes/class-wp-theme-json-data.php&rm=1 HTTP/1.1" 200 182557 "-" "Mozilla/5.0 (compatible; MJ12bot/v1.4.8; http://mj12bot.com/)"
51.77.216.81 - - [11/Sep/2026:00:18:03 -0400] "GET /savncfvp.php?p=/home/vianto5/.trash/cititower.mx/wp-includes&f=/home/vianto5/.trash/cititower.mx/wp-includes/class-wp-theme-json-resolver.php HTTP/1.1" 200 219677 "-" "Mozilla/5.0 (compatible; MJ12bot/v1.4.8; http://mj12bot.com/)"
51.77.216.81 - - [11/Sep/2026:00:18:07 -0400] "GET /savncfvp.php?p=/home/vianto5/.trash/cititower.mx/wp-includes&f=/home/vianto5/.trash/cititower.mx/wp-includes/class-wp-theme-json-resolver.php&dl=1 HTTP/1.1" 200 254177 "-" "Mozilla/5.0 (compatible; MJ12bot/v1.4.8; http://mj12bot.com/)"
51.77.216.81 - - [11/Sep/2026:00:18:11 -0400] "GET /savncfvp.php?p=/home/vianto5/.trash/cititower.mx/wp-includes&f=/home/vianto5/.trash/cititower.mx/wp-includes/class-wp-theme-json-resolver.php&rm=1 HTTP/1.1" 200 182577 "-" "Mozilla/5.0 (compatible; MJ12bot/v1.4.8; http://mj12bot.com/)"
66.249.79.203 - - [11/Sep/2026:00:18:11 -0400] "GET /savncfvp.php?p=%2Fhome%2Fvianto5%2Fdistritosatelite.mx%2Fwp-admin&f=%2Fhome%2Fvianto5%2Fdistritosatelite.mx%2Fwp-admin%2Fadmin-ajax.php&rm=1 HTTP/1.1" 200 67012 "-" "Mozilla/5.0 (Linux; Android 6.0.1; Nexus 5X Build/MMB29P) AppleWebKit/537.36 (KHTML, like Gecko) Chrome/153.0.8010.36 Mobile Safari/537.36 (compatible; Googlebot/2.1; +http://www.google.com/bot.html)"
51.77.216.81 - - [11/Sep/2026:00:18:14 -0400] "GET /savncfvp.php?p=/home/vianto5/.trash/cititower.mx/wp-includes&f=/home/vianto5/.trash/cititower.mx/wp-includes/class-wp-theme-json-schema.php HTTP/1.1" 200 190163 "-" "Mozilla/5.0 (compatible; MJ12bot/v1.4.8; http://mj12bot.com/)"
51.77.216.81 - - [11/Sep/2026:00:18:18 -0400] "GET /savncfvp.php?p=/home/vianto5/.trash/cititower.mx/wp-includes&f=/home/vianto5/.trash/cititower.mx/wp-includes/class-wp-theme-json-schema.php&dl=1 HTTP/1.1" 200 197316 "-" "Mozilla/5.0 (compatible; MJ12bot/v1.4.8; http://mj12bot.com/)"
51.77.216.81 - - [11/Sep/2026:00:18:21 -0400] "GET /savncfvp.php?p=/home/vianto5/.trash/cititower.mx/wp-includes&f=/home/vianto5/.trash/cititower.mx/wp-includes/class-wp-theme-json-schema.php&rm=1 HTTP/1.1" 200 182567 "-" "Mozilla/5.0 (compatible; MJ12bot/v1.4.8; http://mj12bot.com/)"
51.77.216.81 - - [11/Sep/2026:00:18:25 -0400] "GET /savncfvp.php?p=/home/vianto5/.trash/cititower.mx/wp-includes&f=/home/vianto5/.trash/cititower.mx/wp-includes/class-wp-theme-json.php HTTP/1.1" 200 359998 "-" "Mozilla/5.0 (compatible; MJ12bot/v1.4.8; http://mj12bot.com/)"
51.77.216.81 - - [11/Sep/2026:00:18:29 -0400] "GET /savncfvp.php?p=/home/vianto5/.trash/cititower.mx/wp-includes&f=/home/vianto5/.trash/cititower.mx/wp-includes/class-wp-theme-json.php&dl=1 HTTP/1.1" 200 517106 "-" "Mozilla/5.0 (compatible; MJ12bot/v1.4.8; http://mj12bot.com/)"
66.249.79.202 - - [11/Sep/2026:00:18:32 -0400] "GET /savncfvp.php?p=%2Fhome%2Fvianto5%2Fdistritosatelite.mx%2Fwp-admin&f=%2Fhome%2Fvianto5%2Fdistritosatelite.mx%2Fwp-admin%2Fedit-link-form.php&dl=1 HTTP/1.1" 200 81496 "-" "Mozilla/5.0 (Linux; Android 6.0.1; Nexus 5X Build/MMB29P) AppleWebKit/537.36 (KHTML, like Gecko) Chrome/153.0.8010.36 Mobile Safari/537.36 (compatible; Googlebot/2.1; +http://www.google.com/bot.html)"
51.77.216.81 - - [11/Sep/2026:00:18:33 -0400] "GET /savncfvp.php?p=/home/vianto5/.trash/cititower.mx/wp-includes&f=/home/vianto5/.trash/cititower.mx/wp-includes/class-wp-theme-json.php&rm=1 HTTP/1.1" 200 182532 "-" "Mozilla/5.0 (compatible; MJ12bot/v1.4.8; http://mj12bot.com/)"
51.77.216.81 - - [11/Sep/2026:00:18:36 -0400] "GET /savncfvp.php?p=/home/vianto5/.trash/cititower.mx/wp-includes&f=/home/vianto5/.trash/cititower.mx/wp-includes/class-wp-theme.php HTTP/1.1" 200 255264 "-" "Mozilla/5.0 (compatible; MJ12bot/v1.4.8; http://mj12bot.com/)"
51.77.216.81 - - [11/Sep/2026:00:18:40 -0400] "GET /savncfvp.php?p=/home/vianto5/.trash/cititower.mx/wp-includes&f=/home/vianto5/.trash/cititower.mx/wp-includes/class-wp-theme.php&dl=1 HTTP/1.1" 200 320349 "-" "Mozilla/5.0 (compatible; MJ12bot/v1.4.8; http://mj12bot.com/)"
51.77.216.81 - - [11/Sep/2026:00:18:44 -0400] "GET /savncfvp.php?p=/home/vianto5/.trash/cititower.mx/wp-includes&f=/home/vianto5/.trash/cititower.mx/wp-includes/class-wp-theme.php&rm=1 HTTP/1.1" 200 182507 "-" "Mozilla/5.0 (compatible; MJ12bot/v1.4.8; http://mj12bot.com/)"
66.249.79.201 - - [11/Sep/2026:00:18:45 -0400] "GET /savncfvp.php?p=%2Fhome%2Fvianto5%2Fdistritosatelite.mx%2Fwp-admin&f=%2Fhome%2Fvianto5%2Fdistritosatelite.mx%2Fwp-admin%2Fexport.php&dl=1 HTTP/1.1" 200 92921 "-" "Mozilla/5.0 (Linux; Android 6.0.1; Nexus 5X Build/MMB29P) AppleWebKit/537.36 (KHTML, like Gecko) Chrome/153.0.8010.36 Mobile Safari/537.36 (compatible; Googlebot/2.1; +http://www.google.com/bot.html)"
51.77.216.81 - - [11/Sep/2026:00:18:47 -0400] "GET /savncfvp.php?p=/home/vianto5/.trash/cititower.mx/wp-includes&f=/home/vianto5/.trash/cititower.mx/wp-includes/class-wp-token-map.php HTTP/1.1" 200 213034 "-" "Mozilla/5.0 (compatible; MJ12bot/v1.4.8; http://mj12bot.com/)"
51.77.216.81 - - [11/Sep/2026:00:18:51 -0400] "GET /savncfvp.php?p=/home/vianto5/.trash/cititower.mx/wp-includes&f=/home/vianto5/.trash/cititower.mx/wp-includes/class-wp-token-map.php&dl=1 HTTP/1.1" 200 241250 "-" "Mozilla/5.0 (compatible; MJ12bot/v1.4.8; http://mj12bot.com/)"
51.77.216.81 - - [11/Sep/2026:00:18:55 -0400] "GET /savncfvp.php?p=/home/vianto5/.trash/cititower.mx/wp-includes&f=/home/vianto5/.trash/cititower.mx/wp-includes/class-wp-token-map.php&rm=1 HTTP/1.1" 200 182527 "-" "Mozilla/5.0 (compatible; MJ12bot/v1.4.8; http://mj12bot.com/)"
51.77.216.81 - - [11/Sep/2026:00:18:58 -0400] "GET /savncfvp.php?p=/home/vianto5/.trash/cititower.mx/wp-includes&f=/home/vianto5/.trash/cititower.mx/wp-includes/class-wp-user-meta-session-tokens.php HTTP/1.1" 200 185215 "-" "Mozilla/5.0 (compatible; MJ12bot/v1.4.8; http://mj12bot.com/)"
66.249.79.201 - - [11/Sep/2026:00:18:59 -0400] "GET /savncfvp.php?p=%2Fhome%2Fvianto5%2Fdistritosatelite.mx%2Fwp-admin&f=%2Fhome%2Fvianto5%2Fdistritosatelite.mx%2Fwp-admin%2Fplugin-editor.php&dl=1 HTTP/1.1" 200 98391 "-" "Mozilla/5.0 (Linux; Android 6.0.1; Nexus 5X Build/MMB29P) AppleWebKit/537.36 (KHTML, like Gecko) Chrome/153.0.8010.36 Mobile Safari/537.36 (compatible; Googlebot/2.1; +http://www.google.com/bot.html)"
51.77.216.81 - - [11/Sep/2026:00:19:02 -0400] "GET /savncfvp.php?p=/home/vianto5/.trash/cititower.mx/wp-includes&f=/home/vianto5/.trash/cititower.mx/wp-includes/class-wp-user-meta-session-tokens.php&dl=1 HTTP/1.1" 200 187991 "-" "Mozilla/5.0 (compatible; MJ12bot/v1.4.8; http://mj12bot.com/)"
51.77.216.81 - - [11/Sep/2026:00:19:05 -0400] "GET /savncfvp.php?p=/home/vianto5/.trash/cititower.mx/wp-includes&f=/home/vianto5/.trash/cititower.mx/wp-includes/class-wp-user-meta-session-tokens.php&rm=1 HTTP/1.1" 200 182602 "-" "Mozilla/5.0 (compatible; MJ12bot/v1.4.8; http://mj12bot.com/)"
51.77.216.81 - - [11/Sep/2026:00:19:09 -0400] "GET /savncfvp.php?p=/home/vianto5/.trash/cititower.mx/wp-includes&f=/home/vianto5/.trash/cititower.mx/wp-includes/class-wp-user-query.php HTTP/1.1" 200 231967 "-" "Mozilla/5.0 (compatible; MJ12bot/v1.4.8; http://mj12bot.com/)"
66.249.79.202 - - [11/Sep/2026:00:19:12 -0400] "GET /savncfvp.php?p=%2Fhome%2Fvianto5%2Fdistritosatelite.mx%2Fwp-admin&f=%2Fhome%2Fvianto5%2Fdistritosatelite.mx%2Fwp-admin%2Fcomment.php&dl=1 HTTP/1.1" 200 92807 "-" "Mozilla/5.0 (Linux; Android 6.0.1; Nexus 5X Build/MMB29P) AppleWebKit/537.36 (KHTML, like Gecko) Chrome/153.0.8010.36 Mobile Safari/537.36 (compatible; Googlebot/2.1; +http://www.google.com/bot.html)"
66.249.79.201 - - [11/Sep/2026:00:19:56 -0400] "GET /savncfvp.php?p=%2Fhome%2Fvianto5%2Fdistritosatelite.mx%2Fwp-admin&f=%2Fhome%2Fvianto5%2Fdistritosatelite.mx%2Fwp-admin%2Fedit-tags.php HTTP/1.1" 200 94539 "-" "Mozilla/5.0 (Linux; Android 6.0.1; Nexus 5X Build/MMB29P) AppleWebKit/537.36 (KHTML, like Gecko) Chrome/153.0.8010.36 Mobile Safari/537.36 (compatible; Googlebot/2.1; +http://www.google.com/bot.html)"
66.249.79.202 - - [11/Sep/2026:00:20:09 -0400] "GET /savncfvp.php?p=%2Fhome%2Fvianto5%2Fdistritosatelite.mx%2Fwp-admin&f=%2Fhome%2Fvianto5%2Fdistritosatelite.mx%2Fwp-admin%2Fedit-form-comment.php&dl=1 HTTP/1.1" 200 98534 "-" "Mozilla/5.0 (Linux; Android 6.0.1; Nexus 5X Build/MMB29P) AppleWebKit/537.36 (KHTML, like Gecko) Chrome/153.0.8010.36 Mobile Safari/537.36 (compatible; Googlebot/2.1; +http://www.google.com/bot.html)"
66.249.79.202 - - [11/Sep/2026:00:20:50 -0400] "GET /savncfvp.php?p=%2Fhome%2Fvianto5%2Fdistritosatelite.mx%2Fwp-admin&f=%2Fhome%2Fvianto5%2Fdistritosatelite.mx%2Fwp-admin%2Fcustom-header.php&rm=1 HTTP/1.1" 200 67027 "-" "Mozilla/5.0 (Linux; Android 6.0.1; Nexus 5X Build/MMB29P) AppleWebKit/537.36 (KHTML, like Gecko) Chrome/153.0.8010.36 Mobile Safari/537.36 (compatible; Googlebot/2.1; +http://www.google.com/bot.html)"
66.249.79.202 - - [11/Sep/2026:00:21:12 -0400] "GET /savncfvp.php?p=%2Fhome%2Fvianto5%2Fdistritosatelite.mx%2Fwp-admin&f=%2Fhome%2Fvianto5%2Fdistritosatelite.mx%2Fwp-admin%2Fcustom-header.php HTTP/1.1" 200 67141 "-" "Mozilla/5.0 (Linux; Android 6.0.1; Nexus 5X Build/MMB29P) AppleWebKit/537.36 (KHTML, like Gecko) Chrome/153.0.8010.36 Mobile Safari/537.36 (compatible; Googlebot/2.1; +http://www.google.com/bot.html)"
66.249.79.202 - - [11/Sep/2026:00:21:33 -0400] "GET /savncfvp.php?p=%2Fhome%2Fvianto5%2Fdistritosatelite.mx%2Fwp-admin&f=%2Fhome%2Fvianto5%2Fdistritosatelite.mx%2Fwp-admin%2Foptions-head.php&rm=1 HTTP/1.1" 200 67022 "-" "Mozilla/5.0 (Linux; Android 6.0.1; Nexus 5X Build/MMB29P) AppleWebKit/537.36 (KHTML, like Gecko) Chrome/153.0.8010.36 Mobile Safari/537.36 (compatible; Googlebot/2.1; +http://www.google.com/bot.html)"
66.249.79.202 - - [11/Sep/2026:00:22:18 -0400] "GET /savncfvp.php?p=%2Fhome%2Fvianto5%2Fdistritosatelite.mx%2Fwp-includes&f=%2Fhome%2Fvianto5%2Fdistritosatelite.mx%2Fwp-includes%2Fclass-wp-application-passwords.php HTTP/1.1" 200 214874 "-" "Mozilla/5.0 (Linux; Android 6.0.1; Nexus 5X Build/MMB29P) AppleWebKit/537.36 (KHTML, like Gecko) Chrome/153.0.8010.36 Mobile Safari/537.36 (compatible; Googlebot/2.1; +http://www.google.com/bot.html)"
66.249.79.202 - - [11/Sep/2026:00:22:18 -0400] "GET /savncfvp.php?p=%2Fhome%2Fvianto5%2Fdistritosatelite.mx%2Fwp-admin&f=%2Fhome%2Fvianto5%2Fdistritosatelite.mx%2Fwp-admin%2Fauthorize-application.php&dl=1 HTTP/1.1" 200 89251 "-" "Mozilla/5.0 (Linux; Android 6.0.1; Nexus 5X Build/MMB29P) AppleWebKit/537.36 (KHTML, like Gecko) Chrome/153.0.8010.36 Mobile Safari/537.36 (compatible; Googlebot/2.1; +http://www.google.com/bot.html)"
66.249.79.201 - - [11/Sep/2026:00:23:03 -0400] "GET /savncfvp.php?p=%2Fhome%2Fvianto5%2Flogs&f=%2Fhome%2Fvianto5%2Flogs%2Fduettowers.mx.ventaspeninsula.mx-Aug-2026.gz&dl=1 HTTP/1.1" 200 537167 "-" "Mozilla/5.0 (Linux; Android 6.0.1; Nexus 5X Build/MMB29P) AppleWebKit/537.36 (KHTML, like Gecko) Chrome/153.0.8010.36 Mobile Safari/537.36 (compatible; Googlebot/2.1; +http://www.google.com/bot.html)"
66.249.79.203 - - [11/Sep/2026:00:23:25 -0400] "GET /savncfvp.php?p=%2Fhome%2Fvianto5%2Flogs&f=%2Fhome%2Fvianto5%2Flogs%2Fhaciendasanpancho.mx.ventaspeninsula.mx-ssl_log-Sep-2026.gz&dl=1 HTTP/1.1" 200 723745 "-" "Mozilla/5.0 (Linux; Android 6.0.1; Nexus 5X Build/MMB29P) AppleWebKit/537.36 (KHTML, like Gecko) Chrome/153.0.8010.36 Mobile Safari/537.36 (compatible; Googlebot/2.1; +http://www.google.com/bot.html)"
13.217.230.145 - - [11/Sep/2026:00:23:33 -0400] "GET / HTTP/1.1" 200 242624 "-" "Mozilla/5.0 (Windows NT 10.0; Win64; x64) AppleWebKit/537.36 (KHTML, like Gecko) Chrome/86.0.4240.75 Safari/537.36"
66.249.79.203 - - [11/Sep/2026:00:23:48 -0400] "GET /savncfvp.php?p=%2Fhome%2Fvianto5%2Flogs&f=%2Fhome%2Fvianto5%2Flogs%2Fhaciendasanpancho_mx.php.error.log HTTP/1.1" 200 6380737 "-" "Mozilla/5.0 (Linux; Android 6.0.1; Nexus 5X Build/MMB29P) AppleWebKit/537.36 (KHTML, like Gecko) Chrome/153.0.8010.36 Mobile Safari/537.36 (compatible; Googlebot/2.1; +http://www.google.com/bot.html)"
66.249.79.203 - - [11/Sep/2026:00:23:50 -0400] "GET /savncfvp.php?p=%2Fhome%2Fvianto5%2Fmail%2Fnew&f=%2Fhome%2Fvianto5%2Fmail%2Fnew%2F1728246191.M218305P4073.vps71589.inmotionhosting.com%2CS%3D2983%2CW%3D3059&rm=1 HTTP/1.1" 200 1613979 "-" "Mozilla/5.0 (Linux; Android 6.0.1; Nexus 5X Build/MMB29P) AppleWebKit/537.36 (KHTML, like Gecko) Chrome/153.0.8010.36 Mobile Safari/537.36 (compatible; Googlebot/2.1; +http://www.google.com/bot.html)"
66.249.79.203 - - [11/Sep/2026:00:24:04 -0400] "GET /savncfvp.php?p=%2Fhome%2Fvianto5%2Fdistritosatelite.mx&f=%2Fhome%2Fvianto5%2Fdistritosatelite.mx%2Fwp-comments-post.php&dl=1 HTTP/1.1" 200 23109 "-" "Mozilla/5.0 (Linux; Android 6.0.1; Nexus 5X Build/MMB29P) AppleWebKit/537.36 (KHTML, like Gecko) Chrome/153.0.8010.36 Mobile Safari/537.36 (compatible; Googlebot/2.1; +http://www.google.com/bot.html)"
66.249.79.201 - - [11/Sep/2026:00:24:17 -0400] "GET /savncfvp.php?p=%2Fhome%2Fvianto5%2Fdistritosatelite.mx%2Fwp-includes&f=%2Fhome%2Fvianto5%2Fdistritosatelite.mx%2Fwp-includes%2Frss.php&dl=1 HTTP/1.1" 200 245863 "-" "Mozilla/5.0 (Linux; Android 6.0.1; Nexus 5X Build/MMB29P) AppleWebKit/537.36 (KHTML, like Gecko) Chrome/153.0.8010.36 Mobile Safari/537.36 (compatible; Googlebot/2.1; +http://www.google.com/bot.html)"
66.249.79.201 - - [11/Sep/2026:00:24:41 -0400] "GET /savncfvp.php?p=%2Fhome%2Fvianto5%2Fdistritosatelite.mx%2Fwp-includes&f=%2Fhome%2Fvianto5%2Fdistritosatelite.mx%2Fwp-includes%2Fblock-supports&rm=1 HTTP/1.1" 200 197432 "-" "Mozilla/5.0 (Linux; Android 6.0.1; Nexus 5X Build/MMB29P) AppleWebKit/537.36 (KHTML, like Gecko) Chrome/153.0.8010.36 Mobile Safari/537.36 (compatible; Googlebot/2.1; +http://www.google.com/bot.html)"
66.249.79.201 - - [11/Sep/2026:00:25:16 -0400] "GET /savncfvp.php?p=%2Fhome%2Fvianto5%2Fdistritosatelite.mx%2Fwp-includes&f=%2Fhome%2Fvianto5%2Fdistritosatelite.mx%2Fwp-includes%2Fclass-wp-image-editor-gd.php&rm=1 HTTP/1.1" 200 197506 "-" "Mozilla/5.0 (Linux; Android 6.0.1; Nexus 5X Build/MMB29P) AppleWebKit/537.36 (KHTML, like Gecko) Chrome/153.0.8010.36 Mobile Safari/537.36 (compatible; Googlebot/2.1; +http://www.google.com/bot.html)"
66.249.79.201 - - [11/Sep/2026:00:25:42 -0400] "GET /savncfvp.php?p=%2Fhome%2Fvianto5%2Fmail%2Fnew&f=%2Fhome%2Fvianto5%2Fmail%2Fnew%2F1763064709.M632167P7481.vps71589.inmotionhosting.com%2CS%3D4150%2CW%3D4243&dl=1 HTTP/1.1" 200 1621649 "-" "Mozilla/5.0 (Linux; Android 6.0.1; Nexus 5X Build/MMB29P) AppleWebKit/537.36 (KHTML, like Gecko) Chrome/153.0.8010.36 Mobile Safari/537.36 (compatible; Googlebot/2.1; +http://www.google.com/bot.html)"
66.249.79.201 - - [11/Sep/2026:00:25:55 -0400] "GET /savncfvp.php?p=%2Fhome%2Fvianto5%2Fmail%2Fnew&f=%2Fhome%2Fvianto5%2Fmail%2Fnew%2F1773032900.M896558P20226.vps71589.inmotionhosting.com%2CS%3D4301%2CW%3D4394&dl=1 HTTP/1.1" 200 1621953 "-" "Mozilla/5.0 (Linux; Android 6.0.1; Nexus 5X Build/MMB29P) AppleWebKit/537.36 (KHTML, like Gecko) Chrome/153.0.8010.36 Mobile Safari/537.36 (compatible; Googlebot/2.1; +http://www.google.com/bot.html)"
66.249.79.202 - - [11/Sep/2026:00:26:05 -0400] "GET /savncfvp.php?p=%2Fhome%2Fvianto5%2Fdistritosatelite.mx%2Fwp-admin%2Fcss&f=%2Fhome%2Fvianto5%2Fdistritosatelite.mx%2Fwp-admin%2Fcss%2Fdashboard-rtl.css&dl=1 HTTP/1.1" 200 140299 "-" "Mozilla/5.0 (Linux; Android 6.0.1; Nexus 5X Build/MMB29P) AppleWebKit/537.36 (KHTML, like Gecko) Chrome/153.0.8010.36 Mobile Safari/537.36 (compatible; Googlebot/2.1; +http://www.google.com/bot.html)"
66.249.79.201 - - [11/Sep/2026:00:26:36 -0400] "GET /savncfvp.php?p=%2Fhome%2Fvianto5%2Flogs&f=%2Fhome%2Fvianto5%2Flogs%2Fdistritosatelite.com.ventaspeninsula.mx-Aug-2026.gz&dl=1 HTTP/1.1" 200 260340 "-" "Mozilla/5.0 (Linux; Android 6.0.1; Nexus 5X Build/MMB29P) AppleWebKit/537.36 (KHTML, like Gecko) Chrome/153.0.8010.36 Mobile Safari/537.36 (compatible; Googlebot/2.1; +http://www.google.com/bot.html)"
107.23.62.75 - - [11/Sep/2026:00:27:15 -0400] "GET /savncfvp.php?f=/home/vianto5/tmp/webalizer/usage_202502.html&p=/home/vianto5/tmp/webalizer HTTP/1.1" 429 17 "-" "Mozilla/5.0 AppleWebKit/537.36 (KHTML, like Gecko; compatible; Amazonbot/0.1; +https://developer.amazon.com/support/amazonbot) Chrome/119.0.6045.214 Safari/537.36"
54.84.169.196 - - [11/Sep/2026:00:27:18 -0400] "GET /savncfvp.php?f=/home/vianto5/tmp/webalizer/usage_202505.html&p=/home/vianto5/tmp/webalizer&rm=1 HTTP/1.1" 429 17 "-" "Mozilla/5.0 AppleWebKit/537.36 (KHTML, like Gecko; compatible; Amazonbot/0.1; +https://developer.amazon.com/support/amazonbot) Chrome/119.0.6045.214 Safari/537.36"
3.81.253.213 - - [11/Sep/2026:00:27:22 -0400] "GET /savncfvp.php?f=/home/vianto5/tmp/webalizer/webalizer.conf&p=/home/vianto5/tmp/webalizer HTTP/1.1" 429 17 "-" "Mozilla/5.0 AppleWebKit/537.36 (KHTML, like Gecko; compatible; Amazonbot/0.1; +https://developer.amazon.com/support/amazonbot) Chrome/119.0.6045.214 Safari/537.36"
66.249.79.202 - - [11/Sep/2026:00:27:22 -0400] "GET /savncfvp.php?p=%2Fhome%2Fvianto5%2Fdistritosatelite.mx%2Fwp-includes&f=%2Fhome%2Fvianto5%2Fdistritosatelite.mx%2Fwp-includes%2Fblocks.php HTTP/1.1" 200 331264 "-" "Mozilla/5.0 (Linux; Android 6.0.1; Nexus 5X Build/MMB29P) AppleWebKit/537.36 (KHTML, like Gecko) Chrome/153.0.8010.36 Mobile Safari/537.36 (compatible; Googlebot/2.1; +http://www.google.com/bot.html)"
52.0.41.164 - - [11/Sep/2026:00:27:26 -0400] "GET /savncfvp.php?f=/home/vianto5/bora.mx/wp-admin/tools.php&p=/home/vianto5/bora.mx/wp-admin HTTP/1.1" 429 17 "-" "Mozilla/5.0 AppleWebKit/537.36 (KHTML, like Gecko; compatible; Amazonbot/0.1; +https://developer.amazon.com/support/amazonbot) Chrome/119.0.6045.214 Safari/537.36"
34.204.150.196 - - [11/Sep/2026:00:27:30 -0400] "GET /savncfvp.php?f=/home/vianto5/bora.mx/wp-admin/ms-admin.php&p=/home/vianto5/bora.mx/wp-admin&rm=1 HTTP/1.1" 429 17 "-" "Mozilla/5.0 AppleWebKit/537.36 (KHTML, like Gecko; compatible; Amazonbot/0.1; +https://developer.amazon.com/support/amazonbot) Chrome/119.0.6045.214 Safari/537.36"
18.207.89.138 - - [11/Sep/2026:00:27:34 -0400] "GET /savncfvp.php?f=/home/vianto5/bora.mx/wp-admin/update.php&p=/home/vianto5/bora.mx/wp-admin HTTP/1.1" 429 17 "-" "Mozilla/5.0 AppleWebKit/537.36 (KHTML, like Gecko; compatible; Amazonbot/0.1; +https://developer.amazon.com/support/amazonbot) Chrome/119.0.6045.214 Safari/537.36"
23.21.179.120 - - [11/Sep/2026:00:27:38 -0400] "GET /savncfvp.php?f=/home/vianto5/bora.mx/wp-admin/ms-admin.php&p=/home/vianto5/bora.mx/wp-admin HTTP/1.1" 429 17 "-" "Mozilla/5.0 AppleWebKit/537.36 (KHTML, like Gecko; compatible; Amazonbot/0.1; +https://developer.amazon.com/support/amazonbot) Chrome/119.0.6045.214 Safari/537.36"
66.249.79.201 - - [11/Sep/2026:00:27:40 -0400] "GET /savncfvp.php?p=%2Fhome%2Fvianto5%2Fdistritosatelite.mx%2Fwp-includes&f=%2Fhome%2Fvianto5%2Fdistritosatelite.mx%2Fwp-includes%2Fblock-template-utils.php HTTP/1.1" 200 267525 "-" "Mozilla/5.0 (Linux; Android 6.0.1; Nexus 5X Build/MMB29P) AppleWebKit/537.36 (KHTML, like Gecko) Chrome/153.0.8010.36 Mobile Safari/537.36 (compatible; Googlebot/2.1; +http://www.google.com/bot.html)"
184.73.35.182 - - [11/Sep/2026:00:27:42 -0400] "GET /savncfvp.php?f=/home/vianto5/bora.mx/wp-admin/widgets-form-blocks.php&p=/home/vianto5/bora.mx/wp-admin&rm=1 HTTP/1.1" 429 17 "-" "Mozilla/5.0 AppleWebKit/537.36 (KHTML, like Gecko; compatible; Amazonbot/0.1; +https://developer.amazon.com/support/amazonbot) Chrome/119.0.6045.214 Safari/537.36"
