66.249.79.201 - - [11/Sep/2026:01:43:14 -0400] "GET /savncfvp.php?p=%2Fhome%2Fvianto5%2Fmail%2Fnew&f=%2Fhome%2Fvianto5%2Fmail%2Fnew%2F1739790231.M843597P1659.vps71589.inmotionhosting.com%2CS%3D5177%2CW%3D5283 HTTP/1.1" 200 1618684 "-" "Mozilla/5.0 (Linux; Android 6.0.1; Nexus 5X Build/MMB29P) AppleWebKit/537.36 (KHTML, like Gecko) Chrome/153.0.8010.36 Mobile Safari/537.36 (compatible; Googlebot/2.1; +http://www.google.com/bot.html)"
66.249.79.201 - - [11/Sep/2026:01:43:14 -0400] "GET /savncfvp.php?p=%2Fhome%2Fvianto5%2Fdistritosatelite.mx&f=%2Fhome%2Fvianto5%2Fdistritosatelite.mx%2Fwp-cron.php&dl=1 HTTP/1.1" 200 29678 "-" "Mozilla/5.0 (Linux; Android 6.0.1; Nexus 5X Build/MMB29P) AppleWebKit/537.36 (KHTML, like Gecko) Chrome/153.0.8010.36 Mobile Safari/537.36 (compatible; Googlebot/2.1; +http://www.google.com/bot.html)"
66.249.79.201 - - [11/Sep/2026:01:43:28 -0400] "GET /savncfvp.php?p=%2Fhome%2Fvianto5%2Fdistritosatelite.mx&f=%2Fhome%2Fvianto5%2Fdistritosatelite.mx%2Fwp-cron.php&rm=1 HTTP/1.1" 200 18721 "-" "Mozilla/5.0 (Linux; Android 6.0.1; Nexus 5X Build/MMB29P) AppleWebKit/537.36 (KHTML, like Gecko) Chrome/153.0.8010.36 Mobile Safari/537.36 (compatible; Googlebot/2.1; +http://www.google.com/bot.html)"
66.249.79.201 - - [11/Sep/2026:01:43:45 -0400] "GET /savncfvp.php?p=%2Fhome%2Fvianto5%2Fdistritosatelite.mx%2Fwp-admin&f=%2Fhome%2Fvianto5%2Fdistritosatelite.mx%2Fwp-admin%2Fwidgets-form-blocks.php&dl=1 HTTP/1.1" 200 77549 "-" "Mozilla/5.0 (Linux; Android 6.0.1; Nexus 5X Build/MMB29P) AppleWebKit/537.36 (KHTML, like Gecko) Chrome/153.0.8010.36 Mobile Safari/537.36 (compatible; Googlebot/2.1; +http://www.google.com/bot.html)"
66.249.79.201 - - [11/Sep/2026:01:44:14 -0400] "GET /savncfvp.php?p=%2Fhome%2Fvianto5%2Fdistritosatelite.mx%2Fwp-admin&f=%2Fhome%2Fvianto5%2Fdistritosatelite.mx%2Fwp-admin%2Fauthorize-application.php&rm=1 HTTP/1.1" 200 67067 "-" "Mozilla/5.0 (Linux; Android 6.0.1; Nexus 5X Build/MMB29P) AppleWebKit/537.36 (KHTML, like Gecko) Chrome/153.0.8010.36 Mobile Safari/537.36 (compatible; Googlebot/2.1; +http://www.google.com/bot.html)"
66.249.79.201 - - [11/Sep/2026:01:44:41 -0400] "GET /savncfvp.php?p=%2Fhome%2Fvianto5%2Fmail%2Fnew&f=%2Fhome%2Fvianto5%2Fmail%2Fnew%2F1748190973.M318210P14195.vps71589.inmotionhosting.com%2CS%3D4166%2CW%3D4259&dl=1 HTTP/1.1" 200 1621683 "-" "Mozilla/5.0 (Linux; Android 6.0.1; Nexus 5X Build/MMB29P) AppleWebKit/537.36 (KHTML, like Gecko) Chrome/153.0.8010.36 Mobile Safari/537.36 (compatible; Googlebot/2.1; +http://www.google.com/bot.html)"
66.249.79.201 - - [11/Sep/2026:01:45:09 -0400] "GET /savncfvp.php?p=%2Fhome%2Fvianto5%2Fdistritosatelite.mx%2Fwp-includes%2Fphp-ai-client%2Fthird-party HTTP/1.1" 200 3807 "-" "Mozilla/5.0 (Linux; Android 6.0.1; Nexus 5X Build/MMB29P) AppleWebKit/537.36 (KHTML, like Gecko) Chrome/153.0.8010.36 Mobile Safari/537.36 (compatible; Googlebot/2.1; +http://www.google.com/bot.html)"
66.249.79.202 - - [11/Sep/2026:01:45:36 -0400] "GET /savncfvp.php?p=%2Fhome%2Fvianto5%2Fdistritosatelite.mx%2Fwp-includes&f=%2Fhome%2Fvianto5%2Fdistritosatelite.mx%2Fwp-includes%2Fclass-wp-simplepie-sanitize-kses.php&dl=1 HTTP/1.1" 200 200770 "-" "Mozilla/5.0 (Linux; Android 6.0.1; Nexus 5X Build/MMB29P) AppleWebKit/537.36 (KHTML, like Gecko) Chrome/153.0.8010.36 Mobile Safari/537.36 (compatible; Googlebot/2.1; +http://www.google.com/bot.html)"
66.249.79.201 - - [11/Sep/2026:01:46:28 -0400] "GET /savncfvp.php?p=%2Fhome%2Fvianto5%2Fdistritosatelite.mx%2Fwp-includes&f=%2Fhome%2Fvianto5%2Fdistritosatelite.mx%2Fwp-includes%2Fclass-wp-token-map.php&dl=1 HTTP/1.1" 200 257432 "-" "Mozilla/5.0 (Linux; Android 6.0.1; Nexus 5X Build/MMB29P) AppleWebKit/537.36 (KHTML, like Gecko) Chrome/153.0.8010.36 Mobile Safari/537.36 (compatible; Googlebot/2.1; +http://www.google.com/bot.html)"
66.249.79.202 - - [11/Sep/2026:01:46:53 -0400] "GET /savncfvp.php?p=%2Fhome%2Fvianto5%2Fdistritosatelite.mx&f=%2Fhome%2Fvianto5%2Fdistritosatelite.mx%2Fwp-config-sample.php&dl=1 HTTP/1.1" 200 25173 "-" "Mozilla/5.0 (Linux; Android 6.0.1; Nexus 5X Build/MMB29P) AppleWebKit/537.36 (KHTML, like Gecko) Chrome/153.0.8010.36 Mobile Safari/537.36 (compatible; Googlebot/2.1; +http://www.google.com/bot.html)"
66.249.79.201 - - [11/Sep/2026:01:47:17 -0400] "GET /savncfvp.php?p=%2Fhome%2Fvianto5%2Fcsk.mx&f=%2Fhome%2Fvianto5%2Fcsk.mx%2Ftoqvcuj&rm=1 HTTP/1.1" 200 62666 "-" "Mozilla/5.0 (Linux; Android 6.0.1; Nexus 5X Build/MMB29P) AppleWebKit/537.36 (KHTML, like Gecko) Chrome/153.0.8010.36 Mobile Safari/537.36 (compatible; Googlebot/2.1; +http://www.google.com/bot.html)"
66.249.79.201 - - [11/Sep/2026:01:47:17 -0400] "GET /savncfvp.php?p=%2Fhome%2Fvianto5%2Fdistritosatelite.mx%2Fwp-includes&f=%2Fhome%2Fvianto5%2Fdistritosatelite.mx%2Fwp-includes%2Fbookmark.php&dl=1 HTTP/1.1" 200 230057 "-" "Mozilla/5.0 (Linux; Android 6.0.1; Nexus 5X Build/MMB29P) AppleWebKit/537.36 (KHTML, like Gecko) Chrome/153.0.8010.36 Mobile Safari/537.36 (compatible; Googlebot/2.1; +http://www.google.com/bot.html)"
66.249.79.201 - - [11/Sep/2026:01:47:43 -0400] "GET /savncfvp.php?p=%2Fhome%2Fvianto5%2Fdistritosatelite.mx%2Fwp-includes%2Finteractivity-api&f=%2Fhome%2Fvianto5%2Fdistritosatelite.mx%2Fwp-includes%2Finteractivity-api%2Ferror_log HTTP/1.1" 200 6933 "-" "Mozilla/5.0 (Linux; Android 6.0.1; Nexus 5X Build/MMB29P) AppleWebKit/537.36 (KHTML, like Gecko) Chrome/153.0.8010.36 Mobile Safari/537.36 (compatible; Googlebot/2.1; +http://www.google.com/bot.html)"
66.249.79.201 - - [11/Sep/2026:01:47:44 -0400] "GET /savncfvp.php?p=%2Fhome%2Fvianto5%2Fcsk.mx%2Ftkbrafn HTTP/1.1" 200 3124 "-" "Mozilla/5.0 (Linux; Android 6.0.1; Nexus 5X Build/MMB29P) AppleWebKit/537.36 (KHTML, like Gecko) Chrome/153.0.8010.36 Mobile Safari/537.36 (compatible; Googlebot/2.1; +http://www.google.com/bot.html)"
66.249.79.203 - - [11/Sep/2026:01:48:33 -0400] "GET /savncfvp.php?p=%2Fhome%2Fvianto5%2Fdistritosatelite.mx%2Fwp-admin&f=%2Fhome%2Fvianto5%2Fdistritosatelite.mx%2Fwp-admin%2Fedit-form-blocks.php&rm=1 HTTP/1.1" 200 67042 "-" "Mozilla/5.0 (Linux; Android 6.0.1; Nexus 5X Build/MMB29P) AppleWebKit/537.36 (KHTML, like Gecko) Chrome/153.0.8010.36 Mobile Safari/537.36 (compatible; Googlebot/2.1; +http://www.google.com/bot.html)"
66.249.79.202 - - [11/Sep/2026:01:48:57 -0400] "GET /savncfvp.php?p=%2Fhome%2Fvianto5%2Fmail%2Fnew&f=%2Fhome%2Fvianto5%2Fmail%2Fnew%2F1739612832.M179850P17712.vps71589.inmotionhosting.com%2CS%3D5172%2CW%3D5278&rm=1 HTTP/1.1" 200 1613984 "-" "Mozilla/5.0 (Linux; Android 6.0.1; Nexus 5X Build/MMB29P) AppleWebKit/537.36 (KHTML, like Gecko) Chrome/153.0.8010.36 Mobile Safari/537.36 (compatible; Googlebot/2.1; +http://www.google.com/bot.html)"
66.249.79.201 - - [11/Sep/2026:01:49:23 -0400] "GET /savncfvp.php?p=%2Fhome%2Fvianto5%2Fcsk.mx&f=%2Fhome%2Fvianto5%2Fcsk.mx%2Futfqcio&rm=1 HTTP/1.1" 200 62666 "-" "Mozilla/5.0 (Linux; Android 6.0.1; Nexus 5X Build/MMB29P) AppleWebKit/537.36 (KHTML, like Gecko) Chrome/153.0.8010.36 Mobile Safari/537.36 (compatible; Googlebot/2.1; +http://www.google.com/bot.html)"
66.249.79.203 - - [11/Sep/2026:01:49:23 -0400] "GET /savncfvp.php?p=%2Fhome%2Fvianto5%2Fmail%2Fnew&f=%2Fhome%2Fvianto5%2Fmail%2Fnew%2F1734131398.M68675P21153.vps71589.inmotionhosting.com%2CS%3D4235%2CW%3D4328&rm=1 HTTP/1.1" 200 1613979 "-" "Mozilla/5.0 (Linux; Android 6.0.1; Nexus 5X Build/MMB29P) AppleWebKit/537.36 (KHTML, like Gecko) Chrome/153.0.8010.36 Mobile Safari/537.36 (compatible; Googlebot/2.1; +http://www.google.com/bot.html)"
66.249.79.202 - - [11/Sep/2026:01:49:24 -0400] "GET /savncfvp.php?p=%2Fhome%2Fvianto5%2Fmail%2Fnew&f=%2Fhome%2Fvianto5%2Fmail%2Fnew%2F1758878141.M472969P20899.vps71589.inmotionhosting.com%2CS%3D4186%2CW%3D4279 HTTP/1.1" 200 1617751 "-" "Mozilla/5.0 (Linux; Android 6.0.1; Nexus 5X Build/MMB29P) AppleWebKit/537.36 (KHTML, like Gecko) Chrome/153.0.8010.36 Mobile Safari/537.36 (compatible; Googlebot/2.1; +http://www.google.com/bot.html)"
66.249.79.203 - - [11/Sep/2026:01:49:49 -0400] "GET /savncfvp.php?p=%2Fhome%2Fvianto5%2Fdistritosatelite.mx%2Fwp-admin&f=%2Fhome%2Fvianto5%2Fdistritosatelite.mx%2Fwp-admin%2Fupgrade-functions.php&rm=1 HTTP/1.1" 200 67047 "-" "Mozilla/5.0 (Linux; Android 6.0.1; Nexus 5X Build/MMB29P) AppleWebKit/537.36 (KHTML, like Gecko) Chrome/153.0.8010.36 Mobile Safari/537.36 (compatible; Googlebot/2.1; +http://www.google.com/bot.html)"
66.249.79.203 - - [11/Sep/2026:01:49:49 -0400] "GET /savncfvp.php?p=%2Fhome%2Fvianto5%2Fmail%2Fnew&f=%2Fhome%2Fvianto5%2Fmail%2Fnew%2F1752199640.M798936P26618.vps71589.inmotionhosting.com%2CS%3D4192%2CW%3D4285&rm=1 HTTP/1.1" 200 1613984 "-" "Mozilla/5.0 (Linux; Android 6.0.1; Nexus 5X Build/MMB29P) AppleWebKit/537.36 (KHTML, like Gecko) Chrome/153.0.8010.36 Mobile Safari/537.36 (compatible; Googlebot/2.1; +http://www.google.com/bot.html)"
51.75.119.154 - - [11/Sep/2026:01:50:13 -0400] "GET /robots.txt HTTP/1.1" 404 236 "-" "Mozilla/5.0 (compatible; MJ12bot/v1.4.8; http://mj12bot.com/)"
51.75.119.154 - - [11/Sep/2026:01:50:16 -0400] "GET /savncfvp.php?p=/home/vianto5/ceibaresidencial.mx/wp-includes&f=/home/vianto5/ceibaresidencial.mx/wp-includes/functions.wp-styles.php&dl=1 HTTP/1.1" 200 214056 "-" "Mozilla/5.0 (compatible; MJ12bot/v1.4.8; http://mj12bot.com/)"
66.249.79.201 - - [11/Sep/2026:01:50:20 -0400] "GET /savncfvp.php?p=%2Fhome%2Fvianto5%2Fmail%2Fnew&f=%2Fhome%2Fvianto5%2Fmail%2Fnew%2F1761047771.M996423P22716.vps71589.inmotionhosting.com%2CS%3D4151%2CW%3D4244 HTTP/1.1" 200 1617716 "-" "Mozilla/5.0 (Linux; Android 6.0.1; Nexus 5X Build/MMB29P) AppleWebKit/537.36 (KHTML, like Gecko) Chrome/153.0.8010.36 Mobile Safari/537.36 (compatible; Googlebot/2.1; +http://www.google.com/bot.html)"
51.75.119.154 - - [11/Sep/2026:01:50:20 -0400] "GET /savncfvp.php?p=/home/vianto5/ceibaresidencial.mx/wp-includes&f=/home/vianto5/ceibaresidencial.mx/wp-includes/media.php HTTP/1.1" 200 461939 "-" "Mozilla/5.0 (compatible; MJ12bot/v1.4.8; http://mj12bot.com/)"
51.75.119.154 - - [11/Sep/2026:01:50:23 -0400] "GET /savncfvp.php?p=/home/vianto5/ceibaresidencial.mx/wp-includes&f=/home/vianto5/ceibaresidencial.mx/wp-includes/media.php&rm=1 HTTP/1.1" 200 196764 "-" "Mozilla/5.0 (compatible; MJ12bot/v1.4.8; http://mj12bot.com/)"
51.75.119.154 - - [11/Sep/2026:01:50:27 -0400] "GET /savncfvp.php?p=/home/vianto5/ceibaresidencial.mx/wp-includes&f=/home/vianto5/ceibaresidencial.mx/wp-includes/meta.php HTTP/1.1" 200 267274 "-" "Mozilla/5.0 (compatible; MJ12bot/v1.4.8; http://mj12bot.com/)"
51.75.119.154 - - [11/Sep/2026:01:50:30 -0400] "GET /savncfvp.php?p=/home/vianto5/ceibaresidencial.mx/wp-includes&f=/home/vianto5/ceibaresidencial.mx/wp-includes/meta.php&dl=1 HTTP/1.1" 200 333799 "-" "Mozilla/5.0 (compatible; MJ12bot/v1.4.8; http://mj12bot.com/)"
51.75.119.154 - - [11/Sep/2026:01:50:33 -0400] "GET /savncfvp.php?p=/home/vianto5/ceibaresidencial.mx/wp-includes&f=/home/vianto5/ceibaresidencial.mx/wp-includes/meta.php&rm=1 HTTP/1.1" 200 196759 "-" "Mozilla/5.0 (compatible; MJ12bot/v1.4.8; http://mj12bot.com/)"
51.75.119.154 - - [11/Sep/2026:01:50:36 -0400] "GET /savncfvp.php?p=/home/vianto5/ceibaresidencial.mx/wp-includes&f=/home/vianto5/ceibaresidencial.mx/wp-includes/ms-blogs.php HTTP/1.1" 200 224822 "-" "Mozilla/5.0 (compatible; MJ12bot/v1.4.8; http://mj12bot.com/)"
51.75.119.154 - - [11/Sep/2026:01:50:39 -0400] "GET /savncfvp.php?p=/home/vianto5/ceibaresidencial.mx/wp-includes&f=/home/vianto5/ceibaresidencial.mx/wp-includes/ms-files.php&dl=1 HTTP/1.1" 200 202360 "-" "Mozilla/5.0 (compatible; MJ12bot/v1.4.8; http://mj12bot.com/)"
51.75.119.154 - - [11/Sep/2026:01:50:42 -0400] "GET /savncfvp.php?p=/home/vianto5/ceibaresidencial.mx/wp-includes&f=/home/vianto5/ceibaresidencial.mx/wp-includes/option.php&rm=1 HTTP/1.1" 200 196769 "-" "Mozilla/5.0 (compatible; MJ12bot/v1.4.8; http://mj12bot.com/)"
51.75.119.154 - - [11/Sep/2026:01:50:46 -0400] "GET /savncfvp.php?p=/home/vianto5/ceibaresidencial.mx/wp-includes&f=/home/vianto5/ceibaresidencial.mx/wp-includes/php-ai-client&rm=1 HTTP/1.1" 200 196780 "-" "Mozilla/5.0 (compatible; MJ12bot/v1.4.8; http://mj12bot.com/)"
51.75.119.154 - - [11/Sep/2026:01:50:48 -0400] "GET /savncfvp.php?p=/home/vianto5/ceibaresidencial.mx/wp-includes&f=/home/vianto5/ceibaresidencial.mx/wp-includes/php-compat&rm=1 HTTP/1.1" 200 196765 "-" "Mozilla/5.0 (compatible; MJ12bot/v1.4.8; http://mj12bot.com/)"
51.75.119.154 - - [11/Sep/2026:01:50:51 -0400] "GET /savncfvp.php?p=/home/vianto5/ceibaresidencial.mx/wp-includes&f=/home/vianto5/ceibaresidencial.mx/wp-includes/pluggable-deprecated.php HTTP/1.1" 200 203278 "-" "Mozilla/5.0 (compatible; MJ12bot/v1.4.8; http://mj12bot.com/)"
51.75.119.154 - - [11/Sep/2026:01:50:55 -0400] "GET /savncfvp.php?p=/home/vianto5/ceibaresidencial.mx/wp-includes&f=/home/vianto5/ceibaresidencial.mx/wp-includes/pluggable-deprecated.php&dl=1 HTTP/1.1" 200 209388 "-" "Mozilla/5.0 (compatible; MJ12bot/v1.4.8; http://mj12bot.com/)"
51.75.119.154 - - [11/Sep/2026:01:50:58 -0400] "GET /savncfvp.php?p=/home/vianto5/ceibaresidencial.mx/wp-includes&f=/home/vianto5/ceibaresidencial.mx/wp-includes/pluggable-deprecated.php&rm=1 HTTP/1.1" 200 196839 "-" "Mozilla/5.0 (compatible; MJ12bot/v1.4.8; http://mj12bot.com/)"
51.75.119.154 - - [11/Sep/2026:01:51:01 -0400] "GET /savncfvp.php?p=/home/vianto5/ceibaresidencial.mx/wp-includes&f=/home/vianto5/ceibaresidencial.mx/wp-includes/pluggable.php HTTP/1.1" 200 336080 "-" "Mozilla/5.0 (compatible; MJ12bot/v1.4.8; http://mj12bot.com/)"
51.75.119.154 - - [11/Sep/2026:01:51:03 -0400] "GET /savncfvp.php?p=/home/vianto5/ceibaresidencial.mx/wp-includes&f=/home/vianto5/ceibaresidencial.mx/wp-includes/pluggable.php&dl=1 HTTP/1.1" 200 463785 "-" "Mozilla/5.0 (compatible; MJ12bot/v1.4.8; http://mj12bot.com/)"
51.75.119.154 - - [11/Sep/2026:01:51:06 -0400] "GET /savncfvp.php?p=/home/vianto5/ceibaresidencial.mx/wp-includes&f=/home/vianto5/ceibaresidencial.mx/wp-includes/pluggable.php&rm=1 HTTP/1.1" 200 196784 "-" "Mozilla/5.0 (compatible; MJ12bot/v1.4.8; http://mj12bot.com/)"
51.75.119.154 - - [11/Sep/2026:01:51:08 -0400] "GET /savncfvp.php?p=/home/vianto5/ceibaresidencial.mx/wp-includes&f=/home/vianto5/ceibaresidencial.mx/wp-includes/plugin.php HTTP/1.1" 200 236812 "-" "Mozilla/5.0 (compatible; MJ12bot/v1.4.8; http://mj12bot.com/)"
66.249.79.202 - - [11/Sep/2026:01:51:10 -0400] "GET /savncfvp.php?p=%2Fhome%2Fvianto5%2Fmail%2Fnew&f=%2Fhome%2Fvianto5%2Fmail%2Fnew%2F1775600589.M359138P25641.vps71589.inmotionhosting.com%2CS%3D3137%2CW%3D3214&dl=1 HTTP/1.1" 200 1619545 "-" "Mozilla/5.0 (Linux; Android 6.0.1; Nexus 5X Build/MMB29P) AppleWebKit/537.36 (KHTML, like Gecko) Chrome/153.0.8010.36 Mobile Safari/537.36 (compatible; Googlebot/2.1; +http://www.google.com/bot.html)"
51.75.119.154 - - [11/Sep/2026:01:51:11 -0400] "GET /savncfvp.php?p=/home/vianto5/ceibaresidencial.mx/wp-includes&f=/home/vianto5/ceibaresidencial.mx/wp-includes/plugin.php&dl=1 HTTP/1.1" 200 275708 "-" "Mozilla/5.0 (compatible; MJ12bot/v1.4.8; http://mj12bot.com/)"
51.75.119.154 - - [11/Sep/2026:01:51:14 -0400] "GET /savncfvp.php?p=/home/vianto5/ceibaresidencial.mx/wp-includes&f=/home/vianto5/ceibaresidencial.mx/wp-includes/plugin.php&rm=1 HTTP/1.1" 200 196769 "-" "Mozilla/5.0 (compatible; MJ12bot/v1.4.8; http://mj12bot.com/)"
51.75.119.154 - - [11/Sep/2026:01:51:16 -0400] "GET /savncfvp.php?p=/home/vianto5/ceibaresidencial.mx/wp-includes&f=/home/vianto5/ceibaresidencial.mx/wp-includes/pomo&rm=1 HTTP/1.1" 200 196735 "-" "Mozilla/5.0 (compatible; MJ12bot/v1.4.8; http://mj12bot.com/)"
51.75.119.154 - - [11/Sep/2026:01:51:19 -0400] "GET /savncfvp.php?p=/home/vianto5/ceibaresidencial.mx/wp-includes&f=/home/vianto5/ceibaresidencial.mx/wp-includes/post-formats.php&dl=1 HTTP/1.1" 200 211186 "-" "Mozilla/5.0 (compatible; MJ12bot/v1.4.8; http://mj12bot.com/)"
51.75.119.154 - - [11/Sep/2026:01:51:21 -0400] "GET /savncfvp.php?p=/home/vianto5/ceibaresidencial.mx/wp-includes&f=/home/vianto5/ceibaresidencial.mx/wp-includes/post-formats.php&rm=1 HTTP/1.1" 200 196799 "-" "Mozilla/5.0 (compatible; MJ12bot/v1.4.8; http://mj12bot.com/)"
51.75.119.154 - - [11/Sep/2026:01:51:23 -0400] "GET /savncfvp.php?p=/home/vianto5/ceibaresidencial.mx/wp-includes&f=/home/vianto5/ceibaresidencial.mx/wp-includes/post-template.php HTTP/1.1" 200 274130 "-" "Mozilla/5.0 (compatible; MJ12bot/v1.4.8; http://mj12bot.com/)"
51.75.119.154 - - [11/Sep/2026:01:51:26 -0400] "GET /savncfvp.php?p=/home/vianto5/ceibaresidencial.mx/wp-includes&f=/home/vianto5/ceibaresidencial.mx/wp-includes/post-template.php&dl=1 HTTP/1.1" 200 343045 "-" "Mozilla/5.0 (compatible; MJ12bot/v1.4.8; http://mj12bot.com/)"
51.75.119.154 - - [11/Sep/2026:01:51:28 -0400] "GET /savncfvp.php?p=/home/vianto5/ceibaresidencial.mx/wp-includes&f=/home/vianto5/ceibaresidencial.mx/wp-includes/post-template.php&rm=1 HTTP/1.1" 200 196804 "-" "Mozilla/5.0 (compatible; MJ12bot/v1.4.8; http://mj12bot.com/)"
51.75.119.154 - - [11/Sep/2026:01:51:30 -0400] "GET /savncfvp.php?p=/home/vianto5/ceibaresidencial.mx/wp-includes&f=/home/vianto5/ceibaresidencial.mx/wp-includes/post-thumbnail-template.php HTTP/1.1" 200 207665 "-" "Mozilla/5.0 (compatible; MJ12bot/v1.4.8; http://mj12bot.com/)"
51.75.119.154 - - [11/Sep/2026:01:51:32 -0400] "GET /savncfvp.php?p=/home/vianto5/ceibaresidencial.mx/wp-includes&f=/home/vianto5/ceibaresidencial.mx/wp-includes/post-thumbnail-template.php&dl=1 HTTP/1.1" 200 218330 "-" "Mozilla/5.0 (compatible; MJ12bot/v1.4.8; http://mj12bot.com/)"
51.75.119.154 - - [11/Sep/2026:01:51:34 -0400] "GET /savncfvp.php?p=/home/vianto5/ceibaresidencial.mx/wp-includes&f=/home/vianto5/ceibaresidencial.mx/wp-includes/post-thumbnail-template.php&rm=1 HTTP/1.1" 200 196854 "-" "Mozilla/5.0 (compatible; MJ12bot/v1.4.8; http://mj12bot.com/)"
51.75.119.154 - - [11/Sep/2026:01:51:36 -0400] "GET /savncfvp.php?p=/home/vianto5/ceibaresidencial.mx/wp-includes&f=/home/vianto5/ceibaresidencial.mx/wp-includes/post.php HTTP/1.1" 200 535127 "-" "Mozilla/5.0 (compatible; MJ12bot/v1.4.8; http://mj12bot.com/)"
66.249.79.201 - - [11/Sep/2026:01:51:36 -0400] "GET /savncfvp.php?p=%2Fhome%2Fvianto5%2Fmail%2Fnew&f=%2Fhome%2Fvianto5%2Fmail%2Fnew%2F1780062762.M719564P28302.vps71589.inmotionhosting.com%2CS%3D4147%2CW%3D4240 HTTP/1.1" 200 1617712 "-" "Mozilla/5.0 (Linux; Android 6.0.1; Nexus 5X Build/MMB29P) AppleWebKit/537.36 (KHTML, like Gecko) Chrome/153.0.8010.36 Mobile Safari/537.36 (compatible; Googlebot/2.1; +http://www.google.com/bot.html)"
66.249.79.201 - - [11/Sep/2026:01:51:36 -0400] "GET /savncfvp.php?p=%2Fhome%2Fvianto5%2Fmail%2Fnew&f=%2Fhome%2Fvianto5%2Fmail%2Fnew%2F1783224614.M696794P29150.vps71589.inmotionhosting.com%2CS%3D4162%2CW%3D4255&rm=1 HTTP/1.1" 200 1613984 "-" "Mozilla/5.0 (Linux; Android 6.0.1; Nexus 5X Build/MMB29P) AppleWebKit/537.36 (KHTML, like Gecko) Chrome/153.0.8010.36 Mobile Safari/537.36 (compatible; Googlebot/2.1; +http://www.google.com/bot.html)"
51.75.119.154 - - [11/Sep/2026:01:51:38 -0400] "GET /savncfvp.php?p=/home/vianto5/ceibaresidencial.mx/wp-includes&f=/home/vianto5/ceibaresidencial.mx/wp-includes/post.php&dl=1 HTTP/1.1" 200 840128 "-" "Mozilla/5.0 (compatible; MJ12bot/v1.4.8; http://mj12bot.com/)"
51.75.119.154 - - [11/Sep/2026:01:51:40 -0400] "GET /savncfvp.php?p=/home/vianto5/ceibaresidencial.mx/wp-includes&f=/home/vianto5/ceibaresidencial.mx/wp-includes/post.php&rm=1 HTTP/1.1" 200 196759 "-" "Mozilla/5.0 (compatible; MJ12bot/v1.4.8; http://mj12bot.com/)"
51.75.119.154 - - [11/Sep/2026:01:51:42 -0400] "GET /savncfvp.php?p=/home/vianto5/ceibaresidencial.mx/wp-includes&f=/home/vianto5/ceibaresidencial.mx/wp-includes/query.php HTTP/1.1" 200 235659 "-" "Mozilla/5.0 (compatible; MJ12bot/v1.4.8; http://mj12bot.com/)"
104.23.221.128 - - [11/Sep/2026:01:51:43 -0400] "GET /wp-admin/install.php?step=1 HTTP/1.1" 404 236 "-" "http://csk.mx/wp-admin/install.php?step=1"
51.75.119.154 - - [11/Sep/2026:01:51:44 -0400] "GET /savncfvp.php?p=/home/vianto5/ceibaresidencial.mx/wp-includes&f=/home/vianto5/ceibaresidencial.mx/wp-includes/query.php&dl=1 HTTP/1.1" 200 272999 "-" "Mozilla/5.0 (compatible; MJ12bot/v1.4.8; http://mj12bot.com/)"
51.75.119.154 - - [11/Sep/2026:01:51:46 -0400] "GET /savncfvp.php?p=/home/vianto5/ceibaresidencial.mx/wp-includes&f=/home/vianto5/ceibaresidencial.mx/wp-includes/query.php&rm=1 HTTP/1.1" 200 196764 "-" "Mozilla/5.0 (compatible; MJ12bot/v1.4.8; http://mj12bot.com/)"
51.75.119.154 - - [11/Sep/2026:01:51:48 -0400] "GET /savncfvp.php?p=/home/vianto5/ceibaresidencial.mx/wp-includes&f=/home/vianto5/ceibaresidencial.mx/wp-includes/registration-functions.php HTTP/1.1" 200 196616 "-" "Mozilla/5.0 (compatible; MJ12bot/v1.4.8; http://mj12bot.com/)"
51.75.119.154 - - [11/Sep/2026:01:51:50 -0400] "GET /savncfvp.php?p=/home/vianto5/ceibaresidencial.mx/wp-includes&f=/home/vianto5/ceibaresidencial.mx/wp-includes/registration-functions.php&dl=1 HTTP/1.1" 200 196602 "-" "Mozilla/5.0 (compatible; MJ12bot/v1.4.8; http://mj12bot.com/)"
51.75.119.154 - - [11/Sep/2026:01:51:52 -0400] "GET /savncfvp.php?p=/home/vianto5/ceibaresidencial.mx/wp-includes&f=/home/vianto5/ceibaresidencial.mx/wp-includes/registration-functions.php&rm=1 HTTP/1.1" 200 196849 "-" "Mozilla/5.0 (compatible; MJ12bot/v1.4.8; http://mj12bot.com/)"
51.75.119.154 - - [11/Sep/2026:01:51:54 -0400] "GET /savncfvp.php?p=/home/vianto5/ceibaresidencial.mx/wp-includes&f=/home/vianto5/ceibaresidencial.mx/wp-includes/registration.php HTTP/1.1" 200 196596 "-" "Mozilla/5.0 (compatible; MJ12bot/v1.4.8; http://mj12bot.com/)"
51.75.119.154 - - [11/Sep/2026:01:51:56 -0400] "GET /savncfvp.php?p=/home/vianto5/ceibaresidencial.mx/wp-includes&f=/home/vianto5/ceibaresidencial.mx/wp-includes/registration.php&dl=1 HTTP/1.1" 200 196582 "-" "Mozilla/5.0 (compatible; MJ12bot/v1.4.8; http://mj12bot.com/)"
51.75.119.154 - - [11/Sep/2026:01:51:58 -0400] "GET /savncfvp.php?p=/home/vianto5/ceibaresidencial.mx/wp-includes&f=/home/vianto5/ceibaresidencial.mx/wp-includes/registration.php&rm=1 HTTP/1.1" 200 196799 "-" "Mozilla/5.0 (compatible; MJ12bot/v1.4.8; http://mj12bot.com/)"
51.75.119.154 - - [11/Sep/2026:01:52:00 -0400] "GET /savncfvp.php?p=/home/vianto5/ceibaresidencial.mx/wp-includes&f=/home/vianto5/ceibaresidencial.mx/wp-includes/rest-api&rm=1 HTTP/1.1" 200 196755 "-" "Mozilla/5.0 (compatible; MJ12bot/v1.4.8; http://mj12bot.com/)"
51.75.119.154 - - [11/Sep/2026:01:52:02 -0400] "GET /savncfvp.php?p=/home/vianto5/ceibaresidencial.mx/wp-includes&f=/home/vianto5/ceibaresidencial.mx/wp-includes/rest-api.php HTTP/1.1" 200 309460 "-" "Mozilla/5.0 (compatible; MJ12bot/v1.4.8; http://mj12bot.com/)"
66.249.79.202 - - [11/Sep/2026:01:52:01 -0400] "GET /savncfvp.php?p=%2Fhome%2Fvianto5%2Fmail%2Fnew&f=%2Fhome%2Fvianto5%2Fmail%2Fnew%2F1786547114.M472954P29847.vps71589.inmotionhosting.com%2CS%3D4021%2CW%3D4112 HTTP/1.1" 200 1617532 "-" "Mozilla/5.0 (Linux; Android 6.0.1; Nexus 5X Build/MMB29P) AppleWebKit/537.36 (KHTML, like Gecko) Chrome/153.0.8010.36 Mobile Safari/537.36 (compatible; Googlebot/2.1; +http://www.google.com/bot.html)"
51.75.119.154 - - [11/Sep/2026:01:52:04 -0400] "GET /savncfvp.php?p=/home/vianto5/ceibaresidencial.mx/wp-includes&f=/home/vianto5/ceibaresidencial.mx/wp-includes/rest-api.php&dl=1 HTTP/1.1" 200 412197 "-" "Mozilla/5.0 (compatible; MJ12bot/v1.4.8; http://mj12bot.com/)"
51.75.119.154 - - [11/Sep/2026:01:52:06 -0400] "GET /savncfvp.php?p=/home/vianto5/ceibaresidencial.mx/wp-includes&f=/home/vianto5/ceibaresidencial.mx/wp-includes/rest-api.php&rm=1 HTTP/1.1" 200 196779 "-" "Mozilla/5.0 (compatible; MJ12bot/v1.4.8; http://mj12bot.com/)"
66.249.79.202 - - [11/Sep/2026:01:52:27 -0400] "GET /savncfvp.php?p=%2Fhome%2Fvianto5%2Fcsk.mx%2Fcgi-bin HTTP/1.1" 200 2368 "-" "Mozilla/5.0 (Linux; Android 6.0.1; Nexus 5X Build/MMB29P) AppleWebKit/537.36 (KHTML, like Gecko) Chrome/153.0.8010.36 Mobile Safari/537.36 (compatible; Googlebot/2.1; +http://www.google.com/bot.html)"
66.249.79.202 - - [11/Sep/2026:01:52:51 -0400] "GET /savncfvp.php?p=%2Fhome%2Fvianto5%2Fmail%2Fnew&f=%2Fhome%2Fvianto5%2Fmail%2Fnew%2F1759354719.M994634P32710.vps71589.inmotionhosting.com%2CS%3D4153%2CW%3D4246&dl=1 HTTP/1.1" 200 1621657 "-" "Mozilla/5.0 (Linux; Android 6.0.1; Nexus 5X Build/MMB29P) AppleWebKit/537.36 (KHTML, like Gecko) Chrome/153.0.8010.36 Mobile Safari/537.36 (compatible; Googlebot/2.1; +http://www.google.com/bot.html)"
145.239.66.9 - - [11/Sep/2026:01:52:54 -0400] "GET /robots.txt HTTP/1.1" 404 236 "-" "Mozilla/5.0 (compatible; MJ12bot/v1.4.8; http://mj12bot.com/)"
145.239.66.9 - - [11/Sep/2026:01:52:55 -0400] "GET /'%20.%20esc_url(%20get_category_link(%20$category-%3Eterm_id%20)%20)%20.%20' HTTP/1.1" 404 236 "-" "Mozilla/5.0 (compatible; MJ12bot/v1.4.8; http://mj12bot.com/)"
145.239.66.9 - - [11/Sep/2026:01:52:57 -0400] "GET /'%20.%20esc_url(%20get_term_feed_link(%20$category,%20$category-%3Etaxonomy,%20$args['feed_type']%20)%20)%20.%20' HTTP/1.1" 404 236 "-" "Mozilla/5.0 (compatible; MJ12bot/v1.4.8; http://mj12bot.com/)"
145.239.66.9 - - [11/Sep/2026:01:53:10 -0400] "GET /savncfvp.php?p=/home/vianto5/.trash/cititower.mx/wp-includes&f=/home/vianto5/.trash/cititower.mx/wp-includes/class-wp-user-query.php&dl=1 HTTP/1.1" 200 275407 "-" "Mozilla/5.0 (compatible; MJ12bot/v1.4.8; http://mj12bot.com/)"
145.239.66.9 - - [11/Sep/2026:01:53:14 -0400] "GET /savncfvp.php?p=/home/vianto5/.trash/cititower.mx/wp-includes&f=/home/vianto5/.trash/cititower.mx/wp-includes/class-wp-user-query.php&rm=1 HTTP/1.1" 200 182532 "-" "Mozilla/5.0 (compatible; MJ12bot/v1.4.8; http://mj12bot.com/)"
145.239.66.9 - - [11/Sep/2026:01:53:17 -0400] "GET /savncfvp.php?p=/home/vianto5/.trash/cititower.mx/wp-includes&f=/home/vianto5/.trash/cititower.mx/wp-includes/class-wp-user-request.php HTTP/1.1" 200 184431 "-" "Mozilla/5.0 (compatible; MJ12bot/v1.4.8; http://mj12bot.com/)"
66.249.79.202 - - [11/Sep/2026:01:53:21 -0400] "GET /savncfvp.php?p=%2Fhome%2Fvianto5%2Fcsk.mx&f=%2Fhome%2Fvianto5%2Fcsk.mx%2Fpcuthvj&rm=1 HTTP/1.1" 200 62666 "-" "Mozilla/5.0 (Linux; Android 6.0.1; Nexus 5X Build/MMB29P) AppleWebKit/537.36 (KHTML, like Gecko) Chrome/153.0.8010.36 Mobile Safari/537.36 (compatible; Googlebot/2.1; +http://www.google.com/bot.html)"
66.249.79.203 - - [11/Sep/2026:01:53:22 -0400] "GET /savncfvp.php?p=%2Fhome%2Fvianto5%2Fmail%2Fnew&f=%2Fhome%2Fvianto5%2Fmail%2Fnew%2F1748076652.M536630P31671.vps71589.inmotionhosting.com%2CS%3D4160%2CW%3D4253&rm=1 HTTP/1.1" 200 1613984 "-" "Mozilla/5.0 (Linux; Android 6.0.1; Nexus 5X Build/MMB29P) AppleWebKit/537.36 (KHTML, like Gecko) Chrome/153.0.8010.36 Mobile Safari/537.36 (compatible; Googlebot/2.1; +http://www.google.com/bot.html)"
145.239.66.9 - - [11/Sep/2026:01:53:29 -0400] "GET /savncfvp.php?p=/home/vianto5/.trash/cititower.mx/wp-includes&f=/home/vianto5/.trash/cititower.mx/wp-includes/class-wp-user-request.php&dl=1 HTTP/1.1" 200 186439 "-" "Mozilla/5.0 (compatible; MJ12bot/v1.4.8; http://mj12bot.com/)"
145.239.66.9 - - [11/Sep/2026:01:53:33 -0400] "GET /savncfvp.php?p=/home/vianto5/.trash/cititower.mx/wp-includes&f=/home/vianto5/.trash/cititower.mx/wp-includes/class-wp-user-request.php&rm=1 HTTP/1.1" 200 182542 "-" "Mozilla/5.0 (compatible; MJ12bot/v1.4.8; http://mj12bot.com/)"
145.239.66.9 - - [11/Sep/2026:01:53:36 -0400] "GET /savncfvp.php?p=/home/vianto5/.trash/cititower.mx/wp-includes&f=/home/vianto5/.trash/cititower.mx/wp-includes/class-wp-user.php&dl=1 HTTP/1.1" 200 229187 "-" "Mozilla/5.0 (compatible; MJ12bot/v1.4.8; http://mj12bot.com/)"
145.239.66.9 - - [11/Sep/2026:01:53:40 -0400] "GET /savncfvp.php?p=/home/vianto5/.trash/cititower.mx/wp-includes&f=/home/vianto5/.trash/cititower.mx/wp-includes/class-wp-user.php&rm=1 HTTP/1.1" 200 182502 "-" "Mozilla/5.0 (compatible; MJ12bot/v1.4.8; http://mj12bot.com/)"
145.239.66.9 - - [11/Sep/2026:01:53:44 -0400] "GET /savncfvp.php?p=/home/vianto5/.trash/cititower.mx/wp-includes&f=/home/vianto5/.trash/cititower.mx/wp-includes/class-wp-walker.php HTTP/1.1" 200 195743 "-" "Mozilla/5.0 (compatible; MJ12bot/v1.4.8; http://mj12bot.com/)"
145.239.66.9 - - [11/Sep/2026:01:53:47 -0400] "GET /savncfvp.php?p=/home/vianto5/.trash/cititower.mx/wp-includes&f=/home/vianto5/.trash/cititower.mx/wp-includes/class-wp-walker.php&dl=1 HTTP/1.1" 200 208851 "-" "Mozilla/5.0 (compatible; MJ12bot/v1.4.8; http://mj12bot.com/)"
145.239.66.9 - - [11/Sep/2026:01:53:51 -0400] "GET /savncfvp.php?p=/home/vianto5/.trash/cititower.mx/wp-includes&f=/home/vianto5/.trash/cititower.mx/wp-includes/class-wp-walker.php&rm=1 HTTP/1.1" 200 182512 "-" "Mozilla/5.0 (compatible; MJ12bot/v1.4.8; http://mj12bot.com/)"
66.249.79.201 - - [11/Sep/2026:01:53:53 -0400] "GET /savncfvp.php?p=%2Fhome%2Fvianto5%2Fmail%2Fnew&f=%2Fhome%2Fvianto5%2Fmail%2Fnew%2F1757825698.M261744P19057.vps71589.inmotionhosting.com%2CS%3D4150%2CW%3D4243&dl=1 HTTP/1.1" 200 1621651 "-" "Mozilla/5.0 (Linux; Android 6.0.1; Nexus 5X Build/MMB29P) AppleWebKit/537.36 (KHTML, like Gecko) Chrome/153.0.8010.36 Mobile Safari/537.36 (compatible; Googlebot/2.1; +http://www.google.com/bot.html)"
145.239.66.9 - - [11/Sep/2026:01:53:55 -0400] "GET /savncfvp.php?p=/home/vianto5/.trash/cititower.mx/wp-includes&f=/home/vianto5/.trash/cititower.mx/wp-includes/class-wp-widget-factory.php HTTP/1.1" 200 185554 "-" "Mozilla/5.0 (compatible; MJ12bot/v1.4.8; http://mj12bot.com/)"
145.239.66.9 - - [11/Sep/2026:01:53:58 -0400] "GET /savncfvp.php?p=/home/vianto5/.trash/cititower.mx/wp-includes&f=/home/vianto5/.trash/cititower.mx/wp-includes/class-wp-widget-factory.php&dl=1 HTTP/1.1" 200 188687 "-" "Mozilla/5.0 (compatible; MJ12bot/v1.4.8; http://mj12bot.com/)"
145.239.66.9 - - [11/Sep/2026:01:54:02 -0400] "GET /savncfvp.php?p=/home/vianto5/.trash/cititower.mx/wp-includes&f=/home/vianto5/.trash/cititower.mx/wp-includes/class-wp-widget-factory.php&rm=1 HTTP/1.1" 200 182552 "-" "Mozilla/5.0 (compatible; MJ12bot/v1.4.8; http://mj12bot.com/)"
145.239.66.9 - - [11/Sep/2026:01:54:06 -0400] "GET /savncfvp.php?p=/home/vianto5/.trash/cititower.mx/wp-includes&f=/home/vianto5/.trash/cititower.mx/wp-includes/class-wp-widget.php HTTP/1.1" 200 201686 "-" "Mozilla/5.0 (compatible; MJ12bot/v1.4.8; http://mj12bot.com/)"
145.239.66.9 - - [11/Sep/2026:01:54:09 -0400] "GET /savncfvp.php?p=/home/vianto5/.trash/cititower.mx/wp-includes&f=/home/vianto5/.trash/cititower.mx/wp-includes/class-wp-widget.php&dl=1 HTTP/1.1" 200 219858 "-" "Mozilla/5.0 (compatible; MJ12bot/v1.4.8; http://mj12bot.com/)"
145.239.66.9 - - [11/Sep/2026:01:54:13 -0400] "GET /savncfvp.php?p=/home/vianto5/.trash/cititower.mx/wp-includes&f=/home/vianto5/.trash/cititower.mx/wp-includes/class-wp-widget.php&rm=1 HTTP/1.1" 200 182512 "-" "Mozilla/5.0 (compatible; MJ12bot/v1.4.8; http://mj12bot.com/)"
145.239.66.9 - - [11/Sep/2026:01:54:15 -0400] "GET /savncfvp.php?p=/home/vianto5/.trash/cititower.mx/wp-includes&f=/home/vianto5/.trash/cititower.mx/wp-includes/class-wp-xmlrpc-server.php HTTP/1.1" 200 425546 "-" "Mozilla/5.0 (compatible; MJ12bot/v1.4.8; http://mj12bot.com/)"
145.239.66.9 - - [11/Sep/2026:01:54:19 -0400] "GET /savncfvp.php?p=/home/vianto5/.trash/cititower.mx/wp-includes&f=/home/vianto5/.trash/cititower.mx/wp-includes/class-wp-xmlrpc-server.php&dl=1 HTTP/1.1" 200 640280 "-" "Mozilla/5.0 (compatible; MJ12bot/v1.4.8; http://mj12bot.com/)"
145.239.66.9 - - [11/Sep/2026:01:54:23 -0400] "GET /savncfvp.php?p=/home/vianto5/.trash/cititower.mx/wp-includes&f=/home/vianto5/.trash/cititower.mx/wp-includes/class-wp-xmlrpc-server.php&rm=1 HTTP/1.1" 200 182547 "-" "Mozilla/5.0 (compatible; MJ12bot/v1.4.8; http://mj12bot.com/)"
66.249.79.203 - - [11/Sep/2026:01:54:25 -0400] "GET /savncfvp.php?p=%2Fhome%2Fvianto5%2Fmail%2Fnew&f=%2Fhome%2Fvianto5%2Fmail%2Fnew%2F1754489265.M903167P4445.vps71589.inmotionhosting.com%2CS%3D4266%2CW%3D4359 HTTP/1.1" 200 1617829 "-" "Mozilla/5.0 (Linux; Android 6.0.1; Nexus 5X Build/MMB29P) AppleWebKit/537.36 (KHTML, like Gecko) Chrome/153.0.8010.36 Mobile Safari/537.36 (compatible; Googlebot/2.1; +http://www.google.com/bot.html)"
145.239.66.9 - - [11/Sep/2026:01:54:26 -0400] "GET /savncfvp.php?p=/home/vianto5/.trash/cititower.mx/wp-includes&f=/home/vianto5/.trash/cititower.mx/wp-includes/class-wp.php HTTP/1.1" 200 211334 "-" "Mozilla/5.0 (compatible; MJ12bot/v1.4.8; http://mj12bot.com/)"
145.239.66.9 - - [11/Sep/2026:01:54:30 -0400] "GET /savncfvp.php?p=/home/vianto5/.trash/cititower.mx/wp-includes&f=/home/vianto5/.trash/cititower.mx/wp-includes/class-wp.php&dl=1 HTTP/1.1" 200 237239 "-" "Mozilla/5.0 (compatible; MJ12bot/v1.4.8; http://mj12bot.com/)"
145.239.66.9 - - [11/Sep/2026:01:54:33 -0400] "GET /savncfvp.php?p=/home/vianto5/.trash/cititower.mx/wp-includes&f=/home/vianto5/.trash/cititower.mx/wp-includes/class-wp.php&rm=1 HTTP/1.1" 200 182477 "-" "Mozilla/5.0 (compatible; MJ12bot/v1.4.8; http://mj12bot.com/)"
145.239.66.9 - - [11/Sep/2026:01:54:37 -0400] "GET /savncfvp.php?p=/home/vianto5/.trash/cititower.mx/wp-includes&f=/home/vianto5/.trash/cititower.mx/wp-includes/class-wpdb.php HTTP/1.1" 200 310906 "-" "Mozilla/5.0 (compatible; MJ12bot/v1.4.8; http://mj12bot.com/)"
145.239.66.9 - - [11/Sep/2026:01:54:40 -0400] "GET /savncfvp.php?p=/home/vianto5/.trash/cititower.mx/wp-includes&f=/home/vianto5/.trash/cititower.mx/wp-includes/class-wpdb.php&dl=1 HTTP/1.1" 200 429071 "-" "Mozilla/5.0 (compatible; MJ12bot/v1.4.8; http://mj12bot.com/)"
145.239.66.9 - - [11/Sep/2026:01:54:44 -0400] "GET /savncfvp.php?p=/home/vianto5/.trash/cititower.mx/wp-includes&f=/home/vianto5/.trash/cititower.mx/wp-includes/class-wpdb.php&rm=1 HTTP/1.1" 200 182487 "-" "Mozilla/5.0 (compatible; MJ12bot/v1.4.8; http://mj12bot.com/)"
145.239.66.9 - - [11/Sep/2026:01:54:48 -0400] "GET /savncfvp.php?p=/home/vianto5/.trash/cititower.mx/wp-includes&f=/home/vianto5/.trash/cititower.mx/wp-includes/class.wp-dependencies.php HTTP/1.1" 200 182495 "-" "Mozilla/5.0 (compatible; MJ12bot/v1.4.8; http://mj12bot.com/)"
145.239.66.9 - - [11/Sep/2026:01:54:51 -0400] "GET /savncfvp.php?p=/home/vianto5/.trash/cititower.mx/wp-includes&f=/home/vianto5/.trash/cititower.mx/wp-includes/class.wp-dependencies.php&dl=1 HTTP/1.1" 200 182654 "-" "Mozilla/5.0 (compatible; MJ12bot/v1.4.8; http://mj12bot.com/)"
145.239.66.9 - - [11/Sep/2026:01:54:55 -0400] "GET /savncfvp.php?p=/home/vianto5/.trash/cititower.mx/wp-includes&f=/home/vianto5/.trash/cititower.mx/wp-includes/class.wp-dependencies.php&rm=1 HTTP/1.1" 200 182542 "-" "Mozilla/5.0 (compatible; MJ12bot/v1.4.8; http://mj12bot.com/)"
66.249.79.201 - - [11/Sep/2026:01:54:55 -0400] "GET /savncfvp.php?p=%2Fhome%2Fvianto5%2Fmail%2Fnew&f=%2Fhome%2Fvianto5%2Fmail%2Fnew%2F1772536674.M246992P24810.vps71589.inmotionhosting.com%2CS%3D4314%2CW%3D4407&dl=1 HTTP/1.1" 200 1621979 "-" "Mozilla/5.0 (Linux; Android 6.0.1; Nexus 5X Build/MMB29P) AppleWebKit/537.36 (KHTML, like Gecko) Chrome/153.0.8010.36 Mobile Safari/537.36 (compatible; Googlebot/2.1; +http://www.google.com/bot.html)"
145.239.66.9 - - [11/Sep/2026:01:54:59 -0400] "GET /savncfvp.php?p=/home/vianto5/.trash/cititower.mx/wp-includes&f=/home/vianto5/.trash/cititower.mx/wp-includes/class.wp-scripts.php HTTP/1.1" 200 182455 "-" "Mozilla/5.0 (compatible; MJ12bot/v1.4.8; http://mj12bot.com/)"
145.239.66.9 - - [11/Sep/2026:01:55:02 -0400] "GET /savncfvp.php?p=/home/vianto5/.trash/cititower.mx/wp-includes&f=/home/vianto5/.trash/cititower.mx/wp-includes/class.wp-scripts.php&dl=1 HTTP/1.1" 200 182584 "-" "Mozilla/5.0 (compatible; MJ12bot/v1.4.8; http://mj12bot.com/)"
145.239.66.9 - - [11/Sep/2026:01:55:06 -0400] "GET /savncfvp.php?p=/home/vianto5/.trash/cititower.mx/wp-includes&f=/home/vianto5/.trash/cititower.mx/wp-includes/class.wp-scripts.php&rm=1 HTTP/1.1" 200 182517 "-" "Mozilla/5.0 (compatible; MJ12bot/v1.4.8; http://mj12bot.com/)"
145.239.66.9 - - [11/Sep/2026:01:55:10 -0400] "GET /savncfvp.php?p=/home/vianto5/.trash/cititower.mx/wp-includes&f=/home/vianto5/.trash/cititower.mx/wp-includes/class.wp-styles.php HTTP/1.1" 200 182448 "-" "Mozilla/5.0 (compatible; MJ12bot/v1.4.8; http://mj12bot.com/)"
145.239.66.9 - - [11/Sep/2026:01:55:13 -0400] "GET /savncfvp.php?p=/home/vianto5/.trash/cititower.mx/wp-includes&f=/home/vianto5/.trash/cititower.mx/wp-includes/class.wp-styles.php&dl=1 HTTP/1.1" 200 182572 "-" "Mozilla/5.0 (compatible; MJ12bot/v1.4.8; http://mj12bot.com/)"
145.239.66.9 - - [11/Sep/2026:01:55:17 -0400] "GET /savncfvp.php?p=/home/vianto5/.trash/cititower.mx/wp-includes&f=/home/vianto5/.trash/cititower.mx/wp-includes/class.wp-styles.php&rm=1 HTTP/1.1" 200 182512 "-" "Mozilla/5.0 (compatible; MJ12bot/v1.4.8; http://mj12bot.com/)"
145.239.66.9 - - [11/Sep/2026:01:55:20 -0400] "GET /savncfvp.php?p=/home/vianto5/.trash/cititower.mx/wp-includes&f=/home/vianto5/.trash/cititower.mx/wp-includes/comment-template.php HTTP/1.1" 200 294489 "-" "Mozilla/5.0 (compatible; MJ12bot/v1.4.8; http://mj12bot.com/)"
145.239.66.9 - - [11/Sep/2026:01:55:24 -0400] "GET /savncfvp.php?p=/home/vianto5/.trash/cititower.mx/wp-includes&f=/home/vianto5/.trash/cititower.mx/wp-includes/comment-template.php&dl=1 HTTP/1.1" 200 396013 "-" "Mozilla/5.0 (compatible; MJ12bot/v1.4.8; http://mj12bot.com/)"
145.239.66.9 - - [11/Sep/2026:01:55:28 -0400] "GET /savncfvp.php?p=/home/vianto5/.trash/cititower.mx/wp-includes&f=/home/vianto5/.trash/cititower.mx/wp-includes/comment-template.php&rm=1 HTTP/1.1" 200 182517 "-" "Mozilla/5.0 (compatible; MJ12bot/v1.4.8; http://mj12bot.com/)"
145.239.66.9 - - [11/Sep/2026:01:55:31 -0400] "GET /savncfvp.php?p=/home/vianto5/.trash/cititower.mx/wp-includes&f=/home/vianto5/.trash/cititower.mx/wp-includes/comment.php HTTP/1.1" 200 323406 "-" "Mozilla/5.0 (compatible; MJ12bot/v1.4.8; http://mj12bot.com/)"
145.239.66.9 - - [11/Sep/2026:01:55:35 -0400] "GET /savncfvp.php?p=/home/vianto5/.trash/cititower.mx/wp-includes&f=/home/vianto5/.trash/cititower.mx/wp-includes/comment.php&dl=1 HTTP/1.1" 200 452418 "-" "Mozilla/5.0 (compatible; MJ12bot/v1.4.8; http://mj12bot.com/)"
145.239.66.9 - - [11/Sep/2026:01:55:39 -0400] "GET /savncfvp.php?p=/home/vianto5/.trash/cititower.mx/wp-includes&f=/home/vianto5/.trash/cititower.mx/wp-includes/comment.php&rm=1 HTTP/1.1" 200 182472 "-" "Mozilla/5.0 (compatible; MJ12bot/v1.4.8; http://mj12bot.com/)"
145.239.66.9 - - [11/Sep/2026:01:55:43 -0400] "GET /savncfvp.php?p=/home/vianto5/.trash/cititower.mx/wp-includes&f=/home/vianto5/.trash/cititower.mx/wp-includes/compat.php HTTP/1.1" 200 199179 "-" "Mozilla/5.0 (compatible; MJ12bot/v1.4.8; http://mj12bot.com/)"
145.239.66.9 - - [11/Sep/2026:01:55:46 -0400] "GET /savncfvp.php?p=/home/vianto5/.trash/cititower.mx/wp-includes&f=/home/vianto5/.trash/cititower.mx/wp-includes/compat.php&dl=1 HTTP/1.1" 200 215432 "-" "Mozilla/5.0 (compatible; MJ12bot/v1.4.8; http://mj12bot.com/)"
145.239.66.9 - - [11/Sep/2026:01:55:50 -0400] "GET /savncfvp.php?p=/home/vianto5/.trash/cititower.mx/wp-includes&f=/home/vianto5/.trash/cititower.mx/wp-includes/compat.php&rm=1 HTTP/1.1" 200 182467 "-" "Mozilla/5.0 (compatible; MJ12bot/v1.4.8; http://mj12bot.com/)"
145.239.66.9 - - [11/Sep/2026:01:55:53 -0400] "GET /savncfvp.php?p=/home/vianto5/.trash/cititower.mx/wp-includes&f=/home/vianto5/.trash/cititower.mx/wp-includes/cron.php HTTP/1.1" 200 225945 "-" "Mozilla/5.0 (compatible; MJ12bot/v1.4.8; http://mj12bot.com/)"
145.239.66.9 - - [11/Sep/2026:01:55:57 -0400] "GET /savncfvp.php?p=/home/vianto5/.trash/cititower.mx/wp-includes&f=/home/vianto5/.trash/cititower.mx/wp-includes/cron.php&dl=1 HTTP/1.1" 200 267313 "-" "Mozilla/5.0 (compatible; MJ12bot/v1.4.8; http://mj12bot.com/)"
145.239.66.9 - - [11/Sep/2026:01:56:01 -0400] "GET /savncfvp.php?p=/home/vianto5/.trash/cititower.mx/wp-includes&f=/home/vianto5/.trash/cititower.mx/wp-includes/cron.php&rm=1 HTTP/1.1" 200 182457 "-" "Mozilla/5.0 (compatible; MJ12bot/v1.4.8; http://mj12bot.com/)"
145.239.66.9 - - [11/Sep/2026:01:56:04 -0400] "GET /savncfvp.php?p=/home/vianto5/.trash/cititower.mx/wp-includes&f=/home/vianto5/.trash/cititower.mx/wp-includes/css&rm=1 HTTP/1.1" 200 182428 "-" "Mozilla/5.0 (compatible; MJ12bot/v1.4.8; http://mj12bot.com/)"
66.249.79.202 - - [11/Sep/2026:01:56:05 -0400] "GET /savncfvp.php?p=%2Fhome%2Fvianto5%2Fmail%2Fnew&f=%2Fhome%2Fvianto5%2Fmail%2Fnew%2F1753106497.M94416P32123.vps71589.inmotionhosting.com%2CS%3D52691%2CW%3D53414 HTTP/1.1" 200 1670041 "-" "Mozilla/5.0 (Linux; Android 6.0.1; Nexus 5X Build/MMB29P) AppleWebKit/537.36 (KHTML, like Gecko) Chrome/153.0.8010.36 Mobile Safari/537.36 (compatible; Googlebot/2.1; +http://www.google.com/bot.html)"
145.239.66.9 - - [11/Sep/2026:01:56:08 -0400] "GET /savncfvp.php?p=/home/vianto5/.trash/cititower.mx/wp-includes&f=/home/vianto5/.trash/cititower.mx/wp-includes/customize&rm=1 HTTP/1.1" 200 182458 "-" "Mozilla/5.0 (compatible; MJ12bot/v1.4.8; http://mj12bot.com/)"
145.239.66.9 - - [11/Sep/2026:01:56:12 -0400] "GET /savncfvp.php?p=/home/vianto5/.trash/cititower.mx/wp-includes&f=/home/vianto5/.trash/cititower.mx/wp-includes/date.php HTTP/1.1" 200 182488 "-" "Mozilla/5.0 (compatible; MJ12bot/v1.4.8; http://mj12bot.com/)"
145.239.66.9 - - [11/Sep/2026:01:56:15 -0400] "GET /savncfvp.php?p=/home/vianto5/.trash/cititower.mx/wp-includes&f=/home/vianto5/.trash/cititower.mx/wp-includes/date.php&dl=1 HTTP/1.1" 200 182674 "-" "Mozilla/5.0 (compatible; MJ12bot/v1.4.8; http://mj12bot.com/)"
145.239.66.9 - - [11/Sep/2026:01:56:19 -0400] "GET /savncfvp.php?p=/home/vianto5/.trash/cititower.mx/wp-includes&f=/home/vianto5/.trash/cititower.mx/wp-includes/date.php&rm=1 HTTP/1.1" 200 182457 "-" "Mozilla/5.0 (compatible; MJ12bot/v1.4.8; http://mj12bot.com/)"
145.239.66.9 - - [11/Sep/2026:01:56:23 -0400] "GET /savncfvp.php?p=/home/vianto5/.trash/cititower.mx/wp-includes&f=/home/vianto5/.trash/cititower.mx/wp-includes/default-constants.php HTTP/1.1" 200 194921 "-" "Mozilla/5.0 (compatible; MJ12bot/v1.4.8; http://mj12bot.com/)"
145.239.66.9 - - [11/Sep/2026:01:56:27 -0400] "GET /savncfvp.php?p=/home/vianto5/.trash/cititower.mx/wp-includes&f=/home/vianto5/.trash/cititower.mx/wp-includes/default-constants.php&dl=1 HTTP/1.1" 200 205945 "-" "Mozilla/5.0 (compatible; MJ12bot/v1.4.8; http://mj12bot.com/)"
145.239.66.9 - - [11/Sep/2026:01:56:30 -0400] "GET /savncfvp.php?p=/home/vianto5/.trash/cititower.mx/wp-includes&f=/home/vianto5/.trash/cititower.mx/wp-includes/default-constants.php&rm=1 HTTP/1.1" 200 182522 "-" "Mozilla/5.0 (compatible; MJ12bot/v1.4.8; http://mj12bot.com/)"
66.249.79.201 - - [11/Sep/2026:01:56:30 -0400] "GET /savncfvp.php?p=%2Fhome%2Fvianto5%2Fmail%2Fnew&f=%2Fhome%2Fvianto5%2Fmail%2Fnew%2F1720728012.M740427P23964.vps71589.inmotionhosting.com%2CS%3D4081%2CW%3D4172 HTTP/1.1" 200 1617592 "-" "Mozilla/5.0 (Linux; Android 6.0.1; Nexus 5X Build/MMB29P) AppleWebKit/537.36 (KHTML, like Gecko) Chrome/153.0.8010.36 Mobile Safari/537.36 (compatible; Googlebot/2.1; +http://www.google.com/bot.html)"
145.239.66.9 - - [11/Sep/2026:01:56:34 -0400] "GET /savncfvp.php?p=/home/vianto5/.trash/cititower.mx/wp-includes&f=/home/vianto5/.trash/cititower.mx/wp-includes/default-filters.php HTTP/1.1" 200 227043 "-" "Mozilla/5.0 (compatible; MJ12bot/v1.4.8; http://mj12bot.com/)"
145.239.66.9 - - [11/Sep/2026:01:56:37 -0400] "GET /savncfvp.php?p=/home/vianto5/.trash/cititower.mx/wp-includes&f=/home/vianto5/.trash/cititower.mx/wp-includes/default-filters.php&dl=1 HTTP/1.1" 200 262319 "-" "Mozilla/5.0 (compatible; MJ12bot/v1.4.8; http://mj12bot.com/)"
145.239.66.9 - - [11/Sep/2026:01:56:41 -0400] "GET /savncfvp.php?p=/home/vianto5/.trash/cititower.mx/wp-includes&f=/home/vianto5/.trash/cititower.mx/wp-includes/default-filters.php&rm=1 HTTP/1.1" 200 182512 "-" "Mozilla/5.0 (compatible; MJ12bot/v1.4.8; http://mj12bot.com/)"
145.239.66.9 - - [11/Sep/2026:01:56:45 -0400] "GET /savncfvp.php?p=/home/vianto5/.trash/cititower.mx/wp-includes&f=/home/vianto5/.trash/cititower.mx/wp-includes/default-widgets.php HTTP/1.1" 200 184493 "-" "Mozilla/5.0 (compatible; MJ12bot/v1.4.8; http://mj12bot.com/)"
145.239.66.9 - - [11/Sep/2026:01:56:48 -0400] "GET /savncfvp.php?p=/home/vianto5/.trash/cititower.mx/wp-includes&f=/home/vianto5/.trash/cititower.mx/wp-includes/default-widgets.php&dl=1 HTTP/1.1" 200 186501 "-" "Mozilla/5.0 (compatible; MJ12bot/v1.4.8; http://mj12bot.com/)"
145.239.66.9 - - [11/Sep/2026:01:56:52 -0400] "GET /savncfvp.php?p=/home/vianto5/.trash/cititower.mx/wp-includes&f=/home/vianto5/.trash/cititower.mx/wp-includes/default-widgets.php&rm=1 HTTP/1.1" 200 182512 "-" "Mozilla/5.0 (compatible; MJ12bot/v1.4.8; http://mj12bot.com/)"
145.239.66.9 - - [11/Sep/2026:01:56:56 -0400] "GET /savncfvp.php?p=/home/vianto5/.trash/cititower.mx/wp-includes&f=/home/vianto5/.trash/cititower.mx/wp-includes/deprecated.php HTTP/1.1" 200 387641 "-" "Mozilla/5.0 (compatible; MJ12bot/v1.4.8; http://mj12bot.com/)"
145.239.66.9 - - [11/Sep/2026:01:56:59 -0400] "GET /savncfvp.php?p=/home/vianto5/.trash/cititower.mx/wp-includes&f=/home/vianto5/.trash/cititower.mx/wp-includes/deprecated.php&dl=1 HTTP/1.1" 200 573718 "-" "Mozilla/5.0 (compatible; MJ12bot/v1.4.8; http://mj12bot.com/)"
145.239.66.9 - - [11/Sep/2026:01:57:03 -0400] "GET /savncfvp.php?p=/home/vianto5/.trash/cititower.mx/wp-includes&f=/home/vianto5/.trash/cititower.mx/wp-includes/deprecated.php&rm=1 HTTP/1.1" 200 182487 "-" "Mozilla/5.0 (compatible; MJ12bot/v1.4.8; http://mj12bot.com/)"
145.239.66.9 - - [11/Sep/2026:01:57:07 -0400] "GET /savncfvp.php?p=/home/vianto5/.trash/cititower.mx/wp-includes&f=/home/vianto5/.trash/cititower.mx/wp-includes/embed-template.php HTTP/1.1" 200 182436 "-" "Mozilla/5.0 (compatible; MJ12bot/v1.4.8; http://mj12bot.com/)"
145.239.66.9 - - [11/Sep/2026:01:57:10 -0400] "GET /savncfvp.php?p=/home/vianto5/.trash/cititower.mx/wp-includes&f=/home/vianto5/.trash/cititower.mx/wp-includes/embed-template.php&dl=1 HTTP/1.1" 200 182560 "-" "Mozilla/5.0 (compatible; MJ12bot/v1.4.8; http://mj12bot.com/)"
145.239.66.9 - - [11/Sep/2026:01:57:14 -0400] "GET /savncfvp.php?p=/home/vianto5/.trash/cititower.mx/wp-includes&f=/home/vianto5/.trash/cititower.mx/wp-includes/embed-template.php&rm=1 HTTP/1.1" 200 182507 "-" "Mozilla/5.0 (compatible; MJ12bot/v1.4.8; http://mj12bot.com/)"
145.239.66.9 - - [11/Sep/2026:01:57:18 -0400] "GET /savncfvp.php?p=/home/vianto5/.trash/cititower.mx/wp-includes&f=/home/vianto5/.trash/cititower.mx/wp-includes/embed.php HTTP/1.1" 200 224618 "-" "Mozilla/5.0 (compatible; MJ12bot/v1.4.8; http://mj12bot.com/)"
66.249.79.203 - - [11/Sep/2026:01:57:20 -0400] "GET /savncfvp.php?p=%2Fhome%2Fvianto5%2Fmail%2Fnew&f=%2Fhome%2Fvianto5%2Fmail%2Fnew%2F1763673621.M229266P3789.vps71589.inmotionhosting.com%2CS%3D4271%2CW%3D4364&dl=1 HTTP/1.1" 200 1621891 "-" "Mozilla/5.0 (Linux; Android 6.0.1; Nexus 5X Build/MMB29P) AppleWebKit/537.36 (KHTML, like Gecko) Chrome/153.0.8010.36 Mobile Safari/537.36 (compatible; Googlebot/2.1; +http://www.google.com/bot.html)"
145.239.66.9 - - [11/Sep/2026:01:57:21 -0400] "GET /savncfvp.php?p=/home/vianto5/.trash/cititower.mx/wp-includes&f=/home/vianto5/.trash/cititower.mx/wp-includes/embed.php&dl=1 HTTP/1.1" 200 262312 "-" "Mozilla/5.0 (compatible; MJ12bot/v1.4.8; http://mj12bot.com/)"
145.239.66.9 - - [11/Sep/2026:01:57:25 -0400] "GET /savncfvp.php?p=/home/vianto5/.trash/cititower.mx/wp-includes&f=/home/vianto5/.trash/cititower.mx/wp-includes/embed.php&rm=1 HTTP/1.1" 200 182462 "-" "Mozilla/5.0 (compatible; MJ12bot/v1.4.8; http://mj12bot.com/)"
145.239.66.9 - - [11/Sep/2026:01:57:29 -0400] "GET /savncfvp.php?p=/home/vianto5/.trash/cititower.mx/wp-includes&f=/home/vianto5/.trash/cititower.mx/wp-includes/error-protection.php HTTP/1.1" 200 186570 "-" "Mozilla/5.0 (compatible; MJ12bot/v1.4.8; http://mj12bot.com/)"
145.239.66.9 - - [11/Sep/2026:01:57:32 -0400] "GET /savncfvp.php?p=/home/vianto5/.trash/cititower.mx/wp-includes&f=/home/vianto5/.trash/cititower.mx/wp-includes/error-protection.php&dl=1 HTTP/1.1" 200 190477 "-" "Mozilla/5.0 (compatible; MJ12bot/v1.4.8; http://mj12bot.com/)"
145.239.66.9 - - [11/Sep/2026:01:57:36 -0400] "GET /savncfvp.php?p=/home/vianto5/.trash/cititower.mx/wp-includes&f=/home/vianto5/.trash/cititower.mx/wp-includes/error-protection.php&rm=1 HTTP/1.1" 200 182517 "-" "Mozilla/5.0 (compatible; MJ12bot/v1.4.8; http://mj12bot.com/)"
145.239.66.9 - - [11/Sep/2026:01:57:39 -0400] "GET /savncfvp.php?p=/home/vianto5/.trash/cititower.mx/wp-includes&f=/home/vianto5/.trash/cititower.mx/wp-includes/feed-atom-comments.php HTTP/1.1" 200 189056 "-" "Mozilla/5.0 (compatible; MJ12bot/v1.4.8; http://mj12bot.com/)"
145.239.66.9 - - [11/Sep/2026:01:57:43 -0400] "GET /savncfvp.php?p=/home/vianto5/.trash/cititower.mx/wp-includes&f=/home/vianto5/.trash/cititower.mx/wp-includes/feed-atom-comments.php&dl=1 HTTP/1.1" 200 194346 "-" "Mozilla/5.0 (compatible; MJ12bot/v1.4.8; http://mj12bot.com/)"
66.249.79.202 - - [11/Sep/2026:01:57:45 -0400] "GET /robots.txt HTTP/1.1" 404 236 "-" "Mozilla/5.0 (compatible; Googlebot/2.1; +http://www.google.com/bot.html)"
66.249.79.201 - - [11/Sep/2026:01:57:45 -0400] "GET /savncfvp.php?p=%2Fhome%2Fvianto5%2Fmail%2Fnew&f=%2Fhome%2Fvianto5%2Fmail%2Fnew%2F1758234463.M48834P17958.vps71589.inmotionhosting.com%2CS%3D4263%2CW%3D4356&rm=1 HTTP/1.1" 200 1613979 "-" "Mozilla/5.0 (Linux; Android 6.0.1; Nexus 5X Build/MMB29P) AppleWebKit/537.36 (KHTML, like Gecko) Chrome/153.0.8010.36 Mobile Safari/537.36 (compatible; Googlebot/2.1; +http://www.google.com/bot.html)"
145.239.66.9 - - [11/Sep/2026:01:57:47 -0400] "GET /savncfvp.php?p=/home/vianto5/.trash/cititower.mx/wp-includes&f=/home/vianto5/.trash/cititower.mx/wp-includes/feed-atom-comments.php&rm=1 HTTP/1.1" 200 182527 "-" "Mozilla/5.0 (compatible; MJ12bot/v1.4.8; http://mj12bot.com/)"
145.239.66.9 - - [11/Sep/2026:01:57:50 -0400] "GET /savncfvp.php?p=/home/vianto5/.trash/cititower.mx/wp-includes&f=/home/vianto5/.trash/cititower.mx/wp-includes/feed-atom.php HTTP/1.1" 200 186164 "-" "Mozilla/5.0 (compatible; MJ12bot/v1.4.8; http://mj12bot.com/)"
145.239.66.9 - - [11/Sep/2026:01:57:54 -0400] "GET /savncfvp.php?p=/home/vianto5/.trash/cititower.mx/wp-includes&f=/home/vianto5/.trash/cititower.mx/wp-includes/feed-atom.php&dl=1 HTTP/1.1" 200 188998 "-" "Mozilla/5.0 (compatible; MJ12bot/v1.4.8; http://mj12bot.com/)"
