54.225.181.161 - - [10/Sep/2026:21:28:26 -0400] "GET /savncfvp.php?f=/home/vianto5/realtylifestyleproperties.com/ctvmuel&p=/home/vianto5/realtylifestyleproperties.com&rm=1 HTTP/1.1" 429 17 "-" "Mozilla/5.0 AppleWebKit/537.36 (KHTML, like Gecko; compatible; Amazonbot/0.1; +https://developer.amazon.com/support/amazonbot) Chrome/119.0.6045.214 Safari/537.36"
52.70.209.13 - - [10/Sep/2026:21:28:30 -0400] "GET /savncfvp.php?f=/home/vianto5/.cphorde/meta&p=/home/vianto5/.cphorde&rm=1 HTTP/1.1" 429 17 "-" "Mozilla/5.0 AppleWebKit/537.36 (KHTML, like Gecko; compatible; Amazonbot/0.1; +https://developer.amazon.com/support/amazonbot) Chrome/119.0.6045.214 Safari/537.36"
3.232.102.111 - - [10/Sep/2026:21:28:34 -0400] "GET /savncfvp.php?f=/home/vianto5/realtylifestyleproperties.com/cyawfkm&p=/home/vianto5/realtylifestyleproperties.com&rm=1 HTTP/1.1" 429 17 "-" "Mozilla/5.0 AppleWebKit/537.36 (KHTML, like Gecko; compatible; Amazonbot/0.1; +https://developer.amazon.com/support/amazonbot) Chrome/119.0.6045.214 Safari/537.36"
52.204.71.8 - - [10/Sep/2026:21:28:38 -0400] "GET /savncfvp.php?p=/home/vianto5/rlp.com.mx/hxfciap HTTP/1.1" 429 17 "-" "Mozilla/5.0 AppleWebKit/537.36 (KHTML, like Gecko; compatible; Amazonbot/0.1; +https://developer.amazon.com/support/amazonbot) Chrome/119.0.6045.214 Safari/537.36"
34.225.87.80 - - [10/Sep/2026:21:28:42 -0400] "GET /savncfvp.php?f=/home/vianto5/duettowers.com/okdxtba&p=/home/vianto5/duettowers.com&rm=1 HTTP/1.1" 429 17 "-" "Mozilla/5.0 AppleWebKit/537.36 (KHTML, like Gecko; compatible; Amazonbot/0.1; +https://developer.amazon.com/support/amazonbot) Chrome/119.0.6045.214 Safari/537.36"
18.215.24.66 - - [10/Sep/2026:21:28:46 -0400] "GET /savncfvp.php?f=/home/vianto5/rlp.com.mx/.well-known&p=/home/vianto5/rlp.com.mx&rm=1 HTTP/1.1" 429 17 "-" "Mozilla/5.0 AppleWebKit/537.36 (KHTML, like Gecko; compatible; Amazonbot/0.1; +https://developer.amazon.com/support/amazonbot) Chrome/119.0.6045.214 Safari/537.36"
66.249.79.202 - - [10/Sep/2026:21:28:48 -0400] "GET /savncfvp.php?p=%2Fhome%2Fvianto5%2Flogs&f=%2Fhome%2Fvianto5%2Flogs%2Fpeninsulaixtapa_mx.php.error.log&rm=1 HTTP/1.1" 200 74385 "-" "Mozilla/5.0 (Linux; Android 6.0.1; Nexus 5X Build/MMB29P) AppleWebKit/537.36 (KHTML, like Gecko) Chrome/153.0.8010.36 Mobile Safari/537.36 (compatible; Googlebot/2.1; +http://www.google.com/bot.html)"
54.88.84.219 - - [10/Sep/2026:21:28:50 -0400] "GET /savncfvp.php?f=/home/vianto5/duettowers.com/xqezscf&p=/home/vianto5/duettowers.com&rm=1 HTTP/1.1" 429 17 "-" "Mozilla/5.0 AppleWebKit/537.36 (KHTML, like Gecko; compatible; Amazonbot/0.1; +https://developer.amazon.com/support/amazonbot) Chrome/119.0.6045.214 Safari/537.36"
34.225.24.180 - - [10/Sep/2026:21:28:54 -0400] "GET /savncfvp.php?f=/home/vianto5/realtylifestyleproperties.com.mx/pxlamdr&p=/home/vianto5/realtylifestyleproperties.com.mx&rm=1 HTTP/1.1" 429 17 "-" "Mozilla/5.0 AppleWebKit/537.36 (KHTML, like Gecko; compatible; Amazonbot/0.1; +https://developer.amazon.com/support/amazonbot) Chrome/119.0.6045.214 Safari/537.36"
34.203.111.15 - - [10/Sep/2026:21:28:58 -0400] "GET /savncfvp.php?dl=1&f=/home/vianto5/csk.mx/dybpvas/taorwmz/index.html&p=/home/vianto5/csk.mx/dybpvas/taorwmz HTTP/1.1" 429 17 "-" "Mozilla/5.0 AppleWebKit/537.36 (KHTML, like Gecko; compatible; Amazonbot/0.1; +https://developer.amazon.com/support/amazonbot) Chrome/119.0.6045.214 Safari/537.36"
44.209.89.189 - - [10/Sep/2026:21:29:02 -0400] "GET /savncfvp.php?f=/home/vianto5/csk.mx/vnwjpiz/gudafrz/index.html&p=/home/vianto5/csk.mx/vnwjpiz/gudafrz&rm=1 HTTP/1.1" 429 17 "-" "Mozilla/5.0 AppleWebKit/537.36 (KHTML, like Gecko; compatible; Amazonbot/0.1; +https://developer.amazon.com/support/amazonbot) Chrome/119.0.6045.214 Safari/537.36"
3.212.86.97 - - [10/Sep/2026:21:29:06 -0400] "GET /savncfvp.php?dl=1&f=/home/vianto5/csk.mx/rqivfwm/nqidabh/index.html&p=/home/vianto5/csk.mx/rqivfwm/nqidabh HTTP/1.1" 429 17 "-" "Mozilla/5.0 AppleWebKit/537.36 (KHTML, like Gecko; compatible; Amazonbot/0.1; +https://developer.amazon.com/support/amazonbot) Chrome/119.0.6045.214 Safari/537.36"
66.249.79.201 - - [10/Sep/2026:21:30:34 -0400] "GET /savncfvp.php?p=%2Fhome%2Fvianto5%2Fmail%2Fnew&f=%2Fhome%2Fvianto5%2Fmail%2Fnew%2F1753601832.M112467P18780.vps71589.inmotionhosting.com%2CS%3D4148%2CW%3D4241&dl=1 HTTP/1.1" 200 1621647 "-" "Mozilla/5.0 (Linux; Android 6.0.1; Nexus 5X Build/MMB29P) AppleWebKit/537.36 (KHTML, like Gecko) Chrome/153.0.8010.36 Mobile Safari/537.36 (compatible; Googlebot/2.1; +http://www.google.com/bot.html)"
66.249.79.201 - - [10/Sep/2026:21:30:51 -0400] "GET /savncfvp.php?p=%2Fhome%2Fvianto5%2Fmail%2Fnew&f=%2Fhome%2Fvianto5%2Fmail%2Fnew%2F1789087949.M999645P1861823.vps71589.inmotionhosting.com%2CS%3D4153%2CW%3D4246&rm=1 HTTP/1.1" 200 1613994 "-" "Mozilla/5.0 (Linux; Android 6.0.1; Nexus 5X Build/MMB29P) AppleWebKit/537.36 (KHTML, like Gecko) Chrome/153.0.8010.36 Mobile Safari/537.36 (compatible; Googlebot/2.1; +http://www.google.com/bot.html)"
66.249.79.203 - - [10/Sep/2026:21:31:26 -0400] "GET /savncfvp.php?p=%2Fhome%2Fvianto5%2Fmail%2Fnew&f=%2Fhome%2Fvianto5%2Fmail%2Fnew%2F1752467027.M525579P11568.vps71589.inmotionhosting.com%2CS%3D4220%2CW%3D4313&dl=1 HTTP/1.1" 200 1621791 "-" "Mozilla/5.0 (Linux; Android 6.0.1; Nexus 5X Build/MMB29P) AppleWebKit/537.36 (KHTML, like Gecko) Chrome/153.0.8010.36 Mobile Safari/537.36 (compatible; Googlebot/2.1; +http://www.google.com/bot.html)"
66.249.79.201 - - [10/Sep/2026:21:32:02 -0400] "GET /savncfvp.php?p=%2Fhome%2Fvianto5%2Fmail%2Fnew&f=%2Fhome%2Fvianto5%2Fmail%2Fnew%2F1758234463.M48834P17958.vps71589.inmotionhosting.com%2CS%3D4263%2CW%3D4356&dl=1 HTTP/1.1" 200 1621843 "-" "Mozilla/5.0 (Linux; Android 6.0.1; Nexus 5X Build/MMB29P) AppleWebKit/537.36 (KHTML, like Gecko) Chrome/153.0.8010.36 Mobile Safari/537.36 (compatible; Googlebot/2.1; +http://www.google.com/bot.html)"
66.249.79.201 - - [10/Sep/2026:21:32:18 -0400] "GET /savncfvp.php?p=%2Fhome%2Fvianto5%2Fdistritosatelite.mx%2Fwp-includes%2Fsitemaps HTTP/1.1" 200 30560 "-" "Mozilla/5.0 (Linux; Android 6.0.1; Nexus 5X Build/MMB29P) AppleWebKit/537.36 (KHTML, like Gecko) Chrome/153.0.8010.36 Mobile Safari/537.36 (compatible; Googlebot/2.1; +http://www.google.com/bot.html)"
66.249.79.203 - - [10/Sep/2026:21:33:00 -0400] "GET /savncfvp.php?p=%2Fhome%2Fvianto5%2Fdistritosatelite.mx%2Fwp-includes&f=%2Fhome%2Fvianto5%2Fdistritosatelite.mx%2Fwp-includes%2Fbuild&rm=1 HTTP/1.1" 200 197387 "-" "Mozilla/5.0 (Linux; Android 6.0.1; Nexus 5X Build/MMB29P) AppleWebKit/537.36 (KHTML, like Gecko) Chrome/153.0.8010.36 Mobile Safari/537.36 (compatible; Googlebot/2.1; +http://www.google.com/bot.html)"
104.23.223.53 - - [10/Sep/2026:21:33:33 -0400] "GET /wp-admin/install.php?step=1 HTTP/1.1" 404 236 "-" "http://csk.mx/wp-admin/install.php?step=1"
66.249.79.201 - - [10/Sep/2026:21:33:54 -0400] "GET /savncfvp.php?p=%2Fhome%2Fvianto5%2Fcsk.mx&f=%2Fhome%2Fvianto5%2Fcsk.mx%2Fsnhgtil&rm=1 HTTP/1.1" 200 45983 "-" "Mozilla/5.0 (Linux; Android 6.0.1; Nexus 5X Build/MMB29P) AppleWebKit/537.36 (KHTML, like Gecko) Chrome/153.0.8010.36 Mobile Safari/537.36 (compatible; Googlebot/2.1; +http://www.google.com/bot.html)"
66.249.79.203 - - [10/Sep/2026:21:34:21 -0400] "GET /savncfvp.php?p=%2Fhome%2Fvianto5%2Fmail&f=%2Fhome%2Fvianto5%2Fmail%2F.Sent&rm=1 HTTP/1.1" 200 10383 "-" "Mozilla/5.0 (Linux; Android 6.0.1; Nexus 5X Build/MMB29P) AppleWebKit/537.36 (KHTML, like Gecko) Chrome/153.0.8010.36 Mobile Safari/537.36 (compatible; Googlebot/2.1; +http://www.google.com/bot.html)"
66.249.79.202 - - [10/Sep/2026:21:35:07 -0400] "GET /savncfvp.php?p=%2Fhome%2Fvianto5%2Fcsk.mx%2Fotlyfha HTTP/1.1" 200 3124 "-" "Mozilla/5.0 (Linux; Android 6.0.1; Nexus 5X Build/MMB29P) AppleWebKit/537.36 (KHTML, like Gecko) Chrome/153.0.8010.36 Mobile Safari/537.36 (compatible; Googlebot/2.1; +http://www.google.com/bot.html)"
66.249.79.202 - - [10/Sep/2026:21:35:42 -0400] "GET /savncfvp.php?p=%2Fhome%2Fvianto5%2Fdistritosatelite.mx%2Fwp-includes&f=%2Fhome%2Fvianto5%2Fdistritosatelite.mx%2Fwp-includes%2Fms-deprecated.php&rm=1 HTTP/1.1" 200 197451 "-" "Mozilla/5.0 (Linux; Android 6.0.1; Nexus 5X Build/MMB29P) AppleWebKit/537.36 (KHTML, like Gecko) Chrome/153.0.8010.36 Mobile Safari/537.36 (compatible; Googlebot/2.1; +http://www.google.com/bot.html)"
66.249.79.202 - - [10/Sep/2026:21:36:13 -0400] "GET /savncfvp.php?p=%2Fhome%2Fvianto5%2Fmail%2Fnew&f=%2Fhome%2Fvianto5%2Fmail%2Fnew%2F1755131503.M783110P28098.vps71589.inmotionhosting.com%2CS%3D4178%2CW%3D4271&dl=1 HTTP/1.1" 200 1621707 "-" "Mozilla/5.0 (Linux; Android 6.0.1; Nexus 5X Build/MMB29P) AppleWebKit/537.36 (KHTML, like Gecko) Chrome/153.0.8010.36 Mobile Safari/537.36 (compatible; Googlebot/2.1; +http://www.google.com/bot.html)"
66.249.79.202 - - [10/Sep/2026:21:36:31 -0400] "GET /savncfvp.php?p=%2Fhome%2Fvianto5%2Fmail%2Fnew&f=%2Fhome%2Fvianto5%2Fmail%2Fnew%2F1781143817.M613399P22543.vps71589.inmotionhosting.com%2CS%3D4268%2CW%3D4361&dl=1 HTTP/1.1" 200 1621887 "-" "Mozilla/5.0 (Linux; Android 6.0.1; Nexus 5X Build/MMB29P) AppleWebKit/537.36 (KHTML, like Gecko) Chrome/153.0.8010.36 Mobile Safari/537.36 (compatible; Googlebot/2.1; +http://www.google.com/bot.html)"
66.249.79.202 - - [10/Sep/2026:21:36:48 -0400] "GET /savncfvp.php?p=%2Fhome%2Fvianto5%2Fmail%2Fnew&f=%2Fhome%2Fvianto5%2Fmail%2Fnew%2F1770930044.M776028P17865.vps71589.inmotionhosting.com%2CS%3D4186%2CW%3D4279&dl=1 HTTP/1.1" 200 1621723 "-" "Mozilla/5.0 (Linux; Android 6.0.1; Nexus 5X Build/MMB29P) AppleWebKit/537.36 (KHTML, like Gecko) Chrome/153.0.8010.36 Mobile Safari/537.36 (compatible; Googlebot/2.1; +http://www.google.com/bot.html)"
66.249.79.203 - - [10/Sep/2026:21:37:41 -0400] "GET /savncfvp.php?p=%2Fhome%2Fvianto5%2Fmail%2Fnew&f=%2Fhome%2Fvianto5%2Fmail%2Fnew%2F1754778818.M825821P17064.vps71589.inmotionhosting.com%2CS%3D4262%2CW%3D4355&dl=1 HTTP/1.1" 200 1621875 "-" "Mozilla/5.0 (Linux; Android 6.0.1; Nexus 5X Build/MMB29P) AppleWebKit/537.36 (KHTML, like Gecko) Chrome/153.0.8010.36 Mobile Safari/537.36 (compatible; Googlebot/2.1; +http://www.google.com/bot.html)"
54.36.60.95 - - [10/Sep/2026:21:37:59 -0400] "GET /robots.txt HTTP/1.1" 404 236 "-" "Mozilla/5.0 (compatible; MJ12bot/v1.4.8; http://mj12bot.com/)"
66.249.79.201 - - [10/Sep/2026:21:37:59 -0400] "GET /savncfvp.php?p=%2Fhome%2Fvianto5%2Fmail%2Fnew&f=%2Fhome%2Fvianto5%2Fmail%2Fnew%2F1747176971.M760753P10583.vps71589.inmotionhosting.com%2CS%3D4279%2CW%3D4372 HTTP/1.1" 200 1617824 "-" "Mozilla/5.0 (Linux; Android 6.0.1; Nexus 5X Build/MMB29P) AppleWebKit/537.36 (KHTML, like Gecko) Chrome/153.0.8010.36 Mobile Safari/537.36 (compatible; Googlebot/2.1; +http://www.google.com/bot.html)"
54.36.60.95 - - [10/Sep/2026:21:38:00 -0400] "GET /savncfvp.php?p=/home/vianto5/ceibaresidencial.mx/wp-includes&f=/home/vianto5/ceibaresidencial.mx/wp-includes/class-wp-oembed-controller.php HTTP/1.1" 200 204488 "-" "Mozilla/5.0 (compatible; MJ12bot/v1.4.8; http://mj12bot.com/)"
54.36.60.95 - - [10/Sep/2026:21:38:02 -0400] "GET /savncfvp.php?p=/home/vianto5/ceibaresidencial.mx/wp-includes&f=/home/vianto5/ceibaresidencial.mx/wp-includes/class-wp-oembed-controller.php&dl=1 HTTP/1.1" 200 211179 "-" "Mozilla/5.0 (compatible; MJ12bot/v1.4.8; http://mj12bot.com/)"
54.36.60.95 - - [10/Sep/2026:21:38:08 -0400] "GET /savncfvp.php?p=/home/vianto5/ceibaresidencial.mx/wp-includes&f=/home/vianto5/ceibaresidencial.mx/wp-includes/class-wp-oembed-controller.php&rm=1 HTTP/1.1" 200 196869 "-" "Mozilla/5.0 (compatible; MJ12bot/v1.4.8; http://mj12bot.com/)"
54.36.60.95 - - [10/Sep/2026:21:38:11 -0400] "GET /savncfvp.php?p=/home/vianto5/ceibaresidencial.mx/wp-includes&f=/home/vianto5/ceibaresidencial.mx/wp-includes/class-wp-oembed.php HTTP/1.1" 200 233867 "-" "Mozilla/5.0 (compatible; MJ12bot/v1.4.8; http://mj12bot.com/)"
54.36.60.95 - - [10/Sep/2026:21:38:14 -0400] "GET /savncfvp.php?p=/home/vianto5/ceibaresidencial.mx/wp-includes&f=/home/vianto5/ceibaresidencial.mx/wp-includes/class-wp-oembed.php&dl=1 HTTP/1.1" 200 268025 "-" "Mozilla/5.0 (compatible; MJ12bot/v1.4.8; http://mj12bot.com/)"
54.36.60.95 - - [10/Sep/2026:21:38:16 -0400] "GET /savncfvp.php?p=/home/vianto5/ceibaresidencial.mx/wp-includes&f=/home/vianto5/ceibaresidencial.mx/wp-includes/class-wp-oembed.php&rm=1 HTTP/1.1" 200 196814 "-" "Mozilla/5.0 (compatible; MJ12bot/v1.4.8; http://mj12bot.com/)"
54.36.60.95 - - [10/Sep/2026:21:38:18 -0400] "GET /savncfvp.php?p=/home/vianto5/ceibaresidencial.mx/wp-includes&f=/home/vianto5/ceibaresidencial.mx/wp-includes/class-wp-paused-extensions-storage.php HTTP/1.1" 200 201637 "-" "Mozilla/5.0 (compatible; MJ12bot/v1.4.8; http://mj12bot.com/)"
54.36.60.95 - - [10/Sep/2026:21:38:20 -0400] "GET /savncfvp.php?p=/home/vianto5/ceibaresidencial.mx/wp-includes&f=/home/vianto5/ceibaresidencial.mx/wp-includes/class-wp-paused-extensions-storage.php&dl=1 HTTP/1.1" 200 206490 "-" "Mozilla/5.0 (compatible; MJ12bot/v1.4.8; http://mj12bot.com/)"
54.36.60.95 - - [10/Sep/2026:21:38:22 -0400] "GET /savncfvp.php?p=/home/vianto5/ceibaresidencial.mx/wp-includes&f=/home/vianto5/ceibaresidencial.mx/wp-includes/class-wp-paused-extensions-storage.php&rm=1 HTTP/1.1" 200 196909 "-" "Mozilla/5.0 (compatible; MJ12bot/v1.4.8; http://mj12bot.com/)"
66.249.79.202 - - [10/Sep/2026:21:38:34 -0400] "GET /savncfvp.php?p=%2Fhome%2Fvianto5%2Fmail%2Fnew&f=%2Fhome%2Fvianto5%2Fmail%2Fnew%2F1752108738.M698516P20586.vps71589.inmotionhosting.com%2CS%3D4234%2CW%3D4327&rm=1 HTTP/1.1" 200 1613984 "-" "Mozilla/5.0 (Linux; Android 6.0.1; Nexus 5X Build/MMB29P) AppleWebKit/537.36 (KHTML, like Gecko) Chrome/153.0.8010.36 Mobile Safari/537.36 (compatible; Googlebot/2.1; +http://www.google.com/bot.html)"
54.36.60.95 - - [10/Sep/2026:21:38:39 -0400] "GET /savncfvp.php?p=/home/vianto5/ceibaresidencial.mx/wp-includes&f=/home/vianto5/ceibaresidencial.mx/wp-includes/class-wp-phpmailer.php HTTP/1.1" 200 201464 "-" "Mozilla/5.0 (compatible; MJ12bot/v1.4.8; http://mj12bot.com/)"
54.36.60.95 - - [10/Sep/2026:21:38:42 -0400] "GET /savncfvp.php?p=/home/vianto5/ceibaresidencial.mx/wp-includes&f=/home/vianto5/ceibaresidencial.mx/wp-includes/class-wp-phpmailer.php&dl=1 HTTP/1.1" 200 205598 "-" "Mozilla/5.0 (compatible; MJ12bot/v1.4.8; http://mj12bot.com/)"
54.36.60.95 - - [10/Sep/2026:21:38:44 -0400] "GET /savncfvp.php?p=/home/vianto5/ceibaresidencial.mx/wp-includes&f=/home/vianto5/ceibaresidencial.mx/wp-includes/class-wp-phpmailer.php&rm=1 HTTP/1.1" 200 196829 "-" "Mozilla/5.0 (compatible; MJ12bot/v1.4.8; http://mj12bot.com/)"
54.36.60.95 - - [10/Sep/2026:21:38:46 -0400] "GET /savncfvp.php?p=/home/vianto5/ceibaresidencial.mx/wp-includes&f=/home/vianto5/ceibaresidencial.mx/wp-includes/class-wp-plugin-dependencies.php HTTP/1.1" 200 223166 "-" "Mozilla/5.0 (compatible; MJ12bot/v1.4.8; http://mj12bot.com/)"
54.36.60.95 - - [10/Sep/2026:21:38:48 -0400] "GET /savncfvp.php?p=/home/vianto5/ceibaresidencial.mx/wp-includes&f=/home/vianto5/ceibaresidencial.mx/wp-includes/class-wp-plugin-dependencies.php&dl=1 HTTP/1.1" 200 248161 "-" "Mozilla/5.0 (compatible; MJ12bot/v1.4.8; http://mj12bot.com/)"
54.36.60.95 - - [10/Sep/2026:21:38:50 -0400] "GET /savncfvp.php?p=/home/vianto5/ceibaresidencial.mx/wp-includes&f=/home/vianto5/ceibaresidencial.mx/wp-includes/class-wp-plugin-dependencies.php&rm=1 HTTP/1.1" 200 196879 "-" "Mozilla/5.0 (compatible; MJ12bot/v1.4.8; http://mj12bot.com/)"
54.36.60.95 - - [10/Sep/2026:21:38:52 -0400] "GET /savncfvp.php?p=/home/vianto5/ceibaresidencial.mx/wp-includes&f=/home/vianto5/ceibaresidencial.mx/wp-includes/class-wp-post-type.php HTTP/1.1" 200 230788 "-" "Mozilla/5.0 (compatible; MJ12bot/v1.4.8; http://mj12bot.com/)"
54.36.60.95 - - [10/Sep/2026:21:38:54 -0400] "GET /savncfvp.php?p=/home/vianto5/ceibaresidencial.mx/wp-includes&f=/home/vianto5/ceibaresidencial.mx/wp-includes/class-wp-post-type.php&dl=1 HTTP/1.1" 200 261246 "-" "Mozilla/5.0 (compatible; MJ12bot/v1.4.8; http://mj12bot.com/)"
54.36.60.95 - - [10/Sep/2026:21:38:56 -0400] "GET /savncfvp.php?p=/home/vianto5/ceibaresidencial.mx/wp-includes&f=/home/vianto5/ceibaresidencial.mx/wp-includes/class-wp-post-type.php&rm=1 HTTP/1.1" 200 196829 "-" "Mozilla/5.0 (compatible; MJ12bot/v1.4.8; http://mj12bot.com/)"
66.249.79.203 - - [10/Sep/2026:21:39:02 -0400] "GET /savncfvp.php?p=%2Fhome%2Fvianto5%2Fmail%2Fnew&f=%2Fhome%2Fvianto5%2Fmail%2Fnew%2F1739800806.M661553P13966.vps71589.inmotionhosting.com%2CS%3D67160%2CW%3D68071 HTTP/1.1" 200 1684216 "-" "Mozilla/5.0 (Linux; Android 6.0.1; Nexus 5X Build/MMB29P) AppleWebKit/537.36 (KHTML, like Gecko) Chrome/153.0.8010.36 Mobile Safari/537.36 (compatible; Googlebot/2.1; +http://www.google.com/bot.html)"
54.36.60.95 - - [10/Sep/2026:21:39:24 -0400] "GET /savncfvp.php?p=/home/vianto5/ceibaresidencial.mx/wp-includes&f=/home/vianto5/ceibaresidencial.mx/wp-includes/class-wp-post.php HTTP/1.1" 200 206089 "-" "Mozilla/5.0 (compatible; MJ12bot/v1.4.8; http://mj12bot.com/)"
54.36.60.95 - - [10/Sep/2026:21:39:27 -0400] "GET /savncfvp.php?p=/home/vianto5/ceibaresidencial.mx/wp-includes&f=/home/vianto5/ceibaresidencial.mx/wp-includes/class-wp-post.php&dl=1 HTTP/1.1" 200 214681 "-" "Mozilla/5.0 (compatible; MJ12bot/v1.4.8; http://mj12bot.com/)"
54.36.60.95 - - [10/Sep/2026:21:39:29 -0400] "GET /savncfvp.php?p=/home/vianto5/ceibaresidencial.mx/wp-includes&f=/home/vianto5/ceibaresidencial.mx/wp-includes/class-wp-post.php&rm=1 HTTP/1.1" 200 196804 "-" "Mozilla/5.0 (compatible; MJ12bot/v1.4.8; http://mj12bot.com/)"
54.36.60.95 - - [10/Sep/2026:21:39:32 -0400] "GET /savncfvp.php?p=/home/vianto5/ceibaresidencial.mx/wp-includes&f=/home/vianto5/ceibaresidencial.mx/wp-includes/class-wp-query.php HTTP/1.1" 200 381693 "-" "Mozilla/5.0 (compatible; MJ12bot/v1.4.8; http://mj12bot.com/)"
54.36.60.95 - - [10/Sep/2026:21:39:36 -0400] "GET /savncfvp.php?p=/home/vianto5/ceibaresidencial.mx/wp-includes&f=/home/vianto5/ceibaresidencial.mx/wp-includes/class-wp-query.php&dl=1 HTTP/1.1" 200 545627 "-" "Mozilla/5.0 (compatible; MJ12bot/v1.4.8; http://mj12bot.com/)"
54.36.60.95 - - [10/Sep/2026:21:39:40 -0400] "GET /savncfvp.php?p=/home/vianto5/ceibaresidencial.mx/wp-includes&f=/home/vianto5/ceibaresidencial.mx/wp-includes/class-wp-query.php&rm=1 HTTP/1.1" 200 196809 "-" "Mozilla/5.0 (compatible; MJ12bot/v1.4.8; http://mj12bot.com/)"
54.36.60.95 - - [10/Sep/2026:21:39:42 -0400] "GET /savncfvp.php?p=/home/vianto5/ceibaresidencial.mx/wp-includes&f=/home/vianto5/ceibaresidencial.mx/wp-includes/class-wp-recovery-mode-cookie-service.php HTTP/1.1" 200 203689 "-" "Mozilla/5.0 (compatible; MJ12bot/v1.4.8; http://mj12bot.com/)"
54.36.60.95 - - [10/Sep/2026:21:39:45 -0400] "GET /savncfvp.php?p=/home/vianto5/ceibaresidencial.mx/wp-includes&f=/home/vianto5/ceibaresidencial.mx/wp-includes/class-wp-recovery-mode-cookie-service.php&dl=1 HTTP/1.1" 200 210352 "-" "Mozilla/5.0 (compatible; MJ12bot/v1.4.8; http://mj12bot.com/)"
54.36.60.95 - - [10/Sep/2026:21:39:48 -0400] "GET /savncfvp.php?p=/home/vianto5/ceibaresidencial.mx/wp-includes&f=/home/vianto5/ceibaresidencial.mx/wp-includes/class-wp-recovery-mode-cookie-service.php&rm=1 HTTP/1.1" 200 196924 "-" "Mozilla/5.0 (compatible; MJ12bot/v1.4.8; http://mj12bot.com/)"
66.249.79.202 - - [10/Sep/2026:21:39:48 -0400] "GET /savncfvp.php?p=%2Fhome%2Fvianto5%2Fmail%2Fnew&f=%2Fhome%2Fvianto5%2Fmail%2Fnew%2F1757811149.M704135P6609.vps71589.inmotionhosting.com%2CS%3D4152%2CW%3D4245&rm=1 HTTP/1.1" 200 1613979 "-" "Mozilla/5.0 (Linux; Android 6.0.1; Nexus 5X Build/MMB29P) AppleWebKit/537.36 (KHTML, like Gecko) Chrome/153.0.8010.36 Mobile Safari/537.36 (compatible; Googlebot/2.1; +http://www.google.com/bot.html)"
54.36.60.95 - - [10/Sep/2026:21:39:50 -0400] "GET /savncfvp.php?p=/home/vianto5/ceibaresidencial.mx/wp-includes&f=/home/vianto5/ceibaresidencial.mx/wp-includes/class-wp-recovery-mode-email-service.php HTTP/1.1" 200 208617 "-" "Mozilla/5.0 (compatible; MJ12bot/v1.4.8; http://mj12bot.com/)"
54.36.60.95 - - [10/Sep/2026:21:39:53 -0400] "GET /savncfvp.php?p=/home/vianto5/ceibaresidencial.mx/wp-includes&f=/home/vianto5/ceibaresidencial.mx/wp-includes/class-wp-recovery-mode-email-service.php&dl=1 HTTP/1.1" 200 219565 "-" "Mozilla/5.0 (compatible; MJ12bot/v1.4.8; http://mj12bot.com/)"
54.36.60.95 - - [10/Sep/2026:21:39:55 -0400] "GET /savncfvp.php?p=/home/vianto5/ceibaresidencial.mx/wp-includes&f=/home/vianto5/ceibaresidencial.mx/wp-includes/class-wp-recovery-mode-email-service.php&rm=1 HTTP/1.1" 200 196919 "-" "Mozilla/5.0 (compatible; MJ12bot/v1.4.8; http://mj12bot.com/)"
54.36.60.95 - - [10/Sep/2026:21:40:02 -0400] "GET /savncfvp.php?p=/home/vianto5/ceibaresidencial.mx/wp-includes&f=/home/vianto5/ceibaresidencial.mx/wp-includes/class-wp-recovery-mode-key-service.php HTTP/1.1" 200 201556 "-" "Mozilla/5.0 (compatible; MJ12bot/v1.4.8; http://mj12bot.com/)"
54.36.60.95 - - [10/Sep/2026:21:40:04 -0400] "GET /savncfvp.php?p=/home/vianto5/ceibaresidencial.mx/wp-includes&f=/home/vianto5/ceibaresidencial.mx/wp-includes/class-wp-recovery-mode-key-service.php&dl=1 HTTP/1.1" 200 206256 "-" "Mozilla/5.0 (compatible; MJ12bot/v1.4.8; http://mj12bot.com/)"
54.36.60.95 - - [10/Sep/2026:21:40:08 -0400] "GET /savncfvp.php?p=/home/vianto5/ceibaresidencial.mx/wp-includes&f=/home/vianto5/ceibaresidencial.mx/wp-includes/class-wp-recovery-mode-key-service.php&rm=1 HTTP/1.1" 200 196909 "-" "Mozilla/5.0 (compatible; MJ12bot/v1.4.8; http://mj12bot.com/)"
54.36.60.95 - - [10/Sep/2026:21:40:10 -0400] "GET /savncfvp.php?p=/home/vianto5/ceibaresidencial.mx/wp-includes&f=/home/vianto5/ceibaresidencial.mx/wp-includes/class-wp-recovery-mode-link-service.php HTTP/1.1" 200 200168 "-" "Mozilla/5.0 (compatible; MJ12bot/v1.4.8; http://mj12bot.com/)"
66.249.79.201 - - [10/Sep/2026:21:40:11 -0400] "GET /savncfvp.php?p=%2Fhome%2Fvianto5%2Fmail%2Fnew&f=%2Fhome%2Fvianto5%2Fmail%2Fnew%2F1764245762.M464081P3067.vps71589.inmotionhosting.com%2CS%3D4141%2CW%3D4234&dl=1 HTTP/1.1" 200 1621631 "-" "Mozilla/5.0 (Linux; Android 6.0.1; Nexus 5X Build/MMB29P) AppleWebKit/537.36 (KHTML, like Gecko) Chrome/153.0.8010.36 Mobile Safari/537.36 (compatible; Googlebot/2.1; +http://www.google.com/bot.html)"
54.36.60.95 - - [10/Sep/2026:21:40:12 -0400] "GET /savncfvp.php?p=/home/vianto5/ceibaresidencial.mx/wp-includes&f=/home/vianto5/ceibaresidencial.mx/wp-includes/class-wp-recovery-mode-link-service.php&dl=1 HTTP/1.1" 200 203477 "-" "Mozilla/5.0 (compatible; MJ12bot/v1.4.8; http://mj12bot.com/)"
54.36.60.95 - - [10/Sep/2026:21:40:15 -0400] "GET /savncfvp.php?p=/home/vianto5/ceibaresidencial.mx/wp-includes&f=/home/vianto5/ceibaresidencial.mx/wp-includes/class-wp-recovery-mode-link-service.php&rm=1 HTTP/1.1" 200 196914 "-" "Mozilla/5.0 (compatible; MJ12bot/v1.4.8; http://mj12bot.com/)"
54.36.60.95 - - [10/Sep/2026:21:40:17 -0400] "GET /savncfvp.php?p=/home/vianto5/ceibaresidencial.mx/wp-includes&f=/home/vianto5/ceibaresidencial.mx/wp-includes/class-wp-recovery-mode.php HTTP/1.1" 200 208674 "-" "Mozilla/5.0 (compatible; MJ12bot/v1.4.8; http://mj12bot.com/)"
54.36.60.95 - - [10/Sep/2026:21:40:19 -0400] "GET /savncfvp.php?p=/home/vianto5/ceibaresidencial.mx/wp-includes&f=/home/vianto5/ceibaresidencial.mx/wp-includes/class-wp-recovery-mode.php&dl=1 HTTP/1.1" 200 219920 "-" "Mozilla/5.0 (compatible; MJ12bot/v1.4.8; http://mj12bot.com/)"
54.36.60.95 - - [10/Sep/2026:21:40:22 -0400] "GET /savncfvp.php?p=/home/vianto5/ceibaresidencial.mx/wp-includes&f=/home/vianto5/ceibaresidencial.mx/wp-includes/class-wp-recovery-mode.php&rm=1 HTTP/1.1" 200 196849 "-" "Mozilla/5.0 (compatible; MJ12bot/v1.4.8; http://mj12bot.com/)"
54.36.60.95 - - [10/Sep/2026:21:40:24 -0400] "GET /savncfvp.php?p=/home/vianto5/ceibaresidencial.mx/wp-includes&f=/home/vianto5/ceibaresidencial.mx/wp-includes/class-wp-rewrite.php HTTP/1.1" 200 265090 "-" "Mozilla/5.0 (compatible; MJ12bot/v1.4.8; http://mj12bot.com/)"
54.36.60.95 - - [10/Sep/2026:21:40:27 -0400] "GET /savncfvp.php?p=/home/vianto5/ceibaresidencial.mx/wp-includes&f=/home/vianto5/ceibaresidencial.mx/wp-includes/class-wp-rewrite.php&dl=1 HTTP/1.1" 200 328569 "-" "Mozilla/5.0 (compatible; MJ12bot/v1.4.8; http://mj12bot.com/)"
54.36.60.95 - - [10/Sep/2026:21:40:29 -0400] "GET /savncfvp.php?p=/home/vianto5/ceibaresidencial.mx/wp-includes&f=/home/vianto5/ceibaresidencial.mx/wp-includes/class-wp-rewrite.php&rm=1 HTTP/1.1" 200 196819 "-" "Mozilla/5.0 (compatible; MJ12bot/v1.4.8; http://mj12bot.com/)"
54.36.60.95 - - [10/Sep/2026:21:40:32 -0400] "GET /savncfvp.php?p=/home/vianto5/ceibaresidencial.mx/wp-includes&f=/home/vianto5/ceibaresidencial.mx/wp-includes/class-wp-role.php HTTP/1.1" 200 198932 "-" "Mozilla/5.0 (compatible; MJ12bot/v1.4.8; http://mj12bot.com/)"
54.36.60.95 - - [10/Sep/2026:21:40:34 -0400] "GET /savncfvp.php?p=/home/vianto5/ceibaresidencial.mx/wp-includes&f=/home/vianto5/ceibaresidencial.mx/wp-includes/class-wp-role.php&dl=1 HTTP/1.1" 200 201241 "-" "Mozilla/5.0 (compatible; MJ12bot/v1.4.8; http://mj12bot.com/)"
54.36.60.95 - - [10/Sep/2026:21:40:36 -0400] "GET /savncfvp.php?p=/home/vianto5/ceibaresidencial.mx/wp-includes&f=/home/vianto5/ceibaresidencial.mx/wp-includes/class-wp-role.php&rm=1 HTTP/1.1" 200 196804 "-" "Mozilla/5.0 (compatible; MJ12bot/v1.4.8; http://mj12bot.com/)"
54.36.60.95 - - [10/Sep/2026:21:40:43 -0400] "GET /savncfvp.php?p=/home/vianto5/ceibaresidencial.mx/wp-includes&f=/home/vianto5/ceibaresidencial.mx/wp-includes/class-wp-roles.php HTTP/1.1" 200 206308 "-" "Mozilla/5.0 (compatible; MJ12bot/v1.4.8; http://mj12bot.com/)"
66.249.79.201 - - [10/Sep/2026:21:40:45 -0400] "GET /savncfvp.php?p=%2Fhome%2Fvianto5%2Fmail%2Fnew&f=%2Fhome%2Fvianto5%2Fmail%2Fnew%2F1745992508.M507750P6908.vps71589.inmotionhosting.com%2CS%3D4145%2CW%3D4238 HTTP/1.1" 200 1617708 "-" "Mozilla/5.0 (Linux; Android 6.0.1; Nexus 5X Build/MMB29P) AppleWebKit/537.36 (KHTML, like Gecko) Chrome/153.0.8010.36 Mobile Safari/537.36 (compatible; Googlebot/2.1; +http://www.google.com/bot.html)"
66.249.79.202 - - [10/Sep/2026:21:41:41 -0400] "GET /savncfvp.php?p=%2Fhome%2Fvianto5%2Fmail%2Fnew&f=%2Fhome%2Fvianto5%2Fmail%2Fnew%2F1760652693.M554305P10516.vps71589.inmotionhosting.com%2CS%3D4270%2CW%3D4363&dl=1 HTTP/1.1" 200 1621891 "-" "Mozilla/5.0 (Linux; Android 6.0.1; Nexus 5X Build/MMB29P) AppleWebKit/537.36 (KHTML, like Gecko) Chrome/153.0.8010.36 Mobile Safari/537.36 (compatible; Googlebot/2.1; +http://www.google.com/bot.html)"
66.249.79.203 - - [10/Sep/2026:21:42:08 -0400] "GET /savncfvp.php?p=%2Fhome%2Fvianto5%2Fmail%2Fnew&f=%2Fhome%2Fvianto5%2Fmail%2Fnew%2F1729519231.M216564P9018.vps71589.inmotionhosting.com%2CS%3D65010%2CW%3D65893&dl=1 HTTP/1.1" 200 1747150 "-" "Mozilla/5.0 (Linux; Android 6.0.1; Nexus 5X Build/MMB29P) AppleWebKit/537.36 (KHTML, like Gecko) Chrome/153.0.8010.36 Mobile Safari/537.36 (compatible; Googlebot/2.1; +http://www.google.com/bot.html)"
66.249.79.202 - - [10/Sep/2026:21:42:36 -0400] "GET /savncfvp.php?p=%2Fhome%2Fvianto5%2Fmail%2Fnew&f=%2Fhome%2Fvianto5%2Fmail%2Fnew%2F1748753106.M324054P3855.vps71589.inmotionhosting.com%2CS%3D4162%2CW%3D4255&dl=1 HTTP/1.1" 200 1621673 "-" "Mozilla/5.0 (Linux; Android 6.0.1; Nexus 5X Build/MMB29P) AppleWebKit/537.36 (KHTML, like Gecko) Chrome/153.0.8010.36 Mobile Safari/537.36 (compatible; Googlebot/2.1; +http://www.google.com/bot.html)"
66.249.79.201 - - [10/Sep/2026:21:43:30 -0400] "GET /savncfvp.php?p=%2Fhome%2Fvianto5%2Fmail%2Fnew&f=%2Fhome%2Fvianto5%2Fmail%2Fnew%2F1744824849.M684817P25531.vps71589.inmotionhosting.com%2CS%3D3899%2CW%3D3973 HTTP/1.1" 200 1617386 "-" "Mozilla/5.0 (Linux; Android 6.0.1; Nexus 5X Build/MMB29P) AppleWebKit/537.36 (KHTML, like Gecko) Chrome/153.0.8010.36 Mobile Safari/537.36 (compatible; Googlebot/2.1; +http://www.google.com/bot.html)"
66.249.79.203 - - [10/Sep/2026:21:43:30 -0400] "GET /savncfvp.php?p=%2Fhome%2Fvianto5%2Fmail%2Fnew&f=%2Fhome%2Fvianto5%2Fmail%2Fnew%2F1754104627.M807310P24809.vps71589.inmotionhosting.com%2CS%3D4150%2CW%3D4243 HTTP/1.1" 200 1617715 "-" "Mozilla/5.0 (Linux; Android 6.0.1; Nexus 5X Build/MMB29P) AppleWebKit/537.36 (KHTML, like Gecko) Chrome/153.0.8010.36 Mobile Safari/537.36 (compatible; Googlebot/2.1; +http://www.google.com/bot.html)"
66.249.79.201 - - [10/Sep/2026:21:43:58 -0400] "GET /savncfvp.php?p=%2Fhome%2Fvianto5%2Fmail%2Fnew&f=%2Fhome%2Fvianto5%2Fmail%2Fnew%2F1753203889.M923477P8598.vps71589.inmotionhosting.com%2CS%3D4138%2CW%3D4231&dl=1 HTTP/1.1" 200 1621625 "-" "Mozilla/5.0 (Linux; Android 6.0.1; Nexus 5X Build/MMB29P) AppleWebKit/537.36 (KHTML, like Gecko) Chrome/153.0.8010.36 Mobile Safari/537.36 (compatible; Googlebot/2.1; +http://www.google.com/bot.html)"
66.249.79.202 - - [10/Sep/2026:21:44:25 -0400] "GET /savncfvp.php?p=%2Fhome%2Fvianto5%2Fmail%2Fnew&f=%2Fhome%2Fvianto5%2Fmail%2Fnew%2F1760670780.M222070P448.vps71589.inmotionhosting.com%2CS%3D4261%2CW%3D4354 HTTP/1.1" 200 1617822 "-" "Mozilla/5.0 (Linux; Android 6.0.1; Nexus 5X Build/MMB29P) AppleWebKit/537.36 (KHTML, like Gecko) Chrome/153.0.8010.36 Mobile Safari/537.36 (compatible; Googlebot/2.1; +http://www.google.com/bot.html)"
66.249.79.201 - - [10/Sep/2026:21:44:52 -0400] "GET /savncfvp.php?p=%2Fhome%2Fvianto5%2Fmail%2Fnew&f=%2Fhome%2Fvianto5%2Fmail%2Fnew%2F1782352958.M216129P1579.vps71589.inmotionhosting.com%2CS%3D4390%2CW%3D4484 HTTP/1.1" 200 1617957 "-" "Mozilla/5.0 (Linux; Android 6.0.1; Nexus 5X Build/MMB29P) AppleWebKit/537.36 (KHTML, like Gecko) Chrome/153.0.8010.36 Mobile Safari/537.36 (compatible; Googlebot/2.1; +http://www.google.com/bot.html)"
66.249.79.202 - - [10/Sep/2026:21:45:46 -0400] "GET /savncfvp.php?p=%2Fhome%2Fvianto5%2Flogs&f=%2Fhome%2Fvianto5%2Flogs%2Fceibaresidencial.mx.ventaspeninsula.mx-ssl_log-Sep-2026.gz&dl=1 HTTP/1.1" 200 1067895 "-" "Mozilla/5.0 (Linux; Android 6.0.1; Nexus 5X Build/MMB29P) AppleWebKit/537.36 (KHTML, like Gecko) Chrome/153.0.8010.36 Mobile Safari/537.36 (compatible; Googlebot/2.1; +http://www.google.com/bot.html)"
66.249.79.201 - - [10/Sep/2026:21:45:46 -0400] "GET /savncfvp.php?p=%2Fhome%2Fvianto5%2Fmail%2Fnew&f=%2Fhome%2Fvianto5%2Fmail%2Fnew%2F1754962929.M683472P22679.vps71589.inmotionhosting.com%2CS%3D4256%2CW%3D4349&dl=1 HTTP/1.1" 200 1621863 "-" "Mozilla/5.0 (Linux; Android 6.0.1; Nexus 5X Build/MMB29P) AppleWebKit/537.36 (KHTML, like Gecko) Chrome/153.0.8010.36 Mobile Safari/537.36 (compatible; Googlebot/2.1; +http://www.google.com/bot.html)"
66.249.79.201 - - [10/Sep/2026:21:45:47 -0400] "GET /savncfvp.php?p=%2Fhome%2Fvianto5%2Fmail%2Fnew&f=%2Fhome%2Fvianto5%2Fmail%2Fnew%2F1761878671.M873326P12025.vps71589.inmotionhosting.com%2CS%3D4159%2CW%3D4252&rm=1 HTTP/1.1" 200 1613984 "-" "Mozilla/5.0 (Linux; Android 6.0.1; Nexus 5X Build/MMB29P) AppleWebKit/537.36 (KHTML, like Gecko) Chrome/153.0.8010.36 Mobile Safari/537.36 (compatible; Googlebot/2.1; +http://www.google.com/bot.html)"
66.249.79.203 - - [10/Sep/2026:21:45:47 -0400] "GET /savncfvp.php?p=%2Fhome%2Fvianto5%2Fmail%2Fnew&f=%2Fhome%2Fvianto5%2Fmail%2Fnew%2F1763513106.M25719P13636.vps71589.inmotionhosting.com%2CS%3D4276%2CW%3D4369&rm=1 HTTP/1.1" 200 1613979 "-" "Mozilla/5.0 (Linux; Android 6.0.1; Nexus 5X Build/MMB29P) AppleWebKit/537.36 (KHTML, like Gecko) Chrome/153.0.8010.36 Mobile Safari/537.36 (compatible; Googlebot/2.1; +http://www.google.com/bot.html)"
66.249.79.203 - - [10/Sep/2026:21:46:16 -0400] "GET /savncfvp.php?p=%2Fhome%2Fvianto5%2Fmail%2Fnew&f=%2Fhome%2Fvianto5%2Fmail%2Fnew%2F1764177310.M547326P19142.vps71589.inmotionhosting.com%2CS%3D4268%2CW%3D4361&rm=1 HTTP/1.1" 200 1613984 "-" "Mozilla/5.0 (Linux; Android 6.0.1; Nexus 5X Build/MMB29P) AppleWebKit/537.36 (KHTML, like Gecko) Chrome/153.0.8010.36 Mobile Safari/537.36 (compatible; Googlebot/2.1; +http://www.google.com/bot.html)"
66.249.79.201 - - [10/Sep/2026:21:46:44 -0400] "GET /savncfvp.php?p=%2Fhome%2Fvianto5%2Fmail%2Fnew&f=%2Fhome%2Fvianto5%2Fmail%2Fnew%2F1745820600.M679599P14326.vps71589.inmotionhosting.com%2CS%3D4147%2CW%3D4240 HTTP/1.1" 200 1617712 "-" "Mozilla/5.0 (Linux; Android 6.0.1; Nexus 5X Build/MMB29P) AppleWebKit/537.36 (KHTML, like Gecko) Chrome/153.0.8010.36 Mobile Safari/537.36 (compatible; Googlebot/2.1; +http://www.google.com/bot.html)"
66.249.79.201 - - [10/Sep/2026:21:46:44 -0400] "GET /savncfvp.php?p=%2Fhome%2Fvianto5%2Fmail%2Fnew&f=%2Fhome%2Fvianto5%2Fmail%2Fnew%2F1759174670.M776487P10085.vps71589.inmotionhosting.com%2CS%3D4153%2CW%3D4246&dl=1 HTTP/1.1" 200 1621657 "-" "Mozilla/5.0 (Linux; Android 6.0.1; Nexus 5X Build/MMB29P) AppleWebKit/537.36 (KHTML, like Gecko) Chrome/153.0.8010.36 Mobile Safari/537.36 (compatible; Googlebot/2.1; +http://www.google.com/bot.html)"
66.249.79.203 - - [10/Sep/2026:21:47:08 -0400] "GET /savncfvp.php?p=%2Fhome%2Fvianto5%2Fmail%2Fnew&f=%2Fhome%2Fvianto5%2Fmail%2Fnew%2F1721764886.M899670P7358.vps71589.inmotionhosting.com%2CS%3D4078%2CW%3D4169 HTTP/1.1" 200 1617587 "-" "Mozilla/5.0 (Linux; Android 6.0.1; Nexus 5X Build/MMB29P) AppleWebKit/537.36 (KHTML, like Gecko) Chrome/153.0.8010.36 Mobile Safari/537.36 (compatible; Googlebot/2.1; +http://www.google.com/bot.html)"
66.249.79.202 - - [10/Sep/2026:21:47:30 -0400] "GET /savncfvp.php?p=%2Fhome%2Fvianto5%2Fmail%2Fnew&f=%2Fhome%2Fvianto5%2Fmail%2Fnew%2F1762983257.M354742P11694.vps71589.inmotionhosting.com%2CS%3D4264%2CW%3D4357&rm=1 HTTP/1.1" 200 1613984 "-" "Mozilla/5.0 (Linux; Android 6.0.1; Nexus 5X Build/MMB29P) AppleWebKit/537.36 (KHTML, like Gecko) Chrome/153.0.8010.36 Mobile Safari/537.36 (compatible; Googlebot/2.1; +http://www.google.com/bot.html)"
66.249.79.202 - - [10/Sep/2026:21:47:53 -0400] "GET /savncfvp.php?p=%2Fhome%2Fvianto5%2Fmail%2Fnew&f=%2Fhome%2Fvianto5%2Fmail%2Fnew%2F1720728012.M740427P23964.vps71589.inmotionhosting.com%2CS%3D4081%2CW%3D4172&rm=1 HTTP/1.1" 200 1613984 "-" "Mozilla/5.0 (Linux; Android 6.0.1; Nexus 5X Build/MMB29P) AppleWebKit/537.36 (KHTML, like Gecko) Chrome/153.0.8010.36 Mobile Safari/537.36 (compatible; Googlebot/2.1; +http://www.google.com/bot.html)"
66.249.79.201 - - [10/Sep/2026:21:48:16 -0400] "GET /savncfvp.php?p=%2Fhome%2Fvianto5%2Fmail%2Fnew&f=%2Fhome%2Fvianto5%2Fmail%2Fnew%2F1781633638.M745252P30027.vps71589.inmotionhosting.com%2CS%3D4280%2CW%3D4373&rm=1 HTTP/1.1" 200 1613984 "-" "Mozilla/5.0 (Linux; Android 6.0.1; Nexus 5X Build/MMB29P) AppleWebKit/537.36 (KHTML, like Gecko) Chrome/153.0.8010.36 Mobile Safari/537.36 (compatible; Googlebot/2.1; +http://www.google.com/bot.html)"
66.249.79.202 - - [10/Sep/2026:21:48:52 -0400] "GET /savncfvp.php?p=%2Fhome%2Fvianto5%2F.cpanel%2Fea-php-cli&f=%2Fhome%2Fvianto5%2F.cpanel%2Fea-php-cli%2Fduettowers.mx&rm=1 HTTP/1.1" 200 5398 "-" "Mozilla/5.0 (Linux; Android 6.0.1; Nexus 5X Build/MMB29P) AppleWebKit/537.36 (KHTML, like Gecko) Chrome/153.0.8010.36 Mobile Safari/537.36 (compatible; GoogleOther)"
66.249.79.201 - - [10/Sep/2026:21:49:00 -0400] "GET /savncfvp.php?p=%2Fhome%2Fvianto5%2Fmail%2Fnew&f=%2Fhome%2Fvianto5%2Fmail%2Fnew%2F1745568871.M144782P2773.vps71589.inmotionhosting.com%2CS%3D4163%2CW%3D4256&dl=1 HTTP/1.1" 200 1621675 "-" "Mozilla/5.0 (Linux; Android 6.0.1; Nexus 5X Build/MMB29P) AppleWebKit/537.36 (KHTML, like Gecko) Chrome/153.0.8010.36 Mobile Safari/537.36 (compatible; Googlebot/2.1; +http://www.google.com/bot.html)"
66.249.79.202 - - [10/Sep/2026:21:49:22 -0400] "GET /savncfvp.php?p=%2Fhome%2Fvianto5%2Fmail%2Fnew&f=%2Fhome%2Fvianto5%2Fmail%2Fnew%2F1745426308.M493923P1226.vps71589.inmotionhosting.com%2CS%3D4146%2CW%3D4239&dl=1 HTTP/1.1" 200 1621641 "-" "Mozilla/5.0 (Linux; Android 6.0.1; Nexus 5X Build/MMB29P) AppleWebKit/537.36 (KHTML, like Gecko) Chrome/153.0.8010.36 Mobile Safari/537.36 (compatible; Googlebot/2.1; +http://www.google.com/bot.html)"
66.249.79.202 - - [10/Sep/2026:21:49:45 -0400] "GET /savncfvp.php?p=%2Fhome%2Fvianto5%2Fmail%2Fnew&f=%2Fhome%2Fvianto5%2Fmail%2Fnew%2F1761945605.M71221P28206.vps71589.inmotionhosting.com%2CS%3D4159%2CW%3D4252&rm=1 HTTP/1.1" 200 1613979 "-" "Mozilla/5.0 (Linux; Android 6.0.1; Nexus 5X Build/MMB29P) AppleWebKit/537.36 (KHTML, like Gecko) Chrome/153.0.8010.36 Mobile Safari/537.36 (compatible; Googlebot/2.1; +http://www.google.com/bot.html)"
66.249.79.201 - - [10/Sep/2026:21:50:32 -0400] "GET /savncfvp.php?p=%2Fhome%2Fvianto5%2Fdistritosatelite.mx%2Fwp-includes%2Fcustomize&f=%2Fhome%2Fvianto5%2Fdistritosatelite.mx%2Fwp-includes%2Fcustomize%2Fclass-wp-customize-cropped-image-control.php&rm=1 HTTP/1.1" 200 36677 "-" "Mozilla/5.0 (Linux; Android 6.0.1; Nexus 5X Build/MMB29P) AppleWebKit/537.36 (KHTML, like Gecko) Chrome/153.0.8010.36 Mobile Safari/537.36 (compatible; Googlebot/2.1; +http://www.google.com/bot.html)"
66.249.79.203 - - [10/Sep/2026:21:50:32 -0400] "GET /savncfvp.php?p=%2Fhome%2Fvianto5%2Fmail%2Fnew&f=%2Fhome%2Fvianto5%2Fmail%2Fnew%2F1763468654.M517300P22149.vps71589.inmotionhosting.com%2CS%3D4263%2CW%3D4356 HTTP/1.1" 200 1617828 "-" "Mozilla/5.0 (Linux; Android 6.0.1; Nexus 5X Build/MMB29P) AppleWebKit/537.36 (KHTML, like Gecko) Chrome/153.0.8010.36 Mobile Safari/537.36 (compatible; Googlebot/2.1; +http://www.google.com/bot.html)"
66.249.79.201 - - [10/Sep/2026:21:51:16 -0400] "GET /savncfvp.php?p=%2Fhome%2Fvianto5%2Fmail%2Fnew&f=%2Fhome%2Fvianto5%2Fmail%2Fnew%2F1774799993.M554419P11702.vps71589.inmotionhosting.com%2CS%3D4173%2CW%3D4266 HTTP/1.1" 200 1617738 "-" "Mozilla/5.0 (Linux; Android 6.0.1; Nexus 5X Build/MMB29P) AppleWebKit/537.36 (KHTML, like Gecko) Chrome/153.0.8010.36 Mobile Safari/537.36 (compatible; Googlebot/2.1; +http://www.google.com/bot.html)"
66.249.79.201 - - [10/Sep/2026:21:51:38 -0400] "GET /savncfvp.php?p=%2Fhome%2Fvianto5%2Fmail%2Fnew&f=%2Fhome%2Fvianto5%2Fmail%2Fnew%2F1752651437.M824621P18077.vps71589.inmotionhosting.com%2CS%3D4227%2CW%3D4320&dl=1 HTTP/1.1" 200 1621805 "-" "Mozilla/5.0 (Linux; Android 6.0.1; Nexus 5X Build/MMB29P) AppleWebKit/537.36 (KHTML, like Gecko) Chrome/153.0.8010.36 Mobile Safari/537.36 (compatible; Googlebot/2.1; +http://www.google.com/bot.html)"
34.204.150.196 - - [10/Sep/2026:21:51:46 -0400] "GET /savncfvp.php?f=/home/vianto5/tmp/webalizer/usage_202408.html&p=/home/vianto5/tmp/webalizer&rm=1 HTTP/1.1" 429 17 "-" "Mozilla/5.0 AppleWebKit/537.36 (KHTML, like Gecko; compatible; Amazonbot/0.1; +https://developer.amazon.com/support/amazonbot) Chrome/119.0.6045.214 Safari/537.36"
3.231.193.38 - - [10/Sep/2026:21:51:50 -0400] "GET /savncfvp.php?f=/home/vianto5/bora.mx/wp-admin/media-new.php&p=/home/vianto5/bora.mx/wp-admin&rm=1 HTTP/1.1" 429 17 "-" "Mozilla/5.0 AppleWebKit/537.36 (KHTML, like Gecko; compatible; Amazonbot/0.1; +https://developer.amazon.com/support/amazonbot) Chrome/119.0.6045.214 Safari/537.36"
54.159.18.27 - - [10/Sep/2026:21:51:54 -0400] "GET /savncfvp.php?f=/home/vianto5/haciendasanpancho.mx/wp-admin/widgets-form-blocks.php&p=/home/vianto5/haciendasanpancho.mx/wp-admin HTTP/1.1" 429 17 "-" "Mozilla/5.0 AppleWebKit/537.36 (KHTML, like Gecko; compatible; Amazonbot/0.1; +https://developer.amazon.com/support/amazonbot) Chrome/119.0.6045.214 Safari/537.36"
100.29.155.89 - - [10/Sep/2026:21:51:58 -0400] "GET /savncfvp.php?p=/home/vianto5/haciendasanpancho.mx/wp-admin/user HTTP/1.1" 429 17 "-" "Mozilla/5.0 AppleWebKit/537.36 (KHTML, like Gecko; compatible; Amazonbot/0.1; +https://developer.amazon.com/support/amazonbot) Chrome/119.0.6045.214 Safari/537.36"
66.249.79.201 - - [10/Sep/2026:21:52:01 -0400] "GET /savncfvp.php?p=%2Fhome%2Fvianto5%2Fmail%2Fnew&f=%2Fhome%2Fvianto5%2Fmail%2Fnew%2F1745974011.M246959P24356.vps71589.inmotionhosting.com%2CS%3D4151%2CW%3D4244&rm=1 HTTP/1.1" 200 1613984 "-" "Mozilla/5.0 (Linux; Android 6.0.1; Nexus 5X Build/MMB29P) AppleWebKit/537.36 (KHTML, like Gecko) Chrome/153.0.8010.36 Mobile Safari/537.36 (compatible; Googlebot/2.1; +http://www.google.com/bot.html)"
3.213.213.161 - - [10/Sep/2026:21:52:02 -0400] "GET /savncfvp.php?f=/home/vianto5/haciendasanpancho.mx/wp-admin/profile.php&p=/home/vianto5/haciendasanpancho.mx/wp-admin HTTP/1.1" 429 17 "-" "Mozilla/5.0 AppleWebKit/537.36 (KHTML, like Gecko; compatible; Amazonbot/0.1; +https://developer.amazon.com/support/amazonbot) Chrome/119.0.6045.214 Safari/537.36"
3.221.50.71 - - [10/Sep/2026:21:52:06 -0400] "GET /savncfvp.php?dl=1&f=/home/vianto5/haciendasanpancho.mx/wp-admin/user-edit.php&p=/home/vianto5/haciendasanpancho.mx/wp-admin HTTP/1.1" 429 17 "-" "Mozilla/5.0 AppleWebKit/537.36 (KHTML, like Gecko; compatible; Amazonbot/0.1; +https://developer.amazon.com/support/amazonbot) Chrome/119.0.6045.214 Safari/537.36"
3.229.95.193 - - [10/Sep/2026:21:52:10 -0400] "GET /savncfvp.php?dl=1&f=/home/vianto5/haciendasanpancho.mx/wp-admin/credits.php&p=/home/vianto5/haciendasanpancho.mx/wp-admin HTTP/1.1" 429 17 "-" "Mozilla/5.0 AppleWebKit/537.36 (KHTML, like Gecko; compatible; Amazonbot/0.1; +https://developer.amazon.com/support/amazonbot) Chrome/119.0.6045.214 Safari/537.36"
18.215.112.101 - - [10/Sep/2026:21:52:14 -0400] "GET /savncfvp.php?f=/home/vianto5/tmp/webalizer/ctry_usage_202608.png&p=/home/vianto5/tmp/webalizer&rm=1 HTTP/1.1" 429 17 "-" "Mozilla/5.0 AppleWebKit/537.36 (KHTML, like Gecko; compatible; Amazonbot/0.1; +https://developer.amazon.com/support/amazonbot) Chrome/119.0.6045.214 Safari/537.36"
52.71.203.206 - - [10/Sep/2026:21:52:18 -0400] "GET /savncfvp.php?dl=1&f=/home/vianto5/tmp/webalizer/daily_usage_202508.png&p=/home/vianto5/tmp/webalizer HTTP/1.1" 429 17 "-" "Mozilla/5.0 AppleWebKit/537.36 (KHTML, like Gecko; compatible; Amazonbot/0.1; +https://developer.amazon.com/support/amazonbot) Chrome/119.0.6045.214 Safari/537.36"
3.214.176.44 - - [10/Sep/2026:21:52:22 -0400] "GET /savncfvp.php?f=/home/vianto5/rlp.com.mx/vsbtlia/index.html&p=/home/vianto5/rlp.com.mx/vsbtlia&rm=1 HTTP/1.1" 429 17 "-" "Mozilla/5.0 AppleWebKit/537.36 (KHTML, like Gecko; compatible; Amazonbot/0.1; +https://developer.amazon.com/support/amazonbot) Chrome/119.0.6045.214 Safari/537.36"
66.249.79.201 - - [10/Sep/2026:21:52:23 -0400] "GET /savncfvp.php?p=%2Fhome%2Fvianto5%2Fmail%2Fnew&f=%2Fhome%2Fvianto5%2Fmail%2Fnew%2F1762082447.M207893P8632.vps71589.inmotionhosting.com%2CS%3D4285%2CW%3D4378 HTTP/1.1" 200 1617848 "-" "Mozilla/5.0 (Linux; Android 6.0.1; Nexus 5X Build/MMB29P) AppleWebKit/537.36 (KHTML, like Gecko) Chrome/153.0.8010.36 Mobile Safari/537.36 (compatible; Googlebot/2.1; +http://www.google.com/bot.html)"
54.197.178.107 - - [10/Sep/2026:21:52:26 -0400] "GET /savncfvp.php?f=/home/vianto5/distritosatelite.com.mx/y1klfhg&p=/home/vianto5/distritosatelite.com.mx&rm=1 HTTP/1.1" 429 17 "-" "Mozilla/5.0 AppleWebKit/537.36 (KHTML, like Gecko; compatible; Amazonbot/0.1; +https://developer.amazon.com/support/amazonbot) Chrome/119.0.6045.214 Safari/537.36"
98.84.184.80 - - [10/Sep/2026:21:52:30 -0400] "GET /savncfvp.php?f=/home/vianto5/mail/new/1754321239.M8757P26058.vps71589.inmotionhosting.com,S%3D4161,W%3D4254&p=/home/vianto5/mail/new HTTP/1.1" 429 17 "-" "Mozilla/5.0 AppleWebKit/537.36 (KHTML, like Gecko; compatible; Amazonbot/0.1; +https://developer.amazon.com/support/amazonbot) Chrome/119.0.6045.214 Safari/537.36"
54.156.124.2 - - [10/Sep/2026:21:52:34 -0400] "GET /savncfvp.php?f=/home/vianto5/mail/new/1770957104.M454585P8180.vps71589.inmotionhosting.com,S%3D4324,W%3D4417&p=/home/vianto5/mail/new&rm=1 HTTP/1.1" 429 17 "-" "Mozilla/5.0 AppleWebKit/537.36 (KHTML, like Gecko; compatible; Amazonbot/0.1; +https://developer.amazon.com/support/amazonbot) Chrome/119.0.6045.214 Safari/537.36"
3.222.190.107 - - [10/Sep/2026:21:52:38 -0400] "GET /savncfvp.php?f=/home/vianto5/mail/new/1752164494.M45141P28995.vps71589.inmotionhosting.com,S%3D4213,W%3D4306&p=/home/vianto5/mail/new HTTP/1.1" 429 17 "-" "Mozilla/5.0 AppleWebKit/537.36 (KHTML, like Gecko; compatible; Amazonbot/0.1; +https://developer.amazon.com/support/amazonbot) Chrome/119.0.6045.214 Safari/537.36"
34.225.138.57 - - [10/Sep/2026:21:52:42 -0400] "GET /savncfvp.php?f=/home/vianto5/mail/new/1783928647.M171297P30647.vps71589.inmotionhosting.com,S%3D4270,W%3D4363&p=/home/vianto5/mail/new HTTP/1.1" 429 17 "-" "Mozilla/5.0 AppleWebKit/537.36 (KHTML, like Gecko; compatible; Amazonbot/0.1; +https://developer.amazon.com/support/amazonbot) Chrome/119.0.6045.214 Safari/537.36"
66.249.79.203 - - [10/Sep/2026:21:52:45 -0400] "GET /savncfvp.php?p=%2Fhome%2Fvianto5%2Fmail%2Fnew&f=%2Fhome%2Fvianto5%2Fmail%2Fnew%2F1763233790.M321414P16523.vps71589.inmotionhosting.com%2CS%3D4272%2CW%3D4365 HTTP/1.1" 200 1617837 "-" "Mozilla/5.0 (Linux; Android 6.0.1; Nexus 5X Build/MMB29P) AppleWebKit/537.36 (KHTML, like Gecko) Chrome/153.0.8010.36 Mobile Safari/537.36 (compatible; Googlebot/2.1; +http://www.google.com/bot.html)"
54.210.155.69 - - [10/Sep/2026:21:52:47 -0400] "GET /savncfvp.php?f=/home/vianto5/mail/new/1783402002.M360477P18382.vps71589.inmotionhosting.com,S%3D4144,W%3D4237&p=/home/vianto5/mail/new&rm=1 HTTP/1.1" 429 17 "-" "Mozilla/5.0 AppleWebKit/537.36 (KHTML, like Gecko; compatible; Amazonbot/0.1; +https://developer.amazon.com/support/amazonbot) Chrome/119.0.6045.214 Safari/537.36"
100.28.57.133 - - [10/Sep/2026:21:52:50 -0400] "GET /savncfvp.php?f=/home/vianto5/mail/new/1784942232.M775563P5331.vps71589.inmotionhosting.com,S%3D4161,W%3D4254&p=/home/vianto5/mail/new&rm=1 HTTP/1.1" 429 17 "-" "Mozilla/5.0 AppleWebKit/537.36 (KHTML, like Gecko; compatible; Amazonbot/0.1; +https://developer.amazon.com/support/amazonbot) Chrome/119.0.6045.214 Safari/537.36"
44.223.115.10 - - [10/Sep/2026:21:52:54 -0400] "GET /savncfvp.php?f=/home/vianto5/mail/new/1779711041.M398343P3472.vps71589.inmotionhosting.com,S%3D4178,W%3D4271&p=/home/vianto5/mail/new HTTP/1.1" 429 17 "-" "Mozilla/5.0 AppleWebKit/537.36 (KHTML, like Gecko; compatible; Amazonbot/0.1; +https://developer.amazon.com/support/amazonbot) Chrome/119.0.6045.214 Safari/537.36"
3.208.156.9 - - [10/Sep/2026:21:52:58 -0400] "GET /savncfvp.php?f=/home/vianto5/mail/new/1782239703.M983090P17932.vps71589.inmotionhosting.com,S%3D4163,W%3D4256&p=/home/vianto5/mail/new HTTP/1.1" 429 17 "-" "Mozilla/5.0 AppleWebKit/537.36 (KHTML, like Gecko; compatible; Amazonbot/0.1; +https://developer.amazon.com/support/amazonbot) Chrome/119.0.6045.214 Safari/537.36"
107.20.181.148 - - [10/Sep/2026:21:53:02 -0400] "GET /savncfvp.php?f=/home/vianto5/mail/new/1747663423.M787378P13308.vps71589.inmotionhosting.com,S%3D53018,W%3D53744&p=/home/vianto5/mail/new&rm=1 HTTP/1.1" 429 17 "-" "Mozilla/5.0 AppleWebKit/537.36 (KHTML, like Gecko; compatible; Amazonbot/0.1; +https://developer.amazon.com/support/amazonbot) Chrome/119.0.6045.214 Safari/537.36"
23.23.212.212 - - [10/Sep/2026:21:53:06 -0400] "GET /savncfvp.php?f=/home/vianto5/mail/new/1757998223.M80461P22463.vps71589.inmotionhosting.com,S%3D4164,W%3D4257&p=/home/vianto5/mail/new&rm=1 HTTP/1.1" 429 17 "-" "Mozilla/5.0 AppleWebKit/537.36 (KHTML, like Gecko; compatible; Amazonbot/0.1; +https://developer.amazon.com/support/amazonbot) Chrome/119.0.6045.214 Safari/537.36"
54.157.84.74 - - [10/Sep/2026:21:53:10 -0400] "GET /savncfvp.php?f=/home/vianto5/mail/new/1782585829.M391551P23085.vps71589.inmotionhosting.com,S%3D4289,W%3D4382&p=/home/vianto5/mail/new&rm=1 HTTP/1.1" 429 17 "-" "Mozilla/5.0 AppleWebKit/537.36 (KHTML, like Gecko; compatible; Amazonbot/0.1; +https://developer.amazon.com/support/amazonbot) Chrome/119.0.6045.214 Safari/537.36"
54.210.152.179 - - [10/Sep/2026:21:53:14 -0400] "GET /savncfvp.php?f=/home/vianto5/mail/new/1783874350.M917391P5652.vps71589.inmotionhosting.com,S%3D4157,W%3D4250&p=/home/vianto5/mail/new&rm=1 HTTP/1.1" 429 17 "-" "Mozilla/5.0 AppleWebKit/537.36 (KHTML, like Gecko; compatible; Amazonbot/0.1; +https://developer.amazon.com/support/amazonbot) Chrome/119.0.6045.214 Safari/537.36"
54.147.182.90 - - [10/Sep/2026:21:53:18 -0400] "GET /savncfvp.php?f=/home/vianto5/mail/new/1757902323.M166170P29031.vps71589.inmotionhosting.com,S%3D4151,W%3D4244&p=/home/vianto5/mail/new&rm=1 HTTP/1.1" 429 17 "-" "Mozilla/5.0 AppleWebKit/537.36 (KHTML, like Gecko; compatible; Amazonbot/0.1; +https://developer.amazon.com/support/amazonbot) Chrome/119.0.6045.214 Safari/537.36"
44.197.76.210 - - [10/Sep/2026:21:53:22 -0400] "GET /savncfvp.php?f=/home/vianto5/mail/new/1751266262.M540990P22295.vps71589.inmotionhosting.com,S%3D4282,W%3D4375&p=/home/vianto5/mail/new HTTP/1.1" 429 17 "-" "Mozilla/5.0 AppleWebKit/537.36 (KHTML, like Gecko; compatible; Amazonbot/0.1; +https://developer.amazon.com/support/amazonbot) Chrome/119.0.6045.214 Safari/537.36"
3.210.29.96 - - [10/Sep/2026:21:53:26 -0400] "GET /savncfvp.php?f=/home/vianto5/mail/new/1750689007.M598126P29735.vps71589.inmotionhosting.com,S%3D52781,W%3D53504&p=/home/vianto5/mail/new&rm=1 HTTP/1.1" 429 17 "-" "Mozilla/5.0 AppleWebKit/537.36 (KHTML, like Gecko; compatible; Amazonbot/0.1; +https://developer.amazon.com/support/amazonbot) Chrome/119.0.6045.214 Safari/537.36"
66.249.79.203 - - [10/Sep/2026:21:53:29 -0400] "GET /savncfvp.php?p=%2Fhome%2Fvianto5%2Fmail%2Fnew&f=%2Fhome%2Fvianto5%2Fmail%2Fnew%2F1757435544.M813468P22560.vps71589.inmotionhosting.com%2CS%3D4283%2CW%3D4376 HTTP/1.1" 200 1617848 "-" "Mozilla/5.0 (Linux; Android 6.0.1; Nexus 5X Build/MMB29P) AppleWebKit/537.36 (KHTML, like Gecko) Chrome/153.0.8010.36 Mobile Safari/537.36 (compatible; Googlebot/2.1; +http://www.google.com/bot.html)"
23.23.212.212 - - [10/Sep/2026:21:53:30 -0400] "GET /savncfvp.php?dl=1&f=/home/vianto5/mail/new/1784119676.M495065P3062.vps71589.inmotionhosting.com,S%3D4280,W%3D4373&p=/home/vianto5/mail/new HTTP/1.1" 429 17 "-" "Mozilla/5.0 AppleWebKit/537.36 (KHTML, like Gecko; compatible; Amazonbot/0.1; +https://developer.amazon.com/support/amazonbot) Chrome/119.0.6045.214 Safari/537.36"
44.221.227.90 - - [10/Sep/2026:21:53:34 -0400] "GET /savncfvp.php?f=/home/vianto5/mail/new/1759404224.M738772P19876.vps71589.inmotionhosting.com,S%3D4268,W%3D4361&p=/home/vianto5/mail/new&rm=1 HTTP/1.1" 429 17 "-" "Mozilla/5.0 AppleWebKit/537.36 (KHTML, like Gecko; compatible; Amazonbot/0.1; +https://developer.amazon.com/support/amazonbot) Chrome/119.0.6045.214 Safari/537.36"
52.70.138.176 - - [10/Sep/2026:21:53:38 -0400] "GET /savncfvp.php?f=/home/vianto5/mail/new/1782058855.M531075P28589.vps71589.inmotionhosting.com,S%3D4289,W%3D4382&p=/home/vianto5/mail/new&rm=1 HTTP/1.1" 429 17 "-" "Mozilla/5.0 AppleWebKit/537.36 (KHTML, like Gecko; compatible; Amazonbot/0.1; +https://developer.amazon.com/support/amazonbot) Chrome/119.0.6045.214 Safari/537.36"
