213.209.159.223 - - [10/Sep/2026:15:18:57 -0400] "GET /docker-compose.yml HTTP/1.1" 404 111728 "-" "Mozilla/4.0 (compatible; MSIE 8.0; Windows NT 6.0; Trident/4.0; GTB7.4; SLCC1; .NET CLR 2.0.50727; Media Center PC 5.0; .NET CLR 3.5.30729; .NET CLR 3.0.30618; .NET4.0C; HYVES)"
213.209.159.223 - - [10/Sep/2026:15:18:58 -0400] "GET /env HTTP/1.1" 404 111728 "-" "Mozilla/4.0 (compatible; MSIE 8.0; Windows NT 6.0; Trident/4.0; GTB7.4; SLCC1; .NET CLR 2.0.50727; Media Center PC 5.0; .NET CLR 3.5.30729; .NET CLR 3.0.30618; .NET4.0C; HYVES)"
213.209.159.223 - - [10/Sep/2026:15:19:00 -0400] "GET /.env.development HTTP/1.1" 406 300 "-" "Mozilla/4.0 (compatible; MSIE 8.0; Windows NT 6.0; Trident/4.0; GTB7.4; SLCC1; .NET CLR 2.0.50727; Media Center PC 5.0; .NET CLR 3.5.30729; .NET CLR 3.0.30618; .NET4.0C; HYVES)"
213.209.159.223 - - [10/Sep/2026:15:19:00 -0400] "GET /.env.local HTTP/1.1" 406 300 "-" "Mozilla/4.0 (compatible; MSIE 8.0; Windows NT 6.0; Trident/4.0; GTB7.4; SLCC1; .NET CLR 2.0.50727; Media Center PC 5.0; .NET CLR 3.5.30729; .NET CLR 3.0.30618; .NET4.0C; HYVES)"
213.209.159.223 - - [10/Sep/2026:15:19:00 -0400] "GET /test/.env HTTP/1.1" 406 300 "-" "Mozilla/4.0 (compatible; MSIE 8.0; Windows NT 6.0; Trident/4.0; GTB7.4; SLCC1; .NET CLR 2.0.50727; Media Center PC 5.0; .NET CLR 3.5.30729; .NET CLR 3.0.30618; .NET4.0C; HYVES)"
213.209.159.223 - - [10/Sep/2026:15:19:00 -0400] "GET /.aws/credentials HTTP/1.1" 404 111728 "-" "Mozilla/4.0 (compatible; MSIE 8.0; Windows NT 6.0; Trident/4.0; GTB7.4; SLCC1; .NET CLR 2.0.50727; Media Center PC 5.0; .NET CLR 3.5.30729; .NET CLR 3.0.30618; .NET4.0C; HYVES)"
213.209.159.223 - - [10/Sep/2026:15:19:02 -0400] "GET /.env.dev HTTP/1.1" 406 300 "-" "Mozilla/4.0 (compatible; MSIE 8.0; Windows NT 6.0; Trident/4.0; GTB7.4; SLCC1; .NET CLR 2.0.50727; Media Center PC 5.0; .NET CLR 3.5.30729; .NET CLR 3.0.30618; .NET4.0C; HYVES)"
213.209.159.223 - - [10/Sep/2026:15:19:02 -0400] "GET /portal/.env HTTP/1.1" 406 300 "-" "Mozilla/4.0 (compatible; MSIE 8.0; Windows NT 6.0; Trident/4.0; GTB7.4; SLCC1; .NET CLR 2.0.50727; Media Center PC 5.0; .NET CLR 3.5.30729; .NET CLR 3.0.30618; .NET4.0C; HYVES)"
213.209.159.223 - - [10/Sep/2026:15:19:02 -0400] "GET /src/.env HTTP/1.1" 406 300 "-" "Mozilla/4.0 (compatible; MSIE 8.0; Windows NT 6.0; Trident/4.0; GTB7.4; SLCC1; .NET CLR 2.0.50727; Media Center PC 5.0; .NET CLR 3.5.30729; .NET CLR 3.0.30618; .NET4.0C; HYVES)"
213.209.159.223 - - [10/Sep/2026:15:19:02 -0400] "GET /config.php.save HTTP/1.1" 404 111728 "-" "Mozilla/4.0 (compatible; MSIE 8.0; Windows NT 6.0; Trident/4.0; GTB7.4; SLCC1; .NET CLR 2.0.50727; Media Center PC 5.0; .NET CLR 3.5.30729; .NET CLR 3.0.30618; .NET4.0C; HYVES)"
213.209.159.223 - - [10/Sep/2026:15:19:04 -0400] "GET /config/.env HTTP/1.1" 406 300 "-" "Mozilla/4.0 (compatible; MSIE 8.0; Windows NT 6.0; Trident/4.0; GTB7.4; SLCC1; .NET CLR 2.0.50727; Media Center PC 5.0; .NET CLR 3.5.30729; .NET CLR 3.0.30618; .NET4.0C; HYVES)"
213.209.159.223 - - [10/Sep/2026:15:19:04 -0400] "GET /local/.env HTTP/1.1" 406 300 "-" "Mozilla/4.0 (compatible; MSIE 8.0; Windows NT 6.0; Trident/4.0; GTB7.4; SLCC1; .NET CLR 2.0.50727; Media Center PC 5.0; .NET CLR 3.5.30729; .NET CLR 3.0.30618; .NET4.0C; HYVES)"
213.209.159.223 - - [10/Sep/2026:15:19:04 -0400] "GET /api/test HTTP/1.1" 404 111728 "-" "Mozilla/4.0 (compatible; MSIE 8.0; Windows NT 6.0; Trident/4.0; GTB7.4; SLCC1; .NET CLR 2.0.50727; Media Center PC 5.0; .NET CLR 3.5.30729; .NET CLR 3.0.30618; .NET4.0C; HYVES)"
213.209.159.223 - - [10/Sep/2026:15:19:06 -0400] "GET /info.php HTTP/1.1" 404 111728 "-" "Mozilla/4.0 (compatible; MSIE 8.0; Windows NT 6.0; Trident/4.0; GTB7.4; SLCC1; .NET CLR 2.0.50727; Media Center PC 5.0; .NET CLR 3.5.30729; .NET CLR 3.0.30618; .NET4.0C; HYVES)"
213.209.159.223 - - [10/Sep/2026:15:19:07 -0400] "GET /new/.env HTTP/1.1" 406 300 "-" "Mozilla/4.0 (compatible; MSIE 8.0; Windows NT 6.0; Trident/4.0; GTB7.4; SLCC1; .NET CLR 2.0.50727; Media Center PC 5.0; .NET CLR 3.5.30729; .NET CLR 3.0.30618; .NET4.0C; HYVES)"
213.209.159.223 - - [10/Sep/2026:15:19:08 -0400] "GET /framework/.env HTTP/1.1" 406 300 "-" "Mozilla/4.0 (compatible; MSIE 8.0; Windows NT 6.0; Trident/4.0; GTB7.4; SLCC1; .NET CLR 2.0.50727; Media Center PC 5.0; .NET CLR 3.5.30729; .NET CLR 3.0.30618; .NET4.0C; HYVES)"
213.209.159.223 - - [10/Sep/2026:15:19:08 -0400] "GET /home/.env HTTP/1.1" 406 300 "-" "Mozilla/4.0 (compatible; MSIE 8.0; Windows NT 6.0; Trident/4.0; GTB7.4; SLCC1; .NET CLR 2.0.50727; Media Center PC 5.0; .NET CLR 3.5.30729; .NET CLR 3.0.30618; .NET4.0C; HYVES)"
213.209.159.223 - - [10/Sep/2026:15:19:09 -0400] "GET /media/.env HTTP/1.1" 406 300 "-" "Mozilla/4.0 (compatible; MSIE 8.0; Windows NT 6.0; Trident/4.0; GTB7.4; SLCC1; .NET CLR 2.0.50727; Media Center PC 5.0; .NET CLR 3.5.30729; .NET CLR 3.0.30618; .NET4.0C; HYVES)"
213.209.159.223 - - [10/Sep/2026:15:19:10 -0400] "GET /wp-content/plugins/elementor/assets/js/frontend.min.js?ver=4.1.4 HTTP/1.1" 200 32098 "-" "Mozilla/4.0 (compatible; MSIE 8.0; Windows NT 6.0; Trident/4.0; GTB7.4; SLCC1; .NET CLR 2.0.50727; Media Center PC 5.0; .NET CLR 3.5.30729; .NET CLR 3.0.30618; .NET4.0C; HYVES)"
213.209.159.223 - - [10/Sep/2026:15:19:10 -0400] "GET /wp-includes/js/jquery/jquery.min.js?ver=3.7.1 HTTP/1.1" 200 87553 "-" "Mozilla/4.0 (compatible; MSIE 8.0; Windows NT 6.0; Trident/4.0; GTB7.4; SLCC1; .NET CLR 2.0.50727; Media Center PC 5.0; .NET CLR 3.5.30729; .NET CLR 3.0.30618; .NET4.0C; HYVES)"
213.209.159.223 - - [10/Sep/2026:15:19:10 -0400] "GET /wp-content/themes/hello-elementor/assets/js/hello-frontend.js?ver=3.4.9 HTTP/1.1" 200 1830 "-" "Mozilla/4.0 (compatible; MSIE 8.0; Windows NT 6.0; Trident/4.0; GTB7.4; SLCC1; .NET CLR 2.0.50727; Media Center PC 5.0; .NET CLR 3.5.30729; .NET CLR 3.0.30618; .NET4.0C; HYVES)"
213.209.159.223 - - [10/Sep/2026:15:19:10 -0400] "GET /wp-includes/js/jquery/ui/core.min.js?ver=1.13.3 HTTP/1.1" 200 21464 "-" "Mozilla/4.0 (compatible; MSIE 8.0; Windows NT 6.0; Trident/4.0; GTB7.4; SLCC1; .NET CLR 2.0.50727; Media Center PC 5.0; .NET CLR 3.5.30729; .NET CLR 3.0.30618; .NET4.0C; HYVES)"
213.209.159.223 - - [10/Sep/2026:15:19:10 -0400] "GET /wp-content/plugins/elementor/assets/js/webpack.runtime.min.js?ver=4.1.4 HTTP/1.1" 200 5819 "-" "Mozilla/4.0 (compatible; MSIE 8.0; Windows NT 6.0; Trident/4.0; GTB7.4; SLCC1; .NET CLR 2.0.50727; Media Center PC 5.0; .NET CLR 3.5.30729; .NET CLR 3.0.30618; .NET4.0C; HYVES)"
213.209.159.223 - - [10/Sep/2026:15:19:10 -0400] "GET /wp-includes/js/jquery/jquery-migrate.min.js?ver=3.4.1 HTTP/1.1" 200 13577 "-" "Mozilla/4.0 (compatible; MSIE 8.0; Windows NT 6.0; Trident/4.0; GTB7.4; SLCC1; .NET CLR 2.0.50727; Media Center PC 5.0; .NET CLR 3.5.30729; .NET CLR 3.0.30618; .NET4.0C; HYVES)"
213.209.159.223 - - [10/Sep/2026:15:19:10 -0400] "GET /wp-content/plugins/elementor/assets/js/frontend-modules.min.js?ver=4.1.4 HTTP/1.1" 200 50602 "-" "Mozilla/4.0 (compatible; MSIE 8.0; Windows NT 6.0; Trident/4.0; GTB7.4; SLCC1; .NET CLR 2.0.50727; Media Center PC 5.0; .NET CLR 3.5.30729; .NET CLR 3.0.30618; .NET4.0C; HYVES)"
213.209.159.223 - - [10/Sep/2026:15:19:11 -0400] "GET /wp-content/themes/hello-elementor/assets/js/hello-frontend.js.map?ver=3.4.9 HTTP/1.1" 404 111728 "-" "Mozilla/4.0 (compatible; MSIE 8.0; Windows NT 6.0; Trident/4.0; GTB7.4; SLCC1; .NET CLR 2.0.50727; Media Center PC 5.0; .NET CLR 3.5.30729; .NET CLR 3.0.30618; .NET4.0C; HYVES)"
213.209.159.223 - - [10/Sep/2026:15:19:11 -0400] "GET /wp-includes/js/jquery/ui/core.min.js.map?ver=1.13.3 HTTP/1.1" 404 111728 "-" "Mozilla/4.0 (compatible; MSIE 8.0; Windows NT 6.0; Trident/4.0; GTB7.4; SLCC1; .NET CLR 2.0.50727; Media Center PC 5.0; .NET CLR 3.5.30729; .NET CLR 3.0.30618; .NET4.0C; HYVES)"
213.209.159.223 - - [10/Sep/2026:15:19:11 -0400] "GET /wp-content/plugins/elementor/assets/js/frontend-modules.min.js.map?ver=4.1.4 HTTP/1.1" 404 111728 "-" "Mozilla/4.0 (compatible; MSIE 8.0; Windows NT 6.0; Trident/4.0; GTB7.4; SLCC1; .NET CLR 2.0.50727; Media Center PC 5.0; .NET CLR 3.5.30729; .NET CLR 3.0.30618; .NET4.0C; HYVES)"
213.209.159.223 - - [10/Sep/2026:15:19:11 -0400] "GET /wp-content/plugins/elementor/assets/js/frontend.min.js.map?ver=4.1.4 HTTP/1.1" 404 111728 "-" "Mozilla/4.0 (compatible; MSIE 8.0; Windows NT 6.0; Trident/4.0; GTB7.4; SLCC1; .NET CLR 2.0.50727; Media Center PC 5.0; .NET CLR 3.5.30729; .NET CLR 3.0.30618; .NET4.0C; HYVES)"
213.209.159.223 - - [10/Sep/2026:15:19:11 -0400] "GET /wp-includes/js/jquery/jquery-migrate.min.js.map?ver=3.4.1 HTTP/1.1" 404 8192 "-" "Mozilla/4.0 (compatible; MSIE 8.0; Windows NT 6.0; Trident/4.0; GTB7.4; SLCC1; .NET CLR 2.0.50727; Media Center PC 5.0; .NET CLR 3.5.30729; .NET CLR 3.0.30618; .NET4.0C; HYVES)"
213.209.159.223 - - [10/Sep/2026:15:19:11 -0400] "GET /wp-content/plugins/elementor/assets/js/webpack.runtime.min.js.map?ver=4.1.4 HTTP/1.1" 404 8192 "-" "Mozilla/4.0 (compatible; MSIE 8.0; Windows NT 6.0; Trident/4.0; GTB7.4; SLCC1; .NET CLR 2.0.50727; Media Center PC 5.0; .NET CLR 3.5.30729; .NET CLR 3.0.30618; .NET4.0C; HYVES)"
213.209.159.223 - - [10/Sep/2026:15:19:11 -0400] "GET /wp-includes/js/jquery/jquery.min.js.map?ver=3.7.1 HTTP/1.1" 404 8192 "-" "Mozilla/4.0 (compatible; MSIE 8.0; Windows NT 6.0; Trident/4.0; GTB7.4; SLCC1; .NET CLR 2.0.50727; Media Center PC 5.0; .NET CLR 3.5.30729; .NET CLR 3.0.30618; .NET4.0C; HYVES)"
44.198.210.209 - - [10/Sep/2026:15:20:46 -0400] "HEAD / HTTP/1.1" 200 - "-" "-"
44.198.210.209 - - [10/Sep/2026:15:20:47 -0400] "GET / HTTP/1.1" 200 113159 "http://www.google.com" "Googlebot/2.1 (http://www.googlebot.com/bot.html)"
44.198.210.209 - - [10/Sep/2026:15:20:47 -0400] "GET / HTTP/1.1" 200 113159 "http://www.google.com" "Googlebot/2.1 (http://www.googlebot.com/bot.html)"
44.198.210.209 - - [10/Sep/2026:15:20:47 -0400] "GET / HTTP/1.0" 200 113159 "-" "Mozilla/5.0 (Windows; U; Windows NT 5.1; en-US) AppleWebKit/A.B (KHTML, like Gecko) Chrome/X.Y.Z.W Safari/A.B."
199.250.222.155 - - [10/Sep/2026:15:26:50 -0400] "POST /wp-cron.php?doing_wp_cron=1789068410.2038140296936035156250 HTTP/1.1" 200 - "-" "WordPress/7.0.2; https://haciendasanpancho.mx"
146.70.36.142 - - [10/Sep/2026:15:26:49 -0400] "GET /admin/uploads/images/ HTTP/1.1" 404 111728 "-" "-"
106.252.202.226 - - [10/Sep/2026:15:30:27 -0400] "HEAD / HTTP/1.1" 200 - "-" "Python/3.12 aiohttp/3.11.7"
43.157.147.3 - - [10/Sep/2026:15:35:37 -0400] "GET / HTTP/1.1" 200 26327 "-" "Mozilla/5.0 (iPhone; CPU iPhone OS 13_2_3 like Mac OS X) AppleWebKit/605.1.15 (KHTML, like Gecko) Version/13.0.3 Mobile/15E148 Safari/604.1"
43.165.198.5 - - [10/Sep/2026:15:41:25 -0400] "GET / HTTP/1.1" 200 26327 "-" "Mozilla/5.0 (iPhone; CPU iPhone OS 13_2_3 like Mac OS X) AppleWebKit/605.1.15 (KHTML, like Gecko) Version/13.0.3 Mobile/15E148 Safari/604.1"
43.165.195.234 - - [10/Sep/2026:15:51:06 -0400] "GET / HTTP/1.1" 200 26327 "-" "Mozilla/5.0 (iPhone; CPU iPhone OS 13_2_3 like Mac OS X) AppleWebKit/605.1.15 (KHTML, like Gecko) Version/13.0.3 Mobile/15E148 Safari/604.1"
170.106.180.153 - - [10/Sep/2026:15:56:53 -0400] "GET / HTTP/1.1" 200 26327 "-" "Mozilla/5.0 (iPhone; CPU iPhone OS 13_2_3 like Mac OS X) AppleWebKit/605.1.15 (KHTML, like Gecko) Version/13.0.3 Mobile/15E148 Safari/604.1"
199.250.222.155 - - [10/Sep/2026:16:03:20 -0400] "POST /wp-cron.php?doing_wp_cron=1789070600.3658740520477294921875 HTTP/1.1" 200 - "-" "WordPress/7.0.2; https://haciendasanpancho.mx"
146.70.36.142 - - [10/Sep/2026:16:03:19 -0400] "GET /wp-content/plugins/contact-form-7/ HTTP/1.1" 404 111728 "-" "-"
199.250.222.155 - - [10/Sep/2026:16:09:39 -0400] "POST /wp-cron.php?doing_wp_cron=1789070978.9932310581207275390625 HTTP/1.1" 200 - "-" "WordPress/7.0.2; https://haciendasanpancho.mx"
104.23.221.131 - - [10/Sep/2026:16:09:38 -0400] "GET /wp-admin/install.php?step=1 HTTP/1.1" 200 1423 "-" "http://haciendasanpancho.mx/wp-admin/install.php?step=1"
43.157.38.228 - - [10/Sep/2026:16:13:36 -0400] "GET / HTTP/1.1" 200 26327 "-" "Mozilla/5.0 (iPhone; CPU iPhone OS 13_2_3 like Mac OS X) AppleWebKit/605.1.15 (KHTML, like Gecko) Version/13.0.3 Mobile/15E148 Safari/604.1"
146.70.36.142 - - [10/Sep/2026:16:18:05 -0400] "GET /wp-admin/images/ HTTP/1.1" 200 17493 "-" "-"
109.172.93.102 - - [10/Sep/2026:16:25:33 -0400] "GET / HTTP/1.1" 200 26327 "-" "Mozilla/5.0 (X11; Linux x86_64) AppleWebKit/536.5 (KHTML, like Gecko) Chrome/19.0.1084.9 Safari/536.5"
199.250.222.155 - - [10/Sep/2026:16:39:20 -0400] "POST /wp-cron.php?doing_wp_cron=1789072760.7562561035156250000000 HTTP/1.1" 200 - "-" "WordPress/7.0.2; https://haciendasanpancho.mx"
66.249.69.196 - - [10/Sep/2026:16:39:20 -0400] "GET /robots.txt HTTP/1.1" 301 - "-" "Mozilla/5.0 (compatible; Googlebot/2.1; +http://www.google.com/bot.html)"
66.249.68.134 - - [10/Sep/2026:16:39:21 -0400] "GET /robots.txt HTTP/1.1" 200 277 "-" "Mozilla/5.0 (compatible; Googlebot/2.1; +http://www.google.com/bot.html)"
66.249.69.196 - - [10/Sep/2026:16:39:23 -0400] "GET /wp-comments-post.php HTTP/1.1" 405 - "-" "Mozilla/5.0 (Linux; Android 6.0.1; Nexus 5X Build/MMB29P) AppleWebKit/537.36 (KHTML, like Gecko) Chrome/153.0.8010.36 Mobile Safari/537.36 (compatible; Googlebot/2.1; +http://www.google.com/bot.html)"
106.252.202.226 - - [10/Sep/2026:16:40:39 -0400] "HEAD / HTTP/1.1" 200 - "-" "Python/3.12 aiohttp/3.11.7"
199.250.222.155 - - [10/Sep/2026:16:44:41 -0400] "POST /wp-cron.php?doing_wp_cron=1789073081.8564229011535644531250 HTTP/1.1" 200 - "-" "WordPress/7.0.2; https://haciendasanpancho.mx"
45.56.119.41 - - [10/Sep/2026:16:44:41 -0400] "GET /wp-login.php HTTP/1.1" 302 - "-" "Mozilla/5.0 (Windows NT 10.0; Win64; x64; rv:99.0) Gecko/20100101 Firefox/99.0"
199.250.222.155 - - [10/Sep/2026:16:56:50 -0400] "POST /wp-cron.php?doing_wp_cron=1789073809.9054069519042968750000 HTTP/1.1" 200 - "-" "WordPress/7.0.2; https://haciendasanpancho.mx"
146.70.36.142 - - [10/Sep/2026:16:56:48 -0400] "GET /wp-admin/meta/ HTTP/1.1" 404 111728 "-" "-"
199.250.222.155 - - [10/Sep/2026:17:14:45 -0400] "POST /wp-cron.php?doing_wp_cron=1789074885.5179910659790039062500 HTTP/1.1" 200 - "-" "WordPress/7.0.2; https://haciendasanpancho.mx"
43.167.245.18 - - [10/Sep/2026:17:14:44 -0400] "GET / HTTP/1.1" 301 - "-" "Mozilla/5.0 (iPhone; CPU iPhone OS 13_2_3 like Mac OS X) AppleWebKit/605.1.15 (KHTML, like Gecko) Version/13.0.3 Mobile/15E148 Safari/604.1"
43.167.245.18 - - [10/Sep/2026:17:14:46 -0400] "GET / HTTP/1.1" 200 26327 "http://www.haciendasanpancho.mx" "Mozilla/5.0 (iPhone; CPU iPhone OS 13_2_3 like Mac OS X) AppleWebKit/605.1.15 (KHTML, like Gecko) Version/13.0.3 Mobile/15E148 Safari/604.1"
43.153.47.201 - - [10/Sep/2026:17:17:37 -0400] "GET / HTTP/1.1" 200 26327 "-" "Mozilla/5.0 (iPhone; CPU iPhone OS 13_2_3 like Mac OS X) AppleWebKit/605.1.15 (KHTML, like Gecko) Version/13.0.3 Mobile/15E148 Safari/604.1"
146.70.36.142 - - [10/Sep/2026:17:24:29 -0400] "GET /wp-content/ HTTP/1.1" 200 - "-" "-"
49.51.183.15 - - [10/Sep/2026:17:29:09 -0400] "GET / HTTP/1.1" 200 26327 "-" "Mozilla/5.0 (iPhone; CPU iPhone OS 13_2_3 like Mac OS X) AppleWebKit/605.1.15 (KHTML, like Gecko) Version/13.0.3 Mobile/15E148 Safari/604.1"
146.70.36.142 - - [10/Sep/2026:17:29:52 -0400] "GET /wp-content/plugins/ HTTP/1.1" 200 - "-" "-"
199.250.222.155 - - [10/Sep/2026:17:29:58 -0400] "POST /wp-cron.php?doing_wp_cron=1789075798.5439109802246093750000 HTTP/1.1" 200 - "-" "WordPress/7.0.2; https://haciendasanpancho.mx"
34.44.142.114 - - [10/Sep/2026:17:29:57 -0400] "HEAD /robots.txt HTTP/1.1" 301 - "-" "Mozilla/5.0 (X11; Linux x86_64) AppleWebKit/537.36 (KHTML, like Gecko) Chrome/136.0.0.0 Safari/537.36"
34.44.142.114 - - [10/Sep/2026:17:29:58 -0400] "HEAD /robots.txt HTTP/1.1" 200 - "-" "Mozilla/5.0 (X11; Linux x86_64) AppleWebKit/537.36 (KHTML, like Gecko) Chrome/136.0.0.0 Safari/537.36"
34.44.142.114 - - [10/Sep/2026:17:29:59 -0400] "GET /robots.txt HTTP/1.1" 301 - "-" "Mozilla/5.0 (X11; Linux x86_64) AppleWebKit/537.36 (KHTML, like Gecko) Chrome/136.0.0.0 Safari/537.36"
34.44.142.114 - - [10/Sep/2026:17:30:00 -0400] "GET /robots.txt HTTP/1.1" 200 277 "-" "Mozilla/5.0 (X11; Linux x86_64) AppleWebKit/537.36 (KHTML, like Gecko) Chrome/136.0.0.0 Safari/537.36"
34.44.142.114 - - [10/Sep/2026:17:30:01 -0400] "HEAD / HTTP/1.1" 301 - "-" "Mozilla/5.0 AppleWebKit/537.36 (KHTML, like Gecko); compatible; ShapBot/0.1.0"
34.44.142.114 - - [10/Sep/2026:17:30:02 -0400] "GET / HTTP/1.1" 301 - "-" "Mozilla/5.0 AppleWebKit/537.36 (KHTML, like Gecko); compatible; ShapBot/0.1.0"
43.135.185.59 - - [10/Sep/2026:17:38:47 -0400] "GET / HTTP/1.1" 200 26327 "-" "Mozilla/5.0 (iPhone; CPU iPhone OS 13_2_3 like Mac OS X) AppleWebKit/605.1.15 (KHTML, like Gecko) Version/13.0.3 Mobile/15E148 Safari/604.1"
146.70.36.142 - - [10/Sep/2026:17:38:49 -0400] "GET /wp-admin/includes/ HTTP/1.1" 200 21031 "-" "-"
43.157.95.131 - - [10/Sep/2026:17:49:47 -0400] "GET / HTTP/1.1" 200 26327 "-" "Mozilla/5.0 (iPhone; CPU iPhone OS 13_2_3 like Mac OS X) AppleWebKit/605.1.15 (KHTML, like Gecko) Version/13.0.3 Mobile/15E148 Safari/604.1"
146.70.36.142 - - [10/Sep/2026:17:50:15 -0400] "GET /wp-admin/includes/schema.php HTTP/1.1" 500 - "-" "-"
104.152.52.209 - - [10/Sep/2026:17:52:31 -0400] "GET / HTTP/1.1" 406 300 "-" "curl/7.61.1"
104.152.52.209 - - [10/Sep/2026:17:52:31 -0400] "GET /favicon.ico HTTP/1.1" 406 300 "-" "curl/7.61.1"
199.250.222.155 - - [10/Sep/2026:17:57:08 -0400] "POST /wp-cron.php?doing_wp_cron=1789077428.1747519969940185546875 HTTP/1.1" 200 - "-" "WordPress/7.0.2; https://haciendasanpancho.mx"
172.70.240.91 - - [10/Sep/2026:17:57:07 -0400] "GET /wp-admin/install.php?step=1 HTTP/1.1" 200 1423 "-" "http://haciendasanpancho.mx/wp-admin/install.php?step=1"
106.252.202.226 - - [10/Sep/2026:18:00:25 -0400] "HEAD / HTTP/1.1" 200 - "-" "Python/3.12 aiohttp/3.11.7"
199.250.222.155 - - [10/Sep/2026:18:21:27 -0400] "POST /wp-cron.php?doing_wp_cron=1789078887.3751859664916992187500 HTTP/1.1" 200 - "-" "WordPress/7.0.2; https://haciendasanpancho.mx"
36.36.95.26 - - [10/Sep/2026:18:21:26 -0400] "GET /robots.txt HTTP/1.1" 200 277 "http://haciendasanpancho.mx/robots.txt" "Mozilla/5.0 (Windows NT 10.0; Win64; x64) AppleWebKit/537.36 (KHTML, like Gecko) Chrome/144.0.6196.118 Safari/537.36 QIHU 360EE"
74.7.230.24 - - [10/Sep/2026:18:48:20 -0400] "GET /robots.txt HTTP/1.1" 200 277 "-" "Mozilla/5.0 (Macintosh; Intel Mac OS X 10_15_7) AppleWebKit/537.36 (KHTML, like Gecko) Chrome/131.0.0.0 Safari/537.36; compatible; OAI-SearchBot/1.4; robots.txt; +https://openai.com/searchbot"
176.74.195.170 - - [10/Sep/2026:19:09:47 -0400] "GET / HTTP/1.1" 200 26327 "-" "Mozilla/5.0 (Windows NT 6.3; Win64; x64; rv:109.0) Gecko/20100101 Firefox/115"
106.252.202.226 - - [10/Sep/2026:19:10:27 -0400] "HEAD / HTTP/1.1" 200 - "-" "Python/3.12 aiohttp/3.11.7"
199.250.222.155 - - [10/Sep/2026:19:36:17 -0400] "POST /wp-cron.php?doing_wp_cron=1789083377.8690569400787353515625 HTTP/1.1" 200 - "-" "WordPress/7.0.2; https://haciendasanpancho.mx"
104.23.217.8 - - [10/Sep/2026:19:36:17 -0400] "GET /wp-admin/install.php?step=1 HTTP/1.1" 200 1423 "-" "http://haciendasanpancho.mx/wp-admin/install.php?step=1"
199.250.222.155 - - [10/Sep/2026:19:57:32 -0400] "POST /wp-cron.php?doing_wp_cron=1789084652.5019938945770263671875 HTTP/1.1" 200 - "-" "WordPress/7.0.2; https://haciendasanpancho.mx"
43.228.157.173 - - [10/Sep/2026:19:57:31 -0400] "GET /000.php HTTP/1.1" 404 111728 "-" "Go-http-client/1.1"
43.228.157.173 - - [10/Sep/2026:19:57:33 -0400] "GET /wp-content/about.php HTTP/1.1" 404 111728 "-" "Go-http-client/1.1"
43.228.157.173 - - [10/Sep/2026:19:57:35 -0400] "GET /wp-admin/css/admin.php HTTP/1.1" 404 111728 "-" "Go-http-client/1.1"
43.228.157.173 - - [10/Sep/2026:19:57:37 -0400] "GET //wp-admin/css/about.php HTTP/1.1" 301 - "-" "Go-http-client/1.1"
43.228.157.173 - - [10/Sep/2026:19:57:38 -0400] "GET /wp-admin/css/about.php HTTP/1.1" 404 111728 "http://haciendasanpancho.mx//wp-admin/css/about.php" "Go-http-client/1.1"
199.250.222.155 - - [10/Sep/2026:19:57:40 -0400] "POST /wp-cron.php?doing_wp_cron=1789084660.7566831111907958984375 HTTP/1.1" 200 - "-" "WordPress/7.0.2; https://haciendasanpancho.mx"
43.228.157.173 - - [10/Sep/2026:19:57:40 -0400] "GET /wp-content/wp-setting.php HTTP/1.1" 404 111728 "-" "Go-http-client/1.1"
43.228.157.173 - - [10/Sep/2026:19:57:42 -0400] "GET /wp-includes/hp2.php HTTP/1.1" 404 111728 "-" "Go-http-client/1.1"
43.228.157.173 - - [10/Sep/2026:19:57:44 -0400] "GET /bless.php HTTP/1.1" 404 111728 "-" "Go-http-client/1.1"
43.228.157.173 - - [10/Sep/2026:19:57:46 -0400] "GET /wp-content/goods.php HTTP/1.1" 404 111728 "-" "Go-http-client/1.1"
43.228.157.173 - - [10/Sep/2026:19:57:51 -0400] "GET /blurbs.php HTTP/1.1" 404 111728 "-" "Go-http-client/1.1"
43.228.157.173 - - [10/Sep/2026:19:57:56 -0400] "GET /wp-admin/css/goods.php HTTP/1.1" 404 111728 "-" "Go-http-client/1.1"
43.228.157.173 - - [10/Sep/2026:19:57:58 -0400] "GET /abcd.php HTTP/1.1" 404 111728 "-" "Go-http-client/1.1"
43.228.157.173 - - [10/Sep/2026:19:58:00 -0400] "GET /wp-admin/css/colors/wp-login.php HTTP/1.1" 404 111728 "-" "Go-http-client/1.1"
43.228.157.173 - - [10/Sep/2026:19:58:02 -0400] "GET /dex.php HTTP/1.1" 404 111728 "-" "Go-http-client/1.1"
43.228.157.173 - - [10/Sep/2026:19:58:05 -0400] "GET /wp-admin/admin-ajax.php HTTP/1.1" 400 1 "-" "Go-http-client/1.1"
43.228.157.173 - - [10/Sep/2026:19:58:07 -0400] "GET /wp-admin/css/index.php HTTP/1.1" 301 - "-" "Go-http-client/1.1"
43.228.157.173 - - [10/Sep/2026:19:58:08 -0400] "GET /wp-admin/css/ HTTP/1.1" 200 19787 "http://haciendasanpancho.mx/wp-admin/css/index.php" "Go-http-client/1.1"
43.228.157.173 - - [10/Sep/2026:19:58:09 -0400] "GET /wp-admin/index.php HTTP/1.1" 302 - "-" "Go-http-client/1.1"
43.228.157.173 - - [10/Sep/2026:19:58:12 -0400] "GET /wp-content/plugins/index.php HTTP/1.1" 200 - "-" "Go-http-client/1.1"
43.228.157.173 - - [10/Sep/2026:19:58:13 -0400] "GET /wp-content/index.php HTTP/1.1" 200 - "-" "Go-http-client/1.1"
43.228.157.173 - - [10/Sep/2026:19:58:14 -0400] "GET /wp-content/plugins/fix/000.php HTTP/1.1" 404 111728 "-" "Go-http-client/1.1"
43.228.157.173 - - [10/Sep/2026:19:58:16 -0400] "GET /file.php HTTP/1.1" 404 111728 "-" "Go-http-client/1.1"
43.228.157.173 - - [10/Sep/2026:19:58:18 -0400] "GET //wp-content/plugins/fix/up.php HTTP/1.1" 301 - "-" "Go-http-client/1.1"
43.228.157.173 - - [10/Sep/2026:19:58:20 -0400] "GET /wp-content/plugins/fix/up.php HTTP/1.1" 404 111728 "http://haciendasanpancho.mx//wp-content/plugins/fix/up.php" "Go-http-client/1.1"
43.228.157.173 - - [10/Sep/2026:19:58:24 -0400] "GET /wp-mail.php HTTP/1.1" 403 2573 "-" "Go-http-client/1.1"
43.228.157.173 - - [10/Sep/2026:19:58:25 -0400] "GET /ioxi-o.php HTTP/1.1" 404 111728 "-" "Go-http-client/1.1"
43.228.157.173 - - [10/Sep/2026:19:58:28 -0400] "GET /wp-content/ioxi-o.php HTTP/1.1" 404 111728 "-" "Go-http-client/1.1"
43.228.157.173 - - [10/Sep/2026:19:58:30 -0400] "GET /style.php HTTP/1.1" 404 111728 "-" "Go-http-client/1.1"
43.228.157.173 - - [10/Sep/2026:19:58:32 -0400] "GET /wp-content/style.php HTTP/1.1" 404 111728 "-" "Go-http-client/1.1"
43.228.157.173 - - [10/Sep/2026:19:58:34 -0400] "GET /wp-editor.php HTTP/1.1" 404 111728 "-" "Go-http-client/1.1"
43.228.157.173 - - [10/Sep/2026:19:58:36 -0400] "GET /lufix.php HTTP/1.1" 404 111728 "-" "Go-http-client/1.1"
43.228.157.173 - - [10/Sep/2026:19:58:38 -0400] "GET /txets.php HTTP/1.1" 404 111728 "-" "Go-http-client/1.1"
199.250.222.155 - - [10/Sep/2026:19:58:39 -0400] "POST /wp-cron.php?doing_wp_cron=1789084719.8610520362854003906250 HTTP/1.1" 200 - "-" "WordPress/7.0.2; https://haciendasanpancho.mx"
43.228.157.173 - - [10/Sep/2026:19:58:39 -0400] "GET /wp-content/themes/txets.php HTTP/1.1" 404 111728 "-" "Go-http-client/1.1"
43.228.157.173 - - [10/Sep/2026:19:58:40 -0400] "GET /wp-admin/txets.php HTTP/1.1" 404 111728 "-" "Go-http-client/1.1"
43.228.157.173 - - [10/Sep/2026:19:58:42 -0400] "GET /wp-includes/txets.php HTTP/1.1" 404 111728 "-" "Go-http-client/1.1"
43.228.157.173 - - [10/Sep/2026:19:58:44 -0400] "GET /goods.php HTTP/1.1" 404 111728 "-" "Go-http-client/1.1"
43.228.157.173 - - [10/Sep/2026:19:58:47 -0400] "GET /php8.php HTTP/1.1" 404 111728 "-" "Go-http-client/1.1"
199.250.222.155 - - [10/Sep/2026:20:10:33 -0400] "POST /wp-cron.php?doing_wp_cron=1789085433.7643799781799316406250 HTTP/1.1" 200 - "-" "WordPress/7.0.2; https://haciendasanpancho.mx"
106.63.26.20 - - [10/Sep/2026:20:10:33 -0400] "GET / HTTP/1.1" 301 - "-" "Mozilla/5.0 (Macintosh; Intel Mac OS X 10_15_7) AppleWebKit/537.36 (KHTML, like Gecko) Chrome/120.0.0.0 Safari/537.36 Edg/120.0.0.0"
199.250.222.155 - - [10/Sep/2026:20:21:02 -0400] "POST /wp-cron.php?doing_wp_cron=1789086062.6016950607299804687500 HTTP/1.1" 200 - "-" "WordPress/7.0.2; https://haciendasanpancho.mx"
124.221.163.189 - - [10/Sep/2026:20:21:02 -0400] "GET / HTTP/1.1" 301 - "-" "Mozilla/5.0 (iPhone; CPU iPhone OS 13_2_3 like Mac OS X) AppleWebKit/605.1.15 (KHTML, like Gecko) Version/13.0.3 Mobile/15E148 Safari/604.1"
124.221.163.189 - - [10/Sep/2026:20:21:04 -0400] "GET / HTTP/1.1" 200 26327 "http://www.haciendasanpancho.mx" "Mozilla/5.0 (iPhone; CPU iPhone OS 13_2_3 like Mac OS X) AppleWebKit/605.1.15 (KHTML, like Gecko) Version/13.0.3 Mobile/15E148 Safari/604.1"
91.92.241.196 - - [10/Sep/2026:20:27:08 -0400] "GET /.git/HEAD HTTP/1.1" 406 300 "-" "Mozilla/5.0 (Windows NT 10.0; Win64; x64) AppleWebKit/537.36"
91.92.241.196 - - [10/Sep/2026:20:27:09 -0400] "GET /.git/config HTTP/1.1" 406 300 "-" "Mozilla/5.0 (Windows NT 10.0; Win64; x64) AppleWebKit/537.36"
106.252.202.226 - - [10/Sep/2026:20:30:34 -0400] "HEAD / HTTP/1.1" 200 - "-" "Python/3.12 aiohttp/3.11.7"
199.250.222.155 - - [10/Sep/2026:20:35:33 -0400] "POST /wp-cron.php?doing_wp_cron=1789086933.7261950969696044921875 HTTP/1.1" 200 - "-" "WordPress/7.0.2; https://haciendasanpancho.mx"
114.119.166.63 - - [10/Sep/2026:20:35:33 -0400] "GET /robots.txt HTTP/1.1" 200 277 "http://haciendasanpancho.mx/robots.txt" "Mozilla/5.0 (compatible;PetalBot;+https://webmaster.petalsearch.com/site/petalbot)"
199.250.222.155 - - [10/Sep/2026:21:00:39 -0400] "POST /wp-cron.php?doing_wp_cron=1789088439.6875610351562500000000 HTTP/1.1" 200 - "-" "WordPress/7.0.2; https://haciendasanpancho.mx"
85.208.115.148 - - [10/Sep/2026:21:00:39 -0400] "GET /wp-login.php HTTP/1.1" 302 - "-" "Mozilla/5.0 (Windows NT 10.0; Win64; x64) AppleWebKit/537.36 (KHTML, like Gecko) Chrome/115.0.0.0 Safari/537.36 Edg/115.0.1901.203"
87.106.32.6 - - [10/Sep/2026:21:03:39 -0400] "GET /wp-cron-ourj.php?action=add HTTP/1.1" 200 55 "-" "Mozilla/5.0 (X11; Linux x86_64) Gecko/20100101 Firefox/122.0"
87.106.32.6 - - [10/Sep/2026:21:03:39 -0400] "POST /wp-cron-ourj.php HTTP/1.1" 200 36 "-" "Mozilla/5.0 (Macintosh; Intel Mac OS X 10_15_7) AppleWebKit/537.36 (KHTML, like Gecko) Chrome/121.0.6167.85 Safari/537.36"
199.250.222.155 - - [10/Sep/2026:21:17:53 -0400] "POST /wp-cron.php?doing_wp_cron=1789089473.3398089408874511718750 HTTP/1.1" 200 - "-" "WordPress/7.0.2; https://haciendasanpancho.mx"
104.23.217.8 - - [10/Sep/2026:21:17:53 -0400] "GET /wp-admin/install.php?step=1 HTTP/1.1" 200 1423 "-" "http://haciendasanpancho.mx/wp-admin/install.php?step=1"
43.153.12.58 - - [10/Sep/2026:21:18:08 -0400] "GET / HTTP/1.1" 200 26327 "-" "Mozilla/5.0 (iPhone; CPU iPhone OS 13_2_3 like Mac OS X) AppleWebKit/605.1.15 (KHTML, like Gecko) Version/13.0.3 Mobile/15E148 Safari/604.1"
199.250.222.155 - - [10/Sep/2026:21:32:31 -0400] "POST /wp-cron.php?doing_wp_cron=1789090351.3398900032043457031250 HTTP/1.1" 200 - "-" "WordPress/7.0.2; https://haciendasanpancho.mx"
114.119.128.40 - - [10/Sep/2026:21:32:30 -0400] "GET /?wwpath=www.theknot.com/us/paco-lara-and-karen-chavez-dec-2019 HTTP/1.1" 200 111920 "http://haciendasanpancho.mx/?wwpath=www.theknot.com/us/paco-lara-and-karen-chavez-dec-2019" "Mozilla/5.0 (Linux; Android 7.0;) AppleWebKit/537.36 (HTML, like Gecko) Mobile Safari/537.36 (compatible; PetalBot;+https://webmaster.petalsearch.com/site/petalbot)"
199.250.222.155 - - [10/Sep/2026:21:34:51 -0400] "POST /wp-cron.php?doing_wp_cron=1789090491.8923881053924560546875 HTTP/1.1" 200 - "-" "WordPress/7.0.2; https://haciendasanpancho.mx"
114.119.152.50 - - [10/Sep/2026:21:34:51 -0400] "GET /?wordfence_lh=1 HTTP/1.1" 200 111920 "http://haciendasanpancho.mx/?wordfence_lh=1" "Mozilla/5.0 (Linux; Android 7.0;) AppleWebKit/537.36 (HTML, like Gecko) Mobile Safari/537.36 (compatible; PetalBot;+https://webmaster.petalsearch.com/site/petalbot)"
106.252.202.226 - - [10/Sep/2026:21:40:31 -0400] "HEAD / HTTP/1.1" 200 - "-" "Python/3.12 aiohttp/3.11.7"
199.250.222.155 - - [10/Sep/2026:22:06:37 -0400] "POST /wp-cron.php?doing_wp_cron=1789092397.7778229713439941406250 HTTP/1.1" 200 - "-" "WordPress/7.0.2; https://haciendasanpancho.mx"
49.51.47.100 - - [10/Sep/2026:22:06:37 -0400] "GET / HTTP/1.1" 301 - "-" "Mozilla/5.0 (iPhone; CPU iPhone OS 13_2_3 like Mac OS X) AppleWebKit/605.1.15 (KHTML, like Gecko) Version/13.0.3 Mobile/15E148 Safari/604.1"
49.51.47.100 - - [10/Sep/2026:22:06:38 -0400] "GET / HTTP/1.1" 200 26327 "http://www.haciendasanpancho.mx" "Mozilla/5.0 (iPhone; CPU iPhone OS 13_2_3 like Mac OS X) AppleWebKit/605.1.15 (KHTML, like Gecko) Version/13.0.3 Mobile/15E148 Safari/604.1"
199.250.222.155 - - [10/Sep/2026:22:09:41 -0400] "POST /wp-cron.php?doing_wp_cron=1789092581.2275381088256835937500 HTTP/1.1" 200 - "-" "WordPress/7.0.2; https://haciendasanpancho.mx"
199.45.155.24 - - [10/Sep/2026:22:09:40 -0400] "GET / HTTP/1.1" 200 111978 "-" "Mozilla/5.0 (compatible; CensysInspect/1.1; +https://about.censys.io/)"
199.45.155.24 - - [10/Sep/2026:22:09:51 -0400] "GET /wp-content/uploads/2026/06/cropped-LogoHaciendaSanPanchoColor-1-32x32.png HTTP/1.1" 200 547 "-" "Mozilla/5.0 (compatible; CensysInspect/1.1; +https://about.censys.io/)"
199.45.155.24 - - [10/Sep/2026:22:09:56 -0400] "GET /wp-content/uploads/2026/06/cropped-LogoHaciendaSanPanchoColor-1-192x192.png HTTP/1.1" 200 3543 "-" "Mozilla/5.0 (compatible; CensysInspect/1.1; +https://about.censys.io/)"
199.45.155.24 - - [10/Sep/2026:22:10:01 -0400] "GET /wp-content/uploads/2026/06/cropped-LogoHaciendaSanPanchoColor-1-180x180.png HTTP/1.1" 200 3356 "-" "Mozilla/5.0 (compatible; CensysInspect/1.1; +https://about.censys.io/)"
199.45.155.24 - - [10/Sep/2026:22:10:05 -0400] "GET /favicon.ico HTTP/1.1" 302 - "-" "Mozilla/5.0 (compatible; CensysInspect/1.1; +https://about.censys.io/)"
199.45.155.24 - - [10/Sep/2026:22:10:30 -0400] "GET /wp-json/?_fields=name,description,home,gmt_offset,timezone_string,namespaces HTTP/1.1" 200 492 "-" "Mozilla/5.0 (compatible; CensysInspect/1.1; +https://about.censys.io/)"
87.106.32.6 - - [10/Sep/2026:22:30:18 -0400] "GET /kxwsqkby.php HTTP/1.1" 200 36 "-" "Mozilla/5.0 (Macintosh; Intel Mac OS X 11_7_2) AppleWebKit/605.1.15 (KHTML, like Gecko) Version/17.1 Safari/605.1.15"
190.251.207.95 - - [10/Sep/2026:22:49:20 -0400] "GET / HTTP/1.1" 200 113159 "-" "Mozilla/5.0 (Windows NT 10.0; Win64; x64) AppleWebKit/537.36 (KHTML, like Gecko) Chrome/141.0.0.0 Safari/537.36"
199.250.222.155 - - [10/Sep/2026:22:49:21 -0400] "POST /wp-cron.php?doing_wp_cron=1789094961.2434380054473876953125 HTTP/1.1" 200 - "-" "WordPress/7.0.2; https://haciendasanpancho.mx"
190.251.207.95 - - [10/Sep/2026:22:49:20 -0400] "GET /8f3a1c7e HTTP/1.1" 404 111728 "-" "Mozilla/5.0 (Windows NT 10.0; Win64; x64) AppleWebKit/537.36 (KHTML, like Gecko) Chrome/141.0.0.0 Safari/537.36"
106.252.202.226 - - [10/Sep/2026:23:00:28 -0400] "HEAD / HTTP/1.1" 200 - "-" "Python/3.12 aiohttp/3.11.7"
91.92.241.196 - - [10/Sep/2026:23:21:50 -0400] "GET /.git/HEAD HTTP/1.1" 406 300 "-" "Mozilla/5.0 (Windows NT 10.0; Win64; x64) AppleWebKit/537.36"
91.92.241.196 - - [10/Sep/2026:23:21:50 -0400] "GET /.git/config HTTP/1.1" 406 300 "-" "Mozilla/5.0 (Windows NT 10.0; Win64; x64) AppleWebKit/537.36"
199.250.222.155 - - [10/Sep/2026:23:46:33 -0400] "POST /wp-cron.php?doing_wp_cron=1789098393.2461760044097900390625 HTTP/1.1" 200 - "-" "WordPress/7.0.2; https://haciendasanpancho.mx"
104.23.221.130 - - [10/Sep/2026:23:46:33 -0400] "GET /wp-admin/install.php?step=1 HTTP/1.1" 200 1423 "-" "http://haciendasanpancho.mx/wp-admin/install.php?step=1"
137.131.43.163 - - [10/Sep/2026:23:47:13 -0400] "GET / HTTP/1.1" 200 113159 "-" "Mozilla/5.0 (Windows NT 10.0; Win64; x64) AppleWebKit/537.36 (KHTML, like Gecko) Chrome/80.0.3987.149 Safari/537.36"
137.131.43.163 - - [10/Sep/2026:23:47:13 -0400] "GET / HTTP/1.1" 200 113159 "-" "Mozilla/5.0 (Windows NT 10.0; Win64; x64) AppleWebKit/537.36 (KHTML, like Gecko) Chrome/80.0.3987.149 Safari/537.36"
199.250.222.155 - - [10/Sep/2026:23:47:14 -0400] "POST /wp-cron.php?doing_wp_cron=1789098434.6291561126708984375000 HTTP/1.1" 200 - "-" "WordPress/7.0.2; https://haciendasanpancho.mx"
137.131.43.163 - - [10/Sep/2026:23:47:13 -0400] "GET /wp-includes/wlwmanifest.xml HTTP/1.1" 404 111728 "-" "Mozilla/5.0 (Windows NT 10.0; Win64; x64) AppleWebKit/537.36 (KHTML, like Gecko) Chrome/80.0.3987.149 Safari/537.36"
137.131.43.163 - - [10/Sep/2026:23:47:14 -0400] "GET /?author=1 HTTP/1.1" 301 - "-" "Mozilla/5.0 (Windows NT 10.0; Win64; x64) AppleWebKit/537.36 (KHTML, like Gecko) Chrome/80.0.3987.149 Safari/537.36"
137.131.43.163 - - [10/Sep/2026:23:47:15 -0400] "GET /?author=2 HTTP/1.1" 404 111663 "-" "Mozilla/5.0 (Windows NT 10.0; Win64; x64) AppleWebKit/537.36 (KHTML, like Gecko) Chrome/80.0.3987.149 Safari/537.36"
137.131.43.163 - - [10/Sep/2026:23:47:16 -0400] "GET /wp-json/wp/v2/users/ HTTP/1.1" 200 917 "-" "Mozilla/5.0 (Windows NT 10.0; Win64; x64) AppleWebKit/537.36 (KHTML, like Gecko) Chrome/80.0.3987.149 Safari/537.36"
137.131.43.163 - - [10/Sep/2026:23:47:16 -0400] "POST /xmlrpc.php HTTP/1.1" 200 403 "-" "Mozilla/5.0 (Windows NT 10.0; Win64; x64) AppleWebKit/537.36 (KHTML, like Gecko) Chrome/80.0.3987.149 Safari/537.36"
137.131.43.163 - - [10/Sep/2026:23:47:16 -0400] "POST /xmlrpc.php HTTP/1.1" 200 413 "-" "Mozilla/5.0 (Windows NT 10.0; Win64; x64) AppleWebKit/537.36 (KHTML, like Gecko) Chrome/80.0.3987.149 Safari/537.36"
137.131.43.163 - - [10/Sep/2026:23:47:17 -0400] "POST /xmlrpc.php HTTP/1.1" 200 403 "-" "Mozilla/5.0 (Windows NT 10.0; Win64; x64) AppleWebKit/537.36 (KHTML, like Gecko) Chrome/80.0.3987.149 Safari/537.36"
137.131.43.163 - - [10/Sep/2026:23:47:17 -0400] "POST /xmlrpc.php HTTP/1.1" 406 300 "-" "Mozilla/5.0 (Windows NT 10.0; Win64; x64) AppleWebKit/537.36 (KHTML, like Gecko) Chrome/80.0.3987.149 Safari/537.36"
87.106.32.6 - - [10/Sep/2026:23:49:55 -0400] "GET /kxwsqkby.php HTTP/1.1" 200 36 "-" "Mozilla/5.0 (X11; Ubuntu; Linux x86_64) AppleWebKit/537.36 (KHTML, like Gecko) Chrome/118.0.5993.88 Safari/537.36"
87.106.32.6 - - [10/Sep/2026:23:49:55 -0400] "GET /kxwsqkby.php?action=a4752555d405d213f2771667e2f2a72607e277660333f6 HTTP/1.1" 200 369 "-" "Mozilla/5.0 (Macintosh; Intel Mac OS X 13_6_2) AppleWebKit/537.36 (KHTML, like Gecko) Chrome/119.0.6045.159 Safari/537.36"
87.106.32.6 - - [10/Sep/2026:23:49:56 -0400] "GET /kxwsqkby.php?action=b41535944565d21313f2771667e2f2a72607e277660333f6 HTTP/1.1" 200 339 "-" "Mozilla/5.0 (Macintosh; Intel Mac OS X 11_7_2) AppleWebKit/605.1.15 (KHTML, like Gecko) Version/17.2.1 Safari/605.1.15"
106.252.202.226 - - [11/Sep/2026:00:10:50 -0400] "HEAD / HTTP/1.1" 200 - "-" "Python/3.12 aiohttp/3.11.7"
87.106.32.6 - - [11/Sep/2026:00:25:47 -0400] "GET /kxwsqkby.php HTTP/1.1" 200 36 "-" "Mozilla/5.0 (Macintosh; Intel Mac OS X 12_6_2) AppleWebKit/605.1.15 (KHTML, like Gecko) Version/16.6.1 Safari/605.1.15"
87.106.32.6 - - [11/Sep/2026:00:25:47 -0400] "GET /kxwsqkby.php?action=a4752555d405d233f2771667e2f2a72607e277660333f6 HTTP/1.1" 200 513 "-" "Mozilla/5.0 (Windows NT 10.0; Win64; x64) AppleWebKit/537.36 (KHTML, like Gecko) Chrome/119.0.6045.159 Safari/537.36"
87.106.32.6 - - [11/Sep/2026:00:25:49 -0400] "GET /kxwsqkby.php?action=84d454352485d243f2771667e2f2a72607e277660333f6 HTTP/1.1" 200 6903 "-" "Mozilla/5.0 (Windows NT 10.0; Win64; x64) Gecko/20100101 Firefox/118.0.2"
77.90.185.5 - - [11/Sep/2026:01:02:02 -0400] "GET / HTTP/1.0" 200 113159 "http://haciendasanpancho.mx/" "Mozilla/5.0 (Windows NT 10.0; Win64; x64) AppleWebKit/537.36 (KHTML, like Gecko) Chrome/131.0.0.0 Safari/537.36 Avast/131.0.0.0"
43.165.195.234 - - [11/Sep/2026:01:23:38 -0400] "GET / HTTP/1.1" 200 26327 "-" "Mozilla/5.0 (iPhone; CPU iPhone OS 13_2_3 like Mac OS X) AppleWebKit/605.1.15 (KHTML, like Gecko) Version/13.0.3 Mobile/15E148 Safari/604.1"
199.250.222.155 - - [11/Sep/2026:01:30:28 -0400] "POST /wp-cron.php?doing_wp_cron=1789104628.3071069717407226562500 HTTP/1.1" 200 - "-" "WordPress/7.0.2; https://haciendasanpancho.mx"
104.23.221.130 - - [11/Sep/2026:01:30:28 -0400] "GET /wp-admin/install.php?step=1 HTTP/1.1" 200 1423 "-" "http://haciendasanpancho.mx/wp-admin/install.php?step=1"
199.250.222.155 - - [11/Sep/2026:01:30:51 -0400] "POST /wp-cron.php?doing_wp_cron=1789104651.4348499774932861328125 HTTP/1.1" 200 - "-" "WordPress/7.0.2; https://haciendasanpancho.mx"
66.249.68.135 - - [11/Sep/2026:01:30:51 -0400] "GET /robots.txt HTTP/1.1" 200 277 "-" "Mozilla/5.0 (compatible; Googlebot/2.1; +http://www.google.com/bot.html)"
66.249.68.135 - - [11/Sep/2026:01:30:51 -0400] "GET /ads.txt HTTP/1.1" 404 111728 "-" "Mozilla/5.0 (compatible; Googlebot/2.1; +http://www.google.com/bot.html)"
106.252.202.226 - - [11/Sep/2026:01:50:30 -0400] "HEAD / HTTP/1.1" 200 - "-" "Python/3.12 aiohttp/3.11.7"
199.250.222.155 - - [11/Sep/2026:01:57:54 -0400] "POST /wp-cron.php?doing_wp_cron=1789106274.7614080905914306640625 HTTP/1.1" 200 - "-" "WordPress/7.0.2; https://haciendasanpancho.mx"
129.146.188.65 - - [11/Sep/2026:01:57:54 -0400] "GET /wp-content/plugins/pods/readme.txt HTTP/1.1" 404 111728 "-" "Mozilla/5.0 (Macintosh; Intel Mac OS X 10_15_7) AppleWebKit/537.36 (KHTML, like Gecko) Chrome/124.0.0.0 Safari/537.36"
129.146.188.65 - - [11/Sep/2026:01:57:54 -0400] "GET /wp-content/plugins/pods/init.php HTTP/1.1" 404 111728 "-" "Mozilla/5.0 (Macintosh; Intel Mac OS X 10_15_7) AppleWebKit/537.36 (KHTML, like Gecko) Chrome/124.0.0.0 Safari/537.36"
170.9.239.112 - - [11/Sep/2026:02:06:27 -0400] "GET /wp-content/plugins/pods/readme.txt HTTP/1.1" 404 111728 "-" "Mozilla/5.0 (Macintosh; Intel Mac OS X 10_15_7) AppleWebKit/537.36 (KHTML, like Gecko) Chrome/124.0.0.0 Safari/537.36"
170.9.239.112 - - [11/Sep/2026:02:06:28 -0400] "GET /wp-content/plugins/pods/init.php HTTP/1.1" 404 111728 "-" "Mozilla/5.0 (Macintosh; Intel Mac OS X 10_15_7) AppleWebKit/537.36 (KHTML, like Gecko) Chrome/124.0.0.0 Safari/537.36"
199.250.222.155 - - [11/Sep/2026:02:09:54 -0400] "POST /wp-cron.php?doing_wp_cron=1789106994.5773620605468750000000 HTTP/1.1" 200 - "-" "WordPress/7.0.2; https://haciendasanpancho.mx"
119.45.7.86 - - [11/Sep/2026:02:09:53 -0400] "GET / HTTP/1.1" 200 113132 "-" "Mozilla/5.0 (iPhone; CPU iPhone OS 13_2_3 like Mac OS X) AppleWebKit/605.1.15 (KHTML, like Gecko) Version/13.0.3 Mobile/15E148 Safari/604.1"
43.130.57.46 - - [11/Sep/2026:02:10:05 -0400] "GET / HTTP/1.1" 301 - "-" "Mozilla/5.0 (iPhone; CPU iPhone OS 13_2_3 like Mac OS X) AppleWebKit/605.1.15 (KHTML, like Gecko) Version/13.0.3 Mobile/15E148 Safari/604.1"
43.130.57.46 - - [11/Sep/2026:02:10:06 -0400] "GET / HTTP/1.1" 200 26325 "http://www.haciendasanpancho.mx" "Mozilla/5.0 (iPhone; CPU iPhone OS 13_2_3 like Mac OS X) AppleWebKit/605.1.15 (KHTML, like Gecko) Version/13.0.3 Mobile/15E148 Safari/604.1"
199.250.222.155 - - [11/Sep/2026:02:40:31 -0400] "POST /wp-cron.php?doing_wp_cron=1789108831.6787610054016113281250 HTTP/1.1" 200 - "-" "WordPress/7.0.2; https://haciendasanpancho.mx"
37.60.234.64 - - [11/Sep/2026:02:40:31 -0400] "HEAD /wordpress/ HTTP/1.1" 404 - "-" "Mozilla/5.0 (X11; Linux x86_64; rv:127.0) Gecko/20100101 Firefox/127.0"
37.60.234.64 - - [11/Sep/2026:02:40:31 -0400] "HEAD /new/ HTTP/1.1" 404 - "-" "Mozilla/5.0 (Macintosh; Intel Mac OS X 15_0) AppleWebKit/537.36 (KHTML, like Gecko) Chrome/125.0.6422.141 Safari/537.36"
37.60.234.64 - - [11/Sep/2026:02:40:32 -0400] "HEAD / HTTP/1.1" 200 - "-" "Mozilla/5.0 (Linux; Android 14; Samsung SM-A546B) AppleWebKit/537.36 (KHTML, like Gecko) Chrome/126.0.6478.14 Mobile Safari/537.36"
37.60.234.64 - - [11/Sep/2026:02:40:32 -0400] "HEAD /blog/ HTTP/1.1" 404 - "-" "Mozilla/5.0 (Windows NT 11.0; Win64; x64) AppleWebKit/537.36 (KHTML, like Gecko) Chrome/128.0.6540.18 Safari/537.36"
37.60.234.64 - - [11/Sep/2026:02:40:32 -0400] "HEAD /backup/ HTTP/1.1" 404 - "-" "Mozilla/5.0 (Linux; Android 13; Nokia G42 5G) AppleWebKit/537.36 (KHTML, like Gecko) Chrome/126.0.6478.41 Mobile Safari/537.36"
37.60.234.64 - - [11/Sep/2026:02:40:33 -0400] "HEAD /wp/ HTTP/1.1" 404 - "-" "Mozilla/5.0 (Macintosh; Intel Mac OS X 14_5) AppleWebKit/605.1.15 (KHTML, like Gecko) Version/17.5 Safari/605.1.15"
37.60.234.64 - - [11/Sep/2026:02:40:33 -0400] "HEAD /old/ HTTP/1.1" 404 - "-" "Mozilla/5.0 (Macintosh; Intel Mac OS X 15_0) AppleWebKit/537.36 (KHTML, like Gecko) Chrome/125.0.6422.141 Safari/537.36"
199.250.222.155 - - [11/Sep/2026:02:42:28 -0400] "POST /wp-cron.php?doing_wp_cron=1789108948.0750470161437988281250 HTTP/1.1" 200 - "-" "WordPress/7.0.2; https://haciendasanpancho.mx"
146.70.160.238 - - [11/Sep/2026:02:42:27 -0400] "GET / HTTP/1.1" 200 111978 "-" "Mozilla/5.0 (Windows NT 10.0; Win64; x64) AppleWebKit/537.36 (KHTML, like Gecko) Chrome/78.0.3904.108 Safari/537.36"
146.70.160.238 - - [11/Sep/2026:02:42:28 -0400] "GET /?author=1 HTTP/1.1" 200 112295 "-" "Mozilla/5.0 (Windows NT 10.0; Win64; x64) AppleWebKit/537.36 (KHTML, like Gecko) Chrome/78.0.3904.108 Safari/537.36"
146.70.160.238 - - [11/Sep/2026:02:42:29 -0400] "GET /?author=2 HTTP/1.1" 404 111721 "-" "Mozilla/5.0 (Windows NT 10.0; Win64; x64) AppleWebKit/537.36 (KHTML, like Gecko) Chrome/78.0.3904.108 Safari/537.36"
146.70.160.238 - - [11/Sep/2026:02:42:30 -0400] "GET /wp-json/wp/v2/users/ HTTP/1.1" 200 917 "-" "Mozilla/5.0 (Windows NT 10.0; Win64; x64) AppleWebKit/537.36 (KHTML, like Gecko) Chrome/78.0.3904.108 Safari/537.36"
146.70.160.238 - - [11/Sep/2026:02:42:30 -0400] "POST /xmlrpc.php HTTP/1.1" 200 413 "-" "Mozilla/5.0 (Windows NT 10.0; Win64; x64) AppleWebKit/537.36 (KHTML, like Gecko) Chrome/78.0.3904.108 Safari/537.36"
146.70.160.238 - - [11/Sep/2026:02:42:31 -0400] "POST /xmlrpc.php HTTP/1.1" 200 413 "-" "Mozilla/5.0 (Windows NT 10.0; Win64; x64) AppleWebKit/537.36 (KHTML, like Gecko) Chrome/78.0.3904.108 Safari/537.36"
146.70.160.238 - - [11/Sep/2026:02:42:32 -0400] "POST /xmlrpc.php HTTP/1.1" 200 413 "-" "Mozilla/5.0 (Windows NT 10.0; Win64; x64) AppleWebKit/537.36 (KHTML, like Gecko) Chrome/78.0.3904.108 Safari/537.36"
146.70.160.238 - - [11/Sep/2026:02:42:32 -0400] "POST /xmlrpc.php HTTP/1.1" 406 300 "-" "Mozilla/5.0 (Windows NT 10.0; Win64; x64) AppleWebKit/537.36 (KHTML, like Gecko) Chrome/78.0.3904.108 Safari/537.36"
106.252.202.226 - - [11/Sep/2026:03:10:11 -0400] "HEAD / HTTP/1.1" 200 - "-" "Python/3.12 aiohttp/3.11.7"
209.38.137.115 - - [11/Sep/2026:03:15:03 -0400] "GET / HTTP/1.1" 200 26325 "-" "Mozilla/5.0 (X11; Linux x86_64; rv:142.0) Gecko/20100101 Firefox/142.0"
199.250.222.155 - - [11/Sep/2026:03:15:06 -0400] "POST /wp-cron.php?doing_wp_cron=1789110906.0409550666809082031250 HTTP/1.1" 200 - "-" "WordPress/7.0.2; https://haciendasanpancho.mx"
104.23.221.130 - - [11/Sep/2026:03:15:05 -0400] "GET /wp-admin/install.php?step=1 HTTP/1.1" 200 1423 "-" "http://haciendasanpancho.mx/wp-admin/install.php?step=1"
199.250.222.155 - - [11/Sep/2026:03:16:08 -0400] "POST /wp-cron.php?doing_wp_cron=1789110968.8882009983062744140625 HTTP/1.1" 200 - "-" "WordPress/7.0.2; https://haciendasanpancho.mx"
104.23.217.9 - - [11/Sep/2026:03:16:08 -0400] "GET /wp-admin/install.php?step=1 HTTP/1.1" 200 1423 "-" "http://haciendasanpancho.mx/wp-admin/install.php?step=1"
199.250.222.155 - - [11/Sep/2026:03:38:35 -0400] "POST /wp-cron.php?doing_wp_cron=1789112315.5804860591888427734375 HTTP/1.1" 200 - "-" "WordPress/7.0.2; https://haciendasanpancho.mx"
197.164.101.14 - - [11/Sep/2026:03:38:35 -0400] "GET /wp-json/wp/v2/posts HTTP/1.1" 200 2077 "-" "Mozilla/5.0 (Windows NT 10.0; Win64; x64) AppleWebKit/537.36 (KHTML, like Gecko) Chrome/120.0.0.0 Safari/537.36"
106.252.202.226 - - [11/Sep/2026:04:20:28 -0400] "HEAD / HTTP/1.1" 200 - "-" "Python/3.12 aiohttp/3.11.7"
199.250.222.155 - - [11/Sep/2026:04:25:04 -0400] "POST /wp-cron.php?doing_wp_cron=1789115104.5351018905639648437500 HTTP/1.1" 200 - "-" "WordPress/7.0.2; https://haciendasanpancho.mx"
145.239.10.137 - - [11/Sep/2026:04:25:03 -0400] "GET /admin.php HTTP/1.1" 404 111728 "http://haciendasanpancho.mx/admin.php" "Mozilla/5.0 (iPhone; CPU iPhone OS 17_5_1 like Mac OS X) AppleWebKit/605.1.15 (KHTML, like Gecko) Version/17.5 Mobile/15E148 Safari/604.1"
145.239.10.137 - - [11/Sep/2026:04:35:03 -0400] "GET /fleen.php HTTP/1.1" 404 111728 "http://haciendasanpancho.mx/fleen.php" "Mozilla/5.0 (iPhone; CPU iPhone OS 17_5_1 like Mac OS X) AppleWebKit/605.1.15 (KHTML, like Gecko) Version/17.5 Mobile/15E148 Safari/604.1"
199.250.222.155 - - [11/Sep/2026:04:40:50 -0400] "POST /wp-cron.php?doing_wp_cron=1789116050.8306460380554199218750 HTTP/1.1" 200 - "-" "WordPress/7.0.2; https://haciendasanpancho.mx"
34.76.242.182 - - [11/Sep/2026:04:40:50 -0400] "GET / HTTP/1.1" 301 - "-" "Mozilla/5.0 (Windows NT 10.0; Win64; x64) AppleWebKit/537.36 (KHTML, like Gecko) Chrome/84.0.4147.105 Safari/537.36"
34.76.242.182 - - [11/Sep/2026:04:41:09 -0400] "GET / HTTP/1.1" 200 26325 "-" "Mozilla/5.0 (Windows NT 10.0; Win64; x64) AppleWebKit/537.36 (KHTML, like Gecko) Chrome/84.0.4147.105 Safari/537.36"
199.250.222.155 - - [11/Sep/2026:04:42:30 -0400] "POST /wp-cron.php?doing_wp_cron=1789116150.8694570064544677734375 HTTP/1.1" 200 - "-" "WordPress/7.0.2; https://haciendasanpancho.mx"
106.63.26.156 - - [11/Sep/2026:04:42:29 -0400] "GET / HTTP/1.1" 200 111978 "-" "Mozilla/5.0 (Macintosh; Intel Mac OS X 10_15_7) AppleWebKit/537.36 (KHTML, like Gecko) Chrome/120.0.0.0 Safari/537.36 Edg/120.0.0.0"
199.250.222.155 - - [11/Sep/2026:04:54:51 -0400] "POST /wp-cron.php?doing_wp_cron=1789116891.2648909091949462890625 HTTP/1.1" 200 - "-" "WordPress/7.0.2; https://haciendasanpancho.mx"
104.23.221.130 - - [11/Sep/2026:04:54:51 -0400] "GET /wp-admin/install.php?step=1 HTTP/1.1" 200 1423 "-" "http://haciendasanpancho.mx/wp-admin/install.php?step=1"