85.208.96.196 - - [10/Sep/2026:15:52:09 -0400] "GET /pickup/R338615 HTTP/1.1" 404 122819 "-" "Mozilla/5.0 (compatible; SemrushBot/7~bl; +http://www.semrush.com/bot.html)"
85.208.96.209 - - [10/Sep/2026:15:52:16 -0400] "GET /pickup/T1786297 HTTP/1.1" 404 122819 "-" "Mozilla/5.0 (compatible; SemrushBot/7~bl; +http://www.semrush.com/bot.html)"
85.208.96.209 - - [10/Sep/2026:15:52:21 -0400] "GET /pickup/I1911398 HTTP/1.1" 404 122819 "-" "Mozilla/5.0 (compatible; SemrushBot/7~bl; +http://www.semrush.com/bot.html)"
199.250.222.155 - - [10/Sep/2026:15:52:36 -0400] "POST /wp-cron.php?doing_wp_cron=1789069956.9905629158020019531250 HTTP/1.1" 200 - "-" "WordPress/7.1; https://heredit.mx"
85.208.96.205 - - [10/Sep/2026:15:52:36 -0400] "GET /pickup/V273151 HTTP/1.1" 404 122819 "-" "Mozilla/5.0 (compatible; SemrushBot/7~bl; +http://www.semrush.com/bot.html)"
199.250.222.155 - - [10/Sep/2026:15:54:30 -0400] "POST /wp-cron.php?doing_wp_cron=1789070070.5215210914611816406250 HTTP/1.1" 200 - "-" "WordPress/7.1; https://heredit.mx"
85.208.96.208 - - [10/Sep/2026:15:54:29 -0400] "GET /pickup/I1358924 HTTP/1.1" 404 122819 "-" "Mozilla/5.0 (compatible; SemrushBot/7~bl; +http://www.semrush.com/bot.html)"
52.167.144.173 - - [10/Sep/2026:15:54:34 -0400] "GET /lyrichord/?a=25-camping-with-dogs-tips-tricks-and-top-gear-cc-4A7GewHE HTTP/1.1" 301 - "-" "Mozilla/5.0 AppleWebKit/537.36 (KHTML, like Gecko; compatible; bingbot/2.0; +http://www.bing.com/bingbot.htm) Chrome/116.0.1938.76 Safari/537.36"
85.208.96.207 - - [10/Sep/2026:15:54:46 -0400] "GET /pickup/G1703110 HTTP/1.1" 404 122819 "-" "Mozilla/5.0 (compatible; SemrushBot/7~bl; +http://www.semrush.com/bot.html)"
40.77.167.132 - - [10/Sep/2026:15:55:07 -0400] "GET /?a=parche-de-letras-del-alfabeto-ingl%C3%A9s-rojo-para-ropa-cc-QN6OO0fD HTTP/1.1" 301 - "-" "Mozilla/5.0 AppleWebKit/537.36 (KHTML, like Gecko; compatible; bingbot/2.0; +http://www.bing.com/bingbot.htm) Chrome/116.0.1938.76 Safari/537.36"
85.208.96.202 - - [10/Sep/2026:15:55:25 -0400] "GET /pickup/K614416 HTTP/1.1" 404 122819 "-" "Mozilla/5.0 (compatible; SemrushBot/7~bl; +http://www.semrush.com/bot.html)"
199.250.222.155 - - [10/Sep/2026:15:56:44 -0400] "POST /wp-cron.php?doing_wp_cron=1789070204.0505659580230712890625 HTTP/1.1" 200 - "-" "WordPress/7.1; https://heredit.mx"
185.191.171.10 - - [10/Sep/2026:15:56:43 -0400] "GET /pickup/X844373 HTTP/1.1" 404 122819 "-" "Mozilla/5.0 (compatible; SemrushBot/7~bl; +http://www.semrush.com/bot.html)"
85.208.96.210 - - [10/Sep/2026:15:58:22 -0400] "GET /pickup/N426621 HTTP/1.1" 404 122819 "-" "Mozilla/5.0 (compatible; SemrushBot/7~bl; +http://www.semrush.com/bot.html)"
199.250.222.155 - - [10/Sep/2026:15:58:44 -0400] "POST /wp-cron.php?doing_wp_cron=1789070324.3221340179443359375000 HTTP/1.1" 200 - "-" "WordPress/7.1; https://heredit.mx"
85.208.96.208 - - [10/Sep/2026:15:58:43 -0400] "GET /pickup/U296680 HTTP/1.1" 404 122819 "-" "Mozilla/5.0 (compatible; SemrushBot/7~bl; +http://www.semrush.com/bot.html)"
85.208.96.210 - - [10/Sep/2026:15:59:03 -0400] "GET /pickup/K408808 HTTP/1.1" 404 122819 "-" "Mozilla/5.0 (compatible; SemrushBot/7~bl; +http://www.semrush.com/bot.html)"
185.191.171.6 - - [10/Sep/2026:15:59:34 -0400] "GET /pickup/Y297854 HTTP/1.1" 404 122819 "-" "Mozilla/5.0 (compatible; SemrushBot/7~bl; +http://www.semrush.com/bot.html)"
85.208.96.198 - - [10/Sep/2026:15:59:38 -0400] "GET /pickup/H1734597 HTTP/1.1" 404 122819 "-" "Mozilla/5.0 (compatible; SemrushBot/7~bl; +http://www.semrush.com/bot.html)"
43.159.36.180 - - [10/Sep/2026:16:00:07 -0400] "GET / HTTP/1.1" 301 - "-" "Mozilla/5.0 (iPhone; CPU iPhone OS 13_2_3 like Mac OS X) AppleWebKit/605.1.15 (KHTML, like Gecko) Version/13.0.3 Mobile/15E148 Safari/604.1"
199.250.222.155 - - [10/Sep/2026:16:02:08 -0400] "POST /wp-cron.php?doing_wp_cron=1789070528.1411669254302978515625 HTTP/1.1" 200 - "-" "WordPress/7.1; https://heredit.mx"
85.208.96.202 - - [10/Sep/2026:16:02:07 -0400] "GET /pickup/T1919105 HTTP/1.1" 404 122819 "-" "Mozilla/5.0 (compatible; SemrushBot/7~bl; +http://www.semrush.com/bot.html)"
199.250.222.155 - - [10/Sep/2026:16:02:43 -0400] "POST /wp-cron.php?doing_wp_cron=1789070563.1059930324554443359375 HTTP/1.1" 200 - "-" "WordPress/7.1; https://heredit.mx"
85.208.96.195 - - [10/Sep/2026:16:02:42 -0400] "GET /pickup/T1249761 HTTP/1.1" 404 122819 "-" "Mozilla/5.0 (compatible; SemrushBot/7~bl; +http://www.semrush.com/bot.html)"
199.250.222.155 - - [10/Sep/2026:16:03:39 -0400] "POST /wp-cron.php?doing_wp_cron=1789070619.4449899196624755859375 HTTP/1.1" 200 - "-" "WordPress/7.1; https://heredit.mx"
185.191.171.9 - - [10/Sep/2026:16:03:38 -0400] "GET /pickup/R1961639 HTTP/1.1" 404 122819 "-" "Mozilla/5.0 (compatible; SemrushBot/7~bl; +http://www.semrush.com/bot.html)"
185.191.171.15 - - [10/Sep/2026:16:03:41 -0400] "GET /pickup/Y781480 HTTP/1.1" 404 122819 "-" "Mozilla/5.0 (compatible; SemrushBot/7~bl; +http://www.semrush.com/bot.html)"
199.250.222.155 - - [10/Sep/2026:16:05:06 -0400] "POST /wp-cron.php?doing_wp_cron=1789070706.2225730419158935546875 HTTP/1.1" 200 - "-" "WordPress/7.1; https://heredit.mx"
85.208.96.193 - - [10/Sep/2026:16:05:05 -0400] "GET /pickup/K1882748 HTTP/1.1" 404 122819 "-" "Mozilla/5.0 (compatible; SemrushBot/7~bl; +http://www.semrush.com/bot.html)"
85.208.96.207 - - [10/Sep/2026:16:06:05 -0400] "GET /pickup/D973157 HTTP/1.1" 404 122819 "-" "Mozilla/5.0 (compatible; SemrushBot/7~bl; +http://www.semrush.com/bot.html)"
199.250.222.155 - - [10/Sep/2026:16:07:02 -0400] "POST /wp-cron.php?doing_wp_cron=1789070821.9984359741210937500000 HTTP/1.1" 200 - "-" "WordPress/7.1; https://heredit.mx"
185.191.171.15 - - [10/Sep/2026:16:07:01 -0400] "GET /robots.txt HTTP/1.1" 200 267 "-" "Mozilla/5.0 (compatible; SemrushBot/7~bl; +http://www.semrush.com/bot.html)"
185.191.171.12 - - [10/Sep/2026:16:07:02 -0400] "GET /pickup/H1982949 HTTP/1.1" 404 122819 "-" "Mozilla/5.0 (compatible; SemrushBot/7~bl; +http://www.semrush.com/bot.html)"
199.250.222.155 - - [10/Sep/2026:16:07:35 -0400] "POST /wp-cron.php?doing_wp_cron=1789070855.9874498844146728515625 HTTP/1.1" 200 - "-" "WordPress/7.1; https://heredit.mx"
66.249.68.192 - - [10/Sep/2026:16:07:35 -0400] "GET /?a=sold-60-s-vintage-ludwig-rogers-blue-oyster-pearl-cc-qRMq1AId HTTP/1.1" 301 - "-" "Mozilla/5.0 (Linux; Android 6.0.1; Nexus 5X Build/MMB29P) AppleWebKit/537.36 (KHTML, like Gecko) Chrome/153.0.8010.36 Mobile Safari/537.36 (compatible; Googlebot/2.1; +http://www.google.com/bot.html)"
185.191.171.14 - - [10/Sep/2026:16:07:37 -0400] "GET /pickup/S104096 HTTP/1.1" 404 122819 "-" "Mozilla/5.0 (compatible; SemrushBot/7~bl; +http://www.semrush.com/bot.html)"
185.191.171.16 - - [10/Sep/2026:16:07:43 -0400] "GET /pickup/I1090266 HTTP/1.1" 404 122819 "-" "Mozilla/5.0 (compatible; SemrushBot/7~bl; +http://www.semrush.com/bot.html)"
199.250.222.155 - - [10/Sep/2026:16:09:08 -0400] "POST /wp-cron.php?doing_wp_cron=1789070948.0881960391998291015625 HTTP/1.1" 200 - "-" "WordPress/7.1; https://heredit.mx"
185.191.171.8 - - [10/Sep/2026:16:09:06 -0400] "GET /pickup/U1793448 HTTP/1.1" 404 122819 "-" "Mozilla/5.0 (compatible; SemrushBot/7~bl; +http://www.semrush.com/bot.html)"
185.191.171.9 - - [10/Sep/2026:16:09:24 -0400] "GET /pickup/U203366 HTTP/1.1" 404 122819 "-" "Mozilla/5.0 (compatible; SemrushBot/7~bl; +http://www.semrush.com/bot.html)"
85.208.96.201 - - [10/Sep/2026:16:09:26 -0400] "GET /pickup/N2126371 HTTP/1.1" 404 122819 "-" "Mozilla/5.0 (compatible; SemrushBot/7~bl; +http://www.semrush.com/bot.html)"
185.191.171.9 - - [10/Sep/2026:16:09:41 -0400] "GET /pickup/M864044 HTTP/1.1" 404 122819 "-" "Mozilla/5.0 (compatible; SemrushBot/7~bl; +http://www.semrush.com/bot.html)"
185.191.171.1 - - [10/Sep/2026:16:10:26 -0400] "GET /pickup/J1330507 HTTP/1.1" 404 122819 "-" "Mozilla/5.0 (compatible; SemrushBot/7~bl; +http://www.semrush.com/bot.html)"
199.250.222.155 - - [10/Sep/2026:16:10:55 -0400] "POST /wp-cron.php?doing_wp_cron=1789071055.5536060333251953125000 HTTP/1.1" 200 - "-" "WordPress/7.1; https://heredit.mx"
66.249.68.193 - - [10/Sep/2026:16:10:55 -0400] "GET /?a=sold-60-s-vintage-ludwig-rogers-blue-oyster-pearl-cc-qRMq1AId HTTP/1.1" 301 - "-" "Mozilla/5.0 (Linux; Android 6.0.1; Nexus 5X Build/MMB29P) AppleWebKit/537.36 (KHTML, like Gecko) Chrome/153.0.8010.36 Mobile Safari/537.36 (compatible; GoogleOther)"
199.250.222.155 - - [10/Sep/2026:16:11:32 -0400] "POST /wp-cron.php?doing_wp_cron=1789071092.7618041038513183593750 HTTP/1.1" 200 - "-" "WordPress/7.1; https://heredit.mx"
185.191.171.15 - - [10/Sep/2026:16:11:31 -0400] "GET /pickup/L2053985 HTTP/1.1" 404 122819 "-" "Mozilla/5.0 (compatible; SemrushBot/7~bl; +http://www.semrush.com/bot.html)"
199.250.222.155 - - [10/Sep/2026:16:13:56 -0400] "POST /wp-cron.php?doing_wp_cron=1789071236.2645239830017089843750 HTTP/1.1" 200 - "-" "WordPress/7.1; https://heredit.mx"
185.191.171.15 - - [10/Sep/2026:16:13:55 -0400] "GET /pickup/N1284257 HTTP/1.1" 404 122819 "-" "Mozilla/5.0 (compatible; SemrushBot/7~bl; +http://www.semrush.com/bot.html)"
185.191.171.6 - - [10/Sep/2026:16:13:58 -0400] "GET /pickup/J1811637 HTTP/1.1" 404 122819 "-" "Mozilla/5.0 (compatible; SemrushBot/7~bl; +http://www.semrush.com/bot.html)"
185.191.171.5 - - [10/Sep/2026:16:15:08 -0400] "GET /pickup/K2033054 HTTP/1.1" 404 122819 "-" "Mozilla/5.0 (compatible; SemrushBot/7~bl; +http://www.semrush.com/bot.html)"
185.191.171.12 - - [10/Sep/2026:16:15:19 -0400] "GET /pickup/S2370308 HTTP/1.1" 404 122819 "-" "Mozilla/5.0 (compatible; SemrushBot/7~bl; +http://www.semrush.com/bot.html)"
185.191.171.3 - - [10/Sep/2026:16:15:27 -0400] "GET /pickup/J1818215 HTTP/1.1" 404 122819 "-" "Mozilla/5.0 (compatible; SemrushBot/7~bl; +http://www.semrush.com/bot.html)"
199.250.222.155 - - [10/Sep/2026:16:15:46 -0400] "POST /wp-cron.php?doing_wp_cron=1789071346.3826019763946533203125 HTTP/1.1" 200 - "-" "WordPress/7.1; https://heredit.mx"
185.191.171.10 - - [10/Sep/2026:16:15:45 -0400] "GET /pickup/S1456148 HTTP/1.1" 404 122819 "-" "Mozilla/5.0 (compatible; SemrushBot/7~bl; +http://www.semrush.com/bot.html)"
185.191.171.16 - - [10/Sep/2026:16:15:58 -0400] "GET /pickup/I1005584 HTTP/1.1" 404 122819 "-" "Mozilla/5.0 (compatible; SemrushBot/7~bl; +http://www.semrush.com/bot.html)"
199.250.222.155 - - [10/Sep/2026:16:17:17 -0400] "POST /wp-cron.php?doing_wp_cron=1789071437.3429410457611083984375 HTTP/1.1" 200 - "-" "WordPress/7.1; https://heredit.mx"
85.208.96.211 - - [10/Sep/2026:16:17:16 -0400] "GET /pickup/T2296001 HTTP/1.1" 404 122819 "-" "Mozilla/5.0 (compatible; SemrushBot/7~bl; +http://www.semrush.com/bot.html)"
199.250.222.155 - - [10/Sep/2026:16:17:32 -0400] "POST /wp-cron.php?doing_wp_cron=1789071452.7452731132507324218750 HTTP/1.1" 200 - "-" "WordPress/7.1; https://heredit.mx"
85.208.96.199 - - [10/Sep/2026:16:17:31 -0400] "GET /pickup/I1169878 HTTP/1.1" 404 122819 "-" "Mozilla/5.0 (compatible; SemrushBot/7~bl; +http://www.semrush.com/bot.html)"
185.191.171.2 - - [10/Sep/2026:16:17:33 -0400] "GET /pickup/I1959628 HTTP/1.1" 404 122819 "-" "Mozilla/5.0 (compatible; SemrushBot/7~bl; +http://www.semrush.com/bot.html)"
199.250.222.155 - - [10/Sep/2026:16:19:34 -0400] "POST /wp-cron.php?doing_wp_cron=1789071574.5429019927978515625000 HTTP/1.1" 200 - "-" "WordPress/7.1; https://heredit.mx"
85.208.96.212 - - [10/Sep/2026:16:19:33 -0400] "GET /pickup/U219460 HTTP/1.1" 404 122819 "-" "Mozilla/5.0 (compatible; SemrushBot/7~bl; +http://www.semrush.com/bot.html)"
199.250.222.155 - - [10/Sep/2026:16:21:31 -0400] "POST /wp-cron.php?doing_wp_cron=1789071691.7779300212860107421875 HTTP/1.1" 200 - "-" "WordPress/7.1; https://heredit.mx"
185.191.171.10 - - [10/Sep/2026:16:21:30 -0400] "GET /pickup/T955129 HTTP/1.1" 404 122819 "-" "Mozilla/5.0 (compatible; SemrushBot/7~bl; +http://www.semrush.com/bot.html)"
185.191.171.8 - - [10/Sep/2026:16:21:53 -0400] "GET /pickup/K428412 HTTP/1.1" 404 122819 "-" "Mozilla/5.0 (compatible; SemrushBot/7~bl; +http://www.semrush.com/bot.html)"
199.250.222.155 - - [10/Sep/2026:16:22:48 -0400] "POST /wp-cron.php?doing_wp_cron=1789071768.2904820442199707031250 HTTP/1.1" 200 - "-" "WordPress/7.1; https://heredit.mx"
185.191.171.3 - - [10/Sep/2026:16:22:47 -0400] "GET /pickup/U1675044 HTTP/1.1" 404 122819 "-" "Mozilla/5.0 (compatible; SemrushBot/7~bl; +http://www.semrush.com/bot.html)"
199.250.222.155 - - [10/Sep/2026:16:24:28 -0400] "POST /wp-cron.php?doing_wp_cron=1789071868.9038019180297851562500 HTTP/1.1" 200 - "-" "WordPress/7.1; https://heredit.mx"
85.208.96.198 - - [10/Sep/2026:16:24:28 -0400] "GET /pickup/L1416049 HTTP/1.1" 404 122819 "-" "Mozilla/5.0 (compatible; SemrushBot/7~bl; +http://www.semrush.com/bot.html)"
199.250.222.155 - - [10/Sep/2026:16:25:58 -0400] "POST /wp-cron.php?doing_wp_cron=1789071958.8929710388183593750000 HTTP/1.1" 200 - "-" "WordPress/7.1; https://heredit.mx"
185.191.171.11 - - [10/Sep/2026:16:25:58 -0400] "GET /pickup/F1090679 HTTP/1.1" 404 122819 "-" "Mozilla/5.0 (compatible; SemrushBot/7~bl; +http://www.semrush.com/bot.html)"
199.250.222.155 - - [10/Sep/2026:16:27:27 -0400] "POST /wp-cron.php?doing_wp_cron=1789072047.1092429161071777343750 HTTP/1.1" 200 - "-" "WordPress/7.1; https://heredit.mx"
85.208.96.202 - - [10/Sep/2026:16:27:26 -0400] "GET /pickup/S1626110 HTTP/1.1" 404 122819 "-" "Mozilla/5.0 (compatible; SemrushBot/7~bl; +http://www.semrush.com/bot.html)"
185.191.171.16 - - [10/Sep/2026:16:27:44 -0400] "GET /pickup/B1972595 HTTP/1.1" 404 122819 "-" "Mozilla/5.0 (compatible; SemrushBot/7~bl; +http://www.semrush.com/bot.html)"
85.208.96.199 - - [10/Sep/2026:16:27:48 -0400] "GET /pickup/I1257368 HTTP/1.1" 404 122819 "-" "Mozilla/5.0 (compatible; SemrushBot/7~bl; +http://www.semrush.com/bot.html)"
185.191.171.1 - - [10/Sep/2026:16:28:04 -0400] "GET /pickup/H1122765 HTTP/1.1" 404 122819 "-" "Mozilla/5.0 (compatible; SemrushBot/7~bl; +http://www.semrush.com/bot.html)"
199.250.222.155 - - [10/Sep/2026:16:30:38 -0400] "POST /wp-cron.php?doing_wp_cron=1789072238.8576989173889160156250 HTTP/1.1" 200 - "-" "WordPress/7.1; https://heredit.mx"
85.208.96.201 - - [10/Sep/2026:16:30:38 -0400] "GET /pickup/J1001529 HTTP/1.1" 404 122819 "-" "Mozilla/5.0 (compatible; SemrushBot/7~bl; +http://www.semrush.com/bot.html)"
199.250.222.155 - - [10/Sep/2026:16:31:44 -0400] "POST /wp-cron.php?doing_wp_cron=1789072304.6216740608215332031250 HTTP/1.1" 200 - "-" "WordPress/7.1; https://heredit.mx"
85.208.96.196 - - [10/Sep/2026:16:31:43 -0400] "GET /pickup/N105287 HTTP/1.1" 404 122819 "-" "Mozilla/5.0 (compatible; SemrushBot/7~bl; +http://www.semrush.com/bot.html)"
185.191.171.10 - - [10/Sep/2026:16:31:49 -0400] "GET /pickup/I1219304 HTTP/1.1" 404 122819 "-" "Mozilla/5.0 (compatible; SemrushBot/7~bl; +http://www.semrush.com/bot.html)"
185.191.171.11 - - [10/Sep/2026:16:31:51 -0400] "GET /pickup/Z1194673 HTTP/1.1" 404 122819 "-" "Mozilla/5.0 (compatible; SemrushBot/7~bl; +http://www.semrush.com/bot.html)"
85.208.96.197 - - [10/Sep/2026:16:32:26 -0400] "GET /pickup/G1578440 HTTP/1.1" 404 122819 "-" "Mozilla/5.0 (compatible; SemrushBot/7~bl; +http://www.semrush.com/bot.html)"
199.250.222.155 - - [10/Sep/2026:16:32:37 -0400] "POST /wp-cron.php?doing_wp_cron=1789072357.5500469207763671875000 HTTP/1.1" 200 - "-" "WordPress/7.1; https://heredit.mx"
85.208.96.202 - - [10/Sep/2026:16:32:36 -0400] "GET /pickup/M2284736 HTTP/1.1" 404 122819 "-" "Mozilla/5.0 (compatible; SemrushBot/7~bl; +http://www.semrush.com/bot.html)"
199.250.222.155 - - [10/Sep/2026:16:33:16 -0400] "POST /wp-cron.php?doing_wp_cron=1789072396.0189099311828613281250 HTTP/1.1" 200 - "-" "WordPress/7.1; https://heredit.mx"
85.208.96.209 - - [10/Sep/2026:16:33:15 -0400] "GET /pickup/P1923833 HTTP/1.1" 404 122819 "-" "Mozilla/5.0 (compatible; SemrushBot/7~bl; +http://www.semrush.com/bot.html)"
85.208.96.197 - - [10/Sep/2026:16:33:18 -0400] "GET /pickup/I813600 HTTP/1.1" 404 122819 "-" "Mozilla/5.0 (compatible; SemrushBot/7~bl; +http://www.semrush.com/bot.html)"
199.250.222.155 - - [10/Sep/2026:16:34:07 -0400] "POST /wp-cron.php?doing_wp_cron=1789072447.0869729518890380859375 HTTP/1.1" 200 - "-" "WordPress/7.1; https://heredit.mx"
66.249.68.193 - - [10/Sep/2026:16:34:06 -0400] "GET /?a=rent-makita-20-56cc-compact-gas-chain-saw-cc-GzoavZhN HTTP/1.1" 301 - "-" "Mozilla/5.0 (Linux; Android 6.0.1; Nexus 5X Build/MMB29P) AppleWebKit/537.36 (KHTML, like Gecko) Chrome/153.0.8010.36 Mobile Safari/537.36 (compatible; Googlebot/2.1; +http://www.google.com/bot.html)"
199.250.222.155 - - [10/Sep/2026:16:34:59 -0400] "POST /wp-cron.php?doing_wp_cron=1789072499.7604610919952392578125 HTTP/1.1" 200 - "-" "WordPress/7.1; https://heredit.mx"
85.208.96.200 - - [10/Sep/2026:16:34:58 -0400] "GET /pickup/G2366968 HTTP/1.1" 404 122819 "-" "Mozilla/5.0 (compatible; SemrushBot/7~bl; +http://www.semrush.com/bot.html)"
199.250.222.155 - - [10/Sep/2026:16:35:36 -0400] "POST /wp-cron.php?doing_wp_cron=1789072536.1735739707946777343750 HTTP/1.1" 200 - "-" "WordPress/7.1; https://heredit.mx"
185.191.171.1 - - [10/Sep/2026:16:35:35 -0400] "GET /pickup/H270641 HTTP/1.1" 404 122819 "-" "Mozilla/5.0 (compatible; SemrushBot/7~bl; +http://www.semrush.com/bot.html)"
199.250.222.155 - - [10/Sep/2026:16:36:31 -0400] "POST /wp-cron.php?doing_wp_cron=1789072591.5162529945373535156250 HTTP/1.1" 200 - "-" "WordPress/7.1; https://heredit.mx"
85.208.96.208 - - [10/Sep/2026:16:36:30 -0400] "GET /pickup/J2078449 HTTP/1.1" 404 122819 "-" "Mozilla/5.0 (compatible; SemrushBot/7~bl; +http://www.semrush.com/bot.html)"
185.191.171.6 - - [10/Sep/2026:16:36:53 -0400] "GET /pickup/U1069244 HTTP/1.1" 404 122819 "-" "Mozilla/5.0 (compatible; SemrushBot/7~bl; +http://www.semrush.com/bot.html)"
185.191.171.19 - - [10/Sep/2026:16:37:17 -0400] "GET /pickup/B2143389 HTTP/1.1" 404 122819 "-" "Mozilla/5.0 (compatible; SemrushBot/7~bl; +http://www.semrush.com/bot.html)"
185.191.171.17 - - [10/Sep/2026:16:37:39 -0400] "GET /pickup/I1147596 HTTP/1.1" 404 122819 "-" "Mozilla/5.0 (compatible; SemrushBot/7~bl; +http://www.semrush.com/bot.html)"
185.191.171.16 - - [10/Sep/2026:16:37:50 -0400] "GET /pickup/F909589 HTTP/1.1" 404 122819 "-" "Mozilla/5.0 (compatible; SemrushBot/7~bl; +http://www.semrush.com/bot.html)"
185.191.171.4 - - [10/Sep/2026:16:37:53 -0400] "GET /pickup/H1677085 HTTP/1.1" 404 122819 "-" "Mozilla/5.0 (compatible; SemrushBot/7~bl; +http://www.semrush.com/bot.html)"
199.250.222.155 - - [10/Sep/2026:16:39:17 -0400] "POST /wp-cron.php?doing_wp_cron=1789072757.6040019989013671875000 HTTP/1.1" 200 - "-" "WordPress/7.1; https://heredit.mx"
85.208.96.202 - - [10/Sep/2026:16:39:16 -0400] "GET /pickup/K1460482 HTTP/1.1" 404 122819 "-" "Mozilla/5.0 (compatible; SemrushBot/7~bl; +http://www.semrush.com/bot.html)"
85.208.96.193 - - [10/Sep/2026:16:40:54 -0400] "GET /pickup/O1262262 HTTP/1.1" 404 122819 "-" "Mozilla/5.0 (compatible; SemrushBot/7~bl; +http://www.semrush.com/bot.html)"
185.191.171.17 - - [10/Sep/2026:16:41:16 -0400] "GET /pickup/U1953400 HTTP/1.1" 404 122819 "-" "Mozilla/5.0 (compatible; SemrushBot/7~bl; +http://www.semrush.com/bot.html)"
199.250.222.155 - - [10/Sep/2026:16:41:51 -0400] "POST /wp-cron.php?doing_wp_cron=1789072911.9827649593353271484375 HTTP/1.1" 200 - "-" "WordPress/7.1; https://heredit.mx"
52.167.144.231 - - [10/Sep/2026:16:41:51 -0400] "GET /?a=18cm-neca-aliens-action-figure-ricco-frost-private-figure-cc-ZANPzGsv HTTP/1.1" 301 - "-" "Mozilla/5.0 AppleWebKit/537.36 (KHTML, like Gecko; compatible; bingbot/2.0; +http://www.bing.com/bingbot.htm) Chrome/116.0.1938.76 Safari/537.36"
85.208.96.195 - - [10/Sep/2026:16:41:56 -0400] "GET /pickup/R2048739 HTTP/1.1" 404 122819 "-" "Mozilla/5.0 (compatible; SemrushBot/7~bl; +http://www.semrush.com/bot.html)"
196.117.208.13 - - [10/Sep/2026:16:43:02 -0400] "GET http://heredit.mx/mah.php?oeoypuvzrh561829= HTTP/1.1" 406 300 "-" "Mozilla/5.0 (Macintosh; Intel Mac OS X 10_15_7) AppleWebKit/537.36 (KHTML, like Gecko) Chrome/120.0.0.0 Safari/537.36"
119.160.185.176 - - [10/Sep/2026:16:43:03 -0400] "GET http://heredit.mx/mah.php?oeoypuvzrh561829= HTTP/1.1" 406 300 "-" "Mozilla/5.0 (Windows NT 10.0; Win64; x64) AppleWebKit/537.36 (KHTML, like Gecko) Chrome/116.0.0.0 Safari/537.36"
94.205.204.141 - - [10/Sep/2026:16:43:05 -0400] "GET http://heredit.mx/mah.php?oeoypuvzrh561829= HTTP/1.1" 406 300 "-" "Mozilla/5.0 (Macintosh; Intel Mac OS X 10_15_7) AppleWebKit/537.36 (KHTML, like Gecko) Chrome/123.0.0.0 Safari/537.36"
199.250.222.155 - - [10/Sep/2026:16:43:49 -0400] "POST /wp-cron.php?doing_wp_cron=1789073029.9913280010223388671875 HTTP/1.1" 200 - "-" "WordPress/7.1; https://heredit.mx"
185.191.171.15 - - [10/Sep/2026:16:43:49 -0400] "GET /pickup/H787859 HTTP/1.1" 404 122819 "-" "Mozilla/5.0 (compatible; SemrushBot/7~bl; +http://www.semrush.com/bot.html)"
85.208.96.201 - - [10/Sep/2026:16:44:01 -0400] "GET /pickup/J450563 HTTP/1.1" 404 122819 "-" "Mozilla/5.0 (compatible; SemrushBot/7~bl; +http://www.semrush.com/bot.html)"
85.208.96.205 - - [10/Sep/2026:16:45:02 -0400] "GET /pickup/S1314578 HTTP/1.1" 404 122819 "-" "Mozilla/5.0 (compatible; SemrushBot/7~bl; +http://www.semrush.com/bot.html)"
185.191.171.10 - - [10/Sep/2026:16:45:05 -0400] "GET /pickup/K241316 HTTP/1.1" 404 122819 "-" "Mozilla/5.0 (compatible; SemrushBot/7~bl; +http://www.semrush.com/bot.html)"
185.191.171.6 - - [10/Sep/2026:16:45:12 -0400] "GET /pickup/R2190439 HTTP/1.1" 404 122819 "-" "Mozilla/5.0 (compatible; SemrushBot/7~bl; +http://www.semrush.com/bot.html)"
199.250.222.155 - - [10/Sep/2026:16:45:51 -0400] "POST /wp-cron.php?doing_wp_cron=1789073151.8508999347686767578125 HTTP/1.1" 200 - "-" "WordPress/7.1; https://heredit.mx"
85.208.96.205 - - [10/Sep/2026:16:45:51 -0400] "GET /pickup/Q1368708 HTTP/1.1" 404 122819 "-" "Mozilla/5.0 (compatible; SemrushBot/7~bl; +http://www.semrush.com/bot.html)"
185.191.171.15 - - [10/Sep/2026:16:45:53 -0400] "GET /pickup/N1909219 HTTP/1.1" 404 122819 "-" "Mozilla/5.0 (compatible; SemrushBot/7~bl; +http://www.semrush.com/bot.html)"
199.250.222.155 - - [10/Sep/2026:16:46:43 -0400] "POST /wp-cron.php?doing_wp_cron=1789073203.8456010818481445312500 HTTP/1.1" 200 - "-" "WordPress/7.1; https://heredit.mx"
185.191.171.4 - - [10/Sep/2026:16:46:43 -0400] "GET /pickup/U1721402 HTTP/1.1" 404 122819 "-" "Mozilla/5.0 (compatible; SemrushBot/7~bl; +http://www.semrush.com/bot.html)"
199.250.222.155 - - [10/Sep/2026:16:47:30 -0400] "POST /wp-cron.php?doing_wp_cron=1789073250.4672329425811767578125 HTTP/1.1" 200 - "-" "WordPress/7.1; https://heredit.mx"
185.191.171.12 - - [10/Sep/2026:16:47:29 -0400] "GET /pickup/U1171502 HTTP/1.1" 404 122819 "-" "Mozilla/5.0 (compatible; SemrushBot/7~bl; +http://www.semrush.com/bot.html)"
199.250.222.155 - - [10/Sep/2026:16:48:48 -0400] "POST /wp-cron.php?doing_wp_cron=1789073328.7660009860992431640625 HTTP/1.1" 200 - "-" "WordPress/7.1; https://heredit.mx"
185.191.171.17 - - [10/Sep/2026:16:48:47 -0400] "GET /pickup/G1406086 HTTP/1.1" 404 122819 "-" "Mozilla/5.0 (compatible; SemrushBot/7~bl; +http://www.semrush.com/bot.html)"
185.191.171.13 - - [10/Sep/2026:16:48:49 -0400] "GET /pickup/P1609207 HTTP/1.1" 404 122819 "-" "Mozilla/5.0 (compatible; SemrushBot/7~bl; +http://www.semrush.com/bot.html)"
199.250.222.155 - - [10/Sep/2026:16:50:14 -0400] "POST /wp-cron.php?doing_wp_cron=1789073414.4609539508819580078125 HTTP/1.1" 200 - "-" "WordPress/7.1; https://heredit.mx"
85.208.96.204 - - [10/Sep/2026:16:50:13 -0400] "GET /pickup/I180578 HTTP/1.1" 404 122819 "-" "Mozilla/5.0 (compatible; SemrushBot/7~bl; +http://www.semrush.com/bot.html)"
199.250.222.155 - - [10/Sep/2026:16:50:30 -0400] "POST /wp-cron.php?doing_wp_cron=1789073430.3021581172943115234375 HTTP/1.1" 200 - "-" "WordPress/7.1; https://heredit.mx"
185.191.171.13 - - [10/Sep/2026:16:50:29 -0400] "GET /pickup/F928803 HTTP/1.1" 404 122819 "-" "Mozilla/5.0 (compatible; SemrushBot/7~bl; +http://www.semrush.com/bot.html)"
52.167.144.192 - - [10/Sep/2026:16:50:41 -0400] "GET /?a=almansa-castle-in-albacete-of-spain-at-castile-la-cc-Zenp3RUv HTTP/1.1" 301 - "-" "Mozilla/5.0 AppleWebKit/537.36 (KHTML, like Gecko; compatible; bingbot/2.0; +http://www.bing.com/bingbot.htm) Chrome/116.0.1938.76 Safari/537.36"
185.191.171.18 - - [10/Sep/2026:16:50:56 -0400] "GET /pickup/N187915 HTTP/1.1" 404 122819 "-" "Mozilla/5.0 (compatible; SemrushBot/7~bl; +http://www.semrush.com/bot.html)"
199.250.222.155 - - [10/Sep/2026:16:51:29 -0400] "POST /wp-cron.php?doing_wp_cron=1789073489.4098799228668212890625 HTTP/1.1" 200 - "-" "WordPress/7.1; https://heredit.mx"
85.208.96.211 - - [10/Sep/2026:16:51:28 -0400] "GET /pickup/G1019544 HTTP/1.1" 404 122819 "-" "Mozilla/5.0 (compatible; SemrushBot/7~bl; +http://www.semrush.com/bot.html)"
85.208.96.211 - - [10/Sep/2026:16:51:31 -0400] "GET /pickup/N2286193 HTTP/1.1" 404 122819 "-" "Mozilla/5.0 (compatible; SemrushBot/7~bl; +http://www.semrush.com/bot.html)"
185.191.171.13 - - [10/Sep/2026:16:51:47 -0400] "GET /pickup/O1246480 HTTP/1.1" 404 122819 "-" "Mozilla/5.0 (compatible; SemrushBot/7~bl; +http://www.semrush.com/bot.html)"
46.55.81.89 - - [10/Sep/2026:16:52:17 -0400] "GET http://heredit.mx/?a=44-801-1 HTTP/1.1" 406 300 "-" "Mozilla/5.0 (Macintosh; Intel Mac OS X 10_15_7) AppleWebKit/537.36 (KHTML, like Gecko) Chrome/123.0.0.0 Safari/537.36"
103.229.122.226 - - [10/Sep/2026:16:52:18 -0400] "GET http://heredit.mx/?a=44-801-1 HTTP/1.1" 406 300 "-" "Mozilla/5.0 (Macintosh; Intel Mac OS X 10_15_7) AppleWebKit/537.36 (KHTML, like Gecko) Chrome/124.0.0.0 Safari/537.36"
109.198.245.218 - - [10/Sep/2026:16:52:20 -0400] "GET http://heredit.mx/?a=44-801-1 HTTP/1.1" 406 300 "-" "Mozilla/5.0 (Macintosh; Intel Mac OS X 10_15_7) AppleWebKit/537.36 (KHTML, like Gecko) Chrome/136.0.0.0 Safari/537.36"
199.250.222.155 - - [10/Sep/2026:16:52:28 -0400] "POST /wp-cron.php?doing_wp_cron=1789073548.0849509239196777343750 HTTP/1.1" 200 - "-" "WordPress/7.1; https://heredit.mx"
85.208.96.204 - - [10/Sep/2026:16:52:27 -0400] "GET /pickup/G671950 HTTP/1.1" 404 122819 "-" "Mozilla/5.0 (compatible; SemrushBot/7~bl; +http://www.semrush.com/bot.html)"
185.191.171.6 - - [10/Sep/2026:16:53:53 -0400] "GET /pickup/U1785700 HTTP/1.1" 404 122819 "-" "Mozilla/5.0 (compatible; SemrushBot/7~bl; +http://www.semrush.com/bot.html)"
199.250.222.155 - - [10/Sep/2026:16:54:41 -0400] "POST /wp-cron.php?doing_wp_cron=1789073681.5701830387115478515625 HTTP/1.1" 200 - "-" "WordPress/7.1; https://heredit.mx"
85.208.96.209 - - [10/Sep/2026:16:54:40 -0400] "GET /pickup/L170129 HTTP/1.1" 404 122819 "-" "Mozilla/5.0 (compatible; SemrushBot/7~bl; +http://www.semrush.com/bot.html)"
185.191.171.9 - - [10/Sep/2026:16:54:56 -0400] "GET /pickup/L1675789 HTTP/1.1" 404 122819 "-" "Mozilla/5.0 (compatible; SemrushBot/7~bl; +http://www.semrush.com/bot.html)"
199.250.222.155 - - [10/Sep/2026:16:56:01 -0400] "POST /wp-cron.php?doing_wp_cron=1789073761.6895489692687988281250 HTTP/1.1" 200 - "-" "WordPress/7.1; https://heredit.mx"
85.208.96.199 - - [10/Sep/2026:16:56:00 -0400] "GET /pickup/T1219029 HTTP/1.1" 404 122819 "-" "Mozilla/5.0 (compatible; SemrushBot/7~bl; +http://www.semrush.com/bot.html)"
185.191.171.2 - - [10/Sep/2026:16:56:06 -0400] "GET /pickup/G1911838 HTTP/1.1" 404 122819 "-" "Mozilla/5.0 (compatible; SemrushBot/7~bl; +http://www.semrush.com/bot.html)"
85.208.96.199 - - [10/Sep/2026:16:57:26 -0400] "GET /pickup/P1176073 HTTP/1.1" 404 122819 "-" "Mozilla/5.0 (compatible; SemrushBot/7~bl; +http://www.semrush.com/bot.html)"
85.208.96.209 - - [10/Sep/2026:16:58:23 -0400] "GET /pickup/J1629871 HTTP/1.1" 404 122819 "-" "Mozilla/5.0 (compatible; SemrushBot/7~bl; +http://www.semrush.com/bot.html)"
199.250.222.155 - - [10/Sep/2026:16:58:59 -0400] "POST /wp-cron.php?doing_wp_cron=1789073939.6436190605163574218750 HTTP/1.1" 200 - "-" "WordPress/7.1; https://heredit.mx"
85.208.96.209 - - [10/Sep/2026:16:58:58 -0400] "GET /pickup/N1559207 HTTP/1.1" 404 122819 "-" "Mozilla/5.0 (compatible; SemrushBot/7~bl; +http://www.semrush.com/bot.html)"
185.191.171.12 - - [10/Sep/2026:16:59:13 -0400] "GET /pickup/T1960159 HTTP/1.1" 404 122819 "-" "Mozilla/5.0 (compatible; SemrushBot/7~bl; +http://www.semrush.com/bot.html)"
197.11.191.109 - - [10/Sep/2026:16:59:48 -0400] "GET http://heredit.mx/mah.php?guckyaybqf561729= HTTP/1.1" 406 300 "-" "Mozilla/5.0 (Windows NT 10.0; Win64; x64) AppleWebKit/537.36 (KHTML, like Gecko) Chrome/110.0.0.0 Safari/537.36"
46.217.104.209 - - [10/Sep/2026:16:59:51 -0400] "GET http://heredit.mx/mah.php?guckyaybqf561729= HTTP/1.1" 406 300 "-" "Mozilla/5.0 (Windows NT 10.0; Win64; x64) AppleWebKit/537.36 (KHTML, like Gecko) Chrome/99.0.4844.51 Safari/537.36"
201.210.140.208 - - [10/Sep/2026:16:59:53 -0400] "GET http://heredit.mx/mah.php?guckyaybqf561729= HTTP/1.1" 406 300 "-" "Mozilla/5.0 (Macintosh; Intel Mac OS X 10_15_7) AppleWebKit/537.36 (KHTML, like Gecko) Chrome/123.0.0.0 Safari/537.36"
199.250.222.155 - - [10/Sep/2026:17:01:40 -0400] "POST /wp-cron.php?doing_wp_cron=1789074100.6298630237579345703125 HTTP/1.1" 200 - "-" "WordPress/7.1; https://heredit.mx"
85.208.96.208 - - [10/Sep/2026:17:01:39 -0400] "GET /pickup/K2083988 HTTP/1.1" 404 122819 "-" "Mozilla/5.0 (compatible; SemrushBot/7~bl; +http://www.semrush.com/bot.html)"
85.208.96.203 - - [10/Sep/2026:17:02:02 -0400] "GET /pickup/F274955 HTTP/1.1" 404 122819 "-" "Mozilla/5.0 (compatible; SemrushBot/7~bl; +http://www.semrush.com/bot.html)"
185.191.171.9 - - [10/Sep/2026:17:02:04 -0400] "GET /pickup/V1206109 HTTP/1.1" 404 122819 "-" "Mozilla/5.0 (compatible; SemrushBot/7~bl; +http://www.semrush.com/bot.html)"
185.191.171.4 - - [10/Sep/2026:17:02:20 -0400] "GET /pickup/H1743801 HTTP/1.1" 404 122819 "-" "Mozilla/5.0 (compatible; SemrushBot/7~bl; +http://www.semrush.com/bot.html)"
199.250.222.155 - - [10/Sep/2026:17:02:36 -0400] "POST /wp-cron.php?doing_wp_cron=1789074156.3359839916229248046875 HTTP/1.1" 200 - "-" "WordPress/7.1; https://heredit.mx"
85.208.96.199 - - [10/Sep/2026:17:02:35 -0400] "GET /pickup/U274788 HTTP/1.1" 404 122819 "-" "Mozilla/5.0 (compatible; SemrushBot/7~bl; +http://www.semrush.com/bot.html)"
90.154.193.155 - - [10/Sep/2026:17:02:56 -0400] "GET http://heredit.mx/mah.php?cscmdijnfv560587= HTTP/1.1" 406 300 "-" "Mozilla/5.0 (Macintosh; Intel Mac OS X 10_15_7) AppleWebKit/537.36 (KHTML, like Gecko) Chrome/123.0.0.0 Safari/537.36"
185.191.171.2 - - [10/Sep/2026:17:02:58 -0400] "GET /pickup/I597098 HTTP/1.1" 404 122819 "-" "Mozilla/5.0 (compatible; SemrushBot/7~bl; +http://www.semrush.com/bot.html)"
38.3.229.148 - - [10/Sep/2026:17:03:06 -0400] "GET http://heredit.mx/mah.php?cscmdijnfv560587= HTTP/1.1" 406 300 "-" "Mozilla/5.0 (Macintosh; Intel Mac OS X 10_15_7) AppleWebKit/537.36 (KHTML, like Gecko) Chrome/136.0.0.0 Safari/537.36"
45.185.85.126 - - [10/Sep/2026:17:03:29 -0400] "GET http://heredit.mx/mah.php?cscmdijnfv560587= HTTP/1.1" 406 300 "-" "Mozilla/5.0 (Macintosh; Intel Mac OS X 10_15_7) AppleWebKit/537.36 (KHTML, like Gecko) Chrome/136.0.0.0 Safari/537.36"
199.250.222.155 - - [10/Sep/2026:17:03:45 -0400] "POST /wp-cron.php?doing_wp_cron=1789074225.0068759918212890625000 HTTP/1.1" 200 - "-" "WordPress/7.1; https://heredit.mx"
185.191.171.10 - - [10/Sep/2026:17:03:44 -0400] "GET /pickup/K941210 HTTP/1.1" 404 122819 "-" "Mozilla/5.0 (compatible; SemrushBot/7~bl; +http://www.semrush.com/bot.html)"
152.203.203.204 - - [10/Sep/2026:17:03:56 -0400] "GET http://heredit.mx/mah.php?kibvvlxnrs559907= HTTP/1.1" 406 300 "-" "Mozilla/5.0 (Windows NT 10.0; Win64; x64) AppleWebKit/537.36 (KHTML, like Gecko) Chrome/104.0.0.0 Safari/537.36"
181.233.17.157 - - [10/Sep/2026:17:03:58 -0400] "GET http://heredit.mx/mah.php?kibvvlxnrs559907= HTTP/1.1" 406 300 "-" "Mozilla/5.0 (Macintosh; Intel Mac OS X 10_15_7) AppleWebKit/537.36 (KHTML, like Gecko) Chrome/136.0.0.0 Safari/537.36"
45.230.18.190 - - [10/Sep/2026:17:04:00 -0400] "GET http://heredit.mx/mah.php?kibvvlxnrs559907= HTTP/1.1" 406 300 "-" "Mozilla/5.0 (Windows NT 10.0; Win64; x64) AppleWebKit/537.36 (KHTML, like Gecko) Chrome/116.0.0.0 Safari/537.36"
199.250.222.155 - - [10/Sep/2026:17:04:34 -0400] "POST /wp-cron.php?doing_wp_cron=1789074274.4211320877075195312500 HTTP/1.1" 200 - "-" "WordPress/7.1; https://heredit.mx"
185.191.171.6 - - [10/Sep/2026:17:04:33 -0400] "GET /pickup/U214234 HTTP/1.1" 404 122819 "-" "Mozilla/5.0 (compatible; SemrushBot/7~bl; +http://www.semrush.com/bot.html)"
199.250.222.155 - - [10/Sep/2026:17:06:02 -0400] "POST /wp-cron.php?doing_wp_cron=1789074362.4133739471435546875000 HTTP/1.1" 200 - "-" "WordPress/7.1; https://heredit.mx"
185.191.171.11 - - [10/Sep/2026:17:06:01 -0400] "GET /pickup/I1800274 HTTP/1.1" 404 122819 "-" "Mozilla/5.0 (compatible; SemrushBot/7~bl; +http://www.semrush.com/bot.html)"
185.191.171.16 - - [10/Sep/2026:17:06:25 -0400] "GET /pickup/O488918 HTTP/1.1" 404 122819 "-" "Mozilla/5.0 (compatible; SemrushBot/7~bl; +http://www.semrush.com/bot.html)"
199.250.222.155 - - [10/Sep/2026:17:07:33 -0400] "POST /wp-cron.php?doing_wp_cron=1789074453.0708990097045898437500 HTTP/1.1" 200 - "-" "WordPress/7.1; https://heredit.mx"
185.191.171.9 - - [10/Sep/2026:17:07:32 -0400] "GET /robots.txt HTTP/1.1" 200 267 "-" "Mozilla/5.0 (compatible; SemrushBot/7~bl; +http://www.semrush.com/bot.html)"
185.191.171.16 - - [10/Sep/2026:17:07:33 -0400] "GET /pickup/W81714 HTTP/1.1" 404 122819 "-" "Mozilla/5.0 (compatible; SemrushBot/7~bl; +http://www.semrush.com/bot.html)"
199.250.222.155 - - [10/Sep/2026:17:09:43 -0400] "POST /wp-cron.php?doing_wp_cron=1789074583.5010108947753906250000 HTTP/1.1" 200 - "-" "WordPress/7.1; https://heredit.mx"
185.191.171.17 - - [10/Sep/2026:17:09:42 -0400] "GET /pickup/S2099024 HTTP/1.1" 404 122819 "-" "Mozilla/5.0 (compatible; SemrushBot/7~bl; +http://www.semrush.com/bot.html)"
52.167.144.17 - - [10/Sep/2026:17:09:44 -0400] "GET /?a=planewave-14-inch-cdk-ota-telescope-with-fused-silica-cc-BZ6kGnSo HTTP/1.1" 301 - "-" "Mozilla/5.0 AppleWebKit/537.36 (KHTML, like Gecko; compatible; bingbot/2.0; +http://www.bing.com/bingbot.htm) Chrome/116.0.1938.76 Safari/537.36"
199.250.222.155 - - [10/Sep/2026:17:10:34 -0400] "POST /wp-cron.php?doing_wp_cron=1789074634.8503289222717285156250 HTTP/1.1" 200 - "-" "WordPress/7.1; https://heredit.mx"
85.208.96.211 - - [10/Sep/2026:17:10:34 -0400] "GET /pickup/R831887 HTTP/1.1" 404 122819 "-" "Mozilla/5.0 (compatible; SemrushBot/7~bl; +http://www.semrush.com/bot.html)"
185.191.171.3 - - [10/Sep/2026:17:10:36 -0400] "GET /pickup/H1698613 HTTP/1.1" 404 122819 "-" "Mozilla/5.0 (compatible; SemrushBot/7~bl; +http://www.semrush.com/bot.html)"
85.208.96.198 - - [10/Sep/2026:17:10:53 -0400] "GET /pickup/S987238 HTTP/1.1" 404 122819 "-" "Mozilla/5.0 (compatible; SemrushBot/7~bl; +http://www.semrush.com/bot.html)"
85.208.96.195 - - [10/Sep/2026:17:11:08 -0400] "GET /pickup/W234594 HTTP/1.1" 404 122819 "-" "Mozilla/5.0 (compatible; SemrushBot/7~bl; +http://www.semrush.com/bot.html)"
199.250.222.155 - - [10/Sep/2026:17:11:31 -0400] "POST /wp-cron.php?doing_wp_cron=1789074691.6658051013946533203125 HTTP/1.1" 200 - "-" "WordPress/7.1; https://heredit.mx"
85.208.96.201 - - [10/Sep/2026:17:11:30 -0400] "GET /pickup/P1365119 HTTP/1.1" 404 122819 "-" "Mozilla/5.0 (compatible; SemrushBot/7~bl; +http://www.semrush.com/bot.html)"
199.250.222.155 - - [10/Sep/2026:17:13:47 -0400] "POST /wp-cron.php?doing_wp_cron=1789074827.2459080219268798828125 HTTP/1.1" 200 - "-" "WordPress/7.1; https://heredit.mx"
185.191.171.7 - - [10/Sep/2026:17:13:46 -0400] "GET /pickup/I328102 HTTP/1.1" 404 122819 "-" "Mozilla/5.0 (compatible; SemrushBot/7~bl; +http://www.semrush.com/bot.html)"
85.208.96.206 - - [10/Sep/2026:17:14:17 -0400] "GET /pickup/L1820765 HTTP/1.1" 404 122819 "-" "Mozilla/5.0 (compatible; SemrushBot/7~bl; +http://www.semrush.com/bot.html)"
199.250.222.155 - - [10/Sep/2026:17:14:35 -0400] "POST /wp-cron.php?doing_wp_cron=1789074875.6850891113281250000000 HTTP/1.1" 200 - "-" "WordPress/7.1; https://heredit.mx"
185.191.171.10 - - [10/Sep/2026:17:14:34 -0400] "GET /pickup/P964459 HTTP/1.1" 404 122819 "-" "Mozilla/5.0 (compatible; SemrushBot/7~bl; +http://www.semrush.com/bot.html)"
185.191.171.7 - - [10/Sep/2026:17:14:37 -0400] "GET /pickup/T2032335 HTTP/1.1" 404 122819 "-" "Mozilla/5.0 (compatible; SemrushBot/7~bl; +http://www.semrush.com/bot.html)"
85.208.96.195 - - [10/Sep/2026:17:15:15 -0400] "GET /pickup/R1990967 HTTP/1.1" 404 122819 "-" "Mozilla/5.0 (compatible; SemrushBot/7~bl; +http://www.semrush.com/bot.html)"
199.250.222.155 - - [10/Sep/2026:17:17:47 -0400] "POST /wp-cron.php?doing_wp_cron=1789075067.6817259788513183593750 HTTP/1.1" 200 - "-" "WordPress/7.1; https://heredit.mx"
85.208.96.203 - - [10/Sep/2026:17:17:46 -0400] "GET /pickup/U805864 HTTP/1.1" 404 122819 "-" "Mozilla/5.0 (compatible; SemrushBot/7~bl; +http://www.semrush.com/bot.html)"
85.208.96.204 - - [10/Sep/2026:17:18:05 -0400] "GET /pickup/I1974890 HTTP/1.1" 404 122819 "-" "Mozilla/5.0 (compatible; SemrushBot/7~bl; +http://www.semrush.com/bot.html)"
199.250.222.155 - - [10/Sep/2026:17:18:55 -0400] "POST /wp-cron.php?doing_wp_cron=1789075135.2514109611511230468750 HTTP/1.1" 200 - "-" "WordPress/7.1; https://heredit.mx"
185.191.171.19 - - [10/Sep/2026:17:18:54 -0400] "GET /pickup/G2024210 HTTP/1.1" 404 122819 "-" "Mozilla/5.0 (compatible; SemrushBot/7~bl; +http://www.semrush.com/bot.html)"
199.250.222.155 - - [10/Sep/2026:17:19:32 -0400] "POST /wp-cron.php?doing_wp_cron=1789075172.3664638996124267578125 HTTP/1.1" 200 - "-" "WordPress/7.1; https://heredit.mx"
185.191.171.7 - - [10/Sep/2026:17:19:31 -0400] "GET /pickup/O2045746 HTTP/1.1" 404 122819 "-" "Mozilla/5.0 (compatible; SemrushBot/7~bl; +http://www.semrush.com/bot.html)"
199.250.222.155 - - [10/Sep/2026:17:20:47 -0400] "POST /wp-cron.php?doing_wp_cron=1789075247.3693120479583740234375 HTTP/1.1" 200 - "-" "WordPress/7.1; https://heredit.mx"
85.208.96.197 - - [10/Sep/2026:17:20:46 -0400] "GET /pickup/O515698 HTTP/1.1" 404 122819 "-" "Mozilla/5.0 (compatible; SemrushBot/7~bl; +http://www.semrush.com/bot.html)"
185.191.171.14 - - [10/Sep/2026:17:21:01 -0400] "GET /pickup/U122428 HTTP/1.1" 404 122819 "-" "Mozilla/5.0 (compatible; SemrushBot/7~bl; +http://www.semrush.com/bot.html)"
199.250.222.155 - - [10/Sep/2026:17:22:55 -0400] "POST /wp-cron.php?doing_wp_cron=1789075375.9454169273376464843750 HTTP/1.1" 200 - "-" "WordPress/7.1; https://heredit.mx"
185.191.171.13 - - [10/Sep/2026:17:22:55 -0400] "GET /pickup/K1589390 HTTP/1.1" 404 122819 "-" "Mozilla/5.0 (compatible; SemrushBot/7~bl; +http://www.semrush.com/bot.html)"
199.250.222.155 - - [10/Sep/2026:17:23:35 -0400] "POST /wp-cron.php?doing_wp_cron=1789075415.7286300659179687500000 HTTP/1.1" 200 - "-" "WordPress/7.1; https://heredit.mx"
85.208.96.202 - - [10/Sep/2026:17:23:34 -0400] "GET /pickup/Q124348 HTTP/1.1" 404 122819 "-" "Mozilla/5.0 (compatible; SemrushBot/7~bl; +http://www.semrush.com/bot.html)"
185.191.171.15 - - [10/Sep/2026:17:24:13 -0400] "GET /pickup/G184658 HTTP/1.1" 404 122819 "-" "Mozilla/5.0 (compatible; SemrushBot/7~bl; +http://www.semrush.com/bot.html)"
199.250.222.155 - - [10/Sep/2026:17:24:38 -0400] "POST /wp-cron.php?doing_wp_cron=1789075478.9601969718933105468750 HTTP/1.1" 200 - "-" "WordPress/7.1; https://heredit.mx"
85.208.96.210 - - [10/Sep/2026:17:24:38 -0400] "GET /pickup/M2272672 HTTP/1.1" 404 122819 "-" "Mozilla/5.0 (compatible; SemrushBot/7~bl; +http://www.semrush.com/bot.html)"
85.208.96.208 - - [10/Sep/2026:17:24:46 -0400] "GET /pickup/J2291675 HTTP/1.1" 404 122819 "-" "Mozilla/5.0 (compatible; SemrushBot/7~bl; +http://www.semrush.com/bot.html)"
173.211.89.140 - - [10/Sep/2026:17:24:53 -0400] "POST /wp-includes/Text/seifvqb/x1pqzfu/fcaqsyh/index.php HTTP/1.1" 200 12052 "-" "Mozilla/5.0 (Windows NT 10.0; Win64; x64) AppleWebKit/537.36 (KHTML, like Gecko) Chrome/127.0.0.0 Safari/537.36"
107.175.5.246 - - [10/Sep/2026:17:24:54 -0400] "POST /wp-includes/Text/seifvqb/x1pqzfu/fcaqsyh/index.php HTTP/1.1" 200 12785 "-" "Mozilla/5.0 (Windows NT 10.0; Win64; x64) AppleWebKit/537.36 (KHTML, like Gecko) Chrome/127.0.0.0 Safari/537.36"
134.195.83.136 - - [10/Sep/2026:17:24:54 -0400] "POST /wp-includes/Text/seifvqb/x1pqzfu/fcaqsyh/.760867330689432.php?to=craigwilt99@phuongnhicare.com HTTP/1.1" 406 300 "-" "Mozilla/5.0 (Windows NT 10.0; Win64; x64) AppleWebKit/537.36 (KHTML, like Gecko) Chrome/127.0.0.0 Safari/537.36"
185.191.171.12 - - [10/Sep/2026:17:25:40 -0400] "GET /pickup/G1830978 HTTP/1.1" 404 122819 "-" "Mozilla/5.0 (compatible; SemrushBot/7~bl; +http://www.semrush.com/bot.html)"
85.208.96.208 - - [10/Sep/2026:17:26:58 -0400] "GET /pickup/U384248 HTTP/1.1" 404 122819 "-" "Mozilla/5.0 (compatible; SemrushBot/7~bl; +http://www.semrush.com/bot.html)"
85.208.96.203 - - [10/Sep/2026:17:27:00 -0400] "GET /pickup/I1402916 HTTP/1.1" 404 122819 "-" "Mozilla/5.0 (compatible; SemrushBot/7~bl; +http://www.semrush.com/bot.html)"
85.208.96.203 - - [10/Sep/2026:17:27:02 -0400] "GET /pickup/T494929 HTTP/1.1" 404 122819 "-" "Mozilla/5.0 (compatible; SemrushBot/7~bl; +http://www.semrush.com/bot.html)"
199.250.222.155 - - [10/Sep/2026:17:27:28 -0400] "POST /wp-cron.php?doing_wp_cron=1789075648.1023690700531005859375 HTTP/1.1" 200 - "-" "WordPress/7.1; https://heredit.mx"
85.208.96.202 - - [10/Sep/2026:17:27:27 -0400] "GET /pickup/M477788 HTTP/1.1" 404 122819 "-" "Mozilla/5.0 (compatible; SemrushBot/7~bl; +http://www.semrush.com/bot.html)"
185.191.171.1 - - [10/Sep/2026:17:27:49 -0400] "GET /pickup/F2332621 HTTP/1.1" 404 122819 "-" "Mozilla/5.0 (compatible; SemrushBot/7~bl; +http://www.semrush.com/bot.html)"
119.45.7.86 - - [10/Sep/2026:17:28:23 -0400] "GET / HTTP/1.1" 301 - "-" "Mozilla/5.0 (iPhone; CPU iPhone OS 13_2_3 like Mac OS X) AppleWebKit/605.1.15 (KHTML, like Gecko) Version/13.0.3 Mobile/15E148 Safari/604.1"
199.250.222.155 - - [10/Sep/2026:17:28:34 -0400] "POST /wp-cron.php?doing_wp_cron=1789075714.9609088897705078125000 HTTP/1.1" 200 - "-" "WordPress/7.1; https://heredit.mx"
85.208.96.202 - - [10/Sep/2026:17:28:34 -0400] "GET /pickup/Y5796 HTTP/1.1" 404 122819 "-" "Mozilla/5.0 (compatible; SemrushBot/7~bl; +http://www.semrush.com/bot.html)"
185.191.171.6 - - [10/Sep/2026:17:29:23 -0400] "GET /pickup/G1061898 HTTP/1.1" 404 122819 "-" "Mozilla/5.0 (compatible; SemrushBot/7~bl; +http://www.semrush.com/bot.html)"
199.250.222.155 - - [10/Sep/2026:17:29:52 -0400] "POST /wp-cron.php?doing_wp_cron=1789075792.1607029438018798828125 HTTP/1.1" 200 - "-" "WordPress/7.1; https://heredit.mx"
185.191.171.11 - - [10/Sep/2026:17:29:51 -0400] "GET /pickup/J1213039 HTTP/1.1" 404 122819 "-" "Mozilla/5.0 (compatible; SemrushBot/7~bl; +http://www.semrush.com/bot.html)"
199.250.222.155 - - [10/Sep/2026:17:30:38 -0400] "POST /wp-cron.php?doing_wp_cron=1789075838.8256831169128417968750 HTTP/1.1" 200 - "-" "WordPress/7.1; https://heredit.mx"
85.208.96.204 - - [10/Sep/2026:17:30:38 -0400] "GET /pickup/G336550 HTTP/1.1" 404 122819 "-" "Mozilla/5.0 (compatible; SemrushBot/7~bl; +http://www.semrush.com/bot.html)"
85.208.96.203 - - [10/Sep/2026:17:31:00 -0400] "GET /pickup/I1983184 HTTP/1.1" 404 122819 "-" "Mozilla/5.0 (compatible; SemrushBot/7~bl; +http://www.semrush.com/bot.html)"
85.208.96.204 - - [10/Sep/2026:17:33:06 -0400] "GET /pickup/P435333 HTTP/1.1" 404 122819 "-" "Mozilla/5.0 (compatible; SemrushBot/7~bl; +http://www.semrush.com/bot.html)"
199.250.222.155 - - [10/Sep/2026:17:33:50 -0400] "POST /wp-cron.php?doing_wp_cron=1789076030.1722700595855712890625 HTTP/1.1" 200 - "-" "WordPress/7.1; https://heredit.mx"
185.191.171.14 - - [10/Sep/2026:17:33:49 -0400] "GET /pickup/U2308222 HTTP/1.1" 404 122819 "-" "Mozilla/5.0 (compatible; SemrushBot/7~bl; +http://www.semrush.com/bot.html)"
199.250.222.155 - - [10/Sep/2026:17:33:52 -0400] "POST /wp-cron.php?doing_wp_cron=1789076032.0796370506286621093750 HTTP/1.1" 200 - "-" "WordPress/7.1; https://heredit.mx"
185.191.171.8 - - [10/Sep/2026:17:33:51 -0400] "GET /pickup/O1221806 HTTP/1.1" 404 122819 "-" "Mozilla/5.0 (compatible; SemrushBot/7~bl; +http://www.semrush.com/bot.html)"
85.208.96.203 - - [10/Sep/2026:17:33:53 -0400] "GET /pickup/U299254 HTTP/1.1" 404 122819 "-" "Mozilla/5.0 (compatible; SemrushBot/7~bl; +http://www.semrush.com/bot.html)"
40.77.167.5 - - [10/Sep/2026:17:34:06 -0400] "GET /?w=uncanny-brands-waffle-baby-yoda-waffle-maker-star-wars-pp-GNwax0T2 HTTP/1.1" 200 112367 "-" "Mozilla/5.0 AppleWebKit/537.36 (KHTML, like Gecko; compatible; bingbot/2.0; +http://www.bing.com/bingbot.htm) Chrome/116.0.1938.76 Safari/537.36"
85.208.96.195 - - [10/Sep/2026:17:34:20 -0400] "GET /pickup/J1439863 HTTP/1.1" 404 122819 "-" "Mozilla/5.0 (compatible; SemrushBot/7~bl; +http://www.semrush.com/bot.html)"
199.250.222.155 - - [10/Sep/2026:17:35:19 -0400] "POST /wp-cron.php?doing_wp_cron=1789076119.1379649639129638671875 HTTP/1.1" 200 - "-" "WordPress/7.1; https://heredit.mx"
185.191.171.11 - - [10/Sep/2026:17:35:18 -0400] "GET /pickup/F784191 HTTP/1.1" 404 122819 "-" "Mozilla/5.0 (compatible; SemrushBot/7~bl; +http://www.semrush.com/bot.html)"
199.250.222.155 - - [10/Sep/2026:17:35:56 -0400] "POST /wp-cron.php?doing_wp_cron=1789076156.0906090736389160156250 HTTP/1.1" 200 - "-" "WordPress/7.1; https://heredit.mx"
185.191.171.18 - - [10/Sep/2026:17:35:55 -0400] "GET /pickup/H337617 HTTP/1.1" 404 122819 "-" "Mozilla/5.0 (compatible; SemrushBot/7~bl; +http://www.semrush.com/bot.html)"
43.157.95.239 - - [10/Sep/2026:17:35:59 -0400] "GET / HTTP/1.1" 301 - "-" "Mozilla/5.0 (iPhone; CPU iPhone OS 13_2_3 like Mac OS X) AppleWebKit/605.1.15 (KHTML, like Gecko) Version/13.0.3 Mobile/15E148 Safari/604.1"
199.250.222.155 - - [10/Sep/2026:17:36:51 -0400] "POST /wp-cron.php?doing_wp_cron=1789076211.0157411098480224609375 HTTP/1.1" 200 - "-" "WordPress/7.1; https://heredit.mx"
185.191.171.18 - - [10/Sep/2026:17:36:50 -0400] "GET /pickup/M2134976 HTTP/1.1" 404 122819 "-" "Mozilla/5.0 (compatible; SemrushBot/7~bl; +http://www.semrush.com/bot.html)"
199.250.222.155 - - [10/Sep/2026:17:37:43 -0400] "POST /wp-cron.php?doing_wp_cron=1789076263.5542700290679931640625 HTTP/1.1" 200 - "-" "WordPress/7.1; https://heredit.mx"
185.191.171.12 - - [10/Sep/2026:17:37:42 -0400] "GET /pickup/I983562 HTTP/1.1" 404 122819 "-" "Mozilla/5.0 (compatible; SemrushBot/7~bl; +http://www.semrush.com/bot.html)"
85.208.96.198 - - [10/Sep/2026:17:38:10 -0400] "GET /pickup/G507474 HTTP/1.1" 404 122819 "-" "Mozilla/5.0 (compatible; SemrushBot/7~bl; +http://www.semrush.com/bot.html)"
85.208.96.202 - - [10/Sep/2026:17:39:14 -0400] "GET /pickup/H250673 HTTP/1.1" 404 122819 "-" "Mozilla/5.0 (compatible; SemrushBot/7~bl; +http://www.semrush.com/bot.html)"
185.191.171.8 - - [10/Sep/2026:17:39:22 -0400] "GET /pickup/M2320486 HTTP/1.1" 404 122819 "-" "Mozilla/5.0 (compatible; SemrushBot/7~bl; +http://www.semrush.com/bot.html)"
185.191.171.7 - - [10/Sep/2026:17:39:40 -0400] "GET /pickup/F2123659 HTTP/1.1" 404 122819 "-" "Mozilla/5.0 (compatible; SemrushBot/7~bl; +http://www.semrush.com/bot.html)"
185.191.171.2 - - [10/Sep/2026:17:40:17 -0400] "GET /pickup/I291494 HTTP/1.1" 404 122819 "-" "Mozilla/5.0 (compatible; SemrushBot/7~bl; +http://www.semrush.com/bot.html)"
199.250.222.155 - - [10/Sep/2026:17:41:24 -0400] "POST /wp-cron.php?doing_wp_cron=1789076484.3548738956451416015625 HTTP/1.1" 200 - "-" "WordPress/7.1; https://heredit.mx"
173.252.82.37 - - [10/Sep/2026:17:41:23 -0400] "GET /robots.txt HTTP/1.1" 200 267 "-" "facebookexternalhit/1.1 (+http://www.facebook.com/externalhit_uatext.php)"
173.252.82.31 - - [10/Sep/2026:17:41:24 -0400] "GET / HTTP/1.1" 301 - "-" "facebookexternalhit/1.1 (+http://www.facebook.com/externalhit_uatext.php)"
199.250.222.155 - - [10/Sep/2026:17:41:48 -0400] "POST /wp-cron.php?doing_wp_cron=1789076508.8911190032958984375000 HTTP/1.1" 200 - "-" "WordPress/7.1; https://heredit.mx"
185.191.171.13 - - [10/Sep/2026:17:41:48 -0400] "GET /pickup/D208523 HTTP/1.1" 404 122819 "-" "Mozilla/5.0 (compatible; SemrushBot/7~bl; +http://www.semrush.com/bot.html)"
185.191.171.2 - - [10/Sep/2026:17:41:52 -0400] "GET /pickup/L1837977 HTTP/1.1" 404 122819 "-" "Mozilla/5.0 (compatible; SemrushBot/7~bl; +http://www.semrush.com/bot.html)"
185.191.171.1 - - [10/Sep/2026:17:41:55 -0400] "GET /pickup/R1983115 HTTP/1.1" 404 122819 "-" "Mozilla/5.0 (compatible; SemrushBot/7~bl; +http://www.semrush.com/bot.html)"
199.250.222.155 - - [10/Sep/2026:17:42:51 -0400] "POST /wp-cron.php?doing_wp_cron=1789076571.3582739830017089843750 HTTP/1.1" 200 - "-" "WordPress/7.1; https://heredit.mx"
185.191.171.11 - - [10/Sep/2026:17:42:50 -0400] "GET /pickup/J131699 HTTP/1.1" 404 122819 "-" "Mozilla/5.0 (compatible; SemrushBot/7~bl; +http://www.semrush.com/bot.html)"
185.191.171.2 - - [10/Sep/2026:17:43:01 -0400] "GET /pickup/G1221226 HTTP/1.1" 404 122819 "-" "Mozilla/5.0 (compatible; SemrushBot/7~bl; +http://www.semrush.com/bot.html)"
199.250.222.155 - - [10/Sep/2026:17:43:28 -0400] "POST /wp-cron.php?doing_wp_cron=1789076608.1623780727386474609375 HTTP/1.1" 200 - "-" "WordPress/7.1; https://heredit.mx"
85.208.96.207 - - [10/Sep/2026:17:43:27 -0400] "GET /pickup/M732380 HTTP/1.1" 404 122819 "-" "Mozilla/5.0 (compatible; SemrushBot/7~bl; +http://www.semrush.com/bot.html)"
185.191.171.6 - - [10/Sep/2026:17:44:13 -0400] "GET /pickup/F2180365 HTTP/1.1" 404 122819 "-" "Mozilla/5.0 (compatible; SemrushBot/7~bl; +http://www.semrush.com/bot.html)"
88.216.74.82 - - [10/Sep/2026:17:44:21 -0400] "GET / HTTP/1.0" 301 - "http://heredit.mx/" "Mozilla/5.0 (Windows NT 10.0; Win64; x64) AppleWebKit/537.36 (KHTML, like Gecko) Chrome/131.0.0.0 Safari/537.36 Avast/131.0.0.0"
85.208.96.210 - - [10/Sep/2026:17:44:48 -0400] "GET /pickup/G2349366 HTTP/1.1" 404 122819 "-" "Mozilla/5.0 (compatible; SemrushBot/7~bl; +http://www.semrush.com/bot.html)"
66.249.68.192 - - [10/Sep/2026:17:46:06 -0400] "GET /?boisterously=6&AKe4ekfE=249215 HTTP/1.1" 301 - "-" "Mozilla/5.0 (Linux; Android 6.0.1; Nexus 5X Build/MMB29P) AppleWebKit/537.36 (KHTML, like Gecko) Chrome/153.0.8010.36 Mobile Safari/537.36 (compatible; Googlebot/2.1; +http://www.google.com/bot.html)"
185.191.171.19 - - [10/Sep/2026:17:46:08 -0400] "GET /pickup/S270834 HTTP/1.1" 404 122819 "-" "Mozilla/5.0 (compatible; SemrushBot/7~bl; +http://www.semrush.com/bot.html)"
