185.191.171.14 - - [10/Sep/2026:15:15:52 -0400] "GET /pickup/U1461714 HTTP/1.1" 404 122819 "-" "Mozilla/5.0 (compatible; SemrushBot/7~bl; +http://www.semrush.com/bot.html)"
199.250.222.155 - - [10/Sep/2026:15:16:39 -0400] "POST /wp-cron.php?doing_wp_cron=1789067799.7592790126800537109375 HTTP/1.1" 200 - "-" "WordPress/7.1; https://heredit.mx"
185.191.171.6 - - [10/Sep/2026:15:16:38 -0400] "GET /pickup/H2138065 HTTP/1.1" 404 122819 "-" "Mozilla/5.0 (compatible; SemrushBot/7~bl; +http://www.semrush.com/bot.html)"
85.208.96.209 - - [10/Sep/2026:15:16:47 -0400] "GET /pickup/H627387 HTTP/1.1" 404 122819 "-" "Mozilla/5.0 (compatible; SemrushBot/7~bl; +http://www.semrush.com/bot.html)"
199.250.222.155 - - [10/Sep/2026:15:17:18 -0400] "POST /wp-cron.php?doing_wp_cron=1789067838.8096499443054199218750 HTTP/1.1" 200 - "-" "WordPress/7.1; https://heredit.mx"
85.208.96.194 - - [10/Sep/2026:15:17:18 -0400] "GET /pickup/L1272035 HTTP/1.1" 404 122819 "-" "Mozilla/5.0 (compatible; SemrushBot/7~bl; +http://www.semrush.com/bot.html)"
199.250.222.155 - - [10/Sep/2026:15:17:29 -0400] "POST /wp-cron.php?doing_wp_cron=1789067849.3111240863800048828125 HTTP/1.1" 200 - "-" "WordPress/7.1; https://heredit.mx"
66.249.68.194 - - [10/Sep/2026:15:17:28 -0400] "GET /?a=brown-balayage-long-layered-hair-blonde-moneypieces-loose-wavy-cc-NdR02YS7 HTTP/1.1" 301 - "-" "Mozilla/5.0 (Linux; Android 6.0.1; Nexus 5X Build/MMB29P) AppleWebKit/537.36 (KHTML, like Gecko) Chrome/153.0.8010.36 Mobile Safari/537.36 (compatible; Googlebot/2.1; +http://www.google.com/bot.html)"
85.208.96.199 - - [10/Sep/2026:15:18:01 -0400] "GET /pickup/S2217558 HTTP/1.1" 404 122819 "-" "Mozilla/5.0 (compatible; SemrushBot/7~bl; +http://www.semrush.com/bot.html)"
199.250.222.155 - - [10/Sep/2026:15:19:58 -0400] "POST /wp-cron.php?doing_wp_cron=1789067998.1130969524383544921875 HTTP/1.1" 200 - "-" "WordPress/7.1; https://heredit.mx"
85.208.96.193 - - [10/Sep/2026:15:19:57 -0400] "GET /caesuric=357287&hgoeNDuhn=708917 HTTP/1.1" 404 122819 "-" "Mozilla/5.0 (compatible; SemrushBot/7~bl; +http://www.semrush.com/bot.html)"
92.40.179.86 - - [10/Sep/2026:15:20:42 -0400] "GET http://heredit.mx/mah.php?eosucxldge561022= HTTP/1.1" 406 300 "-" "Mozilla/5.0 (Macintosh; Intel Mac OS X 10_15_7) AppleWebKit/537.36 (KHTML, like Gecko) Chrome/119.0.0.0 Safari/537.36"
103.203.92.15 - - [10/Sep/2026:15:20:44 -0400] "GET http://heredit.mx/mah.php?eosucxldge561022= HTTP/1.1" 406 300 "-" "Mozilla/5.0 (Windows NT 10.0; Win64; x64) AppleWebKit/537.36 (KHTML, like Gecko) Chrome/104.0.0.0 Safari/537.36"
209.61.6.28 - - [10/Sep/2026:15:20:46 -0400] "GET http://heredit.mx/mah.php?eosucxldge561022= HTTP/1.1" 406 300 "-" "Mozilla/5.0 (Macintosh; Intel Mac OS X 10_15_7) AppleWebKit/537.36 (KHTML, like Gecko) Chrome/120.0.0.0 Safari/537.36"
185.191.171.5 - - [10/Sep/2026:15:20:52 -0400] "GET /pickup/K788070 HTTP/1.1" 404 122819 "-" "Mozilla/5.0 (compatible; SemrushBot/7~bl; +http://www.semrush.com/bot.html)"
85.208.96.196 - - [10/Sep/2026:15:20:56 -0400] "GET /pickup/R557405 HTTP/1.1" 404 122819 "-" "Mozilla/5.0 (compatible; SemrushBot/7~bl; +http://www.semrush.com/bot.html)"
199.250.222.155 - - [10/Sep/2026:15:21:06 -0400] "POST /wp-cron.php?doing_wp_cron=1789068066.8283588886260986328125 HTTP/1.1" 200 - "-" "WordPress/7.1; https://heredit.mx"
85.208.96.198 - - [10/Sep/2026:15:21:06 -0400] "GET /pickup/T224581 HTTP/1.1" 404 122819 "-" "Mozilla/5.0 (compatible; SemrushBot/7~bl; +http://www.semrush.com/bot.html)"
199.250.222.155 - - [10/Sep/2026:15:21:41 -0400] "POST /wp-cron.php?doing_wp_cron=1789068101.4611558914184570312500 HTTP/1.1" 200 - "-" "WordPress/7.1; https://heredit.mx"
185.191.171.15 - - [10/Sep/2026:15:21:40 -0400] "GET /pickup/I1305624 HTTP/1.1" 404 122819 "-" "Mozilla/5.0 (compatible; SemrushBot/7~bl; +http://www.semrush.com/bot.html)"
85.208.96.206 - - [10/Sep/2026:15:21:43 -0400] "GET /pickup/L2380519 HTTP/1.1" 404 122819 "-" "Mozilla/5.0 (compatible; SemrushBot/7~bl; +http://www.semrush.com/bot.html)"
185.191.171.19 - - [10/Sep/2026:15:22:00 -0400] "GET /pickup/R515337 HTTP/1.1" 404 122819 "-" "Mozilla/5.0 (compatible; SemrushBot/7~bl; +http://www.semrush.com/bot.html)"
199.250.222.155 - - [10/Sep/2026:15:24:36 -0400] "POST /wp-cron.php?doing_wp_cron=1789068276.3470239639282226562500 HTTP/1.1" 200 - "-" "WordPress/7.1; https://heredit.mx"
185.191.171.13 - - [10/Sep/2026:15:24:35 -0400] "GET /pickup/N1038661 HTTP/1.1" 404 122819 "-" "Mozilla/5.0 (compatible; SemrushBot/7~bl; +http://www.semrush.com/bot.html)"
85.208.96.207 - - [10/Sep/2026:15:24:38 -0400] "GET /pickup/W2014372 HTTP/1.1" 404 122819 "-" "Mozilla/5.0 (compatible; SemrushBot/7~bl; +http://www.semrush.com/bot.html)"
85.208.96.208 - - [10/Sep/2026:15:24:42 -0400] "GET /pickup/J898387 HTTP/1.1" 404 122819 "-" "Mozilla/5.0 (compatible; SemrushBot/7~bl; +http://www.semrush.com/bot.html)"
85.208.96.210 - - [10/Sep/2026:15:25:20 -0400] "GET /pickup/X2154799 HTTP/1.1" 404 122819 "-" "Mozilla/5.0 (compatible; SemrushBot/7~bl; +http://www.semrush.com/bot.html)"
199.250.222.155 - - [10/Sep/2026:15:25:50 -0400] "POST /wp-cron.php?doing_wp_cron=1789068350.9941699504852294921875 HTTP/1.1" 200 - "-" "WordPress/7.1; https://heredit.mx"
185.191.171.6 - - [10/Sep/2026:15:25:50 -0400] "GET /pickup/U1972120 HTTP/1.1" 404 122819 "-" "Mozilla/5.0 (compatible; SemrushBot/7~bl; +http://www.semrush.com/bot.html)"
195.3.220.7 - - [10/Sep/2026:15:26:24 -0400] "GET /wp-content/uploads/2026/ HTTP/1.1" 200 2229 "https://google.com/" "Mozilla/5.0 (Linux; Android 7.0; SM-G892A Build/NRD90M; wv) AppleWebKit/537.36 (KHTML, Gecko) Version/4.0 Chrome/60.0.3112.107 Mobile Safari/537.36"
195.3.220.7 - - [10/Sep/2026:15:26:25 -0400] "GET /wp-content/uploads/2026/ HTTP/1.1" 200 2229 "https://google.com/" "Mozilla/5.0 (Linux; Android 7.0; SM-G892A Build/NRD90M; wv) AppleWebKit/537.36 (KHTML, Gecko) Version/4.0 Chrome/60.0.3112.107 Mobile Safari/537.36"
195.3.220.7 - - [10/Sep/2026:15:26:25 -0400] "GET /wp-content/uploads/2026///wp-content/uploads/ HTTP/1.1" 301 - "https://google.com/" "Mozilla/5.0 (Linux; Android 7.0; SM-G892A Build/NRD90M; wv) AppleWebKit/537.36 (KHTML, Gecko) Version/4.0 Chrome/60.0.3112.107 Mobile Safari/537.36"
195.3.220.7 - - [10/Sep/2026:15:26:26 -0400] "GET /wp-content/uploads/2026///wp-content/uploads/ HTTP/1.1" 301 - "https://google.com/" "Mozilla/5.0 (Linux; Android 7.0; SM-G892A Build/NRD90M; wv) AppleWebKit/537.36 (KHTML, Gecko) Version/4.0 Chrome/60.0.3112.107 Mobile Safari/537.36"
199.250.222.155 - - [10/Sep/2026:15:26:28 -0400] "POST /wp-cron.php?doing_wp_cron=1789068388.0035610198974609375000 HTTP/1.1" 200 - "-" "WordPress/7.1; https://heredit.mx"
195.3.220.7 - - [10/Sep/2026:15:26:27 -0400] "GET /wp-content/uploads/2026/wp-content/uploads/ HTTP/1.1" 404 122819 "https://google.com/" "Mozilla/5.0 (Linux; Android 7.0; SM-G892A Build/NRD90M; wv) AppleWebKit/537.36 (KHTML, Gecko) Version/4.0 Chrome/60.0.3112.107 Mobile Safari/537.36"
195.3.220.7 - - [10/Sep/2026:15:26:28 -0400] "GET /wp-content/uploads/2026//01/ HTTP/1.1" 200 701 "https://google.com/" "Mozilla/5.0 (Linux; Android 7.0; SM-G892A Build/NRD90M; wv) AppleWebKit/537.36 (KHTML, Gecko) Version/4.0 Chrome/60.0.3112.107 Mobile Safari/537.36"
195.3.220.7 - - [10/Sep/2026:15:26:29 -0400] "GET /wp-content/uploads/2026//01/ HTTP/1.1" 200 701 "https://google.com/" "Mozilla/5.0 (Linux; Android 7.0; SM-G892A Build/NRD90M; wv) AppleWebKit/537.36 (KHTML, Gecko) Version/4.0 Chrome/60.0.3112.107 Mobile Safari/537.36"
195.3.220.7 - - [10/Sep/2026:15:26:29 -0400] "GET /wp-content/uploads/2026//02/ HTTP/1.1" 200 701 "https://google.com/" "Mozilla/5.0 (Linux; Android 7.0; SM-G892A Build/NRD90M; wv) AppleWebKit/537.36 (KHTML, Gecko) Version/4.0 Chrome/60.0.3112.107 Mobile Safari/537.36"
195.3.220.7 - - [10/Sep/2026:15:26:29 -0400] "GET /wp-content/uploads/2026//02/ HTTP/1.1" 200 701 "https://google.com/" "Mozilla/5.0 (Linux; Android 7.0; SM-G892A Build/NRD90M; wv) AppleWebKit/537.36 (KHTML, Gecko) Version/4.0 Chrome/60.0.3112.107 Mobile Safari/537.36"
195.3.220.7 - - [10/Sep/2026:15:26:30 -0400] "GET /wp-content/uploads/2026//03/ HTTP/1.1" 200 701 "https://google.com/" "Mozilla/5.0 (Linux; Android 7.0; SM-G892A Build/NRD90M; wv) AppleWebKit/537.36 (KHTML, Gecko) Version/4.0 Chrome/60.0.3112.107 Mobile Safari/537.36"
195.3.220.7 - - [10/Sep/2026:15:26:30 -0400] "GET /wp-content/uploads/2026//03/ HTTP/1.1" 200 701 "https://google.com/" "Mozilla/5.0 (Linux; Android 7.0; SM-G892A Build/NRD90M; wv) AppleWebKit/537.36 (KHTML, Gecko) Version/4.0 Chrome/60.0.3112.107 Mobile Safari/537.36"
195.3.220.7 - - [10/Sep/2026:15:26:30 -0400] "GET /wp-content/uploads/2026//04/ HTTP/1.1" 200 701 "https://google.com/" "Mozilla/5.0 (Linux; Android 7.0; SM-G892A Build/NRD90M; wv) AppleWebKit/537.36 (KHTML, Gecko) Version/4.0 Chrome/60.0.3112.107 Mobile Safari/537.36"
195.3.220.7 - - [10/Sep/2026:15:26:31 -0400] "GET /wp-content/uploads/2026//04/ HTTP/1.1" 200 701 "https://google.com/" "Mozilla/5.0 (Linux; Android 7.0; SM-G892A Build/NRD90M; wv) AppleWebKit/537.36 (KHTML, Gecko) Version/4.0 Chrome/60.0.3112.107 Mobile Safari/537.36"
195.3.220.7 - - [10/Sep/2026:15:26:31 -0400] "GET /wp-content/uploads/2026//05/ HTTP/1.1" 200 701 "https://google.com/" "Mozilla/5.0 (Linux; Android 7.0; SM-G892A Build/NRD90M; wv) AppleWebKit/537.36 (KHTML, Gecko) Version/4.0 Chrome/60.0.3112.107 Mobile Safari/537.36"
195.3.220.7 - - [10/Sep/2026:15:26:31 -0400] "GET /wp-content/uploads/2026//05/ HTTP/1.1" 200 701 "https://google.com/" "Mozilla/5.0 (Linux; Android 7.0; SM-G892A Build/NRD90M; wv) AppleWebKit/537.36 (KHTML, Gecko) Version/4.0 Chrome/60.0.3112.107 Mobile Safari/537.36"
195.3.220.7 - - [10/Sep/2026:15:26:32 -0400] "GET /wp-content/uploads/2026//06/ HTTP/1.1" 200 701 "https://google.com/" "Mozilla/5.0 (Linux; Android 7.0; SM-G892A Build/NRD90M; wv) AppleWebKit/537.36 (KHTML, Gecko) Version/4.0 Chrome/60.0.3112.107 Mobile Safari/537.36"
195.3.220.7 - - [10/Sep/2026:15:26:32 -0400] "GET /wp-content/uploads/2026//06/ HTTP/1.1" 200 701 "https://google.com/" "Mozilla/5.0 (Linux; Android 7.0; SM-G892A Build/NRD90M; wv) AppleWebKit/537.36 (KHTML, Gecko) Version/4.0 Chrome/60.0.3112.107 Mobile Safari/537.36"
195.3.220.7 - - [10/Sep/2026:15:26:32 -0400] "GET /wp-content/uploads/2026//07/ HTTP/1.1" 200 701 "https://google.com/" "Mozilla/5.0 (Linux; Android 7.0; SM-G892A Build/NRD90M; wv) AppleWebKit/537.36 (KHTML, Gecko) Version/4.0 Chrome/60.0.3112.107 Mobile Safari/537.36"
195.3.220.7 - - [10/Sep/2026:15:26:33 -0400] "GET /wp-content/uploads/2026//07/ HTTP/1.1" 200 701 "https://google.com/" "Mozilla/5.0 (Linux; Android 7.0; SM-G892A Build/NRD90M; wv) AppleWebKit/537.36 (KHTML, Gecko) Version/4.0 Chrome/60.0.3112.107 Mobile Safari/537.36"
195.3.220.7 - - [10/Sep/2026:15:26:33 -0400] "GET /wp-content/uploads/2026//08/ HTTP/1.1" 200 701 "https://google.com/" "Mozilla/5.0 (Linux; Android 7.0; SM-G892A Build/NRD90M; wv) AppleWebKit/537.36 (KHTML, Gecko) Version/4.0 Chrome/60.0.3112.107 Mobile Safari/537.36"
195.3.220.7 - - [10/Sep/2026:15:26:33 -0400] "GET /wp-content/uploads/2026//08/ HTTP/1.1" 200 701 "https://google.com/" "Mozilla/5.0 (Linux; Android 7.0; SM-G892A Build/NRD90M; wv) AppleWebKit/537.36 (KHTML, Gecko) Version/4.0 Chrome/60.0.3112.107 Mobile Safari/537.36"
195.3.220.7 - - [10/Sep/2026:15:26:33 -0400] "GET /wp-content/uploads/2026//09/ HTTP/1.1" 200 4045 "https://google.com/" "Mozilla/5.0 (Linux; Android 7.0; SM-G892A Build/NRD90M; wv) AppleWebKit/537.36 (KHTML, Gecko) Version/4.0 Chrome/60.0.3112.107 Mobile Safari/537.36"
195.3.220.7 - - [10/Sep/2026:15:26:34 -0400] "GET /wp-content/uploads/2026//09/ HTTP/1.1" 200 4045 "https://google.com/" "Mozilla/5.0 (Linux; Android 7.0; SM-G892A Build/NRD90M; wv) AppleWebKit/537.36 (KHTML, Gecko) Version/4.0 Chrome/60.0.3112.107 Mobile Safari/537.36"
195.3.220.7 - - [10/Sep/2026:15:26:34 -0400] "GET /.tmb/ HTTP/1.1" 404 122819 "https://google.com/" "Mozilla/5.0 (Linux; Android 7.0; SM-G892A Build/NRD90M; wv) AppleWebKit/537.36 (KHTML, Gecko) Version/4.0 Chrome/60.0.3112.107 Mobile Safari/537.36"
195.3.220.7 - - [10/Sep/2026:15:26:35 -0400] "GET /.tmb/ HTTP/1.1" 404 122819 "https://google.com/" "Mozilla/5.0 (Linux; Android 7.0; SM-G892A Build/NRD90M; wv) AppleWebKit/537.36 (KHTML, Gecko) Version/4.0 Chrome/60.0.3112.107 Mobile Safari/537.36"
195.3.220.7 - - [10/Sep/2026:15:26:37 -0400] "GET /.well-known/ HTTP/1.1" 200 1229 "https://google.com/" "Mozilla/5.0 (Linux; Android 7.0; SM-G892A Build/NRD90M; wv) AppleWebKit/537.36 (KHTML, Gecko) Version/4.0 Chrome/60.0.3112.107 Mobile Safari/537.36"
195.3.220.7 - - [10/Sep/2026:15:26:37 -0400] "GET /.well-known/ HTTP/1.1" 200 1229 "https://google.com/" "Mozilla/5.0 (Linux; Android 7.0; SM-G892A Build/NRD90M; wv) AppleWebKit/537.36 (KHTML, Gecko) Version/4.0 Chrome/60.0.3112.107 Mobile Safari/537.36"
195.3.220.7 - - [10/Sep/2026:15:26:37 -0400] "GET /.well-known/// HTTP/1.1" 200 1229 "https://google.com/" "Mozilla/5.0 (Linux; Android 7.0; SM-G892A Build/NRD90M; wv) AppleWebKit/537.36 (KHTML, Gecko) Version/4.0 Chrome/60.0.3112.107 Mobile Safari/537.36"
195.3.220.7 - - [10/Sep/2026:15:26:38 -0400] "GET /.well-known/// HTTP/1.1" 200 1229 "https://google.com/" "Mozilla/5.0 (Linux; Android 7.0; SM-G892A Build/NRD90M; wv) AppleWebKit/537.36 (KHTML, Gecko) Version/4.0 Chrome/60.0.3112.107 Mobile Safari/537.36"
195.3.220.7 - - [10/Sep/2026:15:26:38 -0400] "GET /.well-known//acme-challenge/ HTTP/1.1" 200 689 "https://google.com/" "Mozilla/5.0 (Linux; Android 7.0; SM-G892A Build/NRD90M; wv) AppleWebKit/537.36 (KHTML, Gecko) Version/4.0 Chrome/60.0.3112.107 Mobile Safari/537.36"
195.3.220.7 - - [10/Sep/2026:15:26:38 -0400] "GET /.well-known//acme-challenge/ HTTP/1.1" 200 689 "https://google.com/" "Mozilla/5.0 (Linux; Android 7.0; SM-G892A Build/NRD90M; wv) AppleWebKit/537.36 (KHTML, Gecko) Version/4.0 Chrome/60.0.3112.107 Mobile Safari/537.36"
195.3.220.7 - - [10/Sep/2026:15:26:38 -0400] "GET /.well-known//apple-developer-merchantid-domain-association HTTP/1.1" 200 9095 "https://google.com/" "Mozilla/5.0 (Linux; Android 7.0; SM-G892A Build/NRD90M; wv) AppleWebKit/537.36 (KHTML, Gecko) Version/4.0 Chrome/60.0.3112.107 Mobile Safari/537.36"
195.3.220.7 - - [10/Sep/2026:15:26:39 -0400] "GET /.well-known//apple-developer-merchantid-domain-association HTTP/1.1" 200 9095 "https://google.com/" "Mozilla/5.0 (Linux; Android 7.0; SM-G892A Build/NRD90M; wv) AppleWebKit/537.36 (KHTML, Gecko) Version/4.0 Chrome/60.0.3112.107 Mobile Safari/537.36"
195.3.220.7 - - [10/Sep/2026:15:26:39 -0400] "GET /.well-known//pki-validation/ HTTP/1.1" 200 689 "https://google.com/" "Mozilla/5.0 (Linux; Android 7.0; SM-G892A Build/NRD90M; wv) AppleWebKit/537.36 (KHTML, Gecko) Version/4.0 Chrome/60.0.3112.107 Mobile Safari/537.36"
195.3.220.7 - - [10/Sep/2026:15:26:40 -0400] "GET /.well-known//pki-validation/ HTTP/1.1" 200 689 "https://google.com/" "Mozilla/5.0 (Linux; Android 7.0; SM-G892A Build/NRD90M; wv) AppleWebKit/537.36 (KHTML, Gecko) Version/4.0 Chrome/60.0.3112.107 Mobile Safari/537.36"
195.3.220.7 - - [10/Sep/2026:15:26:40 -0400] "GET /wp-content/updraft/ HTTP/1.1" 404 122819 "https://google.com/" "Mozilla/5.0 (Linux; Android 7.0; SM-G892A Build/NRD90M; wv) AppleWebKit/537.36 (KHTML, Gecko) Version/4.0 Chrome/60.0.3112.107 Mobile Safari/537.36"
195.3.220.7 - - [10/Sep/2026:15:26:41 -0400] "GET /wp-content/updraft/ HTTP/1.1" 404 122819 "https://google.com/" "Mozilla/5.0 (Linux; Android 7.0; SM-G892A Build/NRD90M; wv) AppleWebKit/537.36 (KHTML, Gecko) Version/4.0 Chrome/60.0.3112.107 Mobile Safari/537.36"
195.3.220.7 - - [10/Sep/2026:15:26:43 -0400] "GET /wp-content/plugins/ HTTP/1.1" 200 - "https://google.com/" "Mozilla/5.0 (Linux; Android 7.0; SM-G892A Build/NRD90M; wv) AppleWebKit/537.36 (KHTML, Gecko) Version/4.0 Chrome/60.0.3112.107 Mobile Safari/537.36"
195.3.220.7 - - [10/Sep/2026:15:26:43 -0400] "GET /wp-content/plugins/ HTTP/1.1" 200 - "https://google.com/" "Mozilla/5.0 (Linux; Android 7.0; SM-G892A Build/NRD90M; wv) AppleWebKit/537.36 (KHTML, Gecko) Version/4.0 Chrome/60.0.3112.107 Mobile Safari/537.36"
195.3.220.7 - - [10/Sep/2026:15:26:43 -0400] "GET /wp-content/uploads/ HTTP/1.1" 200 2115 "https://google.com/" "Mozilla/5.0 (Linux; Android 7.0; SM-G892A Build/NRD90M; wv) AppleWebKit/537.36 (KHTML, Gecko) Version/4.0 Chrome/60.0.3112.107 Mobile Safari/537.36"
45.74.3.79 - - [10/Sep/2026:15:26:43 -0400] "GET / HTTP/1.0" 301 - "http://heredit.mx/" "Mozilla/5.0 (Windows NT 10.0; Win64; x64) AppleWebKit/537.36 (KHTML, like Gecko) Chrome/130.0.0.0 Safari/537.36"
195.3.220.7 - - [10/Sep/2026:15:26:43 -0400] "GET /wp-content/uploads/ HTTP/1.1" 200 2115 "https://google.com/" "Mozilla/5.0 (Linux; Android 7.0; SM-G892A Build/NRD90M; wv) AppleWebKit/537.36 (KHTML, Gecko) Version/4.0 Chrome/60.0.3112.107 Mobile Safari/537.36"
195.3.220.7 - - [10/Sep/2026:15:26:44 -0400] "GET /wp-content/uploads///wp-content/ HTTP/1.1" 301 - "https://google.com/" "Mozilla/5.0 (Linux; Android 7.0; SM-G892A Build/NRD90M; wv) AppleWebKit/537.36 (KHTML, Gecko) Version/4.0 Chrome/60.0.3112.107 Mobile Safari/537.36"
195.3.220.7 - - [10/Sep/2026:15:26:44 -0400] "GET /wp-content/uploads///wp-content/ HTTP/1.1" 301 - "https://google.com/" "Mozilla/5.0 (Linux; Android 7.0; SM-G892A Build/NRD90M; wv) AppleWebKit/537.36 (KHTML, Gecko) Version/4.0 Chrome/60.0.3112.107 Mobile Safari/537.36"
195.3.220.7 - - [10/Sep/2026:15:26:45 -0400] "GET /wp-content/uploads/wp-content/ HTTP/1.1" 404 122819 "https://google.com/" "Mozilla/5.0 (Linux; Android 7.0; SM-G892A Build/NRD90M; wv) AppleWebKit/537.36 (KHTML, Gecko) Version/4.0 Chrome/60.0.3112.107 Mobile Safari/537.36"
195.3.220.7 - - [10/Sep/2026:15:26:46 -0400] "GET /wp-content/uploads//2024/ HTTP/1.1" 200 2400 "https://google.com/" "Mozilla/5.0 (Linux; Android 7.0; SM-G892A Build/NRD90M; wv) AppleWebKit/537.36 (KHTML, Gecko) Version/4.0 Chrome/60.0.3112.107 Mobile Safari/537.36"
195.3.220.7 - - [10/Sep/2026:15:26:47 -0400] "GET /wp-content/uploads//2024/ HTTP/1.1" 200 2400 "https://google.com/" "Mozilla/5.0 (Linux; Android 7.0; SM-G892A Build/NRD90M; wv) AppleWebKit/537.36 (KHTML, Gecko) Version/4.0 Chrome/60.0.3112.107 Mobile Safari/537.36"
195.3.220.7 - - [10/Sep/2026:15:26:47 -0400] "GET /wp-content/uploads//2025/ HTTP/1.1" 200 2742 "https://google.com/" "Mozilla/5.0 (Linux; Android 7.0; SM-G892A Build/NRD90M; wv) AppleWebKit/537.36 (KHTML, Gecko) Version/4.0 Chrome/60.0.3112.107 Mobile Safari/537.36"
195.3.220.7 - - [10/Sep/2026:15:26:47 -0400] "GET /wp-content/uploads//2025/ HTTP/1.1" 200 2742 "https://google.com/" "Mozilla/5.0 (Linux; Android 7.0; SM-G892A Build/NRD90M; wv) AppleWebKit/537.36 (KHTML, Gecko) Version/4.0 Chrome/60.0.3112.107 Mobile Safari/537.36"
195.3.220.7 - - [10/Sep/2026:15:26:48 -0400] "GET /wp-content/uploads//2026/ HTTP/1.1" 200 2229 "https://google.com/" "Mozilla/5.0 (Linux; Android 7.0; SM-G892A Build/NRD90M; wv) AppleWebKit/537.36 (KHTML, Gecko) Version/4.0 Chrome/60.0.3112.107 Mobile Safari/537.36"
195.3.220.7 - - [10/Sep/2026:15:26:48 -0400] "GET /wp-content/uploads//2026/ HTTP/1.1" 200 2229 "https://google.com/" "Mozilla/5.0 (Linux; Android 7.0; SM-G892A Build/NRD90M; wv) AppleWebKit/537.36 (KHTML, Gecko) Version/4.0 Chrome/60.0.3112.107 Mobile Safari/537.36"
195.3.220.7 - - [10/Sep/2026:15:26:48 -0400] "GET /wp-content/uploads//elementor/ HTTP/1.1" 200 1595 "https://google.com/" "Mozilla/5.0 (Linux; Android 7.0; SM-G892A Build/NRD90M; wv) AppleWebKit/537.36 (KHTML, Gecko) Version/4.0 Chrome/60.0.3112.107 Mobile Safari/537.36"
195.3.220.7 - - [10/Sep/2026:15:26:48 -0400] "GET /wp-content/uploads//elementor/ HTTP/1.1" 200 1595 "https://google.com/" "Mozilla/5.0 (Linux; Android 7.0; SM-G892A Build/NRD90M; wv) AppleWebKit/537.36 (KHTML, Gecko) Version/4.0 Chrome/60.0.3112.107 Mobile Safari/537.36"
195.3.220.7 - - [10/Sep/2026:15:26:49 -0400] "GET /wp-content/uploads//essential-addons-elementor/ HTTP/1.1" 200 1801 "https://google.com/" "Mozilla/5.0 (Linux; Android 7.0; SM-G892A Build/NRD90M; wv) AppleWebKit/537.36 (KHTML, Gecko) Version/4.0 Chrome/60.0.3112.107 Mobile Safari/537.36"
195.3.220.7 - - [10/Sep/2026:15:26:49 -0400] "GET /wp-content/uploads//essential-addons-elementor/ HTTP/1.1" 200 1801 "https://google.com/" "Mozilla/5.0 (Linux; Android 7.0; SM-G892A Build/NRD90M; wv) AppleWebKit/537.36 (KHTML, Gecko) Version/4.0 Chrome/60.0.3112.107 Mobile Safari/537.36"
195.3.220.7 - - [10/Sep/2026:15:26:49 -0400] "GET /wp-content/uploads//premium-addons-elementor/ HTTP/1.1" 200 1087 "https://google.com/" "Mozilla/5.0 (Linux; Android 7.0; SM-G892A Build/NRD90M; wv) AppleWebKit/537.36 (KHTML, Gecko) Version/4.0 Chrome/60.0.3112.107 Mobile Safari/537.36"
195.3.220.7 - - [10/Sep/2026:15:26:49 -0400] "GET /wp-content/uploads//premium-addons-elementor/ HTTP/1.1" 200 1087 "https://google.com/" "Mozilla/5.0 (Linux; Android 7.0; SM-G892A Build/NRD90M; wv) AppleWebKit/537.36 (KHTML, Gecko) Version/4.0 Chrome/60.0.3112.107 Mobile Safari/537.36"
195.3.220.7 - - [10/Sep/2026:15:26:50 -0400] "GET /wp-content/uploads//wpforms/ HTTP/1.1" 404 236 "https://google.com/" "Mozilla/5.0 (Linux; Android 7.0; SM-G892A Build/NRD90M; wv) AppleWebKit/537.36 (KHTML, Gecko) Version/4.0 Chrome/60.0.3112.107 Mobile Safari/537.36"
195.3.220.7 - - [10/Sep/2026:15:26:50 -0400] "GET /wp-content/uploads//wpforms/ HTTP/1.1" 404 236 "https://google.com/" "Mozilla/5.0 (Linux; Android 7.0; SM-G892A Build/NRD90M; wv) AppleWebKit/537.36 (KHTML, Gecko) Version/4.0 Chrome/60.0.3112.107 Mobile Safari/537.36"
195.3.220.7 - - [10/Sep/2026:15:26:50 -0400] "GET /wp-content/uploads//ztpaduf/ HTTP/1.1" 200 - "https://google.com/" "Mozilla/5.0 (Linux; Android 7.0; SM-G892A Build/NRD90M; wv) AppleWebKit/537.36 (KHTML, Gecko) Version/4.0 Chrome/60.0.3112.107 Mobile Safari/537.36"
195.3.220.7 - - [10/Sep/2026:15:26:51 -0400] "GET /wp-content/uploads//ztpaduf/ HTTP/1.1" 200 - "https://google.com/" "Mozilla/5.0 (Linux; Android 7.0; SM-G892A Build/NRD90M; wv) AppleWebKit/537.36 (KHTML, Gecko) Version/4.0 Chrome/60.0.3112.107 Mobile Safari/537.36"
195.3.220.7 - - [10/Sep/2026:15:26:51 -0400] "GET /wp-content/upgrade/ HTTP/1.1" 200 672 "https://google.com/" "Mozilla/5.0 (Linux; Android 7.0; SM-G892A Build/NRD90M; wv) AppleWebKit/537.36 (KHTML, Gecko) Version/4.0 Chrome/60.0.3112.107 Mobile Safari/537.36"
195.3.220.7 - - [10/Sep/2026:15:26:51 -0400] "GET /wp-content/upgrade/ HTTP/1.1" 200 672 "https://google.com/" "Mozilla/5.0 (Linux; Android 7.0; SM-G892A Build/NRD90M; wv) AppleWebKit/537.36 (KHTML, Gecko) Version/4.0 Chrome/60.0.3112.107 Mobile Safari/537.36"
199.250.222.155 - - [10/Sep/2026:15:26:52 -0400] "POST /wp-cron.php?doing_wp_cron=1789068412.1507310867309570312500 HTTP/1.1" 200 - "-" "WordPress/7.1; https://heredit.mx"
195.3.220.7 - - [10/Sep/2026:15:26:51 -0400] "GET /wp-content/upgrade///wp-content/ HTTP/1.1" 301 - "https://google.com/" "Mozilla/5.0 (Linux; Android 7.0; SM-G892A Build/NRD90M; wv) AppleWebKit/537.36 (KHTML, Gecko) Version/4.0 Chrome/60.0.3112.107 Mobile Safari/537.36"
195.3.220.7 - - [10/Sep/2026:15:26:52 -0400] "GET /wp-content/upgrade///wp-content/ HTTP/1.1" 301 - "https://google.com/" "Mozilla/5.0 (Linux; Android 7.0; SM-G892A Build/NRD90M; wv) AppleWebKit/537.36 (KHTML, Gecko) Version/4.0 Chrome/60.0.3112.107 Mobile Safari/537.36"
195.3.220.7 - - [10/Sep/2026:15:26:52 -0400] "GET /wp-content/upgrade/wp-content/ HTTP/1.1" 404 122819 "https://google.com/" "Mozilla/5.0 (Linux; Android 7.0; SM-G892A Build/NRD90M; wv) AppleWebKit/537.36 (KHTML, Gecko) Version/4.0 Chrome/60.0.3112.107 Mobile Safari/537.36"
195.3.220.7 - - [10/Sep/2026:15:26:54 -0400] "GET /wp-content/themes/ HTTP/1.1" 200 - "https://google.com/" "Mozilla/5.0 (Linux; Android 7.0; SM-G892A Build/NRD90M; wv) AppleWebKit/537.36 (KHTML, Gecko) Version/4.0 Chrome/60.0.3112.107 Mobile Safari/537.36"
195.3.220.7 - - [10/Sep/2026:15:26:54 -0400] "GET /wp-content/themes/ HTTP/1.1" 200 - "https://google.com/" "Mozilla/5.0 (Linux; Android 7.0; SM-G892A Build/NRD90M; wv) AppleWebKit/537.36 (KHTML, Gecko) Version/4.0 Chrome/60.0.3112.107 Mobile Safari/537.36"
195.3.220.7 - - [10/Sep/2026:15:26:54 -0400] "GET /wp-content/languages/ HTTP/1.1" 200 18055 "https://google.com/" "Mozilla/5.0 (Linux; Android 7.0; SM-G892A Build/NRD90M; wv) AppleWebKit/537.36 (KHTML, Gecko) Version/4.0 Chrome/60.0.3112.107 Mobile Safari/537.36"
195.3.220.7 - - [10/Sep/2026:15:26:55 -0400] "GET /wp-content/languages/ HTTP/1.1" 200 18055 "https://google.com/" "Mozilla/5.0 (Linux; Android 7.0; SM-G892A Build/NRD90M; wv) AppleWebKit/537.36 (KHTML, Gecko) Version/4.0 Chrome/60.0.3112.107 Mobile Safari/537.36"
195.3.220.7 - - [10/Sep/2026:15:26:55 -0400] "GET /wp-content/languages///wp-content/ HTTP/1.1" 301 - "https://google.com/" "Mozilla/5.0 (Linux; Android 7.0; SM-G892A Build/NRD90M; wv) AppleWebKit/537.36 (KHTML, Gecko) Version/4.0 Chrome/60.0.3112.107 Mobile Safari/537.36"
195.3.220.7 - - [10/Sep/2026:15:26:56 -0400] "GET /wp-content/languages///wp-content/ HTTP/1.1" 301 - "https://google.com/" "Mozilla/5.0 (Linux; Android 7.0; SM-G892A Build/NRD90M; wv) AppleWebKit/537.36 (KHTML, Gecko) Version/4.0 Chrome/60.0.3112.107 Mobile Safari/537.36"
195.3.220.7 - - [10/Sep/2026:15:26:56 -0400] "GET /wp-content/languages/wp-content/ HTTP/1.1" 404 122819 "https://google.com/" "Mozilla/5.0 (Linux; Android 7.0; SM-G892A Build/NRD90M; wv) AppleWebKit/537.36 (KHTML, Gecko) Version/4.0 Chrome/60.0.3112.107 Mobile Safari/537.36"
195.3.220.7 - - [10/Sep/2026:15:26:58 -0400] "GET /wp-content/languages/admin-es_MX.l10n.php HTTP/1.1" 200 - "https://google.com/" "Mozilla/5.0 (Linux; Android 7.0; SM-G892A Build/NRD90M; wv) AppleWebKit/537.36 (KHTML, Gecko) Version/4.0 Chrome/60.0.3112.107 Mobile Safari/537.36"
195.3.220.7 - - [10/Sep/2026:15:26:58 -0400] "GET /wp-content/languages/admin-es_MX.l10n.php HTTP/1.1" 200 - "https://google.com/" "Mozilla/5.0 (Linux; Android 7.0; SM-G892A Build/NRD90M; wv) AppleWebKit/537.36 (KHTML, Gecko) Version/4.0 Chrome/60.0.3112.107 Mobile Safari/537.36"
195.3.220.7 - - [10/Sep/2026:15:26:58 -0400] "GET /wp-content/languages/admin-network-es_MX.l10n.php HTTP/1.1" 200 - "https://google.com/" "Mozilla/5.0 (Linux; Android 7.0; SM-G892A Build/NRD90M; wv) AppleWebKit/537.36 (KHTML, Gecko) Version/4.0 Chrome/60.0.3112.107 Mobile Safari/537.36"
195.3.220.7 - - [10/Sep/2026:15:26:58 -0400] "GET /wp-content/languages/admin-network-es_MX.l10n.php HTTP/1.1" 200 - "https://google.com/" "Mozilla/5.0 (Linux; Android 7.0; SM-G892A Build/NRD90M; wv) AppleWebKit/537.36 (KHTML, Gecko) Version/4.0 Chrome/60.0.3112.107 Mobile Safari/537.36"
195.3.220.7 - - [10/Sep/2026:15:26:59 -0400] "GET /wp-content/languages/continents-cities-es_MX.l10n.php HTTP/1.1" 200 - "https://google.com/" "Mozilla/5.0 (Linux; Android 7.0; SM-G892A Build/NRD90M; wv) AppleWebKit/537.36 (KHTML, Gecko) Version/4.0 Chrome/60.0.3112.107 Mobile Safari/537.36"
195.3.220.7 - - [10/Sep/2026:15:26:59 -0400] "GET /wp-content/languages/continents-cities-es_MX.l10n.php HTTP/1.1" 200 - "https://google.com/" "Mozilla/5.0 (Linux; Android 7.0; SM-G892A Build/NRD90M; wv) AppleWebKit/537.36 (KHTML, Gecko) Version/4.0 Chrome/60.0.3112.107 Mobile Safari/537.36"
195.3.220.7 - - [10/Sep/2026:15:26:59 -0400] "GET /wp-content/languages/es_MX.l10n.php HTTP/1.1" 200 - "https://google.com/" "Mozilla/5.0 (Linux; Android 7.0; SM-G892A Build/NRD90M; wv) AppleWebKit/537.36 (KHTML, Gecko) Version/4.0 Chrome/60.0.3112.107 Mobile Safari/537.36"
195.3.220.7 - - [10/Sep/2026:15:26:59 -0400] "GET /wp-content/languages/es_MX.l10n.php HTTP/1.1" 200 - "https://google.com/" "Mozilla/5.0 (Linux; Android 7.0; SM-G892A Build/NRD90M; wv) AppleWebKit/537.36 (KHTML, Gecko) Version/4.0 Chrome/60.0.3112.107 Mobile Safari/537.36"
195.3.220.7 - - [10/Sep/2026:15:27:00 -0400] "GET /wp-content/languages//plugins/ HTTP/1.1" 200 31674 "https://google.com/" "Mozilla/5.0 (Linux; Android 7.0; SM-G892A Build/NRD90M; wv) AppleWebKit/537.36 (KHTML, Gecko) Version/4.0 Chrome/60.0.3112.107 Mobile Safari/537.36"
195.3.220.7 - - [10/Sep/2026:15:27:00 -0400] "GET /wp-content/languages//plugins/ HTTP/1.1" 200 31674 "https://google.com/" "Mozilla/5.0 (Linux; Android 7.0; SM-G892A Build/NRD90M; wv) AppleWebKit/537.36 (KHTML, Gecko) Version/4.0 Chrome/60.0.3112.107 Mobile Safari/537.36"
195.3.220.7 - - [10/Sep/2026:15:27:01 -0400] "GET /wp-content/languages/plugins/elementor-es_MX.l10n.php HTTP/1.1" 200 - "https://google.com/" "Mozilla/5.0 (Linux; Android 7.0; SM-G892A Build/NRD90M; wv) AppleWebKit/537.36 (KHTML, Gecko) Version/4.0 Chrome/60.0.3112.107 Mobile Safari/537.36"
195.3.220.7 - - [10/Sep/2026:15:27:01 -0400] "GET /wp-content/languages/plugins/elementor-es_MX.l10n.php HTTP/1.1" 200 - "https://google.com/" "Mozilla/5.0 (Linux; Android 7.0; SM-G892A Build/NRD90M; wv) AppleWebKit/537.36 (KHTML, Gecko) Version/4.0 Chrome/60.0.3112.107 Mobile Safari/537.36"
195.3.220.7 - - [10/Sep/2026:15:27:01 -0400] "GET /wp-content/languages/plugins/essential-addons-for-elementor-lite-es_MX.l10n.php HTTP/1.1" 200 - "https://google.com/" "Mozilla/5.0 (Linux; Android 7.0; SM-G892A Build/NRD90M; wv) AppleWebKit/537.36 (KHTML, Gecko) Version/4.0 Chrome/60.0.3112.107 Mobile Safari/537.36"
195.3.220.7 - - [10/Sep/2026:15:27:01 -0400] "GET /wp-content/languages/plugins/essential-addons-for-elementor-lite-es_MX.l10n.php HTTP/1.1" 200 - "https://google.com/" "Mozilla/5.0 (Linux; Android 7.0; SM-G892A Build/NRD90M; wv) AppleWebKit/537.36 (KHTML, Gecko) Version/4.0 Chrome/60.0.3112.107 Mobile Safari/537.36"
195.3.220.7 - - [10/Sep/2026:15:27:02 -0400] "GET /wp-content/languages/plugins/user-role-editor-es_MX.l10n.php HTTP/1.1" 200 - "https://google.com/" "Mozilla/5.0 (Linux; Android 7.0; SM-G892A Build/NRD90M; wv) AppleWebKit/537.36 (KHTML, Gecko) Version/4.0 Chrome/60.0.3112.107 Mobile Safari/537.36"
195.3.220.7 - - [10/Sep/2026:15:27:02 -0400] "GET /wp-content/languages/plugins/user-role-editor-es_MX.l10n.php HTTP/1.1" 200 - "https://google.com/" "Mozilla/5.0 (Linux; Android 7.0; SM-G892A Build/NRD90M; wv) AppleWebKit/537.36 (KHTML, Gecko) Version/4.0 Chrome/60.0.3112.107 Mobile Safari/537.36"
195.3.220.7 - - [10/Sep/2026:15:27:02 -0400] "GET /wp-content/languages/plugins/wpforms-lite-es_MX.l10n.php HTTP/1.1" 200 - "https://google.com/" "Mozilla/5.0 (Linux; Android 7.0; SM-G892A Build/NRD90M; wv) AppleWebKit/537.36 (KHTML, Gecko) Version/4.0 Chrome/60.0.3112.107 Mobile Safari/537.36"
195.3.220.7 - - [10/Sep/2026:15:27:02 -0400] "GET /wp-content/languages/plugins/wpforms-lite-es_MX.l10n.php HTTP/1.1" 200 - "https://google.com/" "Mozilla/5.0 (Linux; Android 7.0; SM-G892A Build/NRD90M; wv) AppleWebKit/537.36 (KHTML, Gecko) Version/4.0 Chrome/60.0.3112.107 Mobile Safari/537.36"
195.3.220.7 - - [10/Sep/2026:15:27:03 -0400] "GET /wp-content/languages//themes/ HTTP/1.1" 200 3751 "https://google.com/" "Mozilla/5.0 (Linux; Android 7.0; SM-G892A Build/NRD90M; wv) AppleWebKit/537.36 (KHTML, Gecko) Version/4.0 Chrome/60.0.3112.107 Mobile Safari/537.36"
195.3.220.7 - - [10/Sep/2026:15:27:03 -0400] "GET /wp-content/languages//themes/ HTTP/1.1" 200 3751 "https://google.com/" "Mozilla/5.0 (Linux; Android 7.0; SM-G892A Build/NRD90M; wv) AppleWebKit/537.36 (KHTML, Gecko) Version/4.0 Chrome/60.0.3112.107 Mobile Safari/537.36"
195.3.220.7 - - [10/Sep/2026:15:27:03 -0400] "GET /wp-content/languages/themes/hello-elementor-es_MX.l10n.php HTTP/1.1" 200 - "https://google.com/" "Mozilla/5.0 (Linux; Android 7.0; SM-G892A Build/NRD90M; wv) AppleWebKit/537.36 (KHTML, Gecko) Version/4.0 Chrome/60.0.3112.107 Mobile Safari/537.36"
195.3.220.7 - - [10/Sep/2026:15:27:03 -0400] "GET /wp-content/languages/themes/hello-elementor-es_MX.l10n.php HTTP/1.1" 200 - "https://google.com/" "Mozilla/5.0 (Linux; Android 7.0; SM-G892A Build/NRD90M; wv) AppleWebKit/537.36 (KHTML, Gecko) Version/4.0 Chrome/60.0.3112.107 Mobile Safari/537.36"
195.3.220.7 - - [10/Sep/2026:15:27:04 -0400] "GET /wp-content/languages/themes/twentytwentyfour-es_MX.l10n.php HTTP/1.1" 200 - "https://google.com/" "Mozilla/5.0 (Linux; Android 7.0; SM-G892A Build/NRD90M; wv) AppleWebKit/537.36 (KHTML, Gecko) Version/4.0 Chrome/60.0.3112.107 Mobile Safari/537.36"
195.3.220.7 - - [10/Sep/2026:15:27:04 -0400] "GET /wp-content/languages/themes/twentytwentyfour-es_MX.l10n.php HTTP/1.1" 200 - "https://google.com/" "Mozilla/5.0 (Linux; Android 7.0; SM-G892A Build/NRD90M; wv) AppleWebKit/537.36 (KHTML, Gecko) Version/4.0 Chrome/60.0.3112.107 Mobile Safari/537.36"
195.3.220.7 - - [10/Sep/2026:15:27:04 -0400] "GET /wp-content/cache/ HTTP/1.1" 200 1551 "https://google.com/" "Mozilla/5.0 (Linux; Android 7.0; SM-G892A Build/NRD90M; wv) AppleWebKit/537.36 (KHTML, Gecko) Version/4.0 Chrome/60.0.3112.107 Mobile Safari/537.36"
195.3.220.7 - - [10/Sep/2026:15:27:04 -0400] "GET /wp-content/cache/ HTTP/1.1" 200 1551 "https://google.com/" "Mozilla/5.0 (Linux; Android 7.0; SM-G892A Build/NRD90M; wv) AppleWebKit/537.36 (KHTML, Gecko) Version/4.0 Chrome/60.0.3112.107 Mobile Safari/537.36"
195.3.220.7 - - [10/Sep/2026:15:27:05 -0400] "GET /wp-content/cache///wp-content/ HTTP/1.1" 301 - "https://google.com/" "Mozilla/5.0 (Linux; Android 7.0; SM-G892A Build/NRD90M; wv) AppleWebKit/537.36 (KHTML, Gecko) Version/4.0 Chrome/60.0.3112.107 Mobile Safari/537.36"
195.3.220.7 - - [10/Sep/2026:15:27:05 -0400] "GET /wp-content/cache///wp-content/ HTTP/1.1" 301 - "https://google.com/" "Mozilla/5.0 (Linux; Android 7.0; SM-G892A Build/NRD90M; wv) AppleWebKit/537.36 (KHTML, Gecko) Version/4.0 Chrome/60.0.3112.107 Mobile Safari/537.36"
195.3.220.7 - - [10/Sep/2026:15:27:06 -0400] "GET /wp-content/cache/wp-content/ HTTP/1.1" 404 122819 "https://google.com/" "Mozilla/5.0 (Linux; Android 7.0; SM-G892A Build/NRD90M; wv) AppleWebKit/537.36 (KHTML, Gecko) Version/4.0 Chrome/60.0.3112.107 Mobile Safari/537.36"
195.3.220.7 - - [10/Sep/2026:15:27:07 -0400] "GET /wp-content/cache//busting/ HTTP/1.1" 200 - "https://google.com/" "Mozilla/5.0 (Linux; Android 7.0; SM-G892A Build/NRD90M; wv) AppleWebKit/537.36 (KHTML, Gecko) Version/4.0 Chrome/60.0.3112.107 Mobile Safari/537.36"
195.3.220.7 - - [10/Sep/2026:15:27:07 -0400] "GET /wp-content/cache//busting/ HTTP/1.1" 200 - "https://google.com/" "Mozilla/5.0 (Linux; Android 7.0; SM-G892A Build/NRD90M; wv) AppleWebKit/537.36 (KHTML, Gecko) Version/4.0 Chrome/60.0.3112.107 Mobile Safari/537.36"
195.3.220.7 - - [10/Sep/2026:15:27:08 -0400] "GET /wp-content/cache//critical-css/ HTTP/1.1" 200 - "https://google.com/" "Mozilla/5.0 (Linux; Android 7.0; SM-G892A Build/NRD90M; wv) AppleWebKit/537.36 (KHTML, Gecko) Version/4.0 Chrome/60.0.3112.107 Mobile Safari/537.36"
195.3.220.7 - - [10/Sep/2026:15:27:08 -0400] "GET /wp-content/cache//critical-css/ HTTP/1.1" 200 - "https://google.com/" "Mozilla/5.0 (Linux; Android 7.0; SM-G892A Build/NRD90M; wv) AppleWebKit/537.36 (KHTML, Gecko) Version/4.0 Chrome/60.0.3112.107 Mobile Safari/537.36"
195.3.220.7 - - [10/Sep/2026:15:27:08 -0400] "GET /wp-content/cache//min/ HTTP/1.1" 200 - "https://google.com/" "Mozilla/5.0 (Linux; Android 7.0; SM-G892A Build/NRD90M; wv) AppleWebKit/537.36 (KHTML, Gecko) Version/4.0 Chrome/60.0.3112.107 Mobile Safari/537.36"
195.3.220.7 - - [10/Sep/2026:15:27:08 -0400] "GET /wp-content/cache//min/ HTTP/1.1" 200 - "https://google.com/" "Mozilla/5.0 (Linux; Android 7.0; SM-G892A Build/NRD90M; wv) AppleWebKit/537.36 (KHTML, Gecko) Version/4.0 Chrome/60.0.3112.107 Mobile Safari/537.36"
195.3.220.7 - - [10/Sep/2026:15:27:09 -0400] "GET /wp-content/cache//tmpWpfc/ HTTP/1.1" 200 690 "https://google.com/" "Mozilla/5.0 (Linux; Android 7.0; SM-G892A Build/NRD90M; wv) AppleWebKit/537.36 (KHTML, Gecko) Version/4.0 Chrome/60.0.3112.107 Mobile Safari/537.36"
195.3.220.7 - - [10/Sep/2026:15:27:09 -0400] "GET /wp-content/cache//tmpWpfc/ HTTP/1.1" 200 690 "https://google.com/" "Mozilla/5.0 (Linux; Android 7.0; SM-G892A Build/NRD90M; wv) AppleWebKit/537.36 (KHTML, Gecko) Version/4.0 Chrome/60.0.3112.107 Mobile Safari/537.36"
195.3.220.7 - - [10/Sep/2026:15:27:09 -0400] "GET /wp-content/cache//wp-rocket/ HTTP/1.1" 200 - "https://google.com/" "Mozilla/5.0 (Linux; Android 7.0; SM-G892A Build/NRD90M; wv) AppleWebKit/537.36 (KHTML, Gecko) Version/4.0 Chrome/60.0.3112.107 Mobile Safari/537.36"
195.3.220.7 - - [10/Sep/2026:15:27:09 -0400] "GET /wp-content/cache//wp-rocket/ HTTP/1.1" 200 - "https://google.com/" "Mozilla/5.0 (Linux; Android 7.0; SM-G892A Build/NRD90M; wv) AppleWebKit/537.36 (KHTML, Gecko) Version/4.0 Chrome/60.0.3112.107 Mobile Safari/537.36"
185.191.171.15 - - [10/Sep/2026:15:28:08 -0400] "GET /pickup/M176604 HTTP/1.1" 404 122819 "-" "Mozilla/5.0 (compatible; SemrushBot/7~bl; +http://www.semrush.com/bot.html)"
199.250.222.155 - - [10/Sep/2026:15:28:28 -0400] "POST /wp-cron.php?doing_wp_cron=1789068508.1078970432281494140625 HTTP/1.1" 200 - "-" "WordPress/7.1; https://heredit.mx"
85.208.96.212 - - [10/Sep/2026:15:28:27 -0400] "GET /pickup/J854239 HTTP/1.1" 404 122819 "-" "Mozilla/5.0 (compatible; SemrushBot/7~bl; +http://www.semrush.com/bot.html)"
185.191.171.1 - - [10/Sep/2026:15:28:35 -0400] "GET /pickup/I156528 HTTP/1.1" 404 122819 "-" "Mozilla/5.0 (compatible; SemrushBot/7~bl; +http://www.semrush.com/bot.html)"
85.208.96.204 - - [10/Sep/2026:15:28:45 -0400] "GET /pickup/O957880 HTTP/1.1" 404 122819 "-" "Mozilla/5.0 (compatible; SemrushBot/7~bl; +http://www.semrush.com/bot.html)"
185.191.171.1 - - [10/Sep/2026:15:29:11 -0400] "GET /pickup/E1050170 HTTP/1.1" 404 122819 "-" "Mozilla/5.0 (compatible; SemrushBot/7~bl; +http://www.semrush.com/bot.html)"
199.250.222.155 - - [10/Sep/2026:15:30:05 -0400] "POST /wp-cron.php?doing_wp_cron=1789068605.4856650829315185546875 HTTP/1.1" 200 - "-" "WordPress/7.1; https://heredit.mx"
205.210.31.168 - - [10/Sep/2026:15:30:04 -0400] "GET / HTTP/1.1" 301 - "-" "Hello from Palo Alto Networks, find out more about our scans in https://docs-cortex.paloaltonetworks.com/r/1/Cortex-Xpanse/Scanning-activity"
199.250.222.155 - - [10/Sep/2026:15:30:06 -0400] "POST /wp-cron.php?doing_wp_cron=1789068606.1658160686492919921875 HTTP/1.1" 200 - "-" "WordPress/7.1; https://heredit.mx"
185.191.171.11 - - [10/Sep/2026:15:30:05 -0400] "GET /pickup/I184946 HTTP/1.1" 404 122819 "-" "Mozilla/5.0 (compatible; SemrushBot/7~bl; +http://www.semrush.com/bot.html)"
66.249.68.193 - - [10/Sep/2026:15:30:46 -0400] "GET /?a=80-pcs-boujee-pink-photo-collage-kit-hot-pink-cc-3G4ZQvCV HTTP/1.1" 301 - "-" "Mozilla/5.0 (Linux; Android 6.0.1; Nexus 5X Build/MMB29P) AppleWebKit/537.36 (KHTML, like Gecko) Chrome/153.0.8010.36 Mobile Safari/537.36 (compatible; Googlebot/2.1; +http://www.google.com/bot.html)"
199.250.222.155 - - [10/Sep/2026:15:31:11 -0400] "POST /wp-cron.php?doing_wp_cron=1789068671.0492529869079589843750 HTTP/1.1" 200 - "-" "WordPress/7.1; https://heredit.mx"
185.191.171.18 - - [10/Sep/2026:15:31:10 -0400] "GET /pickup/S511776 HTTP/1.1" 404 122819 "-" "Mozilla/5.0 (compatible; SemrushBot/7~bl; +http://www.semrush.com/bot.html)"
52.167.144.221 - - [10/Sep/2026:15:31:24 -0400] "GET /?w=mountain-buggy-duet-parent-facing-seat-fabric-denmark-save-pp-8W4035fB HTTP/1.1" 200 112367 "-" "Mozilla/5.0 AppleWebKit/537.36 (KHTML, like Gecko; compatible; bingbot/2.0; +http://www.bing.com/bingbot.htm) Chrome/116.0.1938.76 Safari/537.36"
199.250.222.155 - - [10/Sep/2026:15:31:54 -0400] "POST /wp-cron.php?doing_wp_cron=1789068714.2715630531311035156250 HTTP/1.1" 200 - "-" "WordPress/7.1; https://heredit.mx"
85.208.96.208 - - [10/Sep/2026:15:31:53 -0400] "GET /pickup/Q221146 HTTP/1.1" 404 122819 "-" "Mozilla/5.0 (compatible; SemrushBot/7~bl; +http://www.semrush.com/bot.html)"
85.250.58.140 - - [10/Sep/2026:15:32:23 -0400] "GET http://heredit.mx/mah.php?ipqryribhl561438= HTTP/1.1" 406 300 "-" "Mozilla/5.0 (Windows NT 10.0; Win64; x64) AppleWebKit/537.36 (KHTML, like Gecko) Chrome/110.0.0.0 Safari/537.36"
186.208.74.224 - - [10/Sep/2026:15:32:31 -0400] "GET http://heredit.mx/mah.php?ipqryribhl561438= HTTP/1.1" 406 300 "-" "Mozilla/5.0 (Windows NT 10.0; Win64; x64) AppleWebKit/537.36 (KHTML, like Gecko) Chrome/107.0.0.0 Safari/537.36"
62.81.194.249 - - [10/Sep/2026:15:32:33 -0400] "GET http://heredit.mx/mah.php?ipqryribhl561438= HTTP/1.1" 406 300 "-" "Mozilla/5.0 (Macintosh; Intel Mac OS X 10_15_7) AppleWebKit/537.36 (KHTML, like Gecko) Chrome/124.0.0.0 Safari/537.36"
199.250.222.155 - - [10/Sep/2026:15:32:53 -0400] "POST /wp-cron.php?doing_wp_cron=1789068773.6087419986724853515625 HTTP/1.1" 200 - "-" "WordPress/7.1; https://heredit.mx"
85.208.96.207 - - [10/Sep/2026:15:32:52 -0400] "GET /pickup/I1528392 HTTP/1.1" 404 122819 "-" "Mozilla/5.0 (compatible; SemrushBot/7~bl; +http://www.semrush.com/bot.html)"
85.208.96.204 - - [10/Sep/2026:15:32:59 -0400] "GET /pickup/L1171545 HTTP/1.1" 404 122819 "-" "Mozilla/5.0 (compatible; SemrushBot/7~bl; +http://www.semrush.com/bot.html)"
199.250.222.155 - - [10/Sep/2026:15:33:47 -0400] "POST /wp-cron.php?doing_wp_cron=1789068827.7975080013275146484375 HTTP/1.1" 200 - "-" "WordPress/7.1; https://heredit.mx"
85.208.96.206 - - [10/Sep/2026:15:33:46 -0400] "GET /pickup/G1984170 HTTP/1.1" 404 122819 "-" "Mozilla/5.0 (compatible; SemrushBot/7~bl; +http://www.semrush.com/bot.html)"
199.250.222.155 - - [10/Sep/2026:15:34:02 -0400] "POST /wp-cron.php?doing_wp_cron=1789068842.3305149078369140625000 HTTP/1.1" 200 - "-" "WordPress/7.1; https://heredit.mx"
66.249.68.192 - - [10/Sep/2026:15:34:01 -0400] "GET /?a=places-faces-bag-%E2%80%93-bazaar-essential-cc-a6R5AkUa HTTP/1.1" 301 - "-" "Mozilla/5.0 (Linux; Android 6.0.1; Nexus 5X Build/MMB29P) AppleWebKit/537.36 (KHTML, like Gecko) Chrome/153.0.8010.36 Mobile Safari/537.36 (compatible; Googlebot/2.1; +http://www.google.com/bot.html)"
85.208.96.212 - - [10/Sep/2026:15:34:04 -0400] "GET /pickup/I1343532 HTTP/1.1" 404 122819 "-" "Mozilla/5.0 (compatible; SemrushBot/7~bl; +http://www.semrush.com/bot.html)"
199.250.222.155 - - [10/Sep/2026:15:35:05 -0400] "POST /wp-cron.php?doing_wp_cron=1789068905.4028310775756835937500 HTTP/1.1" 200 - "-" "WordPress/7.1; https://heredit.mx"
35.227.57.138 - - [10/Sep/2026:15:35:04 -0400] "GET /robots.txt HTTP/1.0" 301 - "-" "ZoominfoBot (zoominfobot at zoominfo dot com)"
34.74.242.206 - - [10/Sep/2026:15:35:05 -0400] "GET /robots.txt HTTP/1.1" 200 267 "-" "ZoominfoBot (zoominfobot at zoominfo dot com)"
34.74.242.206 - - [10/Sep/2026:15:35:05 -0400] "GET / HTTP/1.0" 301 - "-" "ZoominfoBot (zoominfobot at zoominfo dot com)"
185.191.171.3 - - [10/Sep/2026:15:35:26 -0400] "GET /pickup/K1037540 HTTP/1.1" 404 122819 "-" "Mozilla/5.0 (compatible; SemrushBot/7~bl; +http://www.semrush.com/bot.html)"
199.250.222.155 - - [10/Sep/2026:15:35:48 -0400] "POST /wp-cron.php?doing_wp_cron=1789068948.3140978813171386718750 HTTP/1.1" 200 - "-" "WordPress/7.1; https://heredit.mx"
185.191.171.8 - - [10/Sep/2026:15:35:47 -0400] "GET /pickup/G1844524 HTTP/1.1" 404 122819 "-" "Mozilla/5.0 (compatible; SemrushBot/7~bl; +http://www.semrush.com/bot.html)"
66.249.68.192 - - [10/Sep/2026:15:35:48 -0400] "GET /?a=places-faces-bag-%E2%80%93-bazaar-essential-cc-a6R5AkUa HTTP/1.1" 301 - "-" "Mozilla/5.0 (Linux; Android 6.0.1; Nexus 5X Build/MMB29P) AppleWebKit/537.36 (KHTML, like Gecko) Chrome/153.0.8010.36 Mobile Safari/537.36 (compatible; GoogleOther)"
199.250.222.155 - - [10/Sep/2026:15:36:52 -0400] "POST /wp-cron.php?doing_wp_cron=1789069012.5949430465698242187500 HTTP/1.1" 200 - "-" "WordPress/7.1; https://heredit.mx"
85.208.96.209 - - [10/Sep/2026:15:36:51 -0400] "GET /pickup/U686186 HTTP/1.1" 404 122819 "-" "Mozilla/5.0 (compatible; SemrushBot/7~bl; +http://www.semrush.com/bot.html)"
185.191.171.11 - - [10/Sep/2026:15:37:10 -0400] "GET /pickup/M1050620 HTTP/1.1" 404 122819 "-" "Mozilla/5.0 (compatible; SemrushBot/7~bl; +http://www.semrush.com/bot.html)"
85.208.96.198 - - [10/Sep/2026:15:37:20 -0400] "GET /pickup/V1160973 HTTP/1.1" 404 122819 "-" "Mozilla/5.0 (compatible; SemrushBot/7~bl; +http://www.semrush.com/bot.html)"
199.250.222.155 - - [10/Sep/2026:15:37:32 -0400] "POST /wp-cron.php?doing_wp_cron=1789069052.9806430339813232421875 HTTP/1.1" 200 - "-" "WordPress/7.1; https://heredit.mx"
85.208.96.195 - - [10/Sep/2026:15:37:32 -0400] "GET /pickup/U2165664 HTTP/1.1" 404 122819 "-" "Mozilla/5.0 (compatible; SemrushBot/7~bl; +http://www.semrush.com/bot.html)"
199.250.222.155 - - [10/Sep/2026:15:38:43 -0400] "POST /wp-cron.php?doing_wp_cron=1789069123.0154180526733398437500 HTTP/1.1" 200 - "-" "WordPress/7.1; https://heredit.mx"
85.208.96.205 - - [10/Sep/2026:15:38:42 -0400] "GET /pickup/M1651870 HTTP/1.1" 404 122819 "-" "Mozilla/5.0 (compatible; SemrushBot/7~bl; +http://www.semrush.com/bot.html)"
199.250.222.155 - - [10/Sep/2026:15:39:57 -0400] "POST /wp-cron.php?doing_wp_cron=1789069197.5092720985412597656250 HTTP/1.1" 200 - "-" "WordPress/7.1; https://heredit.mx"
85.208.96.202 - - [10/Sep/2026:15:39:56 -0400] "GET /pickup/L1770923 HTTP/1.1" 404 122819 "-" "Mozilla/5.0 (compatible; SemrushBot/7~bl; +http://www.semrush.com/bot.html)"
199.250.222.155 - - [10/Sep/2026:15:41:08 -0400] "POST /wp-cron.php?doing_wp_cron=1789069268.7855350971221923828125 HTTP/1.1" 200 - "-" "WordPress/7.1; https://heredit.mx"
185.191.171.10 - - [10/Sep/2026:15:41:07 -0400] "GET /pickup/Q417160 HTTP/1.1" 404 122819 "-" "Mozilla/5.0 (compatible; SemrushBot/7~bl; +http://www.semrush.com/bot.html)"
199.250.222.155 - - [10/Sep/2026:15:42:01 -0400] "POST /wp-cron.php?doing_wp_cron=1789069321.1755330562591552734375 HTTP/1.1" 200 - "-" "WordPress/7.1; https://heredit.mx"
185.191.171.18 - - [10/Sep/2026:15:42:00 -0400] "GET /pickup/O649234 HTTP/1.1" 404 122819 "-" "Mozilla/5.0 (compatible; SemrushBot/7~bl; +http://www.semrush.com/bot.html)"
85.208.96.210 - - [10/Sep/2026:15:42:10 -0400] "GET /pickup/K1016792 HTTP/1.1" 404 122819 "-" "Mozilla/5.0 (compatible; SemrushBot/7~bl; +http://www.semrush.com/bot.html)"
85.208.96.206 - - [10/Sep/2026:15:43:01 -0400] "GET /pickup/W1668260 HTTP/1.1" 404 122819 "-" "Mozilla/5.0 (compatible; SemrushBot/7~bl; +http://www.semrush.com/bot.html)"
199.250.222.155 - - [10/Sep/2026:15:44:47 -0400] "POST /wp-cron.php?doing_wp_cron=1789069487.3927900791168212890625 HTTP/1.1" 200 - "-" "WordPress/7.1; https://heredit.mx"
34.74.242.206 - - [10/Sep/2026:15:44:46 -0400] "GET /robots.txt HTTP/1.0" 200 267 "-" "ZoominfoBot (zoominfobot at zoominfo dot com)"
185.191.171.6 - - [10/Sep/2026:15:44:46 -0400] "GET /pickup/H2144435 HTTP/1.1" 404 122819 "-" "Mozilla/5.0 (compatible; SemrushBot/7~bl; +http://www.semrush.com/bot.html)"
34.74.242.206 - - [10/Sep/2026:15:44:47 -0400] "GET / HTTP/1.0" 301 - "-" "ZoominfoBot (zoominfobot at zoominfo dot com)"
185.191.171.12 - - [10/Sep/2026:15:45:03 -0400] "GET /pickup/R1975315 HTTP/1.1" 404 122819 "-" "Mozilla/5.0 (compatible; SemrushBot/7~bl; +http://www.semrush.com/bot.html)"
85.208.96.202 - - [10/Sep/2026:15:45:21 -0400] "GET /pickup/B2207271 HTTP/1.1" 404 122819 "-" "Mozilla/5.0 (compatible; SemrushBot/7~bl; +http://www.semrush.com/bot.html)"
199.250.222.155 - - [10/Sep/2026:15:45:37 -0400] "POST /wp-cron.php?doing_wp_cron=1789069537.1372919082641601562500 HTTP/1.1" 200 - "-" "WordPress/7.1; https://heredit.mx"
85.208.96.210 - - [10/Sep/2026:15:45:36 -0400] "GET /pickup/O396852 HTTP/1.1" 404 122819 "-" "Mozilla/5.0 (compatible; SemrushBot/7~bl; +http://www.semrush.com/bot.html)"
85.208.96.198 - - [10/Sep/2026:15:46:11 -0400] "GET /pickup/O1165256 HTTP/1.1" 404 122819 "-" "Mozilla/5.0 (compatible; SemrushBot/7~bl; +http://www.semrush.com/bot.html)"
52.167.144.193 - - [10/Sep/2026:15:46:17 -0400] "GET /?w=dibujos-para-colorear-de-barbie-para-imprimir-finland-save-pp-ErGxDJu1 HTTP/1.1" 301 - "-" "Mozilla/5.0 AppleWebKit/537.36 (KHTML, like Gecko; compatible; bingbot/2.0; +http://www.bing.com/bingbot.htm) Chrome/116.0.1938.76 Safari/537.36"
185.191.171.10 - - [10/Sep/2026:15:46:24 -0400] "GET /pickup/V1873971 HTTP/1.1" 404 122819 "-" "Mozilla/5.0 (compatible; SemrushBot/7~bl; +http://www.semrush.com/bot.html)"
199.250.222.155 - - [10/Sep/2026:15:46:56 -0400] "POST /wp-cron.php?doing_wp_cron=1789069616.3162739276885986328125 HTTP/1.1" 200 - "-" "WordPress/7.1; https://heredit.mx"
40.77.167.132 - - [10/Sep/2026:15:46:55 -0400] "GET /?a=porsche-design-roadster-hardcase-trolley-4w-%E2%80%93-travel-and-cc-B0arD4So HTTP/1.1" 301 - "-" "Mozilla/5.0 AppleWebKit/537.36 (KHTML, like Gecko; compatible; bingbot/2.0; +http://www.bing.com/bingbot.htm) Chrome/116.0.1938.76 Safari/537.36"
199.250.222.155 - - [10/Sep/2026:15:47:38 -0400] "POST /wp-cron.php?doing_wp_cron=1789069658.3543660640716552734375 HTTP/1.1" 200 - "-" "WordPress/7.1; https://heredit.mx"
185.191.171.14 - - [10/Sep/2026:15:47:37 -0400] "GET /pickup/U1735910 HTTP/1.1" 404 122819 "-" "Mozilla/5.0 (compatible; SemrushBot/7~bl; +http://www.semrush.com/bot.html)"
199.250.222.155 - - [10/Sep/2026:15:48:50 -0400] "POST /wp-cron.php?doing_wp_cron=1789069730.2180440425872802734375 HTTP/1.1" 200 - "-" "WordPress/7.1; https://heredit.mx"
185.191.171.8 - - [10/Sep/2026:15:48:49 -0400] "GET /pickup/I318560 HTTP/1.1" 404 122819 "-" "Mozilla/5.0 (compatible; SemrushBot/7~bl; +http://www.semrush.com/bot.html)"
185.191.171.7 - - [10/Sep/2026:15:48:54 -0400] "GET /pickup/B2273727 HTTP/1.1" 404 122819 "-" "Mozilla/5.0 (compatible; SemrushBot/7~bl; +http://www.semrush.com/bot.html)"
85.208.96.194 - - [10/Sep/2026:15:48:56 -0400] "GET /pickup/S1504378 HTTP/1.1" 404 122819 "-" "Mozilla/5.0 (compatible; SemrushBot/7~bl; +http://www.semrush.com/bot.html)"
85.208.96.194 - - [10/Sep/2026:15:49:21 -0400] "GET /pickup/W190836 HTTP/1.1" 404 122819 "-" "Mozilla/5.0 (compatible; SemrushBot/7~bl; +http://www.semrush.com/bot.html)"
199.250.222.155 - - [10/Sep/2026:15:50:29 -0400] "POST /wp-cron.php?doing_wp_cron=1789069829.0866050720214843750000 HTTP/1.1" 200 - "-" "WordPress/7.1; https://heredit.mx"
185.191.171.9 - - [10/Sep/2026:15:50:28 -0400] "GET /pickup/I996458 HTTP/1.1" 404 122819 "-" "Mozilla/5.0 (compatible; SemrushBot/7~bl; +http://www.semrush.com/bot.html)"
199.250.222.155 - - [10/Sep/2026:15:52:10 -0400] "POST /wp-cron.php?doing_wp_cron=1789069930.6681029796600341796875 HTTP/1.1" 200 - "-" "WordPress/7.1; https://heredit.mx"
