85.208.96.204 - - [10/Sep/2026:17:47:03 -0400] "GET /pickup/G302828 HTTP/1.1" 404 122819 "-" "Mozilla/5.0 (compatible; SemrushBot/7~bl; +http://www.semrush.com/bot.html)"
185.191.171.8 - - [10/Sep/2026:17:47:22 -0400] "GET /pickup/L1659981 HTTP/1.1" 404 122819 "-" "Mozilla/5.0 (compatible; SemrushBot/7~bl; +http://www.semrush.com/bot.html)"
185.191.171.14 - - [10/Sep/2026:17:47:25 -0400] "GET /pickup/R388977 HTTP/1.1" 404 122819 "-" "Mozilla/5.0 (compatible; SemrushBot/7~bl; +http://www.semrush.com/bot.html)"
199.250.222.155 - - [10/Sep/2026:17:47:29 -0400] "POST /wp-cron.php?doing_wp_cron=1789076849.6916170120239257812500 HTTP/1.1" 200 - "-" "WordPress/7.1; https://heredit.mx"
185.191.171.5 - - [10/Sep/2026:17:47:28 -0400] "GET /pickup/K1263012 HTTP/1.1" 404 122819 "-" "Mozilla/5.0 (compatible; SemrushBot/7~bl; +http://www.semrush.com/bot.html)"
66.249.68.192 - - [10/Sep/2026:17:47:30 -0400] "GET /?a=paseo-por-la-china-del-culto-al-omnipresente-xi-cc-JEKYq2U5 HTTP/1.1" 301 - "-" "Mozilla/5.0 (Linux; Android 6.0.1; Nexus 5X Build/MMB29P) AppleWebKit/537.36 (KHTML, like Gecko) Chrome/153.0.8010.36 Mobile Safari/537.36 (compatible; Googlebot/2.1; +http://www.google.com/bot.html)"
66.249.68.192 - - [10/Sep/2026:17:48:22 -0400] "GET /?a=places-faces-bag-%E2%80%93-bazaar-essential-cc-a6R5AkUa HTTP/1.1" 301 - "-" "Mozilla/5.0 (Linux; Android 6.0.1; Nexus 5X Build/MMB29P) AppleWebKit/537.36 (KHTML, like Gecko) Chrome/153.0.8010.36 Mobile Safari/537.36 (compatible; Googlebot/2.1; +http://www.google.com/bot.html)"
199.250.222.155 - - [10/Sep/2026:17:48:40 -0400] "POST /wp-cron.php?doing_wp_cron=1789076920.1346559524536132812500 HTTP/1.1" 200 - "-" "WordPress/7.1; https://heredit.mx"
66.249.68.192 - - [10/Sep/2026:17:48:39 -0400] "GET /?a=sobrecamisa-en-mezcla-de-lana-color-crema-sinsay-3141f-cc-yneg2Pho HTTP/1.1" 301 - "-" "Mozilla/5.0 (Linux; Android 6.0.1; Nexus 5X Build/MMB29P) AppleWebKit/537.36 (KHTML, like Gecko) Chrome/153.0.8010.36 Mobile Safari/537.36 (compatible; GoogleOther)"
85.208.96.210 - - [10/Sep/2026:17:48:55 -0400] "GET /pickup/U2200556 HTTP/1.1" 404 122819 "-" "Mozilla/5.0 (compatible; SemrushBot/7~bl; +http://www.semrush.com/bot.html)"
66.249.68.192 - - [10/Sep/2026:17:48:58 -0400] "GET /?a=places-faces-bag-%E2%80%93-bazaar-essential-cc-a6R5AkUa HTTP/1.1" 301 - "-" "Mozilla/5.0 (Linux; Android 6.0.1; Nexus 5X Build/MMB29P) AppleWebKit/537.36 (KHTML, like Gecko) Chrome/153.0.8010.36 Mobile Safari/537.36 (compatible; GoogleOther)"
199.250.222.155 - - [10/Sep/2026:17:49:30 -0400] "POST /wp-cron.php?doing_wp_cron=1789076970.6705379486083984375000 HTTP/1.1" 200 - "-" "WordPress/7.1; https://heredit.mx"
185.191.171.19 - - [10/Sep/2026:17:49:29 -0400] "GET /pickup/H1735143 HTTP/1.1" 404 122819 "-" "Mozilla/5.0 (compatible; SemrushBot/7~bl; +http://www.semrush.com/bot.html)"
66.249.68.193 - - [10/Sep/2026:17:50:06 -0400] "GET /?a=women-s-soft-solid-color-pashmina-shawl-wrap-scarf-cc-pYkN1Rhx HTTP/1.1" 301 - "-" "Mozilla/5.0 (Linux; Android 6.0.1; Nexus 5X Build/MMB29P) AppleWebKit/537.36 (KHTML, like Gecko) Chrome/153.0.8010.36 Mobile Safari/537.36 (compatible; Googlebot/2.1; +http://www.google.com/bot.html)"
66.249.68.192 - - [10/Sep/2026:17:50:40 -0400] "GET /?a=women-s-soft-solid-color-pashmina-shawl-wrap-scarf-cc-pYkN1Rhx HTTP/1.1" 301 - "-" "Mozilla/5.0 (Linux; Android 6.0.1; Nexus 5X Build/MMB29P) AppleWebKit/537.36 (KHTML, like Gecko) Chrome/153.0.8010.36 Mobile Safari/537.36 (compatible; GoogleOther)"
85.208.96.203 - - [10/Sep/2026:17:51:37 -0400] "GET /pickup/I2205068 HTTP/1.1" 404 122819 "-" "Mozilla/5.0 (compatible; SemrushBot/7~bl; +http://www.semrush.com/bot.html)"
85.208.96.206 - - [10/Sep/2026:17:52:40 -0400] "GET /pickup/H1903129 HTTP/1.1" 404 122819 "-" "Mozilla/5.0 (compatible; SemrushBot/7~bl; +http://www.semrush.com/bot.html)"
185.191.171.9 - - [10/Sep/2026:17:53:15 -0400] "GET /pickup/I278780 HTTP/1.1" 404 122819 "-" "Mozilla/5.0 (compatible; SemrushBot/7~bl; +http://www.semrush.com/bot.html)"
85.208.96.206 - - [10/Sep/2026:17:53:22 -0400] "GET /pickup/K1222842 HTTP/1.1" 404 122819 "-" "Mozilla/5.0 (compatible; SemrushBot/7~bl; +http://www.semrush.com/bot.html)"
185.191.171.11 - - [10/Sep/2026:17:54:11 -0400] "GET /pickup/R1610041 HTTP/1.1" 404 122819 "-" "Mozilla/5.0 (compatible; SemrushBot/7~bl; +http://www.semrush.com/bot.html)"
125.235.236.161 - - [10/Sep/2026:17:54:30 -0400] "GET http://heredit.mx/mah.php?ilgcfxhwyt561517= HTTP/1.1" 406 300 "-" "Mozilla/5.0 (Windows NT 10.0; Win64; x64) AppleWebKit/537.36 (KHTML, like Gecko) Chrome/99.0.4844.51 Safari/537.36"
46.184.247.209 - - [10/Sep/2026:17:54:32 -0400] "GET http://heredit.mx/mah.php?ilgcfxhwyt561517= HTTP/1.1" 406 300 "-" "Mozilla/5.0 (Windows NT 10.0; Win64; x64) AppleWebKit/537.36 (KHTML, like Gecko) Chrome/116.0.0.0 Safari/537.36"
199.250.222.155 - - [10/Sep/2026:17:54:33 -0400] "POST /wp-cron.php?doing_wp_cron=1789077273.1769039630889892578125 HTTP/1.1" 200 - "-" "WordPress/7.1; https://heredit.mx"
18.226.253.47 - - [10/Sep/2026:17:54:32 -0400] "GET / HTTP/1.1" 301 - "-" "Go-http-client/1.1"
186.189.97.52 - - [10/Sep/2026:17:54:34 -0400] "GET http://heredit.mx/mah.php?ilgcfxhwyt561517= HTTP/1.1" 406 300 "-" "Mozilla/5.0 (Macintosh; Intel Mac OS X 10_15_7) AppleWebKit/537.36 (KHTML, like Gecko) Chrome/124.0.0.0 Safari/537.36"
66.249.68.193 - - [10/Sep/2026:17:55:01 -0400] "GET /?a=abstract-rendering-empty-futuristic-arch-tunnel-room-light-wall-cc-466AAgTE HTTP/1.1" 301 - "-" "Mozilla/5.0 (Linux; Android 6.0.1; Nexus 5X Build/MMB29P) AppleWebKit/537.36 (KHTML, like Gecko) Chrome/153.0.8010.36 Mobile Safari/537.36 (compatible; GoogleOther)"
66.249.68.193 - - [10/Sep/2026:17:55:17 -0400] "GET /?a=fashion-color-trend-autumn-winter-2020-stock-vector-royalty-cc-aLkbmRIa HTTP/1.1" 301 - "-" "Mozilla/5.0 (Linux; Android 6.0.1; Nexus 5X Build/MMB29P) AppleWebKit/537.36 (KHTML, like Gecko) Chrome/153.0.8010.36 Mobile Safari/537.36 (compatible; GoogleOther)"
199.250.222.155 - - [10/Sep/2026:17:55:38 -0400] "POST /wp-cron.php?doing_wp_cron=1789077338.0083539485931396484375 HTTP/1.1" 200 - "-" "WordPress/7.1; https://heredit.mx"
85.208.96.199 - - [10/Sep/2026:17:55:37 -0400] "GET /pickup/T2331621 HTTP/1.1" 404 122819 "-" "Mozilla/5.0 (compatible; SemrushBot/7~bl; +http://www.semrush.com/bot.html)"
85.208.96.197 - - [10/Sep/2026:17:55:39 -0400] "GET /pickup/I705908 HTTP/1.1" 404 122819 "-" "Mozilla/5.0 (compatible; SemrushBot/7~bl; +http://www.semrush.com/bot.html)"
66.249.68.192 - - [10/Sep/2026:17:55:52 -0400] "GET /?a=watch-bad-girls-club-s05-e07-threesome-s-a-cc-kLmwm5iN HTTP/1.1" 301 - "-" "Mozilla/5.0 (Linux; Android 6.0.1; Nexus 5X Build/MMB29P) AppleWebKit/537.36 (KHTML, like Gecko) Chrome/153.0.8010.36 Mobile Safari/537.36 (compatible; Googlebot/2.1; +http://www.google.com/bot.html)"
85.208.96.196 - - [10/Sep/2026:17:56:01 -0400] "GET /pickup/M1943122 HTTP/1.1" 404 122819 "-" "Mozilla/5.0 (compatible; SemrushBot/7~bl; +http://www.semrush.com/bot.html)"
66.249.68.194 - - [10/Sep/2026:17:56:12 -0400] "GET /?a=abstract-rendering-empty-futuristic-arch-tunnel-room-light-wall-cc-466AAgTE HTTP/1.1" 301 - "-" "Mozilla/5.0 (Linux; Android 6.0.1; Nexus 5X Build/MMB29P) AppleWebKit/537.36 (KHTML, like Gecko) Chrome/153.0.8010.36 Mobile Safari/537.36 (compatible; Googlebot/2.1; +http://www.google.com/bot.html)"
185.191.171.1 - - [10/Sep/2026:17:56:24 -0400] "GET /pickup/H263491 HTTP/1.1" 404 122819 "-" "Mozilla/5.0 (compatible; SemrushBot/7~bl; +http://www.semrush.com/bot.html)"
185.191.171.5 - - [10/Sep/2026:17:56:57 -0400] "GET /pickup/V771753 HTTP/1.1" 404 122819 "-" "Mozilla/5.0 (compatible; SemrushBot/7~bl; +http://www.semrush.com/bot.html)"
185.191.171.2 - - [10/Sep/2026:17:58:33 -0400] "GET /pickup/S932638 HTTP/1.1" 404 122819 "-" "Mozilla/5.0 (compatible; SemrushBot/7~bl; +http://www.semrush.com/bot.html)"
85.208.96.210 - - [10/Sep/2026:17:58:45 -0400] "GET /pickup/Q505144 HTTP/1.1" 404 122819 "-" "Mozilla/5.0 (compatible; SemrushBot/7~bl; +http://www.semrush.com/bot.html)"
66.249.68.192 - - [10/Sep/2026:17:59:19 -0400] "GET /?a=disco-freno-posteriore-brembo-68b40786-honda-crf-r-250-cc-MqeoeZC2 HTTP/1.1" 301 - "-" "Mozilla/5.0 (Linux; Android 6.0.1; Nexus 5X Build/MMB29P) AppleWebKit/537.36 (KHTML, like Gecko) Chrome/153.0.8010.36 Mobile Safari/537.36 (compatible; Googlebot/2.1; +http://www.google.com/bot.html)"
199.250.222.155 - - [10/Sep/2026:17:59:43 -0400] "POST /wp-cron.php?doing_wp_cron=1789077583.8036990165710449218750 HTTP/1.1" 200 - "-" "WordPress/7.1; https://heredit.mx"
85.208.96.202 - - [10/Sep/2026:17:59:42 -0400] "GET /pickup/U1561840 HTTP/1.1" 404 122819 "-" "Mozilla/5.0 (compatible; SemrushBot/7~bl; +http://www.semrush.com/bot.html)"
85.208.96.197 - - [10/Sep/2026:17:59:49 -0400] "GET /pickup/G1621678 HTTP/1.1" 404 122819 "-" "Mozilla/5.0 (compatible; SemrushBot/7~bl; +http://www.semrush.com/bot.html)"
185.191.171.19 - - [10/Sep/2026:18:00:07 -0400] "GET /pickup/I1377098 HTTP/1.1" 404 122819 "-" "Mozilla/5.0 (compatible; SemrushBot/7~bl; +http://www.semrush.com/bot.html)"
66.249.68.192 - - [10/Sep/2026:18:00:14 -0400] "GET /?GgTTDaU/laceworker414912/8ygnFz HTTP/1.1" 301 - "-" "Mozilla/5.0 (Linux; Android 6.0.1; Nexus 5X Build/MMB29P) AppleWebKit/537.36 (KHTML, like Gecko) Chrome/153.0.8010.36 Mobile Safari/537.36 (compatible; Googlebot/2.1; +http://www.google.com/bot.html)"
85.208.96.202 - - [10/Sep/2026:18:00:20 -0400] "GET /pickup/L264613 HTTP/1.1" 404 122819 "-" "Mozilla/5.0 (compatible; SemrushBot/7~bl; +http://www.semrush.com/bot.html)"
85.208.96.194 - - [10/Sep/2026:18:00:53 -0400] "GET /pickup/K2151484 HTTP/1.1" 404 122819 "-" "Mozilla/5.0 (compatible; SemrushBot/7~bl; +http://www.semrush.com/bot.html)"
199.250.222.155 - - [10/Sep/2026:18:02:30 -0400] "POST /wp-cron.php?doing_wp_cron=1789077750.4926090240478515625000 HTTP/1.1" 200 - "-" "WordPress/7.1; https://heredit.mx"
66.249.68.193 - - [10/Sep/2026:18:02:29 -0400] "GET /?a=ergonomic-office-chair-ergo-mesh-teck-with-headrest-%E2%80%93-cc-obPG16sv HTTP/1.1" 301 - "-" "Mozilla/5.0 (Linux; Android 6.0.1; Nexus 5X Build/MMB29P) AppleWebKit/537.36 (KHTML, like Gecko) Chrome/153.0.8010.36 Mobile Safari/537.36 (compatible; GoogleOther)"
66.249.68.192 - - [10/Sep/2026:18:02:47 -0400] "GET /?a=ergonomic-office-chair-ergo-mesh-teck-with-headrest-%E2%80%93-cc-obPG16sv HTTP/1.1" 301 - "-" "Mozilla/5.0 (Linux; Android 6.0.1; Nexus 5X Build/MMB29P) AppleWebKit/537.36 (KHTML, like Gecko) Chrome/153.0.8010.36 Mobile Safari/537.36 (compatible; Googlebot/2.1; +http://www.google.com/bot.html)"
185.191.171.9 - - [10/Sep/2026:18:02:52 -0400] "GET /pickup/Z960231 HTTP/1.1" 404 122819 "-" "Mozilla/5.0 (compatible; SemrushBot/7~bl; +http://www.semrush.com/bot.html)"
85.208.96.205 - - [10/Sep/2026:18:03:04 -0400] "GET /pickup/I1739200 HTTP/1.1" 404 122819 "-" "Mozilla/5.0 (compatible; SemrushBot/7~bl; +http://www.semrush.com/bot.html)"
66.249.68.192 - - [10/Sep/2026:18:03:25 -0400] "GET /?a=cortavientos-hombre-el-corte-ingles-germany-save-49%-cc-rnvw6Jt8 HTTP/1.1" 301 - "-" "Mozilla/5.0 (Linux; Android 6.0.1; Nexus 5X Build/MMB29P) AppleWebKit/537.36 (KHTML, like Gecko) Chrome/153.0.8010.36 Mobile Safari/537.36 (compatible; Googlebot/2.1; +http://www.google.com/bot.html)"
185.191.171.16 - - [10/Sep/2026:18:03:57 -0400] "GET /pickup/C1545910 HTTP/1.1" 404 122819 "-" "Mozilla/5.0 (compatible; SemrushBot/7~bl; +http://www.semrush.com/bot.html)"
185.191.171.11 - - [10/Sep/2026:18:04:00 -0400] "GET /pickup/K693560 HTTP/1.1" 404 122819 "-" "Mozilla/5.0 (compatible; SemrushBot/7~bl; +http://www.semrush.com/bot.html)"
85.208.96.206 - - [10/Sep/2026:18:04:19 -0400] "GET /pickup/H855069 HTTP/1.1" 404 122819 "-" "Mozilla/5.0 (compatible; SemrushBot/7~bl; +http://www.semrush.com/bot.html)"
66.249.68.193 - - [10/Sep/2026:18:04:21 -0400] "GET /?a=top-escote-drapeado-de-lin%C3%BA-cc-e4YQOeSQ HTTP/1.1" 301 - "-" "Mozilla/5.0 (Linux; Android 6.0.1; Nexus 5X Build/MMB29P) AppleWebKit/537.36 (KHTML, like Gecko) Chrome/153.0.8010.36 Mobile Safari/537.36 (compatible; Googlebot/2.1; +http://www.google.com/bot.html)"
85.208.96.205 - - [10/Sep/2026:18:04:34 -0400] "GET /pickup/P558495 HTTP/1.1" 404 122819 "-" "Mozilla/5.0 (compatible; SemrushBot/7~bl; +http://www.semrush.com/bot.html)"
185.191.171.18 - - [10/Sep/2026:18:04:57 -0400] "GET /pickup/T1914009 HTTP/1.1" 404 122819 "-" "Mozilla/5.0 (compatible; SemrushBot/7~bl; +http://www.semrush.com/bot.html)"
66.249.68.192 - - [10/Sep/2026:18:05:23 -0400] "GET /?a=cortavientos-hombre-el-corte-ingles-germany-save-49%-cc-rnvw6Jt8 HTTP/1.1" 301 - "-" "Mozilla/5.0 (Linux; Android 6.0.1; Nexus 5X Build/MMB29P) AppleWebKit/537.36 (KHTML, like Gecko) Chrome/153.0.8010.36 Mobile Safari/537.36 (compatible; GoogleOther)"
199.250.222.155 - - [10/Sep/2026:18:05:31 -0400] "POST /wp-cron.php?doing_wp_cron=1789077930.9803829193115234375000 HTTP/1.1" 200 - "-" "WordPress/7.1; https://heredit.mx"
185.191.171.9 - - [10/Sep/2026:18:05:30 -0400] "GET /pickup/L606331 HTTP/1.1" 404 122819 "-" "Mozilla/5.0 (compatible; SemrushBot/7~bl; +http://www.semrush.com/bot.html)"
185.191.171.9 - - [10/Sep/2026:18:05:37 -0400] "GET /pickup/R643725 HTTP/1.1" 404 122819 "-" "Mozilla/5.0 (compatible; SemrushBot/7~bl; +http://www.semrush.com/bot.html)"
85.208.96.210 - - [10/Sep/2026:18:05:55 -0400] "GET /pickup/M1442362 HTTP/1.1" 404 122819 "-" "Mozilla/5.0 (compatible; SemrushBot/7~bl; +http://www.semrush.com/bot.html)"
66.249.68.193 - - [10/Sep/2026:18:06:16 -0400] "GET /?a=pierret-alto-saxophone-saxophones-cairo-egypt-facebook-marketplace-facebook-cc-A6RJp8iw HTTP/1.1" 301 - "-" "Mozilla/5.0 (Linux; Android 6.0.1; Nexus 5X Build/MMB29P) AppleWebKit/537.36 (KHTML, like Gecko) Chrome/153.0.8010.36 Mobile Safari/537.36 (compatible; Googlebot/2.1; +http://www.google.com/bot.html)"
199.250.222.155 - - [10/Sep/2026:18:07:08 -0400] "POST /wp-cron.php?doing_wp_cron=1789078028.0626718997955322265625 HTTP/1.1" 200 - "-" "WordPress/7.1; https://heredit.mx"
66.249.68.194 - - [10/Sep/2026:18:07:07 -0400] "GET /?a=la-femme-off-the-shoulder-two-piece-dress-with-cc-MRAw41I2 HTTP/1.1" 301 - "-" "Mozilla/5.0 (Linux; Android 6.0.1; Nexus 5X Build/MMB29P) AppleWebKit/537.36 (KHTML, like Gecko) Chrome/153.0.8010.36 Mobile Safari/537.36 (compatible; Googlebot/2.1; +http://www.google.com/bot.html)"
66.249.68.192 - - [10/Sep/2026:18:07:24 -0400] "GET /?astoop=0043948890&nMONAVASS=46553 HTTP/1.1" 301 - "-" "Mozilla/5.0 (Linux; Android 6.0.1; Nexus 5X Build/MMB29P) AppleWebKit/537.36 (KHTML, like Gecko) Chrome/153.0.8010.36 Mobile Safari/537.36 (compatible; GoogleOther)"
199.250.222.155 - - [10/Sep/2026:18:07:41 -0400] "POST /wp-cron.php?doing_wp_cron=1789078061.7958290576934814453125 HTTP/1.1" 200 - "-" "WordPress/7.1; https://heredit.mx"
66.249.68.192 - - [10/Sep/2026:18:07:41 -0400] "GET /?a=jet-ski-safari-los-gigantes-descuentos-exclusivos-para-grupos-cc-p3pdJdCx HTTP/1.1" 301 - "-" "Mozilla/5.0 (Linux; Android 6.0.1; Nexus 5X Build/MMB29P) AppleWebKit/537.36 (KHTML, like Gecko) Chrome/153.0.8010.36 Mobile Safari/537.36 (compatible; Googlebot/2.1; +http://www.google.com/bot.html)"
185.191.171.2 - - [10/Sep/2026:18:08:02 -0400] "GET /robots.txt HTTP/1.1" 200 267 "-" "Mozilla/5.0 (compatible; SemrushBot/7~bl; +http://www.semrush.com/bot.html)"
185.191.171.15 - - [10/Sep/2026:18:08:02 -0400] "GET /pickup/J1817279 HTTP/1.1" 404 122819 "-" "Mozilla/5.0 (compatible; SemrushBot/7~bl; +http://www.semrush.com/bot.html)"
199.250.222.155 - - [10/Sep/2026:18:08:35 -0400] "POST /wp-cron.php?doing_wp_cron=1789078115.3171370029449462890625 HTTP/1.1" 200 - "-" "WordPress/7.1; https://heredit.mx"
66.249.68.192 - - [10/Sep/2026:18:08:34 -0400] "GET /?a=los-celtics-con-todas-las-de-la-ley-deportes-cc-2j53z4Tw HTTP/1.1" 301 - "-" "Mozilla/5.0 (Linux; Android 6.0.1; Nexus 5X Build/MMB29P) AppleWebKit/537.36 (KHTML, like Gecko) Chrome/153.0.8010.36 Mobile Safari/537.36 (compatible; GoogleOther)"
66.249.68.192 - - [10/Sep/2026:18:08:50 -0400] "GET /?a=los-celtics-con-todas-las-de-la-ley-deportes-cc-2j53z4Tw HTTP/1.1" 301 - "-" "Mozilla/5.0 (Linux; Android 6.0.1; Nexus 5X Build/MMB29P) AppleWebKit/537.36 (KHTML, like Gecko) Chrome/153.0.8010.36 Mobile Safari/537.36 (compatible; Googlebot/2.1; +http://www.google.com/bot.html)"
185.191.171.13 - - [10/Sep/2026:18:08:57 -0400] "GET /pickup/L1052517 HTTP/1.1" 404 122819 "-" "Mozilla/5.0 (compatible; SemrushBot/7~bl; +http://www.semrush.com/bot.html)"
185.191.171.18 - - [10/Sep/2026:18:09:10 -0400] "GET /pickup/T1545381 HTTP/1.1" 404 122819 "-" "Mozilla/5.0 (compatible; SemrushBot/7~bl; +http://www.semrush.com/bot.html)"
85.208.96.207 - - [10/Sep/2026:18:09:51 -0400] "GET /pickup/Q2322960 HTTP/1.1" 404 122819 "-" "Mozilla/5.0 (compatible; SemrushBot/7~bl; +http://www.semrush.com/bot.html)"
199.250.222.155 - - [10/Sep/2026:18:10:34 -0400] "POST /wp-cron.php?doing_wp_cron=1789078234.8865759372711181640625 HTTP/1.1" 200 - "-" "WordPress/7.1; https://heredit.mx"
66.249.68.192 - - [10/Sep/2026:18:10:34 -0400] "GET /?lyrichord=7667507&Zcldzxf1L=659508 HTTP/1.1" 301 - "-" "Mozilla/5.0 (Linux; Android 6.0.1; Nexus 5X Build/MMB29P) AppleWebKit/537.36 (KHTML, like Gecko) Chrome/153.0.8010.36 Mobile Safari/537.36 (compatible; Googlebot/2.1; +http://www.google.com/bot.html)"
199.250.222.155 - - [10/Sep/2026:18:11:39 -0400] "POST /wp-cron.php?doing_wp_cron=1789078299.3496000766754150390625 HTTP/1.1" 200 - "-" "WordPress/7.1; https://heredit.mx"
85.208.96.202 - - [10/Sep/2026:18:11:38 -0400] "GET /pickup/I1337552 HTTP/1.1" 404 122819 "-" "Mozilla/5.0 (compatible; SemrushBot/7~bl; +http://www.semrush.com/bot.html)"
66.249.68.192 - - [10/Sep/2026:18:11:41 -0400] "GET / HTTP/1.1" 301 - "-" "Mozilla/5.0 (Linux; Android 6.0.1; Nexus 5X Build/MMB29P) AppleWebKit/537.36 (KHTML, like Gecko) Chrome/153.0.8010.36 Mobile Safari/537.36 (compatible; Googlebot/2.1; +http://www.google.com/bot.html)"
185.191.171.5 - - [10/Sep/2026:18:12:06 -0400] "GET /pickup/M1125396 HTTP/1.1" 404 122819 "-" "Mozilla/5.0 (compatible; SemrushBot/7~bl; +http://www.semrush.com/bot.html)"
66.249.68.193 - - [10/Sep/2026:18:12:11 -0400] "GET / HTTP/1.1" 301 - "-" "Mozilla/5.0 (Linux; Android 6.0.1; Nexus 5X Build/MMB29P) AppleWebKit/537.36 (KHTML, like Gecko) Chrome/99.0.4844.84 Mobile Safari/537.36 (compatible; Googlebot/2.1; +http://www.google.com/bot.html)"
199.250.222.155 - - [10/Sep/2026:18:12:41 -0400] "POST /wp-cron.php?doing_wp_cron=1789078361.5647521018981933593750 HTTP/1.1" 200 - "-" "WordPress/7.1; https://heredit.mx"
66.249.68.192 - - [10/Sep/2026:18:12:41 -0400] "GET / HTTP/1.1" 301 - "-" "Mozilla/5.0 (compatible; Googlebot/2.1; +http://www.google.com/bot.html)"
66.249.68.192 - - [10/Sep/2026:18:12:42 -0400] "GET /content.php?metallography-1752543-Sluie/79570231 HTTP/1.1" 404 120907 "-" "Mozilla/5.0 (Linux; Android 6.0.1; Nexus 5X Build/MMB29P) AppleWebKit/537.36 (KHTML, like Gecko) Chrome/153.0.8010.36 Mobile Safari/537.36 (compatible; Googlebot/2.1; +http://www.google.com/bot.html)"
85.208.96.206 - - [10/Sep/2026:18:13:00 -0400] "GET /pickup/K1024124 HTTP/1.1" 404 122819 "-" "Mozilla/5.0 (compatible; SemrushBot/7~bl; +http://www.semrush.com/bot.html)"
66.249.68.192 - - [10/Sep/2026:18:13:06 -0400] "GET /?bibliographically-272876-tNHzedKuA/231903 HTTP/1.1" 301 - "-" "Mozilla/5.0 (Linux; Android 6.0.1; Nexus 5X Build/MMB29P) AppleWebKit/537.36 (KHTML, like Gecko) Chrome/153.0.8010.36 Mobile Safari/537.36 (compatible; GoogleOther)"
199.250.222.155 - - [10/Sep/2026:18:13:30 -0400] "POST /wp-cron.php?doing_wp_cron=1789078410.0651800632476806640625 HTTP/1.1" 200 - "-" "WordPress/7.1; https://heredit.mx"
185.191.171.19 - - [10/Sep/2026:18:13:29 -0400] "GET /pickup/U1371910 HTTP/1.1" 404 122819 "-" "Mozilla/5.0 (compatible; SemrushBot/7~bl; +http://www.semrush.com/bot.html)"
185.191.171.4 - - [10/Sep/2026:18:14:37 -0400] "GET /pickup/M1393352 HTTP/1.1" 404 122819 "-" "Mozilla/5.0 (compatible; SemrushBot/7~bl; +http://www.semrush.com/bot.html)"
66.249.68.192 - - [10/Sep/2026:18:14:48 -0400] "GET /?NclHy/bimanually511518/3W82c7dR HTTP/1.1" 301 - "-" "Mozilla/5.0 (Linux; Android 6.0.1; Nexus 5X Build/MMB29P) AppleWebKit/537.36 (KHTML, like Gecko) Chrome/153.0.8010.36 Mobile Safari/537.36 (compatible; Googlebot/2.1; +http://www.google.com/bot.html)"
185.191.171.17 - - [10/Sep/2026:18:14:49 -0400] "GET /pickup/P844547 HTTP/1.1" 404 122819 "-" "Mozilla/5.0 (compatible; SemrushBot/7~bl; +http://www.semrush.com/bot.html)"
199.250.222.155 - - [10/Sep/2026:18:15:29 -0400] "POST /wp-cron.php?doing_wp_cron=1789078529.3904979228973388671875 HTTP/1.1" 200 - "-" "WordPress/7.1; https://heredit.mx"
66.249.68.192 - - [10/Sep/2026:18:15:28 -0400] "GET /?a=vivaldi-oboe-concerto-in-a-minor-rv-461-for-cc-vPBM5gSP HTTP/1.1" 301 - "-" "Mozilla/5.0 (Linux; Android 6.0.1; Nexus 5X Build/MMB29P) AppleWebKit/537.36 (KHTML, like Gecko) Chrome/153.0.8010.36 Mobile Safari/537.36 (compatible; GoogleOther)"
66.249.68.192 - - [10/Sep/2026:18:15:45 -0400] "GET /?a=vivaldi-oboe-concerto-in-a-minor-rv-461-for-cc-vPBM5gSP HTTP/1.1" 301 - "-" "Mozilla/5.0 (Linux; Android 6.0.1; Nexus 5X Build/MMB29P) AppleWebKit/537.36 (KHTML, like Gecko) Chrome/153.0.8010.36 Mobile Safari/537.36 (compatible; Googlebot/2.1; +http://www.google.com/bot.html)"
185.191.171.2 - - [10/Sep/2026:18:15:56 -0400] "GET /pickup/K1157426 HTTP/1.1" 404 122819 "-" "Mozilla/5.0 (compatible; SemrushBot/7~bl; +http://www.semrush.com/bot.html)"
66.249.68.193 - - [10/Sep/2026:18:16:03 -0400] "GET /?a=parches-de-bob-esponja-para-planchar-pegatinas-t%C3%A9rmicas-para-cc-VP8M43ID HTTP/1.1" 301 - "-" "Mozilla/5.0 (Linux; Android 6.0.1; Nexus 5X Build/MMB29P) AppleWebKit/537.36 (KHTML, like Gecko) Chrome/153.0.8010.36 Mobile Safari/537.36 (compatible; Googlebot/2.1; +http://www.google.com/bot.html)"
66.249.68.192 - - [10/Sep/2026:18:16:25 -0400] "GET /?a=parches-de-bob-esponja-para-planchar-pegatinas-t%C3%A9rmicas-para-cc-VP8M43ID HTTP/1.1" 301 - "-" "Mozilla/5.0 (Linux; Android 6.0.1; Nexus 5X Build/MMB29P) AppleWebKit/537.36 (KHTML, like Gecko) Chrome/153.0.8010.36 Mobile Safari/537.36 (compatible; GoogleOther)"
185.191.171.5 - - [10/Sep/2026:18:17:11 -0400] "GET /pickup/G487792 HTTP/1.1" 404 122819 "-" "Mozilla/5.0 (compatible; SemrushBot/7~bl; +http://www.semrush.com/bot.html)"
85.208.96.194 - - [10/Sep/2026:18:17:31 -0400] "GET /pickup/U2001110 HTTP/1.1" 404 122819 "-" "Mozilla/5.0 (compatible; SemrushBot/7~bl; +http://www.semrush.com/bot.html)"
85.208.96.202 - - [10/Sep/2026:18:18:47 -0400] "GET /pickup/K2208580 HTTP/1.1" 404 122819 "-" "Mozilla/5.0 (compatible; SemrushBot/7~bl; +http://www.semrush.com/bot.html)"
66.249.68.192 - - [10/Sep/2026:18:18:55 -0400] "GET /?costumier=445860&8FbPu=759329 HTTP/1.1" 301 - "-" "Mozilla/5.0 (Linux; Android 6.0.1; Nexus 5X Build/MMB29P) AppleWebKit/537.36 (KHTML, like Gecko) Chrome/153.0.8010.36 Mobile Safari/537.36 (compatible; Googlebot/2.1; +http://www.google.com/bot.html)"
85.208.96.205 - - [10/Sep/2026:18:19:05 -0400] "GET /pickup/F83985 HTTP/1.1" 404 122819 "-" "Mozilla/5.0 (compatible; SemrushBot/7~bl; +http://www.semrush.com/bot.html)"
185.191.171.19 - - [10/Sep/2026:18:19:21 -0400] "GET /pickup/L689349 HTTP/1.1" 404 122819 "-" "Mozilla/5.0 (compatible; SemrushBot/7~bl; +http://www.semrush.com/bot.html)"
199.250.222.155 - - [10/Sep/2026:18:19:29 -0400] "POST /wp-cron.php?doing_wp_cron=1789078769.1912469863891601562500 HTTP/1.1" 200 - "-" "WordPress/7.1; https://heredit.mx"
85.208.96.197 - - [10/Sep/2026:18:19:28 -0400] "GET /pickup/O2279720 HTTP/1.1" 404 122819 "-" "Mozilla/5.0 (compatible; SemrushBot/7~bl; +http://www.semrush.com/bot.html)"
66.249.68.192 - - [10/Sep/2026:18:19:30 -0400] "GET /?a=ibanez-ibanez-a-new-sensation-pick-using-a-new-cc-DmZ35yIn HTTP/1.1" 301 - "-" "Mozilla/5.0 (Linux; Android 6.0.1; Nexus 5X Build/MMB29P) AppleWebKit/537.36 (KHTML, like Gecko) Chrome/153.0.8010.36 Mobile Safari/537.36 (compatible; GoogleOther)"
185.191.171.6 - - [10/Sep/2026:18:20:07 -0400] "GET /pickup/H1706361 HTTP/1.1" 404 122819 "-" "Mozilla/5.0 (compatible; SemrushBot/7~bl; +http://www.semrush.com/bot.html)"
66.249.68.194 - - [10/Sep/2026:18:22:06 -0400] "GET /?a=camisetas-de-manga-corta-baratas-c-zBmB5VSG HTTP/1.1" 301 - "-" "Mozilla/5.0 (Linux; Android 6.0.1; Nexus 5X Build/MMB29P) AppleWebKit/537.36 (KHTML, like Gecko) Chrome/153.0.8010.36 Mobile Safari/537.36 (compatible; Googlebot/2.1; +http://www.google.com/bot.html)"
66.249.68.192 - - [10/Sep/2026:18:22:23 -0400] "GET /?a=camisetas-de-manga-corta-baratas-c-zBmB5VSG HTTP/1.1" 301 - "-" "Mozilla/5.0 (Linux; Android 6.0.1; Nexus 5X Build/MMB29P) AppleWebKit/537.36 (KHTML, like Gecko) Chrome/153.0.8010.36 Mobile Safari/537.36 (compatible; GoogleOther)"
199.250.222.155 - - [10/Sep/2026:18:22:30 -0400] "POST /wp-cron.php?doing_wp_cron=1789078950.0719759464263916015625 HTTP/1.1" 200 - "-" "WordPress/7.1; https://heredit.mx"
85.208.96.199 - - [10/Sep/2026:18:22:29 -0400] "GET /pickup/J2262841 HTTP/1.1" 404 122819 "-" "Mozilla/5.0 (compatible; SemrushBot/7~bl; +http://www.semrush.com/bot.html)"
185.191.171.5 - - [10/Sep/2026:18:22:52 -0400] "GET /pickup/Z2150901 HTTP/1.1" 404 122819 "-" "Mozilla/5.0 (compatible; SemrushBot/7~bl; +http://www.semrush.com/bot.html)"
185.191.171.19 - - [10/Sep/2026:18:23:07 -0400] "GET /pickup/J445103 HTTP/1.1" 404 122819 "-" "Mozilla/5.0 (compatible; SemrushBot/7~bl; +http://www.semrush.com/bot.html)"
199.250.222.155 - - [10/Sep/2026:18:23:33 -0400] "POST /wp-cron.php?doing_wp_cron=1789079013.2372989654541015625000 HTTP/1.1" 200 - "-" "WordPress/7.1; https://heredit.mx"
66.249.68.192 - - [10/Sep/2026:18:23:32 -0400] "GET /?homologate/antitwilight98299.html HTTP/1.1" 301 - "-" "Mozilla/5.0 (Linux; Android 6.0.1; Nexus 5X Build/MMB29P) AppleWebKit/537.36 (KHTML, like Gecko) Chrome/153.0.8010.36 Mobile Safari/537.36 (compatible; GoogleOther)"
185.191.171.7 - - [10/Sep/2026:18:23:43 -0400] "GET /pickup/M1609126 HTTP/1.1" 404 122819 "-" "Mozilla/5.0 (compatible; SemrushBot/7~bl; +http://www.semrush.com/bot.html)"
66.249.68.192 - - [10/Sep/2026:18:23:50 -0400] "GET /?a=metal-lateral-file-storage-cabinet-vintage-industrial-table-worn-cc-BAeQbvIo HTTP/1.1" 301 - "-" "Mozilla/5.0 (Linux; Android 6.0.1; Nexus 5X Build/MMB29P) AppleWebKit/537.36 (KHTML, like Gecko) Chrome/153.0.8010.36 Mobile Safari/537.36 (compatible; Googlebot/2.1; +http://www.google.com/bot.html)"
85.208.96.209 - - [10/Sep/2026:18:24:00 -0400] "GET /pickup/G377552 HTTP/1.1" 404 122819 "-" "Mozilla/5.0 (compatible; SemrushBot/7~bl; +http://www.semrush.com/bot.html)"
85.208.96.211 - - [10/Sep/2026:18:24:57 -0400] "GET /pickup/M2238508 HTTP/1.1" 404 122819 "-" "Mozilla/5.0 (compatible; SemrushBot/7~bl; +http://www.semrush.com/bot.html)"
66.249.68.192 - - [10/Sep/2026:18:25:22 -0400] "GET /?a=japanese-anime-dem%C3%B4nio-assassino-kimetsu-sem-yaiba-3d-imprimir-cc-pDPkJ3Sx HTTP/1.1" 301 - "-" "Mozilla/5.0 (Linux; Android 6.0.1; Nexus 5X Build/MMB29P) AppleWebKit/537.36 (KHTML, like Gecko) Chrome/153.0.8010.36 Mobile Safari/537.36 (compatible; Googlebot/2.1; +http://www.google.com/bot.html)"
85.208.96.209 - - [10/Sep/2026:18:26:14 -0400] "GET /pickup/Q1112972 HTTP/1.1" 404 122819 "-" "Mozilla/5.0 (compatible; SemrushBot/7~bl; +http://www.semrush.com/bot.html)"
185.191.171.5 - - [10/Sep/2026:18:26:31 -0400] "GET /pickup/L792673 HTTP/1.1" 404 122819 "-" "Mozilla/5.0 (compatible; SemrushBot/7~bl; +http://www.semrush.com/bot.html)"
185.191.171.3 - - [10/Sep/2026:18:26:48 -0400] "GET /pickup/U2162674 HTTP/1.1" 404 122819 "-" "Mozilla/5.0 (compatible; SemrushBot/7~bl; +http://www.semrush.com/bot.html)"
199.250.222.155 - - [10/Sep/2026:18:26:51 -0400] "POST /wp-cron.php?doing_wp_cron=1789079211.4999148845672607421875 HTTP/1.1" 200 - "-" "WordPress/7.1; https://heredit.mx"
85.208.96.193 - - [10/Sep/2026:18:26:50 -0400] "GET /pickup/U199258 HTTP/1.1" 404 122819 "-" "Mozilla/5.0 (compatible; SemrushBot/7~bl; +http://www.semrush.com/bot.html)"
199.250.222.155 - - [10/Sep/2026:18:27:29 -0400] "POST /wp-cron.php?doing_wp_cron=1789079249.4891829490661621093750 HTTP/1.1" 200 - "-" "WordPress/7.1; https://heredit.mx"
85.208.96.197 - - [10/Sep/2026:18:27:28 -0400] "GET /pickup/S229988 HTTP/1.1" 404 122819 "-" "Mozilla/5.0 (compatible; SemrushBot/7~bl; +http://www.semrush.com/bot.html)"
66.249.68.192 - - [10/Sep/2026:18:27:34 -0400] "GET /?a=zinus-melodey-43-upholstered-platform-bed-frame-queen-cc-G7O3b7UN HTTP/1.1" 301 - "-" "Mozilla/5.0 (Linux; Android 6.0.1; Nexus 5X Build/MMB29P) AppleWebKit/537.36 (KHTML, like Gecko) Chrome/153.0.8010.36 Mobile Safari/537.36 (compatible; GoogleOther)"
66.249.68.194 - - [10/Sep/2026:18:28:10 -0400] "GET /?a=zinus-melodey-43-upholstered-platform-bed-frame-queen-cc-G7O3b7UN HTTP/1.1" 301 - "-" "Mozilla/5.0 (Linux; Android 6.0.1; Nexus 5X Build/MMB29P) AppleWebKit/537.36 (KHTML, like Gecko) Chrome/153.0.8010.36 Mobile Safari/537.36 (compatible; Googlebot/2.1; +http://www.google.com/bot.html)"
185.191.171.3 - - [10/Sep/2026:18:28:15 -0400] "GET /pickup/J754841 HTTP/1.1" 404 122819 "-" "Mozilla/5.0 (compatible; SemrushBot/7~bl; +http://www.semrush.com/bot.html)"
185.191.171.11 - - [10/Sep/2026:18:29:06 -0400] "GET /pickup/L2373317 HTTP/1.1" 404 122819 "-" "Mozilla/5.0 (compatible; SemrushBot/7~bl; +http://www.semrush.com/bot.html)"
85.208.96.211 - - [10/Sep/2026:18:29:58 -0400] "GET /pickup/T776015 HTTP/1.1" 404 122819 "-" "Mozilla/5.0 (compatible; SemrushBot/7~bl; +http://www.semrush.com/bot.html)"
66.249.68.194 - - [10/Sep/2026:18:30:10 -0400] "GET /?a=sherwood-drawer-bedside-table-oak-by-argos-cc-x0v5vGS0 HTTP/1.1" 301 - "-" "Mozilla/5.0 (Linux; Android 6.0.1; Nexus 5X Build/MMB29P) AppleWebKit/537.36 (KHTML, like Gecko) Chrome/153.0.8010.36 Mobile Safari/537.36 (compatible; Googlebot/2.1; +http://www.google.com/bot.html)"
185.191.171.3 - - [10/Sep/2026:18:30:19 -0400] "GET /pickup/I947838 HTTP/1.1" 404 122819 "-" "Mozilla/5.0 (compatible; SemrushBot/7~bl; +http://www.semrush.com/bot.html)"
199.250.222.155 - - [10/Sep/2026:18:30:30 -0400] "POST /wp-cron.php?doing_wp_cron=1789079430.0317618846893310546875 HTTP/1.1" 200 - "-" "WordPress/7.1; https://heredit.mx"
66.249.68.192 - - [10/Sep/2026:18:30:29 -0400] "GET /?a=sherwood-drawer-bedside-table-oak-by-argos-cc-x0v5vGS0 HTTP/1.1" 301 - "-" "Mozilla/5.0 (Linux; Android 6.0.1; Nexus 5X Build/MMB29P) AppleWebKit/537.36 (KHTML, like Gecko) Chrome/153.0.8010.36 Mobile Safari/537.36 (compatible; GoogleOther)"
66.249.68.192 - - [10/Sep/2026:18:30:45 -0400] "GET /?angellike=18&Zfxuc7C2fP=389362 HTTP/1.1" 301 - "-" "Mozilla/5.0 (Linux; Android 6.0.1; Nexus 5X Build/MMB29P) AppleWebKit/537.36 (KHTML, like Gecko) Chrome/153.0.8010.36 Mobile Safari/537.36 (compatible; GoogleOther)"
78.182.144.141 - - [10/Sep/2026:18:30:55 -0400] "GET http://heredit.mx/mah.php?objrfhfiwk561864= HTTP/1.1" 406 300 "-" "Mozilla/5.0 (Macintosh; Intel Mac OS X 10_15_7) AppleWebKit/537.36 (KHTML, like Gecko) Chrome/119.0.0.0 Safari/537.36"
94.204.169.52 - - [10/Sep/2026:18:30:56 -0400] "GET http://heredit.mx/mah.php?objrfhfiwk561864= HTTP/1.1" 406 300 "-" "Mozilla/5.0 (Windows NT 10.0; Win64; x64) AppleWebKit/537.36 (KHTML, like Gecko) Chrome/107.0.0.0 Safari/537.36"
38.19.91.44 - - [10/Sep/2026:18:30:58 -0400] "GET http://heredit.mx/mah.php?objrfhfiwk561864= HTTP/1.1" 406 300 "-" "Mozilla/5.0 (Windows NT 10.0; Win64; x64) AppleWebKit/537.36 (KHTML, like Gecko) Chrome/101.0.4951.67 Safari/537.36"
85.208.96.209 - - [10/Sep/2026:18:31:02 -0400] "GET /pickup/P1689339 HTTP/1.1" 404 122819 "-" "Mozilla/5.0 (compatible; SemrushBot/7~bl; +http://www.semrush.com/bot.html)"
185.191.171.15 - - [10/Sep/2026:18:31:19 -0400] "GET /pickup/G290608 HTTP/1.1" 404 122819 "-" "Mozilla/5.0 (compatible; SemrushBot/7~bl; +http://www.semrush.com/bot.html)"
199.250.222.155 - - [10/Sep/2026:18:31:46 -0400] "POST /wp-cron.php?doing_wp_cron=1789079506.5143189430236816406250 HTTP/1.1" 200 - "-" "WordPress/7.1; https://heredit.mx"
85.208.96.210 - - [10/Sep/2026:18:31:45 -0400] "GET /pickup/H349161 HTTP/1.1" 404 122819 "-" "Mozilla/5.0 (compatible; SemrushBot/7~bl; +http://www.semrush.com/bot.html)"
45.5.117.172 - - [10/Sep/2026:18:33:02 -0400] "GET http://heredit.mx/mah.php?cwkyrxydre561621= HTTP/1.1" 406 300 "-" "Mozilla/5.0 (Macintosh; Intel Mac OS X 10_15_7) AppleWebKit/537.36 (KHTML, like Gecko) Chrome/133.0.0.0 Safari/537.36"
95.112.78.103 - - [10/Sep/2026:18:33:03 -0400] "GET http://heredit.mx/mah.php?cwkyrxydre561621= HTTP/1.1" 406 300 "-" "Mozilla/5.0 (Macintosh; Intel Mac OS X 10_15_7) AppleWebKit/537.36 (KHTML, like Gecko) Chrome/123.0.0.0 Safari/537.36"
45.173.97.176 - - [10/Sep/2026:18:33:05 -0400] "GET http://heredit.mx/mah.php?cwkyrxydre561621= HTTP/1.1" 406 300 "-" "Mozilla/5.0 (Macintosh; Intel Mac OS X 10_15_7) AppleWebKit/537.36 (KHTML, like Gecko) Chrome/136.0.0.0 Safari/537.36"
85.208.96.205 - - [10/Sep/2026:18:34:16 -0400] "GET /pickup/M2024398 HTTP/1.1" 404 122819 "-" "Mozilla/5.0 (compatible; SemrushBot/7~bl; +http://www.semrush.com/bot.html)"
185.191.171.1 - - [10/Sep/2026:18:34:26 -0400] "GET /pickup/N966147 HTTP/1.1" 404 122819 "-" "Mozilla/5.0 (compatible; SemrushBot/7~bl; +http://www.semrush.com/bot.html)"
199.250.222.155 - - [10/Sep/2026:18:34:28 -0400] "POST /wp-cron.php?doing_wp_cron=1789079668.4254639148712158203125 HTTP/1.1" 200 - "-" "WordPress/7.1; https://heredit.mx"
66.249.68.192 - - [10/Sep/2026:18:34:28 -0400] "GET /?choroiditis=69674&vZHYr=68872 HTTP/1.1" 301 - "-" "Mozilla/5.0 (Linux; Android 6.0.1; Nexus 5X Build/MMB29P) AppleWebKit/537.36 (KHTML, like Gecko) Chrome/153.0.8010.36 Mobile Safari/537.36 (compatible; GoogleOther)"
66.249.68.192 - - [10/Sep/2026:18:34:49 -0400] "GET /content.php?hennin/1698507 HTTP/1.1" 404 120907 "-" "Mozilla/5.0 (Linux; Android 6.0.1; Nexus 5X Build/MMB29P) AppleWebKit/537.36 (KHTML, like Gecko) Chrome/153.0.8010.36 Mobile Safari/537.36 (compatible; Googlebot/2.1; +http://www.google.com/bot.html)"
66.249.68.192 - - [10/Sep/2026:18:34:58 -0400] "GET /?a=traje-de-buceo-profesional-de-neopreno-de-mm-para-cc-3My2DwuV HTTP/1.1" 301 - "-" "Mozilla/5.0 (Linux; Android 6.0.1; Nexus 5X Build/MMB29P) AppleWebKit/537.36 (KHTML, like Gecko) Chrome/153.0.8010.36 Mobile Safari/537.36 (compatible; Googlebot/2.1; +http://www.google.com/bot.html)"
66.249.68.192 - - [10/Sep/2026:18:35:07 -0400] "GET /?a=traje-de-buceo-profesional-de-neopreno-de-mm-para-cc-3My2DwuV HTTP/1.1" 301 - "-" "Mozilla/5.0 (Linux; Android 6.0.1; Nexus 5X Build/MMB29P) AppleWebKit/537.36 (KHTML, like Gecko) Chrome/153.0.8010.36 Mobile Safari/537.36 (compatible; GoogleOther)"
85.208.96.211 - - [10/Sep/2026:18:35:09 -0400] "GET /pickup/T1080449 HTTP/1.1" 404 122819 "-" "Mozilla/5.0 (compatible; SemrushBot/7~bl; +http://www.semrush.com/bot.html)"
66.249.68.193 - - [10/Sep/2026:18:37:10 -0400] "GET /?a=electronic-organ-keyboard-closeup-of-an-electronic-organ-keyboard-cc-yLzj5zSo HTTP/1.1" 301 - "-" "Mozilla/5.0 (Linux; Android 6.0.1; Nexus 5X Build/MMB29P) AppleWebKit/537.36 (KHTML, like Gecko) Chrome/153.0.8010.36 Mobile Safari/537.36 (compatible; GoogleOther)"
85.208.96.211 - - [10/Sep/2026:18:37:22 -0400] "GET /pickup/H760975 HTTP/1.1" 404 122819 "-" "Mozilla/5.0 (compatible; SemrushBot/7~bl; +http://www.semrush.com/bot.html)"
66.249.68.192 - - [10/Sep/2026:18:37:46 -0400] "GET /?a=electronic-organ-keyboard-closeup-of-an-electronic-organ-keyboard-cc-yLzj5zSo HTTP/1.1" 301 - "-" "Mozilla/5.0 (Linux; Android 6.0.1; Nexus 5X Build/MMB29P) AppleWebKit/537.36 (KHTML, like Gecko) Chrome/153.0.8010.36 Mobile Safari/537.36 (compatible; Googlebot/2.1; +http://www.google.com/bot.html)"
185.191.171.11 - - [10/Sep/2026:18:38:52 -0400] "GET /pickup/O1156962 HTTP/1.1" 404 122819 "-" "Mozilla/5.0 (compatible; SemrushBot/7~bl; +http://www.semrush.com/bot.html)"
66.249.68.192 - - [10/Sep/2026:18:38:54 -0400] "GET /?a=patr%C3%B3n-de-fuego-impreso-sudadera-para-hombres-su%C3%A9ter-holgado-cc-2pbp5ZIw HTTP/1.1" 301 - "-" "Mozilla/5.0 (Linux; Android 6.0.1; Nexus 5X Build/MMB29P) AppleWebKit/537.36 (KHTML, like Gecko) Chrome/153.0.8010.36 Mobile Safari/537.36 (compatible; Googlebot/2.1; +http://www.google.com/bot.html)"
185.191.171.6 - - [10/Sep/2026:18:39:10 -0400] "GET /pickup/R1988523 HTTP/1.1" 404 122819 "-" "Mozilla/5.0 (compatible; SemrushBot/7~bl; +http://www.semrush.com/bot.html)"
66.249.68.192 - - [10/Sep/2026:18:39:11 -0400] "GET /?a=patr%C3%B3n-de-fuego-impreso-sudadera-para-hombres-su%C3%A9ter-holgado-cc-2pbp5ZIw HTTP/1.1" 301 - "-" "Mozilla/5.0 (Linux; Android 6.0.1; Nexus 5X Build/MMB29P) AppleWebKit/537.36 (KHTML, like Gecko) Chrome/153.0.8010.36 Mobile Safari/537.36 (compatible; GoogleOther)"
216.244.66.203 - - [10/Sep/2026:18:39:53 -0400] "GET /robots.txt HTTP/1.1" 200 267 "-" "Mozilla/5.0 (compatible; DotBot/1.2; +https://opensiteexplorer.org/dotbot; help@moz.com)"
40.77.167.7 - - [10/Sep/2026:18:40:53 -0400] "GET /?w=mua-royal-albert-polka-blue-tea-for-one-tr%C3%AAn-pp-N0WKD1F2 HTTP/1.1" 200 112367 "-" "Mozilla/5.0 AppleWebKit/537.36 (KHTML, like Gecko; compatible; bingbot/2.0; +http://www.bing.com/bingbot.htm) Chrome/116.0.1938.76 Safari/537.36"
199.250.222.155 - - [10/Sep/2026:18:41:43 -0400] "POST /wp-cron.php?doing_wp_cron=1789080103.0175030231475830078125 HTTP/1.1" 200 - "-" "WordPress/7.1; https://heredit.mx"
66.249.68.192 - - [10/Sep/2026:18:41:42 -0400] "GET /?a=wangfujing-commercial-street-at-night-cc-qxNN0eTd HTTP/1.1" 301 - "-" "Mozilla/5.0 (Linux; Android 6.0.1; Nexus 5X Build/MMB29P) AppleWebKit/537.36 (KHTML, like Gecko) Chrome/153.0.8010.36 Mobile Safari/537.36 (compatible; GoogleOther)"
66.249.68.192 - - [10/Sep/2026:18:41:53 -0400] "GET /?a=wangfujing-commercial-street-at-night-cc-qxNN0eTd HTTP/1.1" 301 - "-" "Mozilla/5.0 (Linux; Android 6.0.1; Nexus 5X Build/MMB29P) AppleWebKit/537.36 (KHTML, like Gecko) Chrome/153.0.8010.36 Mobile Safari/537.36 (compatible; Googlebot/2.1; +http://www.google.com/bot.html)"
216.244.66.203 - - [10/Sep/2026:18:42:01 -0400] "GET /?drove=8836766236&PfEBf=766729 HTTP/1.1" 301 - "-" "Mozilla/5.0 (compatible; DotBot/1.2; +https://opensiteexplorer.org/dotbot; help@moz.com)"
66.249.68.192 - - [10/Sep/2026:18:42:10 -0400] "GET /?FeNVBJh/menorrhoeic383981/6S3wICwJV1 HTTP/1.1" 301 - "-" "Mozilla/5.0 (Linux; Android 6.0.1; Nexus 5X Build/MMB29P) AppleWebKit/537.36 (KHTML, like Gecko) Chrome/153.0.8010.36 Mobile Safari/537.36 (compatible; Googlebot/2.1; +http://www.google.com/bot.html)"
66.249.68.192 - - [10/Sep/2026:18:42:45 -0400] "GET /?FeNVBJh/menorrhoeic383981/6S3wICwJV1 HTTP/1.1" 301 - "-" "Mozilla/5.0 (Linux; Android 6.0.1; Nexus 5X Build/MMB29P) AppleWebKit/537.36 (KHTML, like Gecko) Chrome/153.0.8010.36 Mobile Safari/537.36 (compatible; GoogleOther)"
185.191.171.5 - - [10/Sep/2026:18:43:11 -0400] "GET /pickup/I262036 HTTP/1.1" 404 122819 "-" "Mozilla/5.0 (compatible; SemrushBot/7~bl; +http://www.semrush.com/bot.html)"
40.77.167.28 - - [10/Sep/2026:18:43:23 -0400] "GET /?w=olsh-class-of-2025-youth-adult-hooded-sweatshirt-jet-pp-LNB9nqfO HTTP/1.1" 200 112367 "-" "Mozilla/5.0 AppleWebKit/537.36 (KHTML, like Gecko; compatible; bingbot/2.0; +http://www.bing.com/bingbot.htm) Chrome/116.0.1938.76 Safari/537.36"
85.208.96.206 - - [10/Sep/2026:18:43:37 -0400] "GET /pickup/M1676596 HTTP/1.1" 404 122819 "-" "Mozilla/5.0 (compatible; SemrushBot/7~bl; +http://www.semrush.com/bot.html)"
66.249.68.193 - - [10/Sep/2026:18:45:09 -0400] "GET /?a=round-grunge-brush-circle-and-stamp-brush-stroke-borders-cc-gM3GydC8 HTTP/1.1" 301 - "-" "Mozilla/5.0 (Linux; Android 6.0.1; Nexus 5X Build/MMB29P) AppleWebKit/537.36 (KHTML, like Gecko) Chrome/153.0.8010.36 Mobile Safari/537.36 (compatible; GoogleOther)"
66.249.68.193 - - [10/Sep/2026:18:47:20 -0400] "GET /?a=vestido-sin-mangas-elegante-de-estilo-coreano-para-mujer-cc-jOdLJKhO HTTP/1.1" 301 - "-" "Mozilla/5.0 (Linux; Android 6.0.1; Nexus 5X Build/MMB29P) AppleWebKit/537.36 (KHTML, like Gecko) Chrome/153.0.8010.36 Mobile Safari/537.36 (compatible; GoogleOther)"
199.250.222.155 - - [10/Sep/2026:18:47:40 -0400] "POST /wp-cron.php?doing_wp_cron=1789080460.8088309764862060546875 HTTP/1.1" 200 - "-" "WordPress/7.1; https://heredit.mx"
66.249.68.192 - - [10/Sep/2026:18:47:40 -0400] "GET /?a=last-vampire-christopher-pike-c-aoVM27ha HTTP/1.1" 301 - "-" "Mozilla/5.0 (Linux; Android 6.0.1; Nexus 5X Build/MMB29P) AppleWebKit/537.36 (KHTML, like Gecko) Chrome/153.0.8010.36 Mobile Safari/537.36 (compatible; Googlebot/2.1; +http://www.google.com/bot.html)"
66.249.68.192 - - [10/Sep/2026:18:47:53 -0400] "GET /?a=last-vampire-christopher-pike-c-aoVM27ha HTTP/1.1" 301 - "-" "Mozilla/5.0 (Linux; Android 6.0.1; Nexus 5X Build/MMB29P) AppleWebKit/537.36 (KHTML, like Gecko) Chrome/153.0.8010.36 Mobile Safari/537.36 (compatible; GoogleOther)"
185.191.171.12 - - [10/Sep/2026:18:49:43 -0400] "GET /pickup/V2377773 HTTP/1.1" 404 122819 "-" "Mozilla/5.0 (compatible; SemrushBot/7~bl; +http://www.semrush.com/bot.html)"
88.16.214.75 - - [10/Sep/2026:18:49:53 -0400] "GET http://heredit.mx/mah.php?otrpwnctxy560384= HTTP/1.1" 406 300 "-" "Mozilla/5.0 (Windows NT 10.0; Win64; x64) AppleWebKit/537.36 (KHTML, like Gecko) Chrome/101.0.4951.67 Safari/537.36"
167.63.194.241 - - [10/Sep/2026:18:50:05 -0400] "GET http://heredit.mx/mah.php?otrpwnctxy560384= HTTP/1.1" 406 300 "-" "Mozilla/5.0 (Macintosh; Intel Mac OS X 10_15_7) AppleWebKit/537.36 (KHTML, like Gecko) Chrome/133.0.0.0 Safari/537.36"
109.194.45.7 - - [10/Sep/2026:18:50:07 -0400] "GET http://heredit.mx/mah.php?otrpwnctxy560384= HTTP/1.1" 406 300 "-" "Mozilla/5.0 (Windows NT 10.0; Win64; x64) AppleWebKit/537.36 (KHTML, like Gecko) Chrome/110.0.0.0 Safari/537.36"
85.208.96.202 - - [10/Sep/2026:18:50:18 -0400] "GET /pickup/H2355685 HTTP/1.1" 404 122819 "-" "Mozilla/5.0 (compatible; SemrushBot/7~bl; +http://www.semrush.com/bot.html)"
199.250.222.155 - - [10/Sep/2026:18:50:32 -0400] "POST /wp-cron.php?doing_wp_cron=1789080632.6826770305633544921875 HTTP/1.1" 200 - "-" "WordPress/7.1; https://heredit.mx"
85.208.96.197 - - [10/Sep/2026:18:50:31 -0400] "GET /pickup/L2131361 HTTP/1.1" 404 122819 "-" "Mozilla/5.0 (compatible; SemrushBot/7~bl; +http://www.semrush.com/bot.html)"
185.191.171.14 - - [10/Sep/2026:18:50:51 -0400] "GET /pickup/T109999 HTTP/1.1" 404 122819 "-" "Mozilla/5.0 (compatible; SemrushBot/7~bl; +http://www.semrush.com/bot.html)"
66.249.68.193 - - [10/Sep/2026:18:51:01 -0400] "GET /?a=key-west-to-cuba-learn-about-cuba-key-west-cc-nV2ZDxI3 HTTP/1.1" 301 - "-" "Mozilla/5.0 (Linux; Android 6.0.1; Nexus 5X Build/MMB29P) AppleWebKit/537.36 (KHTML, like Gecko) Chrome/153.0.8010.36 Mobile Safari/537.36 (compatible; Googlebot/2.1; +http://www.google.com/bot.html)"
66.249.68.192 - - [10/Sep/2026:18:51:10 -0400] "GET /?a=key-west-to-cuba-learn-about-cuba-key-west-cc-nV2ZDxI3 HTTP/1.1" 301 - "-" "Mozilla/5.0 (Linux; Android 6.0.1; Nexus 5X Build/MMB29P) AppleWebKit/537.36 (KHTML, like Gecko) Chrome/153.0.8010.36 Mobile Safari/537.36 (compatible; GoogleOther)"
85.208.96.209 - - [10/Sep/2026:18:51:10 -0400] "GET /pickup/N1827631 HTTP/1.1" 404 122819 "-" "Mozilla/5.0 (compatible; SemrushBot/7~bl; +http://www.semrush.com/bot.html)"
199.250.222.155 - - [10/Sep/2026:18:51:29 -0400] "POST /wp-cron.php?doing_wp_cron=1789080689.6679420471191406250000 HTTP/1.1" 200 - "-" "WordPress/7.1; https://heredit.mx"
85.208.96.203 - - [10/Sep/2026:18:51:28 -0400] "GET /pickup/J1438407 HTTP/1.1" 404 122819 "-" "Mozilla/5.0 (compatible; SemrushBot/7~bl; +http://www.semrush.com/bot.html)"
85.208.96.199 - - [10/Sep/2026:18:51:53 -0400] "GET /pickup/J1014737 HTTP/1.1" 404 122819 "-" "Mozilla/5.0 (compatible; SemrushBot/7~bl; +http://www.semrush.com/bot.html)"
185.191.171.16 - - [10/Sep/2026:18:51:55 -0400] "GET /pickup/L678845 HTTP/1.1" 404 122819 "-" "Mozilla/5.0 (compatible; SemrushBot/7~bl; +http://www.semrush.com/bot.html)"
66.249.68.192 - - [10/Sep/2026:18:51:58 -0400] "GET /content.php?baetzner/1735239 HTTP/1.1" 404 120907 "-" "Mozilla/5.0 (Linux; Android 6.0.1; Nexus 5X Build/MMB29P) AppleWebKit/537.36 (KHTML, like Gecko) Chrome/153.0.8010.36 Mobile Safari/537.36 (compatible; Googlebot/2.1; +http://www.google.com/bot.html)"
66.249.68.192 - - [10/Sep/2026:18:52:14 -0400] "GET /?a=harley-rake-soil-preparator-heavy-equipment-by-owner-sale-cc-G8ZJkLcN HTTP/1.1" 301 - "-" "Mozilla/5.0 (Linux; Android 6.0.1; Nexus 5X Build/MMB29P) AppleWebKit/537.36 (KHTML, like Gecko) Chrome/153.0.8010.36 Mobile Safari/537.36 (compatible; GoogleOther)"
199.250.222.155 - - [10/Sep/2026:18:52:34 -0400] "POST /wp-cron.php?doing_wp_cron=1789080754.9699769020080566406250 HTTP/1.1" 200 - "-" "WordPress/7.1; https://heredit.mx"
66.249.68.192 - - [10/Sep/2026:18:52:34 -0400] "GET /?a=bolling-rampal-suite-for-flute-and-jazz-piano-trio-cc-OxqPxgHw HTTP/1.1" 301 - "-" "Mozilla/5.0 (Linux; Android 6.0.1; Nexus 5X Build/MMB29P) AppleWebKit/537.36 (KHTML, like Gecko) Chrome/153.0.8010.36 Mobile Safari/537.36 (compatible; GoogleOther)"
85.208.96.206 - - [10/Sep/2026:18:52:56 -0400] "GET /pickup/V1668207 HTTP/1.1" 404 122819 "-" "Mozilla/5.0 (compatible; SemrushBot/7~bl; +http://www.semrush.com/bot.html)"
66.249.68.194 - - [10/Sep/2026:18:53:04 -0400] "GET /?a=bolling-rampal-suite-for-flute-and-jazz-piano-trio-cc-OxqPxgHw HTTP/1.1" 301 - "-" "Mozilla/5.0 (Linux; Android 6.0.1; Nexus 5X Build/MMB29P) AppleWebKit/537.36 (KHTML, like Gecko) Chrome/153.0.8010.36 Mobile Safari/537.36 (compatible; Googlebot/2.1; +http://www.google.com/bot.html)"
66.249.68.193 - - [10/Sep/2026:18:53:20 -0400] "GET /?a=harley-rake-soil-preparator-heavy-equipment-by-owner-sale-cc-G8ZJkLcN HTTP/1.1" 301 - "-" "Mozilla/5.0 (Linux; Android 6.0.1; Nexus 5X Build/MMB29P) AppleWebKit/537.36 (KHTML, like Gecko) Chrome/153.0.8010.36 Mobile Safari/537.36 (compatible; Googlebot/2.1; +http://www.google.com/bot.html)"
185.191.171.2 - - [10/Sep/2026:18:54:00 -0400] "GET /pickup/M1868528 HTTP/1.1" 404 122819 "-" "Mozilla/5.0 (compatible; SemrushBot/7~bl; +http://www.semrush.com/bot.html)"
66.249.68.192 - - [10/Sep/2026:18:54:09 -0400] "GET /?a=vestido-sin-mangas-elegante-de-estilo-coreano-para-mujer-cc-jOdLJKhO HTTP/1.1" 301 - "-" "Mozilla/5.0 (Linux; Android 6.0.1; Nexus 5X Build/MMB29P) AppleWebKit/537.36 (KHTML, like Gecko) Chrome/153.0.8010.36 Mobile Safari/537.36 (compatible; Googlebot/2.1; +http://www.google.com/bot.html)"
185.191.171.3 - - [10/Sep/2026:18:54:21 -0400] "GET /pickup/T2011925 HTTP/1.1" 404 122819 "-" "Mozilla/5.0 (compatible; SemrushBot/7~bl; +http://www.semrush.com/bot.html)"
85.208.96.198 - - [10/Sep/2026:18:54:25 -0400] "GET /pickup/J668911 HTTP/1.1" 404 122819 "-" "Mozilla/5.0 (compatible; SemrushBot/7~bl; +http://www.semrush.com/bot.html)"
199.250.222.155 - - [10/Sep/2026:18:54:36 -0400] "POST /wp-cron.php?doing_wp_cron=1789080876.8504660129547119140625 HTTP/1.1" 200 - "-" "WordPress/7.1; https://heredit.mx"
85.208.96.207 - - [10/Sep/2026:18:54:36 -0400] "GET /pickup/T979751 HTTP/1.1" 404 122819 "-" "Mozilla/5.0 (compatible; SemrushBot/7~bl; +http://www.semrush.com/bot.html)"
185.191.171.5 - - [10/Sep/2026:18:54:38 -0400] "GET /pickup/I293860 HTTP/1.1" 404 122819 "-" "Mozilla/5.0 (compatible; SemrushBot/7~bl; +http://www.semrush.com/bot.html)"
66.249.68.192 - - [10/Sep/2026:18:55:08 -0400] "GET /?a=grace-and-lace-statement-blazer-melon-cc-g857jkh8 HTTP/1.1" 301 - "-" "Mozilla/5.0 (Linux; Android 6.0.1; Nexus 5X Build/MMB29P) AppleWebKit/537.36 (KHTML, like Gecko) Chrome/153.0.8010.36 Mobile Safari/537.36 (compatible; GoogleOther)"
199.250.222.155 - - [10/Sep/2026:18:55:32 -0400] "POST /wp-cron.php?doing_wp_cron=1789080932.9424219131469726562500 HTTP/1.1" 200 - "-" "WordPress/7.1; https://heredit.mx"
66.249.68.193 - - [10/Sep/2026:18:55:32 -0400] "GET /?a=grace-and-lace-statement-blazer-melon-cc-g857jkh8 HTTP/1.1" 301 - "-" "Mozilla/5.0 (Linux; Android 6.0.1; Nexus 5X Build/MMB29P) AppleWebKit/537.36 (KHTML, like Gecko) Chrome/153.0.8010.36 Mobile Safari/537.36 (compatible; Googlebot/2.1; +http://www.google.com/bot.html)"
85.208.96.195 - - [10/Sep/2026:18:55:49 -0400] "GET /pickup/T1762481 HTTP/1.1" 404 122819 "-" "Mozilla/5.0 (compatible; SemrushBot/7~bl; +http://www.semrush.com/bot.html)"
185.191.171.6 - - [10/Sep/2026:18:55:52 -0400] "GET /pickup/K2138406 HTTP/1.1" 404 122819 "-" "Mozilla/5.0 (compatible; SemrushBot/7~bl; +http://www.semrush.com/bot.html)"
185.191.171.6 - - [10/Sep/2026:18:56:05 -0400] "GET /pickup/I2272408 HTTP/1.1" 404 122819 "-" "Mozilla/5.0 (compatible; SemrushBot/7~bl; +http://www.semrush.com/bot.html)"
199.250.222.155 - - [10/Sep/2026:18:56:30 -0400] "POST /wp-cron.php?doing_wp_cron=1789080990.8767280578613281250000 HTTP/1.1" 200 - "-" "WordPress/7.1; https://heredit.mx"
185.191.171.15 - - [10/Sep/2026:18:56:30 -0400] "GET /pickup/R1302279 HTTP/1.1" 404 122819 "-" "Mozilla/5.0 (compatible; SemrushBot/7~bl; +http://www.semrush.com/bot.html)"
185.191.171.16 - - [10/Sep/2026:18:56:50 -0400] "GET /pickup/G523204 HTTP/1.1" 404 122819 "-" "Mozilla/5.0 (compatible; SemrushBot/7~bl; +http://www.semrush.com/bot.html)"
185.191.171.8 - - [10/Sep/2026:18:56:52 -0400] "GET /pickup/U1779044 HTTP/1.1" 404 122819 "-" "Mozilla/5.0 (compatible; SemrushBot/7~bl; +http://www.semrush.com/bot.html)"
199.250.222.155 - - [10/Sep/2026:18:58:22 -0400] "POST /wp-cron.php?doing_wp_cron=1789081102.4015939235687255859375 HTTP/1.1" 200 - "-" "WordPress/7.1; https://heredit.mx"
85.208.96.201 - - [10/Sep/2026:18:58:21 -0400] "GET /pickup/U1845032 HTTP/1.1" 404 122819 "-" "Mozilla/5.0 (compatible; SemrushBot/7~bl; +http://www.semrush.com/bot.html)"
199.250.222.155 - - [10/Sep/2026:18:59:02 -0400] "POST /wp-cron.php?doing_wp_cron=1789081142.2778670787811279296875 HTTP/1.1" 200 - "-" "WordPress/7.1; https://heredit.mx"
185.191.171.12 - - [10/Sep/2026:18:59:01 -0400] "GET /pickup/K1768868 HTTP/1.1" 404 122819 "-" "Mozilla/5.0 (compatible; SemrushBot/7~bl; +http://www.semrush.com/bot.html)"
199.250.222.155 - - [10/Sep/2026:18:59:28 -0400] "POST /wp-cron.php?doing_wp_cron=1789081168.9665551185607910156250 HTTP/1.1" 200 - "-" "WordPress/7.1; https://heredit.mx"
