/var/log/apache2/domlogs/vianto5
NameSizeModeActions
bora.mx.ventaspeninsula.mx1794110640editdlrm
bora.mx.ventaspeninsula.mx-ssl_log5847300640editdlrm
capitalfundxxxviii.mx.ventaspeninsula.mx37550640editdlrm
capitalfundxxxviii.mx.ventaspeninsula.mx-ssl_log569930640editdlrm
ceibaresidencial.mx.ventaspeninsula.mx668720640editdlrm
ceibaresidencial.mx.ventaspeninsula.mx-ssl_log4724450640editdlrm
citicompras.mx.ventaspeninsula.mx844600640editdlrm
citicompras.mx.ventaspeninsula.mx-ssl_log15623520640editdlrm
cititower.mx.ventaspeninsula.mx1539980640editdlrm
cititower.mx.ventaspeninsula.mx-ssl_log6781060640editdlrm
clientes.lat.ventaspeninsula.mx275860640editdlrm
clientes.lat.ventaspeninsula.mx-ssl_log38915580640editdlrm
csk.mx.ventaspeninsula.mx24214780640editdlrm
csk.mx.ventaspeninsula.mx-ssl_log12708160640editdlrm
distritosatelite.com.mx.ventaspeninsula.mx104160640editdlrm
distritosatelite.com.mx.ventaspeninsula.mx-ssl_log1232820640editdlrm
distritosatelite.com.ventaspeninsula.mx210250640editdlrm
distritosatelite.com.ventaspeninsula.mx-ssl_log2391150640editdlrm
distritosatelite.mx.ventaspeninsula.mx212300640editdlrm
distritosatelite.mx.ventaspeninsula.mx-ssl_log4853130640editdlrm
duettowers.com.mx.ventaspeninsula.mx115970640editdlrm
duettowers.com.mx.ventaspeninsula.mx-ssl_log1854820640editdlrm
duettowers.com.ventaspeninsula.mx325760640editdlrm
duettowers.com.ventaspeninsula.mx-ssl_log5445970640editdlrm
duettowers.mx.ventaspeninsula.mx802950640editdlrm
duettowers.mx.ventaspeninsula.mx-ssl_log11326360640editdlrm
haciendasanpancho.mx.ventaspeninsula.mx974990640editdlrm
haciendasanpancho.mx.ventaspeninsula.mx-ssl_log4409720640editdlrm
heredit.mx.ventaspeninsula.mx3744150640editdlrm
heredit.mx.ventaspeninsula.mx-ssl_log12271810640editdlrm
hidalgoresidences.mx.ventaspeninsula.mx10557800640editdlrm
hidalgoresidences.mx.ventaspeninsula.mx-ssl_log8622390640editdlrm
opera.lat.ventaspeninsula.mx53470640editdlrm
opera.lat.ventaspeninsula.mx-ssl_log1155300640editdlrm
peninsulaixtapa.mx.ventaspeninsula.mx291660640editdlrm
peninsulaixtapa.mx.ventaspeninsula.mx-ssl_log1936130640editdlrm
realtylifestyleproperties.com.mx.ventaspeninsula.mx55560640editdlrm
realtylifestyleproperties.com.mx.ventaspeninsula.mx-ssl_log2959040640editdlrm
realtylifestyleproperties.com.ventaspeninsula.mx20953280640editdlrm
realtylifestyleproperties.com.ventaspeninsula.mx-ssl_log21422540640editdlrm
realtylifestyleproperties.mx.ventaspeninsula.mx5570640editdlrm
realtylifestyleproperties.mx.ventaspeninsula.mx-ssl_log576270640editdlrm
rlp.com.mx.ventaspeninsula.mx282900640editdlrm
rlp.com.mx.ventaspeninsula.mx-ssl_log1149090640editdlrm
tcorporation.com.ventaspeninsula.mx359810640editdlrm
tcorporation.com.ventaspeninsula.mx-ssl_log1863610640editdlrm
ventaspeninsula.mx95000640editdlrm
ventaspeninsula.mx-ssl_log12101370640editdlrm
Edit: /var/log/apache2/domlogs/vianto5/heredit.mx.ventaspeninsula.mx (374415B)
199.250.222.155 - - [10/Sep/2026:08:23:50 -0400] "POST /wp-cron.php?doing_wp_cron=1789043030.1727390289306640625000 HTTP/1.1" 200 - "-" "WordPress/7.1; https://heredit.mx"
66.249.68.192 - - [10/Sep/2026:08:23:48 -0400] "GET /content.php?gieseckite/brokenheartedly2404842.html HTTP/1.1" 404 120907 "-" "Mozilla/5.0 (Linux; Android 6.0.1; Nexus 5X Build/MMB29P) AppleWebKit/537.36 (KHTML, like Gecko) Chrome/152.0.7977.82 Mobile Safari/537.36 (compatible; Googlebot/2.1; +http://www.google.com/bot.html)"
85.208.96.196 - - [10/Sep/2026:08:27:34 -0400] "GET /pickup/P2336869 HTTP/1.1" 404 122819 "-" "Mozilla/5.0 (compatible; SemrushBot/7~bl; +http://www.semrush.com/bot.html)"
199.250.222.155 - - [10/Sep/2026:08:27:36 -0400] "POST /wp-cron.php?doing_wp_cron=1789043255.5886249542236328125000 HTTP/1.1" 200 - "-" "WordPress/7.1; https://heredit.mx"
199.250.222.155 - - [10/Sep/2026:08:27:44 -0400] "POST /wp-cron.php?doing_wp_cron=1789043264.0217399597167968750000 HTTP/1.1" 200 - "-" "WordPress/7.1; https://heredit.mx"
66.249.68.192 - - [10/Sep/2026:08:27:43 -0400] "GET /?a=drta0100s-kohler-kss-tablero-de-transferencia-autom%C3%A1tico-zenith-de-cc-qA16Ewsd HTTP/1.1" 301 - "-" "Mozilla/5.0 (Linux; Android 6.0.1; Nexus 5X Build/MMB29P) AppleWebKit/537.36 (KHTML, like Gecko) Chrome/152.0.7977.82 Mobile Safari/537.36 (compatible; Googlebot/2.1; +http://www.google.com/bot.html)"
199.250.222.155 - - [10/Sep/2026:08:57:34 -0400] "POST /wp-cron.php?doing_wp_cron=1789045053.8847699165344238281250 HTTP/1.1" 200 - "-" "WordPress/7.1; https://heredit.mx"
185.191.171.9 - - [10/Sep/2026:08:57:32 -0400] "GET /pickup/R304607 HTTP/1.1" 404 122819 "-" "Mozilla/5.0 (compatible; SemrushBot/7~bl; +http://www.semrush.com/bot.html)"
199.250.222.155 - - [10/Sep/2026:08:58:42 -0400] "POST /wp-cron.php?doing_wp_cron=1789045122.6585209369659423828125 HTTP/1.1" 200 - "-" "WordPress/7.1; https://heredit.mx"
185.191.171.9 - - [10/Sep/2026:08:58:41 -0400] "GET /pickup/T1483111 HTTP/1.1" 404 122819 "-" "Mozilla/5.0 (compatible; SemrushBot/7~bl; +http://www.semrush.com/bot.html)"
199.250.222.155 - - [10/Sep/2026:09:33:10 -0400] "POST /wp-cron.php?doing_wp_cron=1789047190.0817420482635498046875 HTTP/1.1" 200 - "-" "WordPress/7.1; https://heredit.mx"
185.191.171.18 - - [10/Sep/2026:09:33:08 -0400] "GET /pickup/U223152 HTTP/1.1" 404 122819 "-" "Mozilla/5.0 (compatible; SemrushBot/7~bl; +http://www.semrush.com/bot.html)"
199.250.222.155 - - [10/Sep/2026:09:43:11 -0400] "POST /wp-cron.php?doing_wp_cron=1789047791.4703071117401123046875 HTTP/1.1" 200 - "-" "WordPress/7.1; https://heredit.mx"
66.249.68.194 - - [10/Sep/2026:09:43:10 -0400] "GET /?a=chola-chicana-inspired-brown-seamless-design-chicana-%E2%80%93-mejores-cc-Vqw5oMcD HTTP/1.1" 301 - "-" "Mozilla/5.0 (Linux; Android 6.0.1; Nexus 5X Build/MMB29P) AppleWebKit/537.36 (KHTML, like Gecko) Chrome/153.0.8010.36 Mobile Safari/537.36 (compatible; Googlebot/2.1; +http://www.google.com/bot.html)"
199.250.222.155 - - [10/Sep/2026:09:49:01 -0400] "POST /wp-cron.php?doing_wp_cron=1789048141.4583458900451660156250 HTTP/1.1" 200 - "-" "WordPress/7.1; https://heredit.mx"
85.208.96.207 - - [10/Sep/2026:09:49:00 -0400] "GET /pickup/R1148047 HTTP/1.1" 404 122819 "-" "Mozilla/5.0 (compatible; SemrushBot/7~bl; +http://www.semrush.com/bot.html)"
199.250.222.155 - - [10/Sep/2026:09:55:21 -0400] "POST /wp-cron.php?doing_wp_cron=1789048520.9952030181884765625000 HTTP/1.1" 200 - "-" "WordPress/7.1; https://heredit.mx"
85.208.96.197 - - [10/Sep/2026:09:50:18 -0400] "GET /pickup/R1640513 HTTP/1.1" 404 122819 "-" "Mozilla/5.0 (compatible; SemrushBot/7~bl; +http://www.semrush.com/bot.html)"
199.250.222.155 - - [10/Sep/2026:10:09:07 -0400] "POST /wp-cron.php?doing_wp_cron=1789049346.9386880397796630859375 HTTP/1.1" 200 - "-" "WordPress/7.1; https://heredit.mx"
185.191.171.1 - - [10/Sep/2026:10:09:05 -0400] "GET /pickup/K1532476 HTTP/1.1" 404 122819 "-" "Mozilla/5.0 (compatible; SemrushBot/7~bl; +http://www.semrush.com/bot.html)"
199.250.222.155 - - [10/Sep/2026:10:13:11 -0400] "POST /wp-cron.php?doing_wp_cron=1789049591.6668140888214111328125 HTTP/1.1" 200 - "-" "WordPress/7.1; https://heredit.mx"
185.191.171.1 - - [10/Sep/2026:10:13:10 -0400] "GET /pickup/F621665 HTTP/1.1" 404 122819 "-" "Mozilla/5.0 (compatible; SemrushBot/7~bl; +http://www.semrush.com/bot.html)"
199.250.222.155 - - [10/Sep/2026:10:13:41 -0400] "POST /wp-cron.php?doing_wp_cron=1789049621.5803871154785156250000 HTTP/1.1" 200 - "-" "WordPress/7.1; https://heredit.mx"
66.249.68.194 - - [10/Sep/2026:10:13:40 -0400] "GET /?a=various-girls-in-the-garage-volume-12-cc-P7GGNzT8 HTTP/1.1" 301 - "-" "Mozilla/5.0 (Linux; Android 6.0.1; Nexus 5X Build/MMB29P) AppleWebKit/537.36 (KHTML, like Gecko) Chrome/153.0.8010.36 Mobile Safari/537.36 (compatible; GoogleOther)"
199.250.222.155 - - [10/Sep/2026:10:20:43 -0400] "POST /wp-cron.php?doing_wp_cron=1789050043.6947538852691650390625 HTTP/1.1" 200 - "-" "WordPress/7.1; https://heredit.mx"
185.191.171.3 - - [10/Sep/2026:10:20:42 -0400] "GET /pickup/M2327454 HTTP/1.1" 404 122819 "-" "Mozilla/5.0 (compatible; SemrushBot/7~bl; +http://www.semrush.com/bot.html)"
199.250.222.155 - - [10/Sep/2026:10:22:46 -0400] "POST /wp-cron.php?doing_wp_cron=1789050166.2177040576934814453125 HTTP/1.1" 200 - "-" "WordPress/7.1; https://heredit.mx"
185.191.171.8 - - [10/Sep/2026:10:22:45 -0400] "GET /pickup/L1435159 HTTP/1.1" 404 122819 "-" "Mozilla/5.0 (compatible; SemrushBot/7~bl; +http://www.semrush.com/bot.html)"
199.250.222.155 - - [10/Sep/2026:10:27:19 -0400] "POST /wp-cron.php?doing_wp_cron=1789050439.0165901184082031250000 HTTP/1.1" 200 - "-" "WordPress/7.1; https://heredit.mx"
185.191.171.1 - - [10/Sep/2026:10:27:17 -0400] "GET /pickup/W2279780 HTTP/1.1" 404 122819 "-" "Mozilla/5.0 (compatible; SemrushBot/7~bl; +http://www.semrush.com/bot.html)"
199.250.222.155 - - [10/Sep/2026:10:36:50 -0400] "POST /wp-cron.php?doing_wp_cron=1789051010.5228478908538818359375 HTTP/1.1" 200 - "-" "WordPress/7.1; https://heredit.mx"
85.208.96.196 - - [10/Sep/2026:10:36:49 -0400] "GET /pickup/V2222683 HTTP/1.1" 404 122819 "-" "Mozilla/5.0 (compatible; SemrushBot/7~bl; +http://www.semrush.com/bot.html)"
85.208.96.199 - - [10/Sep/2026:10:37:21 -0400] "GET /pickup/T2182953 HTTP/1.1" 404 122819 "-" "Mozilla/5.0 (compatible; SemrushBot/7~bl; +http://www.semrush.com/bot.html)"
85.208.96.196 - - [10/Sep/2026:10:43:38 -0400] "GET /pickup/G1701004 HTTP/1.1" 404 122819 "-" "Mozilla/5.0 (compatible; SemrushBot/7~bl; +http://www.semrush.com/bot.html)"
199.250.222.155 - - [10/Sep/2026:10:43:40 -0400] "POST /wp-cron.php?doing_wp_cron=1789051419.5965690612792968750000 HTTP/1.1" 200 - "-" "WordPress/7.1; https://heredit.mx"
185.191.171.10 - - [10/Sep/2026:10:44:13 -0400] "GET /pickup/H1972289 HTTP/1.1" 404 122819 "-" "Mozilla/5.0 (compatible; SemrushBot/7~bl; +http://www.semrush.com/bot.html)"
199.250.222.155 - - [10/Sep/2026:10:44:32 -0400] "POST /wp-cron.php?doing_wp_cron=1789051472.4784390926361083984375 HTTP/1.1" 200 - "-" "WordPress/7.1; https://heredit.mx"
185.191.171.14 - - [10/Sep/2026:10:44:31 -0400] "GET /pickup/J1983939 HTTP/1.1" 404 122819 "-" "Mozilla/5.0 (compatible; SemrushBot/7~bl; +http://www.semrush.com/bot.html)"
66.249.68.193 - - [10/Sep/2026:10:53:00 -0400] "GET /?a=takamine-jj325src-12-john-jorgenson-signature-12-string-acoustic-cc-qxQzbATd HTTP/1.1" 301 - "-" "Mozilla/5.0 (Linux; Android 6.0.1; Nexus 5X Build/MMB29P) AppleWebKit/537.36 (KHTML, like Gecko) Chrome/153.0.8010.36 Mobile Safari/537.36 (compatible; Googlebot/2.1; +http://www.google.com/bot.html)"
199.250.222.155 - - [10/Sep/2026:10:58:01 -0400] "POST /wp-cron.php?doing_wp_cron=1789052281.6061489582061767578125 HTTP/1.1" 200 - "-" "WordPress/7.1; https://heredit.mx"
199.250.222.155 - - [10/Sep/2026:11:00:46 -0400] "POST /wp-cron.php?doing_wp_cron=1789052446.6605861186981201171875 HTTP/1.1" 200 - "-" "WordPress/7.1; https://heredit.mx"
85.208.96.204 - - [10/Sep/2026:11:00:45 -0400] "GET /pickup/H1586085 HTTP/1.1" 404 122819 "-" "Mozilla/5.0 (compatible; SemrushBot/7~bl; +http://www.semrush.com/bot.html)"
85.208.96.210 - - [10/Sep/2026:11:10:49 -0400] "GET /pickup/J1402631 HTTP/1.1" 404 122819 "-" "Mozilla/5.0 (compatible; SemrushBot/7~bl; +http://www.semrush.com/bot.html)"
199.250.222.155 - - [10/Sep/2026:11:17:29 -0400] "POST /wp-cron.php?doing_wp_cron=1789053449.7619569301605224609375 HTTP/1.1" 200 - "-" "WordPress/7.1; https://heredit.mx"
185.191.171.12 - - [10/Sep/2026:11:17:28 -0400] "GET /pickup/G200544 HTTP/1.1" 404 122819 "-" "Mozilla/5.0 (compatible; SemrushBot/7~bl; +http://www.semrush.com/bot.html)"
85.208.96.206 - - [10/Sep/2026:11:24:01 -0400] "GET /pickup/G2260706 HTTP/1.1" 404 122819 "-" "Mozilla/5.0 (compatible; SemrushBot/7~bl; +http://www.semrush.com/bot.html)"
85.208.96.206 - - [10/Sep/2026:11:24:58 -0400] "GET /pickup/G2260706 HTTP/1.1" 404 122819 "-" "Mozilla/5.0 (compatible; SemrushBot/7~bl; +http://www.semrush.com/bot.html)"
199.250.222.155 - - [10/Sep/2026:11:27:03 -0400] "POST /wp-cron.php?doing_wp_cron=1789054023.1022310256958007812500 HTTP/1.1" 200 - "-" "WordPress/7.1; https://heredit.mx"
85.208.96.195 - - [10/Sep/2026:11:27:01 -0400] "GET /pickup/J218123 HTTP/1.1" 404 122819 "-" "Mozilla/5.0 (compatible; SemrushBot/7~bl; +http://www.semrush.com/bot.html)"
199.250.222.155 - - [10/Sep/2026:11:28:35 -0400] "POST /wp-cron.php?doing_wp_cron=1789054115.9794979095458984375000 HTTP/1.1" 200 - "-" "WordPress/7.1; https://heredit.mx"
85.208.96.200 - - [10/Sep/2026:11:28:34 -0400] "GET /pickup/G812506 HTTP/1.1" 404 122819 "-" "Mozilla/5.0 (compatible; SemrushBot/7~bl; +http://www.semrush.com/bot.html)"
199.250.222.155 - - [10/Sep/2026:11:34:01 -0400] "POST /wp-cron.php?doing_wp_cron=1789054441.8585820198059082031250 HTTP/1.1" 200 - "-" "WordPress/7.1; https://heredit.mx"
85.208.96.204 - - [10/Sep/2026:11:34:00 -0400] "GET /pickup/S1844510 HTTP/1.1" 404 122819 "-" "Mozilla/5.0 (compatible; SemrushBot/7~bl; +http://www.semrush.com/bot.html)"
199.250.222.155 - - [10/Sep/2026:11:35:51 -0400] "POST /wp-cron.php?doing_wp_cron=1789054551.4441220760345458984375 HTTP/1.1" 200 - "-" "WordPress/7.1; https://heredit.mx"
185.191.171.14 - - [10/Sep/2026:11:35:50 -0400] "GET /pickup/S265192 HTTP/1.1" 404 122819 "-" "Mozilla/5.0 (compatible; SemrushBot/7~bl; +http://www.semrush.com/bot.html)"
199.250.222.155 - - [10/Sep/2026:11:40:56 -0400] "POST /wp-cron.php?doing_wp_cron=1789054856.2834990024566650390625 HTTP/1.1" 200 - "-" "WordPress/7.1; https://heredit.mx"
185.191.171.13 - - [10/Sep/2026:11:40:55 -0400] "GET /pickup/V1717555 HTTP/1.1" 404 122819 "-" "Mozilla/5.0 (compatible; SemrushBot/7~bl; +http://www.semrush.com/bot.html)"
199.250.222.155 - - [10/Sep/2026:11:42:47 -0400] "POST /wp-cron.php?doing_wp_cron=1789054967.6955471038818359375000 HTTP/1.1" 200 - "-" "WordPress/7.1; https://heredit.mx"
85.208.96.197 - - [10/Sep/2026:11:42:46 -0400] "GET /pickup/Q1051144 HTTP/1.1" 404 122819 "-" "Mozilla/5.0 (compatible; SemrushBot/7~bl; +http://www.semrush.com/bot.html)"
199.250.222.155 - - [10/Sep/2026:11:52:12 -0400] "POST /wp-cron.php?doing_wp_cron=1789055532.4521260261535644531250 HTTP/1.1" 200 - "-" "WordPress/7.1; https://heredit.mx"
66.249.68.193 - - [10/Sep/2026:11:52:11 -0400] "GET /?a=dragon-ball-z-namek-saga-goku-vs-frieza-dragoon-cc-EExQb5FD HTTP/1.1" 301 - "-" "Mozilla/5.0 (Linux; Android 6.0.1; Nexus 5X Build/MMB29P) AppleWebKit/537.36 (KHTML, like Gecko) Chrome/153.0.8010.36 Mobile Safari/537.36 (compatible; GoogleOther)"
185.191.171.4 - - [10/Sep/2026:11:52:19 -0400] "GET /pickup/V831033 HTTP/1.1" 404 122819 "-" "Mozilla/5.0 (compatible; SemrushBot/7~bl; +http://www.semrush.com/bot.html)"
199.250.222.155 - - [10/Sep/2026:11:55:55 -0400] "POST /wp-cron.php?doing_wp_cron=1789055755.3985219001770019531250 HTTP/1.1" 200 - "-" "WordPress/7.1; https://heredit.mx"
85.208.96.196 - - [10/Sep/2026:11:55:54 -0400] "GET /pickup/F878649 HTTP/1.1" 404 122819 "-" "Mozilla/5.0 (compatible; SemrushBot/7~bl; +http://www.semrush.com/bot.html)"
66.249.68.192 - - [10/Sep/2026:11:56:15 -0400] "GET /?a=ana-barbara-logo-foil-hat-cc-RqjenoS7 HTTP/1.1" 301 - "-" "Mozilla/5.0 (Linux; Android 6.0.1; Nexus 5X Build/MMB29P) AppleWebKit/537.36 (KHTML, like Gecko) Chrome/153.0.8010.36 Mobile Safari/537.36 (compatible; Googlebot/2.1; +http://www.google.com/bot.html)"
199.250.222.155 - - [10/Sep/2026:11:57:57 -0400] "POST /wp-cron.php?doing_wp_cron=1789055877.7113699913024902343750 HTTP/1.1" 200 - "-" "WordPress/7.1; https://heredit.mx"
40.77.167.159 - - [10/Sep/2026:11:57:57 -0400] "GET /?a=optical-tool-best-selling-ce-approved-cp-9-ph-cc-NPpZ8kH7 HTTP/1.1" 301 - "-" "Mozilla/5.0 AppleWebKit/537.36 (KHTML, like Gecko; compatible; bingbot/2.0; +http://www.bing.com/bingbot.htm) Chrome/116.0.1938.76 Safari/537.36"
199.250.222.155 - - [10/Sep/2026:11:59:41 -0400] "POST /wp-cron.php?doing_wp_cron=1789055981.7149150371551513671875 HTTP/1.1" 200 - "-" "WordPress/7.1; https://heredit.mx"
185.191.171.17 - - [10/Sep/2026:11:59:40 -0400] "GET /pickup/L2327947 HTTP/1.1" 404 122819 "-" "Mozilla/5.0 (compatible; SemrushBot/7~bl; +http://www.semrush.com/bot.html)"
199.250.222.155 - - [10/Sep/2026:12:01:14 -0400] "POST /wp-cron.php?doing_wp_cron=1789056074.1108629703521728515625 HTTP/1.1" 200 - "-" "WordPress/7.1; https://heredit.mx"
85.208.96.193 - - [10/Sep/2026:12:01:13 -0400] "GET /pickup/M544998 HTTP/1.1" 404 122819 "-" "Mozilla/5.0 (compatible; SemrushBot/7~bl; +http://www.semrush.com/bot.html)"
199.250.222.155 - - [10/Sep/2026:12:09:18 -0400] "POST /wp-cron.php?doing_wp_cron=1789056558.7806808948516845703125 HTTP/1.1" 200 - "-" "WordPress/7.1; https://heredit.mx"
185.191.171.13 - - [10/Sep/2026:12:09:17 -0400] "GET /pickup/M920464 HTTP/1.1" 404 122819 "-" "Mozilla/5.0 (compatible; SemrushBot/7~bl; +http://www.semrush.com/bot.html)"
85.208.96.207 - - [10/Sep/2026:12:10:26 -0400] "GET /pickup/M136850 HTTP/1.1" 404 122819 "-" "Mozilla/5.0 (compatible; SemrushBot/7~bl; +http://www.semrush.com/bot.html)"
199.250.222.155 - - [10/Sep/2026:12:12:49 -0400] "POST /wp-cron.php?doing_wp_cron=1789056769.7188739776611328125000 HTTP/1.1" 200 - "-" "WordPress/7.1; https://heredit.mx"
85.208.96.210 - - [10/Sep/2026:12:12:48 -0400] "GET /pickup/Z1837315 HTTP/1.1" 404 122819 "-" "Mozilla/5.0 (compatible; SemrushBot/7~bl; +http://www.semrush.com/bot.html)"
185.191.171.7 - - [10/Sep/2026:12:26:38 -0400] "GET /pickup/U1656714 HTTP/1.1" 404 122819 "-" "Mozilla/5.0 (compatible; SemrushBot/7~bl; +http://www.semrush.com/bot.html)"
199.250.222.155 - - [10/Sep/2026:12:50:24 -0400] "POST /wp-cron.php?doing_wp_cron=1789059024.0057280063629150390625 HTTP/1.1" 200 - "-" "WordPress/7.1; https://heredit.mx"
66.249.68.192 - - [10/Sep/2026:12:50:23 -0400] "GET /robots.txt HTTP/1.1" 200 267 "-" "Mozilla/5.0 (compatible; Googlebot/2.1; +http://www.google.com/bot.html)"
185.191.171.11 - - [10/Sep/2026:12:57:25 -0400] "GET /pickup/O1589030 HTTP/1.1" 404 122819 "-" "Mozilla/5.0 (compatible; SemrushBot/7~bl; +http://www.semrush.com/bot.html)"
199.250.222.155 - - [10/Sep/2026:13:22:59 -0400] "POST /wp-cron.php?doing_wp_cron=1789060979.4614090919494628906250 HTTP/1.1" 200 - "-" "WordPress/7.1; https://heredit.mx"
185.191.171.10 - - [10/Sep/2026:13:22:58 -0400] "GET /pickup/I771792 HTTP/1.1" 404 122819 "-" "Mozilla/5.0 (compatible; SemrushBot/7~bl; +http://www.semrush.com/bot.html)"
199.250.222.155 - - [10/Sep/2026:13:25:50 -0400] "POST /wp-cron.php?doing_wp_cron=1789061150.6040511131286621093750 HTTP/1.1" 200 - "-" "WordPress/7.1; https://heredit.mx"
85.208.96.212 - - [10/Sep/2026:13:25:49 -0400] "GET /pickup/I1448494 HTTP/1.1" 404 122819 "-" "Mozilla/5.0 (compatible; SemrushBot/7~bl; +http://www.semrush.com/bot.html)"
199.250.222.155 - - [10/Sep/2026:13:27:51 -0400] "POST /wp-cron.php?doing_wp_cron=1789061271.6192889213562011718750 HTTP/1.1" 200 - "-" "WordPress/7.1; https://heredit.mx"
85.208.96.199 - - [10/Sep/2026:13:27:50 -0400] "GET /pickup/K1990596 HTTP/1.1" 404 122819 "-" "Mozilla/5.0 (compatible; SemrushBot/7~bl; +http://www.semrush.com/bot.html)"
199.250.222.155 - - [10/Sep/2026:13:29:42 -0400] "POST /wp-cron.php?doing_wp_cron=1789061382.7948749065399169921875 HTTP/1.1" 200 - "-" "WordPress/7.1; https://heredit.mx"
185.191.171.8 - - [10/Sep/2026:13:29:41 -0400] "GET /pickup/K1070118 HTTP/1.1" 404 122819 "-" "Mozilla/5.0 (compatible; SemrushBot/7~bl; +http://www.semrush.com/bot.html)"
85.208.96.209 - - [10/Sep/2026:13:31:03 -0400] "GET /pickup/V1664567 HTTP/1.1" 404 122819 "-" "Mozilla/5.0 (compatible; SemrushBot/7~bl; +http://www.semrush.com/bot.html)"
199.250.222.155 - - [10/Sep/2026:13:33:08 -0400] "POST /wp-cron.php?doing_wp_cron=1789061588.0132520198822021484375 HTTP/1.1" 200 - "-" "WordPress/7.1; https://heredit.mx"
185.191.171.11 - - [10/Sep/2026:13:33:07 -0400] "GET /pickup/V266183 HTTP/1.1" 404 122819 "-" "Mozilla/5.0 (compatible; SemrushBot/7~bl; +http://www.semrush.com/bot.html)"
185.191.171.5 - - [10/Sep/2026:13:34:15 -0400] "GET /pickup/I505110 HTTP/1.1" 404 122819 "-" "Mozilla/5.0 (compatible; SemrushBot/7~bl; +http://www.semrush.com/bot.html)"
199.250.222.155 - - [10/Sep/2026:13:47:04 -0400] "POST /wp-cron.php?doing_wp_cron=1789062424.3821499347686767578125 HTTP/1.1" 200 - "-" "WordPress/7.1; https://heredit.mx"
185.191.171.17 - - [10/Sep/2026:13:47:02 -0400] "GET /pickup/G2355060 HTTP/1.1" 404 118973 "-" "Mozilla/5.0 (compatible; SemrushBot/7~bl; +http://www.semrush.com/bot.html)"
199.250.222.155 - - [10/Sep/2026:13:54:25 -0400] "POST /wp-cron.php?doing_wp_cron=1789062865.3646230697631835937500 HTTP/1.1" 200 - "-" "WordPress/7.1; https://heredit.mx"
85.208.96.207 - - [10/Sep/2026:13:54:24 -0400] "GET /pickup/V1786819 HTTP/1.1" 404 122819 "-" "Mozilla/5.0 (compatible; SemrushBot/7~bl; +http://www.semrush.com/bot.html)"
199.250.222.155 - - [10/Sep/2026:13:54:57 -0400] "POST /wp-cron.php?doing_wp_cron=1789062897.6917428970336914062500 HTTP/1.1" 200 - "-" "WordPress/7.1; https://heredit.mx"
185.191.171.16 - - [10/Sep/2026:13:54:56 -0400] "GET /pickup/K502772 HTTP/1.1" 404 122819 "-" "Mozilla/5.0 (compatible; SemrushBot/7~bl; +http://www.semrush.com/bot.html)"
199.250.222.155 - - [10/Sep/2026:14:11:18 -0400] "POST /wp-cron.php?doing_wp_cron=1789063878.1275620460510253906250 HTTP/1.1" 200 - "-" "WordPress/7.1; https://heredit.mx"
85.208.96.201 - - [10/Sep/2026:14:11:17 -0400] "GET /pickup/R284639 HTTP/1.1" 404 122819 "-" "Mozilla/5.0 (compatible; SemrushBot/7~bl; +http://www.semrush.com/bot.html)"
199.250.222.155 - - [10/Sep/2026:14:18:19 -0400] "POST /wp-cron.php?doing_wp_cron=1789064299.6501479148864746093750 HTTP/1.1" 200 - "-" "WordPress/7.1; https://heredit.mx"
185.191.171.15 - - [10/Sep/2026:14:18:18 -0400] "GET /pickup/X1129411 HTTP/1.1" 404 122819 "-" "Mozilla/5.0 (compatible; SemrushBot/7~bl; +http://www.semrush.com/bot.html)"
199.250.222.155 - - [10/Sep/2026:14:20:40 -0400] "POST /wp-cron.php?doing_wp_cron=1789064440.6842958927154541015625 HTTP/1.1" 200 - "-" "WordPress/7.1; https://heredit.mx"
185.191.171.11 - - [10/Sep/2026:14:20:39 -0400] "GET /pickup/J1584917 HTTP/1.1" 404 122819 "-" "Mozilla/5.0 (compatible; SemrushBot/7~bl; +http://www.semrush.com/bot.html)"
199.250.222.155 - - [10/Sep/2026:14:28:31 -0400] "POST /wp-cron.php?doing_wp_cron=1789064911.8362989425659179687500 HTTP/1.1" 200 - "-" "WordPress/7.1; https://heredit.mx"
185.191.171.19 - - [10/Sep/2026:14:28:30 -0400] "GET /pickup/F524347 HTTP/1.1" 404 122819 "-" "Mozilla/5.0 (compatible; SemrushBot/7~bl; +http://www.semrush.com/bot.html)"
199.250.222.155 - - [10/Sep/2026:14:35:34 -0400] "POST /wp-cron.php?doing_wp_cron=1789065334.7397539615631103515625 HTTP/1.1" 200 - "-" "WordPress/7.1; https://heredit.mx"
85.208.96.193 - - [10/Sep/2026:14:35:33 -0400] "GET /pickup/F925137 HTTP/1.1" 404 122819 "-" "Mozilla/5.0 (compatible; SemrushBot/7~bl; +http://www.semrush.com/bot.html)"
85.208.96.207 - - [10/Sep/2026:14:37:07 -0400] "GET /pickup/E840506 HTTP/1.1" 404 122819 "-" "Mozilla/5.0 (compatible; SemrushBot/7~bl; +http://www.semrush.com/bot.html)"
199.250.222.155 - - [10/Sep/2026:14:41:22 -0400] "POST /wp-cron.php?doing_wp_cron=1789065682.9540588855743408203125 HTTP/1.1" 200 - "-" "WordPress/7.1; https://heredit.mx"
146.19.78.132 - - [10/Sep/2026:14:41:22 -0400] "GET / HTTP/1.1" 301 - "-" "Mozilla/5.0 (X11; Linux x86_64) AppleWebKit/537.36 (KHTML, like Gecko) Chrome/116.0.0.0 Safari/537.36"
199.250.222.155 - - [10/Sep/2026:14:41:28 -0400] "POST /wp-cron.php?doing_wp_cron=1789065688.6932051181793212890625 HTTP/1.1" 200 - "-" "WordPress/7.1; https://heredit.mx"
193.203.9.181 - - [10/Sep/2026:14:41:28 -0400] "GET / HTTP/1.1" 301 - "-" "Mozilla/5.0 (X11; Linux x86_64) AppleWebKit/537.36 (KHTML, like Gecko) Chrome/116.0.0.0 Safari/537.36"
193.202.86.214 - - [10/Sep/2026:14:42:02 -0400] "GET / HTTP/1.1" 301 - "-" "Mozilla/5.0 (X11; Linux x86_64) AppleWebKit/537.36 (KHTML, like Gecko) Chrome/116.0.0.0 Safari/537.36"
85.208.96.195 - - [10/Sep/2026:14:42:08 -0400] "GET /pickup/J353895 HTTP/1.1" 404 122819 "-" "Mozilla/5.0 (compatible; SemrushBot/7~bl; +http://www.semrush.com/bot.html)"
199.250.222.155 - - [10/Sep/2026:14:52:26 -0400] "POST /wp-cron.php?doing_wp_cron=1789066346.4054079055786132812500 HTTP/1.1" 200 - "-" "WordPress/7.1; https://heredit.mx"
185.191.171.13 - - [10/Sep/2026:14:52:25 -0400] "GET /drove=6&JHdjIw72=124824 HTTP/1.1" 404 122819 "-" "Mozilla/5.0 (compatible; SemrushBot/7~bl; +http://www.semrush.com/bot.html)"
199.250.222.155 - - [10/Sep/2026:15:00:49 -0400] "POST /wp-cron.php?doing_wp_cron=1789066848.9831240177154541015625 HTTP/1.1" 200 - "-" "WordPress/7.1; https://heredit.mx"
185.191.171.12 - - [10/Sep/2026:15:00:48 -0400] "GET /pickup/V93725 HTTP/1.1" 404 122819 "-" "Mozilla/5.0 (compatible; SemrushBot/7~bl; +http://www.semrush.com/bot.html)"
40.77.167.57 - - [10/Sep/2026:15:01:01 -0400] "GET /?a=english-supermodel-kate-moss-right-pictured-she-arrives-opening-cc-Z7vMbNhv HTTP/1.1" 301 - "-" "Mozilla/5.0 AppleWebKit/537.36 (KHTML, like Gecko; compatible; bingbot/2.0; +http://www.bing.com/bingbot.htm) Chrome/116.0.1938.76 Safari/537.36"
199.250.222.155 - - [10/Sep/2026:15:01:50 -0400] "POST /wp-cron.php?doing_wp_cron=1789066910.0232000350952148437500 HTTP/1.1" 200 - "-" "WordPress/7.1; https://heredit.mx"
85.208.96.201 - - [10/Sep/2026:15:01:49 -0400] "GET /pickup/O1313014 HTTP/1.1" 404 122819 "-" "Mozilla/5.0 (compatible; SemrushBot/7~bl; +http://www.semrush.com/bot.html)"
185.191.171.4 - - [10/Sep/2026:15:02:20 -0400] "GET /pickup/H1786675 HTTP/1.1" 404 122819 "-" "Mozilla/5.0 (compatible; SemrushBot/7~bl; +http://www.semrush.com/bot.html)"
199.250.222.155 - - [10/Sep/2026:15:02:36 -0400] "POST /wp-cron.php?doing_wp_cron=1789066956.8578300476074218750000 HTTP/1.1" 200 - "-" "WordPress/7.1; https://heredit.mx"
85.208.96.200 - - [10/Sep/2026:15:02:36 -0400] "GET /pickup/U247254 HTTP/1.1" 404 122819 "-" "Mozilla/5.0 (compatible; SemrushBot/7~bl; +http://www.semrush.com/bot.html)"
185.191.171.18 - - [10/Sep/2026:15:02:44 -0400] "GET /pickup/I245188 HTTP/1.1" 404 122819 "-" "Mozilla/5.0 (compatible; SemrushBot/7~bl; +http://www.semrush.com/bot.html)"
185.191.171.18 - - [10/Sep/2026:15:02:49 -0400] "GET /pickup/H206109 HTTP/1.1" 404 122819 "-" "Mozilla/5.0 (compatible; SemrushBot/7~bl; +http://www.semrush.com/bot.html)"
185.191.171.7 - - [10/Sep/2026:15:02:51 -0400] "GET /pickup/U2371298 HTTP/1.1" 404 122819 "-" "Mozilla/5.0 (compatible; SemrushBot/7~bl; +http://www.semrush.com/bot.html)"
185.191.171.6 - - [10/Sep/2026:15:02:53 -0400] "GET /pickup/J460339 HTTP/1.1" 404 122819 "-" "Mozilla/5.0 (compatible; SemrushBot/7~bl; +http://www.semrush.com/bot.html)"
85.208.96.208 - - [10/Sep/2026:15:02:55 -0400] "GET /pickup/J1233215 HTTP/1.1" 404 122819 "-" "Mozilla/5.0 (compatible; SemrushBot/7~bl; +http://www.semrush.com/bot.html)"
85.208.96.199 - - [10/Sep/2026:15:02:57 -0400] "GET /pickup/K1050540 HTTP/1.1" 404 122819 "-" "Mozilla/5.0 (compatible; SemrushBot/7~bl; +http://www.semrush.com/bot.html)"
185.191.171.5 - - [10/Sep/2026:15:02:59 -0400] "GET /pickup/O451920 HTTP/1.1" 404 122819 "-" "Mozilla/5.0 (compatible; SemrushBot/7~bl; +http://www.semrush.com/bot.html)"
85.208.96.197 - - [10/Sep/2026:15:03:01 -0400] "GET /pickup/W1009498 HTTP/1.1" 404 122819 "-" "Mozilla/5.0 (compatible; SemrushBot/7~bl; +http://www.semrush.com/bot.html)"
85.208.96.199 - - [10/Sep/2026:15:03:03 -0400] "GET /pickup/F431085 HTTP/1.1" 404 122819 "-" "Mozilla/5.0 (compatible; SemrushBot/7~bl; +http://www.semrush.com/bot.html)"
185.191.171.14 - - [10/Sep/2026:15:03:04 -0400] "GET /pickup/U2113898 HTTP/1.1" 404 122819 "-" "Mozilla/5.0 (compatible; SemrushBot/7~bl; +http://www.semrush.com/bot.html)"
185.191.171.9 - - [10/Sep/2026:15:03:06 -0400] "GET /pickup/J217733 HTTP/1.1" 404 122819 "-" "Mozilla/5.0 (compatible; SemrushBot/7~bl; +http://www.semrush.com/bot.html)"
85.208.96.203 - - [10/Sep/2026:15:03:08 -0400] "GET /pickup/S2125856 HTTP/1.1" 404 122819 "-" "Mozilla/5.0 (compatible; SemrushBot/7~bl; +http://www.semrush.com/bot.html)"
85.208.96.210 - - [10/Sep/2026:15:03:10 -0400] "GET /pickup/J363047 HTTP/1.1" 404 122819 "-" "Mozilla/5.0 (compatible; SemrushBot/7~bl; +http://www.semrush.com/bot.html)"
185.191.171.1 - - [10/Sep/2026:15:03:12 -0400] "GET /pickup/G1957754 HTTP/1.1" 404 122819 "-" "Mozilla/5.0 (compatible; SemrushBot/7~bl; +http://www.semrush.com/bot.html)"
185.191.171.6 - - [10/Sep/2026:15:03:14 -0400] "GET /pickup/T2325797 HTTP/1.1" 404 122819 "-" "Mozilla/5.0 (compatible; SemrushBot/7~bl; +http://www.semrush.com/bot.html)"
185.191.171.10 - - [10/Sep/2026:15:03:15 -0400] "GET /pickup/J263363 HTTP/1.1" 404 122819 "-" "Mozilla/5.0 (compatible; SemrushBot/7~bl; +http://www.semrush.com/bot.html)"
185.191.171.10 - - [10/Sep/2026:15:03:17 -0400] "GET /pickup/T1752809 HTTP/1.1" 404 122819 "-" "Mozilla/5.0 (compatible; SemrushBot/7~bl; +http://www.semrush.com/bot.html)"
185.191.171.10 - - [10/Sep/2026:15:03:19 -0400] "GET /pickup/S891870 HTTP/1.1" 404 122819 "-" "Mozilla/5.0 (compatible; SemrushBot/7~bl; +http://www.semrush.com/bot.html)"
185.191.171.18 - - [10/Sep/2026:15:03:21 -0400] "GET /pickup/V227781 HTTP/1.1" 404 122819 "-" "Mozilla/5.0 (compatible; SemrushBot/7~bl; +http://www.semrush.com/bot.html)"
185.191.171.7 - - [10/Sep/2026:15:03:23 -0400] "GET /pickup/V1180993 HTTP/1.1" 404 122819 "-" "Mozilla/5.0 (compatible; SemrushBot/7~bl; +http://www.semrush.com/bot.html)"
185.191.171.8 - - [10/Sep/2026:15:03:24 -0400] "GET /pickup/N863291 HTTP/1.1" 404 122819 "-" "Mozilla/5.0 (compatible; SemrushBot/7~bl; +http://www.semrush.com/bot.html)"
85.208.96.198 - - [10/Sep/2026:15:03:26 -0400] "GET /pickup/K959488 HTTP/1.1" 404 122819 "-" "Mozilla/5.0 (compatible; SemrushBot/7~bl; +http://www.semrush.com/bot.html)"
199.250.222.155 - - [10/Sep/2026:15:03:29 -0400] "POST /wp-cron.php?doing_wp_cron=1789067009.1876199245452880859375 HTTP/1.1" 200 - "-" "WordPress/7.1; https://heredit.mx"
185.191.171.10 - - [10/Sep/2026:15:03:28 -0400] "GET /pickup/P630697 HTTP/1.1" 404 122819 "-" "Mozilla/5.0 (compatible; SemrushBot/7~bl; +http://www.semrush.com/bot.html)"
185.191.171.10 - - [10/Sep/2026:15:03:30 -0400] "GET /pickup/I1101004 HTTP/1.1" 404 122819 "-" "Mozilla/5.0 (compatible; SemrushBot/7~bl; +http://www.semrush.com/bot.html)"
85.208.96.208 - - [10/Sep/2026:15:03:32 -0400] "GET /pickup/S221408 HTTP/1.1" 404 122819 "-" "Mozilla/5.0 (compatible; SemrushBot/7~bl; +http://www.semrush.com/bot.html)"
85.208.96.204 - - [10/Sep/2026:15:03:33 -0400] "GET /pickup/M1964468 HTTP/1.1" 404 122819 "-" "Mozilla/5.0 (compatible; SemrushBot/7~bl; +http://www.semrush.com/bot.html)"
185.191.171.5 - - [10/Sep/2026:15:03:35 -0400] "GET /pickup/K158662 HTTP/1.1" 404 122819 "-" "Mozilla/5.0 (compatible; SemrushBot/7~bl; +http://www.semrush.com/bot.html)"
185.191.171.7 - - [10/Sep/2026:15:03:37 -0400] "GET /pickup/P186747 HTTP/1.1" 404 122819 "-" "Mozilla/5.0 (compatible; SemrushBot/7~bl; +http://www.semrush.com/bot.html)"
85.208.96.200 - - [10/Sep/2026:15:03:39 -0400] "GET /pickup/L1609203 HTTP/1.1" 404 122819 "-" "Mozilla/5.0 (compatible; SemrushBot/7~bl; +http://www.semrush.com/bot.html)"
185.191.171.3 - - [10/Sep/2026:15:03:41 -0400] "GET /pickup/I1621420 HTTP/1.1" 404 122819 "-" "Mozilla/5.0 (compatible; SemrushBot/7~bl; +http://www.semrush.com/bot.html)"
185.191.171.7 - - [10/Sep/2026:15:03:43 -0400] "GET /pickup/O1878280 HTTP/1.1" 404 122819 "-" "Mozilla/5.0 (compatible; SemrushBot/7~bl; +http://www.semrush.com/bot.html)"
85.208.96.196 - - [10/Sep/2026:15:03:44 -0400] "GET /pickup/N560027 HTTP/1.1" 404 122819 "-" "Mozilla/5.0 (compatible; SemrushBot/7~bl; +http://www.semrush.com/bot.html)"
185.191.171.5 - - [10/Sep/2026:15:03:46 -0400] "GET /pickup/I1625684 HTTP/1.1" 404 122819 "-" "Mozilla/5.0 (compatible; SemrushBot/7~bl; +http://www.semrush.com/bot.html)"
85.208.96.207 - - [10/Sep/2026:15:03:48 -0400] "GET /pickup/L770261 HTTP/1.1" 404 122819 "-" "Mozilla/5.0 (compatible; SemrushBot/7~bl; +http://www.semrush.com/bot.html)"
85.208.96.200 - - [10/Sep/2026:15:03:50 -0400] "GET /pickup/T429045 HTTP/1.1" 404 122819 "-" "Mozilla/5.0 (compatible; SemrushBot/7~bl; +http://www.semrush.com/bot.html)"
85.208.96.194 - - [10/Sep/2026:15:03:52 -0400] "GET /pickup/O161786 HTTP/1.1" 404 122819 "-" "Mozilla/5.0 (compatible; SemrushBot/7~bl; +http://www.semrush.com/bot.html)"
85.208.96.199 - - [10/Sep/2026:15:03:54 -0400] "GET /pickup/V115903 HTTP/1.1" 404 122819 "-" "Mozilla/5.0 (compatible; SemrushBot/7~bl; +http://www.semrush.com/bot.html)"
85.208.96.207 - - [10/Sep/2026:15:03:56 -0400] "GET /pickup/U109532 HTTP/1.1" 404 122819 "-" "Mozilla/5.0 (compatible; SemrushBot/7~bl; +http://www.semrush.com/bot.html)"
85.208.96.200 - - [10/Sep/2026:15:03:57 -0400] "GET /pickup/J1353309 HTTP/1.1" 404 122819 "-" "Mozilla/5.0 (compatible; SemrushBot/7~bl; +http://www.semrush.com/bot.html)"
85.208.96.212 - - [10/Sep/2026:15:03:59 -0400] "GET /pickup/K1433234 HTTP/1.1" 404 122819 "-" "Mozilla/5.0 (compatible; SemrushBot/7~bl; +http://www.semrush.com/bot.html)"
85.208.96.206 - - [10/Sep/2026:15:04:01 -0400] "GET /pickup/N1889485 HTTP/1.1" 404 122819 "-" "Mozilla/5.0 (compatible; SemrushBot/7~bl; +http://www.semrush.com/bot.html)"
85.208.96.193 - - [10/Sep/2026:15:04:03 -0400] "GET /pickup/R1131589 HTTP/1.1" 404 122819 "-" "Mozilla/5.0 (compatible; SemrushBot/7~bl; +http://www.semrush.com/bot.html)"
185.191.171.19 - - [10/Sep/2026:15:04:05 -0400] "GET /pickup/G1969896 HTTP/1.1" 404 122819 "-" "Mozilla/5.0 (compatible; SemrushBot/7~bl; +http://www.semrush.com/bot.html)"
85.208.96.211 - - [10/Sep/2026:15:04:07 -0400] "GET /pickup/O1883714 HTTP/1.1" 404 122819 "-" "Mozilla/5.0 (compatible; SemrushBot/7~bl; +http://www.semrush.com/bot.html)"
185.191.171.5 - - [10/Sep/2026:15:04:09 -0400] "GET /pickup/I1552754 HTTP/1.1" 404 122819 "-" "Mozilla/5.0 (compatible; SemrushBot/7~bl; +http://www.semrush.com/bot.html)"
185.191.171.9 - - [10/Sep/2026:15:04:11 -0400] "GET /pickup/J1073887 HTTP/1.1" 404 122819 "-" "Mozilla/5.0 (compatible; SemrushBot/7~bl; +http://www.semrush.com/bot.html)"
85.208.96.193 - - [10/Sep/2026:15:04:12 -0400] "GET /pickup/P1237901 HTTP/1.1" 404 122819 "-" "Mozilla/5.0 (compatible; SemrushBot/7~bl; +http://www.semrush.com/bot.html)"
85.208.96.194 - - [10/Sep/2026:15:04:14 -0400] "GET /pickup/R881417 HTTP/1.1" 404 122819 "-" "Mozilla/5.0 (compatible; SemrushBot/7~bl; +http://www.semrush.com/bot.html)"
85.208.96.208 - - [10/Sep/2026:15:04:16 -0400] "GET /pickup/E303034 HTTP/1.1" 404 122819 "-" "Mozilla/5.0 (compatible; SemrushBot/7~bl; +http://www.semrush.com/bot.html)"
185.191.171.2 - - [10/Sep/2026:15:04:18 -0400] "GET /pickup/P1699817 HTTP/1.1" 404 122819 "-" "Mozilla/5.0 (compatible; SemrushBot/7~bl; +http://www.semrush.com/bot.html)"
85.208.96.196 - - [10/Sep/2026:15:04:20 -0400] "GET /pickup/K2283772 HTTP/1.1" 404 122819 "-" "Mozilla/5.0 (compatible; SemrushBot/7~bl; +http://www.semrush.com/bot.html)"
185.191.171.18 - - [10/Sep/2026:15:04:21 -0400] "GET /pickup/S1430512 HTTP/1.1" 404 122819 "-" "Mozilla/5.0 (compatible; SemrushBot/7~bl; +http://www.semrush.com/bot.html)"
85.208.96.199 - - [10/Sep/2026:15:04:23 -0400] "GET /pickup/T1592571 HTTP/1.1" 404 122819 "-" "Mozilla/5.0 (compatible; SemrushBot/7~bl; +http://www.semrush.com/bot.html)"
85.208.96.193 - - [10/Sep/2026:15:04:25 -0400] "GET /pickup/G2055540 HTTP/1.1" 404 122819 "-" "Mozilla/5.0 (compatible; SemrushBot/7~bl; +http://www.semrush.com/bot.html)"
199.250.222.155 - - [10/Sep/2026:15:04:28 -0400] "POST /wp-cron.php?doing_wp_cron=1789067068.2277588844299316406250 HTTP/1.1" 200 - "-" "WordPress/7.1; https://heredit.mx"
85.208.96.212 - - [10/Sep/2026:15:04:27 -0400] "GET /pickup/S1230520 HTTP/1.1" 404 122819 "-" "Mozilla/5.0 (compatible; SemrushBot/7~bl; +http://www.semrush.com/bot.html)"
185.191.171.5 - - [10/Sep/2026:15:04:29 -0400] "GET /pickup/I1075446 HTTP/1.1" 404 122819 "-" "Mozilla/5.0 (compatible; SemrushBot/7~bl; +http://www.semrush.com/bot.html)"
85.208.96.207 - - [10/Sep/2026:15:04:31 -0400] "GET /pickup/K228342 HTTP/1.1" 404 122819 "-" "Mozilla/5.0 (compatible; SemrushBot/7~bl; +http://www.semrush.com/bot.html)"
85.208.96.207 - - [10/Sep/2026:15:04:33 -0400] "GET /pickup/J1118451 HTTP/1.1" 404 122819 "-" "Mozilla/5.0 (compatible; SemrushBot/7~bl; +http://www.semrush.com/bot.html)"
85.208.96.198 - - [10/Sep/2026:15:04:35 -0400] "GET /pickup/M297920 HTTP/1.1" 404 122819 "-" "Mozilla/5.0 (compatible; SemrushBot/7~bl; +http://www.semrush.com/bot.html)"
85.208.96.197 - - [10/Sep/2026:15:04:37 -0400] "GET /pickup/G600060 HTTP/1.1" 404 122819 "-" "Mozilla/5.0 (compatible; SemrushBot/7~bl; +http://www.semrush.com/bot.html)"
85.208.96.193 - - [10/Sep/2026:15:04:39 -0400] "GET /pickup/P2379821 HTTP/1.1" 404 122819 "-" "Mozilla/5.0 (compatible; SemrushBot/7~bl; +http://www.semrush.com/bot.html)"
185.191.171.12 - - [10/Sep/2026:15:04:41 -0400] "GET /pickup/U1140198 HTTP/1.1" 404 122819 "-" "Mozilla/5.0 (compatible; SemrushBot/7~bl; +http://www.semrush.com/bot.html)"
85.208.96.207 - - [10/Sep/2026:15:04:42 -0400] "GET /pickup/N2020733 HTTP/1.1" 404 122819 "-" "Mozilla/5.0 (compatible; SemrushBot/7~bl; +http://www.semrush.com/bot.html)"
85.208.96.204 - - [10/Sep/2026:15:04:44 -0400] "GET /pickup/K1072978 HTTP/1.1" 404 122819 "-" "Mozilla/5.0 (compatible; SemrushBot/7~bl; +http://www.semrush.com/bot.html)"
185.191.171.10 - - [10/Sep/2026:15:04:46 -0400] "GET /pickup/J2138717 HTTP/1.1" 404 122819 "-" "Mozilla/5.0 (compatible; SemrushBot/7~bl; +http://www.semrush.com/bot.html)"
185.191.171.9 - - [10/Sep/2026:15:04:48 -0400] "GET /pickup/I520918 HTTP/1.1" 404 122819 "-" "Mozilla/5.0 (compatible; SemrushBot/7~bl; +http://www.semrush.com/bot.html)"
185.191.171.8 - - [10/Sep/2026:15:04:50 -0400] "GET /pickup/O1723684 HTTP/1.1" 404 122819 "-" "Mozilla/5.0 (compatible; SemrushBot/7~bl; +http://www.semrush.com/bot.html)"
85.208.96.197 - - [10/Sep/2026:15:04:52 -0400] "GET /pickup/I906446 HTTP/1.1" 404 122819 "-" "Mozilla/5.0 (compatible; SemrushBot/7~bl; +http://www.semrush.com/bot.html)"
85.208.96.203 - - [10/Sep/2026:15:04:53 -0400] "GET /pickup/P717251 HTTP/1.1" 404 122819 "-" "Mozilla/5.0 (compatible; SemrushBot/7~bl; +http://www.semrush.com/bot.html)"
185.191.171.10 - - [10/Sep/2026:15:04:55 -0400] "GET /pickup/U215456 HTTP/1.1" 404 122819 "-" "Mozilla/5.0 (compatible; SemrushBot/7~bl; +http://www.semrush.com/bot.html)"
85.208.96.197 - - [10/Sep/2026:15:04:57 -0400] "GET /pickup/D1604931 HTTP/1.1" 404 122819 "-" "Mozilla/5.0 (compatible; SemrushBot/7~bl; +http://www.semrush.com/bot.html)"
85.208.96.193 - - [10/Sep/2026:15:04:59 -0400] "GET /pickup/R303619 HTTP/1.1" 404 122819 "-" "Mozilla/5.0 (compatible; SemrushBot/7~bl; +http://www.semrush.com/bot.html)"
85.208.96.197 - - [10/Sep/2026:15:05:01 -0400] "GET /pickup/H1932873 HTTP/1.1" 404 122819 "-" "Mozilla/5.0 (compatible; SemrushBot/7~bl; +http://www.semrush.com/bot.html)"
185.191.171.11 - - [10/Sep/2026:15:05:03 -0400] "GET /pickup/H923215 HTTP/1.1" 404 122819 "-" "Mozilla/5.0 (compatible; SemrushBot/7~bl; +http://www.semrush.com/bot.html)"
185.191.171.8 - - [10/Sep/2026:15:05:05 -0400] "GET /pickup/I1734780 HTTP/1.1" 404 122819 "-" "Mozilla/5.0 (compatible; SemrushBot/7~bl; +http://www.semrush.com/bot.html)"
85.208.96.200 - - [10/Sep/2026:15:05:07 -0400] "GET /pickup/K2158218 HTTP/1.1" 404 122819 "-" "Mozilla/5.0 (compatible; SemrushBot/7~bl; +http://www.semrush.com/bot.html)"
85.208.96.207 - - [10/Sep/2026:15:05:09 -0400] "GET /pickup/I773664 HTTP/1.1" 404 122819 "-" "Mozilla/5.0 (compatible; SemrushBot/7~bl; +http://www.semrush.com/bot.html)"
85.208.96.209 - - [10/Sep/2026:15:05:10 -0400] "GET /pickup/H424509 HTTP/1.1" 404 122819 "-" "Mozilla/5.0 (compatible; SemrushBot/7~bl; +http://www.semrush.com/bot.html)"
85.208.96.212 - - [10/Sep/2026:15:05:12 -0400] "GET /pickup/T1895757 HTTP/1.1" 404 122819 "-" "Mozilla/5.0 (compatible; SemrushBot/7~bl; +http://www.semrush.com/bot.html)"
85.208.96.203 - - [10/Sep/2026:15:05:14 -0400] "GET /pickup/I1396000 HTTP/1.1" 404 122819 "-" "Mozilla/5.0 (compatible; SemrushBot/7~bl; +http://www.semrush.com/bot.html)"
85.208.96.193 - - [10/Sep/2026:15:05:16 -0400] "GET /pickup/J2289361 HTTP/1.1" 404 122819 "-" "Mozilla/5.0 (compatible; SemrushBot/7~bl; +http://www.semrush.com/bot.html)"
185.191.171.10 - - [10/Sep/2026:15:05:18 -0400] "GET /pickup/L1658837 HTTP/1.1" 404 122819 "-" "Mozilla/5.0 (compatible; SemrushBot/7~bl; +http://www.semrush.com/bot.html)"
85.208.96.207 - - [10/Sep/2026:15:05:20 -0400] "GET /pickup/Y2273360 HTTP/1.1" 404 122819 "-" "Mozilla/5.0 (compatible; SemrushBot/7~bl; +http://www.semrush.com/bot.html)"
85.208.96.203 - - [10/Sep/2026:15:05:21 -0400] "GET /pickup/E231846 HTTP/1.1" 404 122819 "-" "Mozilla/5.0 (compatible; SemrushBot/7~bl; +http://www.semrush.com/bot.html)"
85.208.96.196 - - [10/Sep/2026:15:05:23 -0400] "GET /pickup/I338320 HTTP/1.1" 404 122819 "-" "Mozilla/5.0 (compatible; SemrushBot/7~bl; +http://www.semrush.com/bot.html)"
85.208.96.193 - - [10/Sep/2026:15:05:25 -0400] "GET /pickup/S980322 HTTP/1.1" 404 122819 "-" "Mozilla/5.0 (compatible; SemrushBot/7~bl; +http://www.semrush.com/bot.html)"
199.250.222.155 - - [10/Sep/2026:15:05:28 -0400] "POST /wp-cron.php?doing_wp_cron=1789067128.2139570713043212890625 HTTP/1.1" 200 - "-" "WordPress/7.1; https://heredit.mx"
85.208.96.196 - - [10/Sep/2026:15:05:27 -0400] "GET /pickup/U109090 HTTP/1.1" 404 122819 "-" "Mozilla/5.0 (compatible; SemrushBot/7~bl; +http://www.semrush.com/bot.html)"
85.208.96.207 - - [10/Sep/2026:15:05:29 -0400] "GET /pickup/G1205080 HTTP/1.1" 404 122819 "-" "Mozilla/5.0 (compatible; SemrushBot/7~bl; +http://www.semrush.com/bot.html)"
185.191.171.14 - - [10/Sep/2026:15:05:31 -0400] "GET /pickup/S1615996 HTTP/1.1" 404 122819 "-" "Mozilla/5.0 (compatible; SemrushBot/7~bl; +http://www.semrush.com/bot.html)"
185.191.171.6 - - [10/Sep/2026:15:05:32 -0400] "GET /pickup/J415099 HTTP/1.1" 404 122819 "-" "Mozilla/5.0 (compatible; SemrushBot/7~bl; +http://www.semrush.com/bot.html)"
85.208.96.208 - - [10/Sep/2026:15:05:34 -0400] "GET /pickup/K1653662 HTTP/1.1" 404 122819 "-" "Mozilla/5.0 (compatible; SemrushBot/7~bl; +http://www.semrush.com/bot.html)"
85.208.96.209 - - [10/Sep/2026:15:05:36 -0400] "GET /pickup/L1464539 HTTP/1.1" 404 122819 "-" "Mozilla/5.0 (compatible; SemrushBot/7~bl; +http://www.semrush.com/bot.html)"
85.208.96.198 - - [10/Sep/2026:15:05:38 -0400] "GET /pickup/L1514069 HTTP/1.1" 404 122819 "-" "Mozilla/5.0 (compatible; SemrushBot/7~bl; +http://www.semrush.com/bot.html)"
85.208.96.207 - - [10/Sep/2026:15:05:40 -0400] "GET /pickup/N1833793 HTTP/1.1" 404 122819 "-" "Mozilla/5.0 (compatible; SemrushBot/7~bl; +http://www.semrush.com/bot.html)"
85.208.96.208 - - [10/Sep/2026:15:05:41 -0400] "GET /pickup/S939086 HTTP/1.1" 404 122819 "-" "Mozilla/5.0 (compatible; SemrushBot/7~bl; +http://www.semrush.com/bot.html)"
185.191.171.2 - - [10/Sep/2026:15:05:43 -0400] "GET /pickup/V455307 HTTP/1.1" 404 122819 "-" "Mozilla/5.0 (compatible; SemrushBot/7~bl; +http://www.semrush.com/bot.html)"
85.208.96.200 - - [10/Sep/2026:15:05:45 -0400] "GET /pickup/M2321396 HTTP/1.1" 404 122819 "-" "Mozilla/5.0 (compatible; SemrushBot/7~bl; +http://www.semrush.com/bot.html)"
185.191.171.19 - - [10/Sep/2026:15:05:47 -0400] "GET /pickup/O1434980 HTTP/1.1" 404 122819 "-" "Mozilla/5.0 (compatible; SemrushBot/7~bl; +http://www.semrush.com/bot.html)"
185.191.171.18 - - [10/Sep/2026:15:05:49 -0400] "GET /pickup/M1844972 HTTP/1.1" 404 122819 "-" "Mozilla/5.0 (compatible; SemrushBot/7~bl; +http://www.semrush.com/bot.html)"
85.208.96.201 - - [10/Sep/2026:15:05:51 -0400] "GET /pickup/Q1461450 HTTP/1.1" 404 122819 "-" "Mozilla/5.0 (compatible; SemrushBot/7~bl; +http://www.semrush.com/bot.html)"
85.208.96.210 - - [10/Sep/2026:15:05:52 -0400] "GET /pickup/H1466121 HTTP/1.1" 404 122819 "-" "Mozilla/5.0 (compatible; SemrushBot/7~bl; +http://www.semrush.com/bot.html)"
85.208.96.194 - - [10/Sep/2026:15:05:54 -0400] "GET /pickup/I2132476 HTTP/1.1" 404 122819 "-" "Mozilla/5.0 (compatible; SemrushBot/7~bl; +http://www.semrush.com/bot.html)"
185.191.171.19 - - [10/Sep/2026:15:05:56 -0400] "GET /pickup/H1410299 HTTP/1.1" 404 122819 "-" "Mozilla/5.0 (compatible; SemrushBot/7~bl; +http://www.semrush.com/bot.html)"
85.208.96.200 - - [10/Sep/2026:15:05:58 -0400] "GET /pickup/T1335223 HTTP/1.1" 404 122819 "-" "Mozilla/5.0 (compatible; SemrushBot/7~bl; +http://www.semrush.com/bot.html)"
199.250.222.155 - - [10/Sep/2026:15:06:48 -0400] "POST /wp-cron.php?doing_wp_cron=1789067208.2490999698638916015625 HTTP/1.1" 200 - "-" "WordPress/7.1; https://heredit.mx"
85.208.96.207 - - [10/Sep/2026:15:06:47 -0400] "GET /robots.txt HTTP/1.1" 200 267 "-" "Mozilla/5.0 (compatible; SemrushBot/7~bl; +http://www.semrush.com/bot.html)"
185.191.171.16 - - [10/Sep/2026:15:06:48 -0400] "GET /pickup/R289085 HTTP/1.1" 404 122819 "-" "Mozilla/5.0 (compatible; SemrushBot/7~bl; +http://www.semrush.com/bot.html)"
185.191.171.15 - - [10/Sep/2026:15:06:50 -0400] "GET /pickup/K1609670 HTTP/1.1" 404 122819 "-" "Mozilla/5.0 (compatible; SemrushBot/7~bl; +http://www.semrush.com/bot.html)"
185.191.171.16 - - [10/Sep/2026:15:07:14 -0400] "GET /pickup/P882975 HTTP/1.1" 404 122819 "-" "Mozilla/5.0 (compatible; SemrushBot/7~bl; +http://www.semrush.com/bot.html)"
199.250.222.155 - - [10/Sep/2026:15:07:46 -0400] "POST /wp-cron.php?doing_wp_cron=1789067266.2115468978881835937500 HTTP/1.1" 200 - "-" "WordPress/7.1; https://heredit.mx"
85.208.96.206 - - [10/Sep/2026:15:07:45 -0400] "GET /pickup/Q175230 HTTP/1.1" 404 122819 "-" "Mozilla/5.0 (compatible; SemrushBot/7~bl; +http://www.semrush.com/bot.html)"
2.63.181.192 - - [10/Sep/2026:15:08:15 -0400] "GET http://heredit.mx/?a=4-813-1 HTTP/1.1" 406 300 "-" "Mozilla/5.0 (Macintosh; Intel Mac OS X 10_15_7) AppleWebKit/537.36 (KHTML, like Gecko) Chrome/131.0.0.0 Safari/537.36"
91.245.205.199 - - [10/Sep/2026:15:08:15 -0400] "GET http://heredit.mx/?a=4-813-1 HTTP/1.1" 406 300 "-" "Mozilla/5.0 (Windows NT 10.0; Win64; x64) AppleWebKit/537.36 (KHTML, like Gecko) Chrome/116.0.0.0 Safari/537.36"
45.70.36.51 - - [10/Sep/2026:15:08:17 -0400] "GET http://heredit.mx/?a=4-813-1 HTTP/1.1" 406 300 "-" "Mozilla/5.0 (Windows NT 10.0; Win64; x64) AppleWebKit/537.36 (KHTML, like Gecko) Chrome/110.0.0.0 Safari/537.36"
85.208.96.206 - - [10/Sep/2026:15:09:07 -0400] "GET /pickup/O2322880 HTTP/1.1" 404 122819 "-" "Mozilla/5.0 (compatible; SemrushBot/7~bl; +http://www.semrush.com/bot.html)"
199.250.222.155 - - [10/Sep/2026:15:09:37 -0400] "POST /wp-cron.php?doing_wp_cron=1789067377.9014079570770263671875 HTTP/1.1" 200 - "-" "WordPress/7.1; https://heredit.mx"
185.191.171.6 - - [10/Sep/2026:15:09:37 -0400] "GET /pickup/J827901 HTTP/1.1" 404 122819 "-" "Mozilla/5.0 (compatible; SemrushBot/7~bl; +http://www.semrush.com/bot.html)"
185.191.171.6 - - [10/Sep/2026:15:10:20 -0400] "GET /pickup/K779698 HTTP/1.1" 404 122819 "-" "Mozilla/5.0 (compatible; SemrushBot/7~bl; +http://www.semrush.com/bot.html)"
199.250.222.155 - - [10/Sep/2026:15:11:24 -0400] "POST /wp-cron.php?doing_wp_cron=1789067484.3277180194854736328125 HTTP/1.1" 200 - "-" "WordPress/7.1; https://heredit.mx"
185.191.171.14 - - [10/Sep/2026:15:11:23 -0400] "GET /pickup/I215210 HTTP/1.1" 404 122819 "-" "Mozilla/5.0 (compatible; SemrushBot/7~bl; +http://www.semrush.com/bot.html)"
199.250.222.155 - - [10/Sep/2026:15:11:31 -0400] "POST /wp-cron.php?doing_wp_cron=1789067491.4970259666442871093750 HTTP/1.1" 200 - "-" "WordPress/7.1; https://heredit.mx"
185.191.171.7 - - [10/Sep/2026:15:11:30 -0400] "GET /pickup/S1732918 HTTP/1.1" 404 122819 "-" "Mozilla/5.0 (compatible; SemrushBot/7~bl; +http://www.semrush.com/bot.html)"
185.191.171.19 - - [10/Sep/2026:15:11:33 -0400] "GET /pickup/O2228214 HTTP/1.1" 404 122819 "-" "Mozilla/5.0 (compatible; SemrushBot/7~bl; +http://www.semrush.com/bot.html)"
85.208.96.212 - - [10/Sep/2026:15:12:16 -0400] "GET /pickup/G430176 HTTP/1.1" 404 122819 "-" "Mozilla/5.0 (compatible; SemrushBot/7~bl; +http://www.semrush.com/bot.html)"
185.191.171.5 - - [10/Sep/2026:15:12:26 -0400] "GET /pickup/I1499246 HTTP/1.1" 404 122819 "-" "Mozilla/5.0 (compatible; SemrushBot/7~bl; +http://www.semrush.com/bot.html)"
199.250.222.155 - - [10/Sep/2026:15:13:12 -0400] "POST /wp-cron.php?doing_wp_cron=1789067592.7637898921966552734375 HTTP/1.1" 200 - "-" "WordPress/7.1; https://heredit.mx"
185.191.171.15 - - [10/Sep/2026:15:13:11 -0400] "GET /pickup/K1567498 HTTP/1.1" 404 122819 "-" "Mozilla/5.0 (compatible; SemrushBot/7~bl; +http://www.semrush.com/bot.html)"
45.248.151.29 - - [10/Sep/2026:15:13:24 -0400] "GET http://heredit.mx/mah.php?igyqobgrld560723= HTTP/1.1" 406 300 "-" "Mozilla/5.0 (Macintosh; Intel Mac OS X 10_15_7) AppleWebKit/537.36 (KHTML, like Gecko) Chrome/124.0.0.0 Safari/537.36"
86.124.206.56 - - [10/Sep/2026:15:13:25 -0400] "GET http://heredit.mx/mah.php?igyqobgrld560723= HTTP/1.1" 406 300 "-" "Mozilla/5.0 (Windows NT 10.0; Win64; x64) AppleWebKit/537.36 (KHTML, like Gecko) Chrome/101.0.4951.67 Safari/537.36"
149.200.225.55 - - [10/Sep/2026:15:13:27 -0400] "GET http://heredit.mx/mah.php?igyqobgrld560723= HTTP/1.1" 406 300 "-" "Mozilla/5.0 (Macintosh; Intel Mac OS X 10_15_7) AppleWebKit/537.36 (KHTML, like Gecko) Chrome/120.0.0.0 Safari/537.36"
199.250.222.155 - - [10/Sep/2026:15:13:58 -0400] "POST /wp-cron.php?doing_wp_cron=1789067638.8923289775848388671875 HTTP/1.1" 200 - "-" "WordPress/7.1; https://heredit.mx"
85.208.96.208 - - [10/Sep/2026:15:13:58 -0400] "GET /pickup/H2368815 HTTP/1.1" 404 122819 "-" "Mozilla/5.0 (compatible; SemrushBot/7~bl; +http://www.semrush.com/bot.html)"
114.119.128.40 - - [10/Sep/2026:15:14:02 -0400] "GET /robots.txt HTTP/1.1" 200 267 "http://heredit.mx/robots.txt" "Mozilla/5.0 (compatible;PetalBot;+https://webmaster.petalsearch.com/site/petalbot)"
199.250.222.155 - - [10/Sep/2026:15:15:43 -0400] "POST /wp-cron.php?doing_wp_cron=1789067743.9622220993041992187500 HTTP/1.1" 200 - "-" "WordPress/7.1; https://heredit.mx"
66.249.68.194 - - [10/Sep/2026:15:15:43 -0400] "GET /?a=80-pcs-boujee-pink-photo-collage-kit-hot-pink-cc-3G4ZQvCV HTTP/1.1" 301 - "-" "Mozilla/5.0 (Linux; Android 6.0.1; Nexus 5X Build/MMB29P) AppleWebKit/537.36 (KHTML, like Gecko) Chrome/153.0.8010.36 Mobile Safari/537.36 (compatible; GoogleOther)"
