185.191.171.7 - - [10/Sep/2026:18:59:28 -0400] "GET /pickup/M1301702 HTTP/1.1" 404 122819 "-" "Mozilla/5.0 (compatible; SemrushBot/7~bl; +http://www.semrush.com/bot.html)"
185.191.171.6 - - [10/Sep/2026:19:00:07 -0400] "GET /pickup/J1371951 HTTP/1.1" 404 122819 "-" "Mozilla/5.0 (compatible; SemrushBot/7~bl; +http://www.semrush.com/bot.html)"
40.77.167.38 - - [10/Sep/2026:19:00:23 -0400] "GET /?a=morganite-13mm-trillion-mg618-cc-ZD4Jpzcv HTTP/1.1" 301 - "-" "Mozilla/5.0 AppleWebKit/537.36 (KHTML, like Gecko; compatible; bingbot/2.0; +http://www.bing.com/bingbot.htm) Chrome/116.0.1938.76 Safari/537.36"
85.208.96.197 - - [10/Sep/2026:19:00:45 -0400] "GET /pickup/S2230844 HTTP/1.1" 404 122819 "-" "Mozilla/5.0 (compatible; SemrushBot/7~bl; +http://www.semrush.com/bot.html)"
66.249.68.193 - - [10/Sep/2026:19:00:48 -0400] "GET /?angellike=18&Zfxuc7C2fP=389362 HTTP/1.1" 301 - "-" "Mozilla/5.0 (Linux; Android 6.0.1; Nexus 5X Build/MMB29P) AppleWebKit/537.36 (KHTML, like Gecko) Chrome/153.0.8010.36 Mobile Safari/537.36 (compatible; Googlebot/2.1; +http://www.google.com/bot.html)"
185.191.171.12 - - [10/Sep/2026:19:00:57 -0400] "GET /pickup/K861208 HTTP/1.1" 404 122819 "-" "Mozilla/5.0 (compatible; SemrushBot/7~bl; +http://www.semrush.com/bot.html)"
185.191.171.16 - - [10/Sep/2026:19:00:59 -0400] "GET /pickup/H1573423 HTTP/1.1" 404 122819 "-" "Mozilla/5.0 (compatible; SemrushBot/7~bl; +http://www.semrush.com/bot.html)"
66.249.68.192 - - [10/Sep/2026:19:02:04 -0400] "GET /?choroiditis=69674&vZHYr=68872 HTTP/1.1" 301 - "-" "Mozilla/5.0 (Linux; Android 6.0.1; Nexus 5X Build/MMB29P) AppleWebKit/537.36 (KHTML, like Gecko) Chrome/153.0.8010.36 Mobile Safari/537.36 (compatible; Googlebot/2.1; +http://www.google.com/bot.html)"
199.250.222.155 - - [10/Sep/2026:19:04:52 -0400] "POST /wp-cron.php?doing_wp_cron=1789081492.1396090984344482421875 HTTP/1.1" 200 - "-" "WordPress/7.1; https://heredit.mx"
185.191.171.3 - - [10/Sep/2026:19:04:51 -0400] "GET /pickup/J2363305 HTTP/1.1" 404 122819 "-" "Mozilla/5.0 (compatible; SemrushBot/7~bl; +http://www.semrush.com/bot.html)"
85.208.96.201 - - [10/Sep/2026:19:05:16 -0400] "GET /pickup/T2226711 HTTP/1.1" 404 122819 "-" "Mozilla/5.0 (compatible; SemrushBot/7~bl; +http://www.semrush.com/bot.html)"
199.250.222.155 - - [10/Sep/2026:19:07:39 -0400] "POST /wp-cron.php?doing_wp_cron=1789081659.2365140914916992187500 HTTP/1.1" 200 - "-" "WordPress/7.1; https://heredit.mx"
85.208.96.195 - - [10/Sep/2026:19:07:38 -0400] "GET /pickup/T1871421 HTTP/1.1" 404 122819 "-" "Mozilla/5.0 (compatible; SemrushBot/7~bl; +http://www.semrush.com/bot.html)"
185.191.171.9 - - [10/Sep/2026:19:07:40 -0400] "GET /pickup/N976833 HTTP/1.1" 404 122819 "-" "Mozilla/5.0 (compatible; SemrushBot/7~bl; +http://www.semrush.com/bot.html)"
199.250.222.155 - - [10/Sep/2026:19:08:44 -0400] "POST /wp-cron.php?doing_wp_cron=1789081724.3485069274902343750000 HTTP/1.1" 200 - "-" "WordPress/7.1; https://heredit.mx"
85.208.96.193 - - [10/Sep/2026:19:08:43 -0400] "GET /robots.txt HTTP/1.1" 200 267 "-" "Mozilla/5.0 (compatible; SemrushBot/7~bl; +http://www.semrush.com/bot.html)"
85.208.96.201 - - [10/Sep/2026:19:08:44 -0400] "GET /pickup/K1700150 HTTP/1.1" 404 122819 "-" "Mozilla/5.0 (compatible; SemrushBot/7~bl; +http://www.semrush.com/bot.html)"
185.191.171.9 - - [10/Sep/2026:19:08:52 -0400] "GET /pickup/R1384907 HTTP/1.1" 404 122819 "-" "Mozilla/5.0 (compatible; SemrushBot/7~bl; +http://www.semrush.com/bot.html)"
85.208.96.194 - - [10/Sep/2026:19:09:04 -0400] "GET /pickup/G1485126 HTTP/1.1" 404 122819 "-" "Mozilla/5.0 (compatible; SemrushBot/7~bl; +http://www.semrush.com/bot.html)"
199.250.222.155 - - [10/Sep/2026:19:10:03 -0400] "POST /wp-cron.php?doing_wp_cron=1789081803.2363059520721435546875 HTTP/1.1" 200 - "-" "WordPress/7.1; https://heredit.mx"
185.191.171.4 - - [10/Sep/2026:19:10:00 -0400] "GET /pickup/L379949 HTTP/1.1" 404 122819 "-" "Mozilla/5.0 (compatible; SemrushBot/7~bl; +http://www.semrush.com/bot.html)"
199.250.222.155 - - [10/Sep/2026:19:10:31 -0400] "POST /wp-cron.php?doing_wp_cron=1789081831.1548230648040771484375 HTTP/1.1" 200 - "-" "WordPress/7.1; https://heredit.mx"
85.208.96.199 - - [10/Sep/2026:19:10:30 -0400] "GET /pickup/S1849554 HTTP/1.1" 404 122819 "-" "Mozilla/5.0 (compatible; SemrushBot/7~bl; +http://www.semrush.com/bot.html)"
185.191.171.18 - - [10/Sep/2026:19:10:38 -0400] "GET /pickup/W2143956 HTTP/1.1" 404 122819 "-" "Mozilla/5.0 (compatible; SemrushBot/7~bl; +http://www.semrush.com/bot.html)"
185.191.171.10 - - [10/Sep/2026:19:11:16 -0400] "GET /pickup/T2146397 HTTP/1.1" 404 122819 "-" "Mozilla/5.0 (compatible; SemrushBot/7~bl; +http://www.semrush.com/bot.html)"
199.250.222.155 - - [10/Sep/2026:19:11:33 -0400] "POST /wp-cron.php?doing_wp_cron=1789081893.2568020820617675781250 HTTP/1.1" 200 - "-" "WordPress/7.1; https://heredit.mx"
185.191.171.10 - - [10/Sep/2026:19:11:32 -0400] "GET /pickup/V1057649 HTTP/1.1" 404 122819 "-" "Mozilla/5.0 (compatible; SemrushBot/7~bl; +http://www.semrush.com/bot.html)"
85.208.96.198 - - [10/Sep/2026:19:11:45 -0400] "GET /pickup/U1649668 HTTP/1.1" 404 122819 "-" "Mozilla/5.0 (compatible; SemrushBot/7~bl; +http://www.semrush.com/bot.html)"
85.208.96.211 - - [10/Sep/2026:19:11:49 -0400] "GET /pickup/R501531 HTTP/1.1" 404 122819 "-" "Mozilla/5.0 (compatible; SemrushBot/7~bl; +http://www.semrush.com/bot.html)"
52.167.144.25 - - [10/Sep/2026:19:12:13 -0400] "GET /?a=harlen-castillo-phone-number-address-age-contact-info-public-cc-eZRpqMuQ HTTP/1.1" 301 - "-" "Mozilla/5.0 AppleWebKit/537.36 (KHTML, like Gecko; compatible; bingbot/2.0; +http://www.bing.com/bingbot.htm) Chrome/116.0.1938.76 Safari/537.36"
199.250.222.155 - - [10/Sep/2026:19:12:32 -0400] "POST /wp-cron.php?doing_wp_cron=1789081952.9069540500640869140625 HTTP/1.1" 200 - "-" "WordPress/7.1; https://heredit.mx"
185.191.171.17 - - [10/Sep/2026:19:12:32 -0400] "GET /pickup/S891038 HTTP/1.1" 404 122819 "-" "Mozilla/5.0 (compatible; SemrushBot/7~bl; +http://www.semrush.com/bot.html)"
85.208.96.195 - - [10/Sep/2026:19:13:07 -0400] "GET /pickup/I1173752 HTTP/1.1" 404 122819 "-" "Mozilla/5.0 (compatible; SemrushBot/7~bl; +http://www.semrush.com/bot.html)"
85.208.96.209 - - [10/Sep/2026:19:13:10 -0400] "GET /pickup/N996697 HTTP/1.1" 404 122819 "-" "Mozilla/5.0 (compatible; SemrushBot/7~bl; +http://www.semrush.com/bot.html)"
199.250.222.155 - - [10/Sep/2026:19:14:57 -0400] "POST /wp-cron.php?doing_wp_cron=1789082097.5748379230499267578125 HTTP/1.1" 200 - "-" "WordPress/7.1; https://heredit.mx"
85.208.96.208 - - [10/Sep/2026:19:14:57 -0400] "GET /pickup/M2228966 HTTP/1.1" 404 122819 "-" "Mozilla/5.0 (compatible; SemrushBot/7~bl; +http://www.semrush.com/bot.html)"
185.191.171.5 - - [10/Sep/2026:19:15:19 -0400] "GET /pickup/X1364165 HTTP/1.1" 404 122819 "-" "Mozilla/5.0 (compatible; SemrushBot/7~bl; +http://www.semrush.com/bot.html)"
199.250.222.155 - - [10/Sep/2026:19:17:12 -0400] "POST /wp-cron.php?doing_wp_cron=1789082232.3420550823211669921875 HTTP/1.1" 200 - "-" "WordPress/7.1; https://heredit.mx"
85.208.96.196 - - [10/Sep/2026:19:17:11 -0400] "GET /pickup/L732847 HTTP/1.1" 404 122819 "-" "Mozilla/5.0 (compatible; SemrushBot/7~bl; +http://www.semrush.com/bot.html)"
199.250.222.155 - - [10/Sep/2026:19:17:13 -0400] "POST /wp-cron.php?doing_wp_cron=1789082233.7666780948638916015625 HTTP/1.1" 200 - "-" "WordPress/7.1; https://heredit.mx"
85.208.96.194 - - [10/Sep/2026:19:17:13 -0400] "GET /pickup/H1674771 HTTP/1.1" 404 122819 "-" "Mozilla/5.0 (compatible; SemrushBot/7~bl; +http://www.semrush.com/bot.html)"
199.250.222.155 - - [10/Sep/2026:19:18:18 -0400] "POST /wp-cron.php?doing_wp_cron=1789082298.3976070880889892578125 HTTP/1.1" 200 - "-" "WordPress/7.1; https://heredit.mx"
85.208.96.205 - - [10/Sep/2026:19:18:18 -0400] "GET /pickup/I719974 HTTP/1.1" 404 122819 "-" "Mozilla/5.0 (compatible; SemrushBot/7~bl; +http://www.semrush.com/bot.html)"
199.250.222.155 - - [10/Sep/2026:19:19:00 -0400] "POST /wp-cron.php?doing_wp_cron=1789082340.4035670757293701171875 HTTP/1.1" 200 - "-" "WordPress/7.1; https://heredit.mx"
85.208.96.200 - - [10/Sep/2026:19:19:00 -0400] "GET /pickup/H240663 HTTP/1.1" 404 122819 "-" "Mozilla/5.0 (compatible; SemrushBot/7~bl; +http://www.semrush.com/bot.html)"
199.250.222.155 - - [10/Sep/2026:19:20:41 -0400] "POST /wp-cron.php?doing_wp_cron=1789082441.7206480503082275390625 HTTP/1.1" 200 - "-" "WordPress/7.1; https://heredit.mx"
85.208.96.209 - - [10/Sep/2026:19:20:41 -0400] "GET /pickup/H2017191 HTTP/1.1" 404 122819 "-" "Mozilla/5.0 (compatible; SemrushBot/7~bl; +http://www.semrush.com/bot.html)"
85.208.96.203 - - [10/Sep/2026:19:20:44 -0400] "GET /pickup/M201616 HTTP/1.1" 404 122819 "-" "Mozilla/5.0 (compatible; SemrushBot/7~bl; +http://www.semrush.com/bot.html)"
199.250.222.155 - - [10/Sep/2026:19:22:14 -0400] "POST /wp-cron.php?doing_wp_cron=1789082534.8129479885101318359375 HTTP/1.1" 200 - "-" "WordPress/7.1; https://heredit.mx"
185.191.171.1 - - [10/Sep/2026:19:22:14 -0400] "GET /pickup/P1197835 HTTP/1.1" 404 122819 "-" "Mozilla/5.0 (compatible; SemrushBot/7~bl; +http://www.semrush.com/bot.html)"
199.250.222.155 - - [10/Sep/2026:19:23:15 -0400] "POST /wp-cron.php?doing_wp_cron=1789082595.1355869770050048828125 HTTP/1.1" 200 - "-" "WordPress/7.1; https://heredit.mx"
185.191.171.12 - - [10/Sep/2026:19:23:14 -0400] "GET /pickup/I1848790 HTTP/1.1" 404 122819 "-" "Mozilla/5.0 (compatible; SemrushBot/7~bl; +http://www.semrush.com/bot.html)"
85.208.96.210 - - [10/Sep/2026:19:23:22 -0400] "GET /pickup/M1291302 HTTP/1.1" 404 122819 "-" "Mozilla/5.0 (compatible; SemrushBot/7~bl; +http://www.semrush.com/bot.html)"
199.250.222.155 - - [10/Sep/2026:19:24:17 -0400] "POST /wp-cron.php?doing_wp_cron=1789082657.6069409847259521484375 HTTP/1.1" 200 - "-" "WordPress/7.1; https://heredit.mx"
85.208.96.209 - - [10/Sep/2026:19:24:17 -0400] "GET /pickup/I1906900 HTTP/1.1" 404 122819 "-" "Mozilla/5.0 (compatible; SemrushBot/7~bl; +http://www.semrush.com/bot.html)"
185.191.171.7 - - [10/Sep/2026:19:24:41 -0400] "GET /pickup/Q2334400 HTTP/1.1" 404 122819 "-" "Mozilla/5.0 (compatible; SemrushBot/7~bl; +http://www.semrush.com/bot.html)"
85.208.96.194 - - [10/Sep/2026:19:24:51 -0400] "GET /pickup/M971684 HTTP/1.1" 404 122819 "-" "Mozilla/5.0 (compatible; SemrushBot/7~bl; +http://www.semrush.com/bot.html)"
199.250.222.155 - - [10/Sep/2026:19:25:53 -0400] "POST /wp-cron.php?doing_wp_cron=1789082753.3121941089630126953125 HTTP/1.1" 200 - "-" "WordPress/7.1; https://heredit.mx"
85.208.96.206 - - [10/Sep/2026:19:25:52 -0400] "GET /pickup/N2012985 HTTP/1.1" 404 122819 "-" "Mozilla/5.0 (compatible; SemrushBot/7~bl; +http://www.semrush.com/bot.html)"
199.250.222.155 - - [10/Sep/2026:19:26:40 -0400] "POST /wp-cron.php?doing_wp_cron=1789082800.7412300109863281250000 HTTP/1.1" 200 - "-" "WordPress/7.1; https://heredit.mx"
85.208.96.207 - - [10/Sep/2026:19:26:40 -0400] "GET /pickup/X23007 HTTP/1.1" 404 122819 "-" "Mozilla/5.0 (compatible; SemrushBot/7~bl; +http://www.semrush.com/bot.html)"
85.208.96.204 - - [10/Sep/2026:19:27:15 -0400] "GET /pickup/G2329216 HTTP/1.1" 404 122819 "-" "Mozilla/5.0 (compatible; SemrushBot/7~bl; +http://www.semrush.com/bot.html)"
85.208.96.193 - - [10/Sep/2026:19:27:17 -0400] "GET /pickup/R1166741 HTTP/1.1" 404 122819 "-" "Mozilla/5.0 (compatible; SemrushBot/7~bl; +http://www.semrush.com/bot.html)"
185.191.171.16 - - [10/Sep/2026:19:27:48 -0400] "GET /pickup/K679312 HTTP/1.1" 404 122819 "-" "Mozilla/5.0 (compatible; SemrushBot/7~bl; +http://www.semrush.com/bot.html)"
199.250.222.155 - - [10/Sep/2026:19:28:40 -0400] "POST /wp-cron.php?doing_wp_cron=1789082920.5082840919494628906250 HTTP/1.1" 200 - "-" "WordPress/7.1; https://heredit.mx"
85.208.96.208 - - [10/Sep/2026:19:28:40 -0400] "GET /pickup/H981039 HTTP/1.1" 404 122819 "-" "Mozilla/5.0 (compatible; SemrushBot/7~bl; +http://www.semrush.com/bot.html)"
85.208.96.208 - - [10/Sep/2026:19:29:09 -0400] "GET /pickup/K1707638 HTTP/1.1" 404 122819 "-" "Mozilla/5.0 (compatible; SemrushBot/7~bl; +http://www.semrush.com/bot.html)"
199.250.222.155 - - [10/Sep/2026:19:30:21 -0400] "POST /wp-cron.php?doing_wp_cron=1789083021.0445599555969238281250 HTTP/1.1" 200 - "-" "WordPress/7.1; https://heredit.mx"
85.208.96.212 - - [10/Sep/2026:19:30:20 -0400] "GET /pickup/L2149171 HTTP/1.1" 404 122819 "-" "Mozilla/5.0 (compatible; SemrushBot/7~bl; +http://www.semrush.com/bot.html)"
199.250.222.155 - - [10/Sep/2026:19:30:31 -0400] "POST /wp-cron.php?doing_wp_cron=1789083031.4210629463195800781250 HTTP/1.1" 200 - "-" "WordPress/7.1; https://heredit.mx"
85.208.96.206 - - [10/Sep/2026:19:30:31 -0400] "GET /pickup/P2250263 HTTP/1.1" 404 122819 "-" "Mozilla/5.0 (compatible; SemrushBot/7~bl; +http://www.semrush.com/bot.html)"
85.208.96.202 - - [10/Sep/2026:19:31:23 -0400] "GET /pickup/T28593 HTTP/1.1" 404 122819 "-" "Mozilla/5.0 (compatible; SemrushBot/7~bl; +http://www.semrush.com/bot.html)"
199.250.222.155 - - [10/Sep/2026:19:32:00 -0400] "POST /wp-cron.php?doing_wp_cron=1789083120.2192969322204589843750 HTTP/1.1" 200 - "-" "WordPress/7.1; https://heredit.mx"
85.208.96.198 - - [10/Sep/2026:19:31:59 -0400] "GET /pickup/T2379981 HTTP/1.1" 404 122819 "-" "Mozilla/5.0 (compatible; SemrushBot/7~bl; +http://www.semrush.com/bot.html)"
85.208.96.196 - - [10/Sep/2026:19:32:11 -0400] "GET /pickup/O748476 HTTP/1.1" 404 122819 "-" "Mozilla/5.0 (compatible; SemrushBot/7~bl; +http://www.semrush.com/bot.html)"
199.250.222.155 - - [10/Sep/2026:19:32:48 -0400] "POST /wp-cron.php?doing_wp_cron=1789083168.5914139747619628906250 HTTP/1.1" 200 - "-" "WordPress/7.1; https://heredit.mx"
185.191.171.16 - - [10/Sep/2026:19:32:48 -0400] "GET /pickup/K1578626 HTTP/1.1" 404 122819 "-" "Mozilla/5.0 (compatible; SemrushBot/7~bl; +http://www.semrush.com/bot.html)"
85.208.96.203 - - [10/Sep/2026:19:32:53 -0400] "GET /pickup/J2220903 HTTP/1.1" 404 122819 "-" "Mozilla/5.0 (compatible; SemrushBot/7~bl; +http://www.semrush.com/bot.html)"
85.208.96.209 - - [10/Sep/2026:19:33:06 -0400] "GET /pickup/T1434569 HTTP/1.1" 404 122819 "-" "Mozilla/5.0 (compatible; SemrushBot/7~bl; +http://www.semrush.com/bot.html)"
199.250.222.155 - - [10/Sep/2026:19:33:43 -0400] "POST /wp-cron.php?doing_wp_cron=1789083223.4714000225067138671875 HTTP/1.1" 200 - "-" "WordPress/7.1; https://heredit.mx"
185.191.171.17 - - [10/Sep/2026:19:33:43 -0400] "GET /pickup/T856667 HTTP/1.1" 404 122819 "-" "Mozilla/5.0 (compatible; SemrushBot/7~bl; +http://www.semrush.com/bot.html)"
199.250.222.155 - - [10/Sep/2026:19:33:58 -0400] "POST /wp-cron.php?doing_wp_cron=1789083238.5129110813140869140625 HTTP/1.1" 200 - "-" "WordPress/7.1; https://heredit.mx"
85.208.96.203 - - [10/Sep/2026:19:33:58 -0400] "GET /pickup/I907954 HTTP/1.1" 404 122819 "-" "Mozilla/5.0 (compatible; SemrushBot/7~bl; +http://www.semrush.com/bot.html)"
40.77.167.241 - - [10/Sep/2026:19:34:07 -0400] "GET /?w=bere-acqua-allevamento-contagioso-moto-honda-a-tre-ruote-pp-8ddKz5hB HTTP/1.1" 301 - "-" "Mozilla/5.0 AppleWebKit/537.36 (KHTML, like Gecko; compatible; bingbot/2.0; +http://www.bing.com/bingbot.htm) Chrome/116.0.1938.76 Safari/537.36"
40.77.167.68 - - [10/Sep/2026:19:34:17 -0400] "GET /?w=bere-acqua-allevamento-contagioso-moto-honda-a-tre-ruote-pp-8ddKz5hB HTTP/1.1" 200 112367 "-" "Mozilla/5.0 AppleWebKit/537.36 (KHTML, like Gecko; compatible; bingbot/2.0; +http://www.bing.com/bingbot.htm) Chrome/116.0.1938.76 Safari/537.36"
85.208.96.196 - - [10/Sep/2026:19:34:21 -0400] "GET /pickup/J849325 HTTP/1.1" 404 122819 "-" "Mozilla/5.0 (compatible; SemrushBot/7~bl; +http://www.semrush.com/bot.html)"
185.191.171.19 - - [10/Sep/2026:19:34:23 -0400] "GET /pickup/I114928 HTTP/1.1" 404 122819 "-" "Mozilla/5.0 (compatible; SemrushBot/7~bl; +http://www.semrush.com/bot.html)"
199.250.222.155 - - [10/Sep/2026:19:34:35 -0400] "POST /wp-cron.php?doing_wp_cron=1789083275.8773539066314697265625 HTTP/1.1" 200 - "-" "WordPress/7.1; https://heredit.mx"
85.208.96.204 - - [10/Sep/2026:19:34:35 -0400] "GET /pickup/I2177196 HTTP/1.1" 404 122819 "-" "Mozilla/5.0 (compatible; SemrushBot/7~bl; +http://www.semrush.com/bot.html)"
199.250.222.155 - - [10/Sep/2026:19:36:33 -0400] "POST /wp-cron.php?doing_wp_cron=1789083393.1877269744873046875000 HTTP/1.1" 200 - "-" "WordPress/7.1; https://heredit.mx"
85.208.96.204 - - [10/Sep/2026:19:36:32 -0400] "GET /pickup/G286890 HTTP/1.1" 404 122819 "-" "Mozilla/5.0 (compatible; SemrushBot/7~bl; +http://www.semrush.com/bot.html)"
85.208.96.197 - - [10/Sep/2026:19:36:53 -0400] "GET /pickup/D158577 HTTP/1.1" 404 122819 "-" "Mozilla/5.0 (compatible; SemrushBot/7~bl; +http://www.semrush.com/bot.html)"
185.191.171.13 - - [10/Sep/2026:19:37:12 -0400] "GET /pickup/M584830 HTTP/1.1" 404 122819 "-" "Mozilla/5.0 (compatible; SemrushBot/7~bl; +http://www.semrush.com/bot.html)"
199.250.222.155 - - [10/Sep/2026:19:37:33 -0400] "POST /wp-cron.php?doing_wp_cron=1789083453.3567659854888916015625 HTTP/1.1" 200 - "-" "WordPress/7.1; https://heredit.mx"
185.191.171.15 - - [10/Sep/2026:19:37:33 -0400] "GET /pickup/O1475332 HTTP/1.1" 404 122819 "-" "Mozilla/5.0 (compatible; SemrushBot/7~bl; +http://www.semrush.com/bot.html)"
85.208.96.205 - - [10/Sep/2026:19:37:48 -0400] "GET /pickup/K170570 HTTP/1.1" 404 122819 "-" "Mozilla/5.0 (compatible; SemrushBot/7~bl; +http://www.semrush.com/bot.html)"
199.250.222.155 - - [10/Sep/2026:19:40:45 -0400] "POST /wp-cron.php?doing_wp_cron=1789083645.6992979049682617187500 HTTP/1.1" 200 - "-" "WordPress/7.1; https://heredit.mx"
185.191.171.15 - - [10/Sep/2026:19:40:45 -0400] "GET /pickup/I1279858 HTTP/1.1" 404 122819 "-" "Mozilla/5.0 (compatible; SemrushBot/7~bl; +http://www.semrush.com/bot.html)"
85.208.96.199 - - [10/Sep/2026:19:40:54 -0400] "GET /pickup/L1652129 HTTP/1.1" 404 122819 "-" "Mozilla/5.0 (compatible; SemrushBot/7~bl; +http://www.semrush.com/bot.html)"
85.208.96.209 - - [10/Sep/2026:19:41:20 -0400] "GET /pickup/J264793 HTTP/1.1" 404 122819 "-" "Mozilla/5.0 (compatible; SemrushBot/7~bl; +http://www.semrush.com/bot.html)"
199.250.222.155 - - [10/Sep/2026:19:41:32 -0400] "POST /wp-cron.php?doing_wp_cron=1789083692.8762199878692626953125 HTTP/1.1" 200 - "-" "WordPress/7.1; https://heredit.mx"
85.208.96.209 - - [10/Sep/2026:19:41:32 -0400] "GET /pickup/J44157 HTTP/1.1" 404 122819 "-" "Mozilla/5.0 (compatible; SemrushBot/7~bl; +http://www.semrush.com/bot.html)"
85.208.96.209 - - [10/Sep/2026:19:41:50 -0400] "GET /pickup/V2121569 HTTP/1.1" 404 122819 "-" "Mozilla/5.0 (compatible; SemrushBot/7~bl; +http://www.semrush.com/bot.html)"
199.250.222.155 - - [10/Sep/2026:19:42:43 -0400] "POST /wp-cron.php?doing_wp_cron=1789083763.1121621131896972656250 HTTP/1.1" 200 - "-" "WordPress/7.1; https://heredit.mx"
185.191.171.18 - - [10/Sep/2026:19:42:42 -0400] "GET /pickup/W1403814 HTTP/1.1" 404 122819 "-" "Mozilla/5.0 (compatible; SemrushBot/7~bl; +http://www.semrush.com/bot.html)"
85.208.96.193 - - [10/Sep/2026:19:43:18 -0400] "GET /pickup/H1671235 HTTP/1.1" 404 122819 "-" "Mozilla/5.0 (compatible; SemrushBot/7~bl; +http://www.semrush.com/bot.html)"
199.250.222.155 - - [10/Sep/2026:19:43:33 -0400] "POST /wp-cron.php?doing_wp_cron=1789083813.4779500961303710937500 HTTP/1.1" 200 - "-" "WordPress/7.1; https://heredit.mx"
85.208.96.209 - - [10/Sep/2026:19:43:33 -0400] "GET /pickup/M1620670 HTTP/1.1" 404 122819 "-" "Mozilla/5.0 (compatible; SemrushBot/7~bl; +http://www.semrush.com/bot.html)"
199.250.222.155 - - [10/Sep/2026:19:44:53 -0400] "POST /wp-cron.php?doing_wp_cron=1789083893.5017039775848388671875 HTTP/1.1" 200 - "-" "WordPress/7.1; https://heredit.mx"
85.208.96.212 - - [10/Sep/2026:19:44:53 -0400] "GET /pickup/H404333 HTTP/1.1" 404 122819 "-" "Mozilla/5.0 (compatible; SemrushBot/7~bl; +http://www.semrush.com/bot.html)"
199.250.222.155 - - [10/Sep/2026:19:45:45 -0400] "POST /wp-cron.php?doing_wp_cron=1789083945.0399370193481445312500 HTTP/1.1" 200 - "-" "WordPress/7.1; https://heredit.mx"
85.208.96.197 - - [10/Sep/2026:19:45:44 -0400] "GET /pickup/K2256264 HTTP/1.1" 404 122819 "-" "Mozilla/5.0 (compatible; SemrushBot/7~bl; +http://www.semrush.com/bot.html)"
199.250.222.155 - - [10/Sep/2026:19:46:50 -0400] "POST /wp-cron.php?doing_wp_cron=1789084010.2120070457458496093750 HTTP/1.1" 200 - "-" "WordPress/7.1; https://heredit.mx"
185.191.171.19 - - [10/Sep/2026:19:46:49 -0400] "GET /pickup/O2054612 HTTP/1.1" 404 122819 "-" "Mozilla/5.0 (compatible; SemrushBot/7~bl; +http://www.semrush.com/bot.html)"
185.191.171.16 - - [10/Sep/2026:19:47:04 -0400] "GET /pickup/H1760883 HTTP/1.1" 404 122819 "-" "Mozilla/5.0 (compatible; SemrushBot/7~bl; +http://www.semrush.com/bot.html)"
199.250.222.155 - - [10/Sep/2026:19:47:43 -0400] "POST /wp-cron.php?doing_wp_cron=1789084063.9108240604400634765625 HTTP/1.1" 200 - "-" "WordPress/7.1; https://heredit.mx"
185.191.171.19 - - [10/Sep/2026:19:47:43 -0400] "GET /pickup/K168360 HTTP/1.1" 404 122819 "-" "Mozilla/5.0 (compatible; SemrushBot/7~bl; +http://www.semrush.com/bot.html)"
185.191.171.5 - - [10/Sep/2026:19:48:53 -0400] "GET /pickup/V374967 HTTP/1.1" 404 122819 "-" "Mozilla/5.0 (compatible; SemrushBot/7~bl; +http://www.semrush.com/bot.html)"
185.191.171.11 - - [10/Sep/2026:19:49:12 -0400] "GET /icefish=49272140&RZPeivlbc=341978 HTTP/1.1" 404 122819 "-" "Mozilla/5.0 (compatible; SemrushBot/7~bl; +http://www.semrush.com/bot.html)"
199.250.222.155 - - [10/Sep/2026:19:49:39 -0400] "POST /wp-cron.php?doing_wp_cron=1789084179.5682120323181152343750 HTTP/1.1" 200 - "-" "WordPress/7.1; https://heredit.mx"
85.208.96.207 - - [10/Sep/2026:19:49:39 -0400] "GET /pickup/H1836647 HTTP/1.1" 404 122819 "-" "Mozilla/5.0 (compatible; SemrushBot/7~bl; +http://www.semrush.com/bot.html)"
85.208.96.201 - - [10/Sep/2026:19:50:19 -0400] "GET /pickup/T1631857 HTTP/1.1" 404 122819 "-" "Mozilla/5.0 (compatible; SemrushBot/7~bl; +http://www.semrush.com/bot.html)"
199.250.222.155 - - [10/Sep/2026:19:51:58 -0400] "POST /wp-cron.php?doing_wp_cron=1789084318.2158639430999755859375 HTTP/1.1" 200 - "-" "WordPress/7.1; https://heredit.mx"
185.191.171.16 - - [10/Sep/2026:19:51:57 -0400] "GET /pickup/G1171774 HTTP/1.1" 404 122819 "-" "Mozilla/5.0 (compatible; SemrushBot/7~bl; +http://www.semrush.com/bot.html)"
85.208.96.194 - - [10/Sep/2026:19:52:21 -0400] "GET /pickup/U235476 HTTP/1.1" 404 122819 "-" "Mozilla/5.0 (compatible; SemrushBot/7~bl; +http://www.semrush.com/bot.html)"
199.250.222.155 - - [10/Sep/2026:19:52:55 -0400] "POST /wp-cron.php?doing_wp_cron=1789084375.6134300231933593750000 HTTP/1.1" 200 - "-" "WordPress/7.1; https://heredit.mx"
185.191.171.9 - - [10/Sep/2026:19:52:55 -0400] "GET /pickup/N2245009 HTTP/1.1" 404 122819 "-" "Mozilla/5.0 (compatible; SemrushBot/7~bl; +http://www.semrush.com/bot.html)"
185.191.171.17 - - [10/Sep/2026:19:52:59 -0400] "GET /pickup/N300131 HTTP/1.1" 404 122819 "-" "Mozilla/5.0 (compatible; SemrushBot/7~bl; +http://www.semrush.com/bot.html)"
199.250.222.155 - - [10/Sep/2026:19:55:32 -0400] "POST /wp-cron.php?doing_wp_cron=1789084532.7060260772705078125000 HTTP/1.1" 200 - "-" "WordPress/7.1; https://heredit.mx"
185.191.171.6 - - [10/Sep/2026:19:55:32 -0400] "GET /pickup/I1914414 HTTP/1.1" 404 122819 "-" "Mozilla/5.0 (compatible; SemrushBot/7~bl; +http://www.semrush.com/bot.html)"
37.66.2.48 - - [10/Sep/2026:19:55:39 -0400] "GET http://heredit.mx/mah.php?etbjwvqnuz560070= HTTP/1.1" 406 300 "-" "Mozilla/5.0 (Windows NT 10.0; Win64; x64) AppleWebKit/537.36 (KHTML, like Gecko) Chrome/101.0.4951.67 Safari/537.36"
166.114.132.16 - - [10/Sep/2026:19:55:40 -0400] "GET http://heredit.mx/mah.php?etbjwvqnuz560070= HTTP/1.1" 406 300 "-" "Mozilla/5.0 (Macintosh; Intel Mac OS X 10_15_7) AppleWebKit/537.36 (KHTML, like Gecko) Chrome/123.0.0.0 Safari/537.36"
85.208.96.194 - - [10/Sep/2026:19:56:22 -0400] "GET /pickup/L349347 HTTP/1.1" 404 122819 "-" "Mozilla/5.0 (compatible; SemrushBot/7~bl; +http://www.semrush.com/bot.html)"
85.208.96.194 - - [10/Sep/2026:19:56:23 -0400] "GET /pickup/S822268 HTTP/1.1" 404 122819 "-" "Mozilla/5.0 (compatible; SemrushBot/7~bl; +http://www.semrush.com/bot.html)"
85.208.96.198 - - [10/Sep/2026:19:56:25 -0400] "GET /pickup/K1948294 HTTP/1.1" 404 122819 "-" "Mozilla/5.0 (compatible; SemrushBot/7~bl; +http://www.semrush.com/bot.html)"
43.228.157.173 - - [10/Sep/2026:19:58:11 -0400] "GET /000.php HTTP/1.1" 404 120907 "-" "Go-http-client/1.1"
43.228.157.173 - - [10/Sep/2026:19:58:12 -0400] "GET /wp-content/about.php HTTP/1.1" 404 120907 "-" "Go-http-client/1.1"
85.208.96.193 - - [10/Sep/2026:19:58:13 -0400] "GET /pickup/J921761 HTTP/1.1" 404 122819 "-" "Mozilla/5.0 (compatible; SemrushBot/7~bl; +http://www.semrush.com/bot.html)"
43.228.157.173 - - [10/Sep/2026:19:58:14 -0400] "GET /wp-admin/css/admin.php HTTP/1.1" 404 120907 "-" "Go-http-client/1.1"
43.228.157.173 - - [10/Sep/2026:19:58:16 -0400] "GET //wp-admin/css/about.php HTTP/1.1" 301 - "-" "Go-http-client/1.1"
43.228.157.173 - - [10/Sep/2026:19:58:17 -0400] "GET /wp-admin/css/about.php HTTP/1.1" 404 120907 "http://heredit.mx//wp-admin/css/about.php" "Go-http-client/1.1"
43.228.157.173 - - [10/Sep/2026:19:58:18 -0400] "GET /wp-content/wp-setting.php HTTP/1.1" 404 120907 "-" "Go-http-client/1.1"
43.228.157.173 - - [10/Sep/2026:19:58:20 -0400] "GET /wp-includes/hp2.php HTTP/1.1" 404 120907 "-" "Go-http-client/1.1"
43.228.157.173 - - [10/Sep/2026:19:58:22 -0400] "GET /bless.php HTTP/1.1" 404 120907 "-" "Go-http-client/1.1"
43.228.157.173 - - [10/Sep/2026:19:58:24 -0400] "GET /wp-content/goods.php HTTP/1.1" 404 120907 "-" "Go-http-client/1.1"
199.250.222.155 - - [10/Sep/2026:19:58:29 -0400] "POST /wp-cron.php?doing_wp_cron=1789084709.2849349975585937500000 HTTP/1.1" 200 - "-" "WordPress/7.1; https://heredit.mx"
43.228.157.173 - - [10/Sep/2026:19:58:29 -0400] "GET /blurbs.php HTTP/1.1" 404 120907 "-" "Go-http-client/1.1"
43.228.157.173 - - [10/Sep/2026:19:58:30 -0400] "GET /wp-admin/css/goods.php HTTP/1.1" 404 120907 "-" "Go-http-client/1.1"
43.228.157.173 - - [10/Sep/2026:19:58:32 -0400] "GET /abcd.php HTTP/1.1" 404 120907 "-" "Go-http-client/1.1"
43.228.157.173 - - [10/Sep/2026:19:58:33 -0400] "GET /wp-admin/css/colors/wp-login.php HTTP/1.1" 404 120907 "-" "Go-http-client/1.1"
43.228.157.173 - - [10/Sep/2026:19:58:35 -0400] "GET /dex.php HTTP/1.1" 404 120907 "-" "Go-http-client/1.1"
43.228.157.173 - - [10/Sep/2026:19:58:36 -0400] "GET /wp-admin/admin-ajax.php HTTP/1.1" 400 1 "-" "Go-http-client/1.1"
43.228.157.173 - - [10/Sep/2026:19:58:37 -0400] "GET /wp-admin/css/index.php HTTP/1.1" 301 - "-" "Go-http-client/1.1"
43.228.157.173 - - [10/Sep/2026:19:58:38 -0400] "GET /wp-admin/css/ HTTP/1.1" 200 20531 "http://heredit.mx/wp-admin/css/index.php" "Go-http-client/1.1"
43.228.157.173 - - [10/Sep/2026:19:58:38 -0400] "GET /wp-admin/index.php HTTP/1.1" 302 - "-" "Go-http-client/1.1"
43.228.157.173 - - [10/Sep/2026:19:58:40 -0400] "GET /wp-content/plugins/index.php HTTP/1.1" 200 - "-" "Go-http-client/1.1"
43.228.157.173 - - [10/Sep/2026:19:58:41 -0400] "GET /wp-content/index.php HTTP/1.1" 200 - "-" "Go-http-client/1.1"
43.228.157.173 - - [10/Sep/2026:19:58:41 -0400] "GET /wp-content/plugins/fix/000.php HTTP/1.1" 404 120907 "-" "Go-http-client/1.1"
43.228.157.173 - - [10/Sep/2026:19:58:43 -0400] "GET /file.php HTTP/1.1" 404 120907 "-" "Go-http-client/1.1"
43.228.157.173 - - [10/Sep/2026:19:58:45 -0400] "GET //wp-content/plugins/fix/up.php HTTP/1.1" 301 - "-" "Go-http-client/1.1"
43.228.157.173 - - [10/Sep/2026:19:58:45 -0400] "GET /wp-content/plugins/fix/up.php HTTP/1.1" 404 120907 "http://heredit.mx//wp-content/plugins/fix/up.php" "Go-http-client/1.1"
43.228.157.173 - - [10/Sep/2026:19:58:51 -0400] "GET /wp-mail.php HTTP/1.1" 403 2573 "-" "Go-http-client/1.1"
43.228.157.173 - - [10/Sep/2026:19:58:51 -0400] "GET /ioxi-o.php HTTP/1.1" 404 120907 "-" "Go-http-client/1.1"
85.208.96.203 - - [10/Sep/2026:19:58:52 -0400] "GET /pickup/Q1511734 HTTP/1.1" 404 122819 "-" "Mozilla/5.0 (compatible; SemrushBot/7~bl; +http://www.semrush.com/bot.html)"
43.228.157.173 - - [10/Sep/2026:19:58:55 -0400] "GET /wp-content/ioxi-o.php HTTP/1.1" 404 120907 "-" "Go-http-client/1.1"
43.228.157.173 - - [10/Sep/2026:19:58:56 -0400] "GET /style.php HTTP/1.1" 404 120907 "-" "Go-http-client/1.1"
43.228.157.173 - - [10/Sep/2026:19:58:58 -0400] "GET /wp-content/style.php HTTP/1.1" 404 120907 "-" "Go-http-client/1.1"
43.228.157.173 - - [10/Sep/2026:19:58:59 -0400] "GET /wp-editor.php HTTP/1.1" 404 120907 "-" "Go-http-client/1.1"
43.228.157.173 - - [10/Sep/2026:19:59:00 -0400] "GET /lufix.php HTTP/1.1" 404 120907 "-" "Go-http-client/1.1"
43.228.157.173 - - [10/Sep/2026:19:59:01 -0400] "GET /txets.php HTTP/1.1" 404 120907 "-" "Go-http-client/1.1"
43.228.157.173 - - [10/Sep/2026:19:59:02 -0400] "GET /wp-content/themes/txets.php HTTP/1.1" 404 120907 "-" "Go-http-client/1.1"
43.228.157.173 - - [10/Sep/2026:19:59:03 -0400] "GET /wp-admin/txets.php HTTP/1.1" 404 120907 "-" "Go-http-client/1.1"
43.228.157.173 - - [10/Sep/2026:19:59:04 -0400] "GET /wp-includes/txets.php HTTP/1.1" 404 120907 "-" "Go-http-client/1.1"
43.228.157.173 - - [10/Sep/2026:19:59:07 -0400] "GET /goods.php HTTP/1.1" 404 120907 "-" "Go-http-client/1.1"
43.228.157.173 - - [10/Sep/2026:19:59:09 -0400] "GET /php8.php HTTP/1.1" 404 120907 "-" "Go-http-client/1.1"
199.250.222.155 - - [10/Sep/2026:20:00:29 -0400] "POST /wp-cron.php?doing_wp_cron=1789084828.9837539196014404296875 HTTP/1.1" 200 - "-" "WordPress/7.1; https://heredit.mx"
185.191.171.4 - - [10/Sep/2026:20:00:28 -0400] "GET /pickup/H2132969 HTTP/1.1" 404 122819 "-" "Mozilla/5.0 (compatible; SemrushBot/7~bl; +http://www.semrush.com/bot.html)"
185.191.171.15 - - [10/Sep/2026:20:01:12 -0400] "GET /pickup/J2184217 HTTP/1.1" 404 122819 "-" "Mozilla/5.0 (compatible; SemrushBot/7~bl; +http://www.semrush.com/bot.html)"
85.208.96.195 - - [10/Sep/2026:20:02:13 -0400] "GET /pickup/U2379488 HTTP/1.1" 404 122819 "-" "Mozilla/5.0 (compatible; SemrushBot/7~bl; +http://www.semrush.com/bot.html)"
185.191.171.5 - - [10/Sep/2026:20:03:17 -0400] "GET /pickup/J2060197 HTTP/1.1" 404 122819 "-" "Mozilla/5.0 (compatible; SemrushBot/7~bl; +http://www.semrush.com/bot.html)"
199.250.222.155 - - [10/Sep/2026:20:03:29 -0400] "POST /wp-cron.php?doing_wp_cron=1789085009.0559139251708984375000 HTTP/1.1" 200 - "-" "WordPress/7.1; https://heredit.mx"
185.191.171.12 - - [10/Sep/2026:20:03:28 -0400] "GET /pickup/R543105 HTTP/1.1" 404 122819 "-" "Mozilla/5.0 (compatible; SemrushBot/7~bl; +http://www.semrush.com/bot.html)"
185.191.171.18 - - [10/Sep/2026:20:03:32 -0400] "GET /pickup/S2128638 HTTP/1.1" 404 122819 "-" "Mozilla/5.0 (compatible; SemrushBot/7~bl; +http://www.semrush.com/bot.html)"
185.191.171.5 - - [10/Sep/2026:20:03:33 -0400] "GET /pickup/I692622 HTTP/1.1" 404 122819 "-" "Mozilla/5.0 (compatible; SemrushBot/7~bl; +http://www.semrush.com/bot.html)"
85.208.96.199 - - [10/Sep/2026:20:04:25 -0400] "GET /pickup/T910903 HTTP/1.1" 404 122819 "-" "Mozilla/5.0 (compatible; SemrushBot/7~bl; +http://www.semrush.com/bot.html)"
199.250.222.155 - - [10/Sep/2026:20:04:44 -0400] "POST /wp-cron.php?doing_wp_cron=1789085084.5936839580535888671875 HTTP/1.1" 200 - "-" "WordPress/7.1; https://heredit.mx"
185.191.171.11 - - [10/Sep/2026:20:04:44 -0400] "GET /pickup/X2043207 HTTP/1.1" 404 122819 "-" "Mozilla/5.0 (compatible; SemrushBot/7~bl; +http://www.semrush.com/bot.html)"
185.191.171.2 - - [10/Sep/2026:20:04:55 -0400] "GET /pickup/R1954905 HTTP/1.1" 404 122819 "-" "Mozilla/5.0 (compatible; SemrushBot/7~bl; +http://www.semrush.com/bot.html)"
199.250.222.155 - - [10/Sep/2026:20:05:44 -0400] "POST /wp-cron.php?doing_wp_cron=1789085144.4419898986816406250000 HTTP/1.1" 200 - "-" "WordPress/7.1; https://heredit.mx"
185.191.171.4 - - [10/Sep/2026:20:05:44 -0400] "GET /pickup/S1675146 HTTP/1.1" 404 122819 "-" "Mozilla/5.0 (compatible; SemrushBot/7~bl; +http://www.semrush.com/bot.html)"
85.208.96.195 - - [10/Sep/2026:20:06:11 -0400] "GET /pickup/S1402094 HTTP/1.1" 404 122819 "-" "Mozilla/5.0 (compatible; SemrushBot/7~bl; +http://www.semrush.com/bot.html)"
199.250.222.155 - - [10/Sep/2026:20:07:25 -0400] "POST /wp-cron.php?doing_wp_cron=1789085245.5401539802551269531250 HTTP/1.1" 200 - "-" "WordPress/7.1; https://heredit.mx"
85.208.96.205 - - [10/Sep/2026:20:07:25 -0400] "GET /pickup/U1721662 HTTP/1.1" 404 122819 "-" "Mozilla/5.0 (compatible; SemrushBot/7~bl; +http://www.semrush.com/bot.html)"
66.249.68.194 - - [10/Sep/2026:20:07:36 -0400] "GET /?a=torrey-papasan-chair-c-oz3OxpFv HTTP/1.1" 301 - "-" "Mozilla/5.0 (Linux; Android 6.0.1; Nexus 5X Build/MMB29P) AppleWebKit/537.36 (KHTML, like Gecko) Chrome/153.0.8010.36 Mobile Safari/537.36 (compatible; GoogleOther)"
85.208.96.196 - - [10/Sep/2026:20:07:44 -0400] "GET /pickup/X469063 HTTP/1.1" 404 122819 "-" "Mozilla/5.0 (compatible; SemrushBot/7~bl; +http://www.semrush.com/bot.html)"
185.191.171.1 - - [10/Sep/2026:20:08:07 -0400] "GET /pickup/K2277740 HTTP/1.1" 404 122819 "-" "Mozilla/5.0 (compatible; SemrushBot/7~bl; +http://www.semrush.com/bot.html)"
66.249.68.193 - - [10/Sep/2026:20:08:09 -0400] "GET /?a=torrey-papasan-chair-c-oz3OxpFv HTTP/1.1" 301 - "-" "Mozilla/5.0 (Linux; Android 6.0.1; Nexus 5X Build/MMB29P) AppleWebKit/537.36 (KHTML, like Gecko) Chrome/153.0.8010.36 Mobile Safari/537.36 (compatible; Googlebot/2.1; +http://www.google.com/bot.html)"
199.250.222.155 - - [10/Sep/2026:20:08:28 -0400] "POST /wp-cron.php?doing_wp_cron=1789085308.4663319587707519531250 HTTP/1.1" 200 - "-" "WordPress/7.1; https://heredit.mx"
185.191.171.13 - - [10/Sep/2026:20:08:28 -0400] "GET /pickup/R139065 HTTP/1.1" 404 122819 "-" "Mozilla/5.0 (compatible; SemrushBot/7~bl; +http://www.semrush.com/bot.html)"
185.191.171.12 - - [10/Sep/2026:20:09:05 -0400] "GET /robots.txt HTTP/1.1" 200 267 "-" "Mozilla/5.0 (compatible; SemrushBot/7~bl; +http://www.semrush.com/bot.html)"
185.191.171.9 - - [10/Sep/2026:20:09:06 -0400] "GET /pickup/S1178052 HTTP/1.1" 404 122819 "-" "Mozilla/5.0 (compatible; SemrushBot/7~bl; +http://www.semrush.com/bot.html)"
199.250.222.155 - - [10/Sep/2026:20:10:28 -0400] "POST /wp-cron.php?doing_wp_cron=1789085428.1826438903808593750000 HTTP/1.1" 200 - "-" "WordPress/7.1; https://heredit.mx"
85.208.96.208 - - [10/Sep/2026:20:10:27 -0400] "GET /pickup/S1264060 HTTP/1.1" 404 122819 "-" "Mozilla/5.0 (compatible; SemrushBot/7~bl; +http://www.semrush.com/bot.html)"
185.191.171.14 - - [10/Sep/2026:20:10:30 -0400] "GET /pickup/T1785257 HTTP/1.1" 404 122819 "-" "Mozilla/5.0 (compatible; SemrushBot/7~bl; +http://www.semrush.com/bot.html)"
66.249.68.194 - - [10/Sep/2026:20:11:22 -0400] "GET /?yQeDug/drove695614/4251lW HTTP/1.1" 301 - "-" "Mozilla/5.0 (Linux; Android 6.0.1; Nexus 5X Build/MMB29P) AppleWebKit/537.36 (KHTML, like Gecko) Chrome/153.0.8010.36 Mobile Safari/537.36 (compatible; GoogleOther)"
85.208.96.208 - - [10/Sep/2026:20:11:26 -0400] "GET /pickup/H1423689 HTTP/1.1" 404 122819 "-" "Mozilla/5.0 (compatible; SemrushBot/7~bl; +http://www.semrush.com/bot.html)"
85.208.96.206 - - [10/Sep/2026:20:12:02 -0400] "GET /pickup/L2016883 HTTP/1.1" 404 122819 "-" "Mozilla/5.0 (compatible; SemrushBot/7~bl; +http://www.semrush.com/bot.html)"
85.208.96.205 - - [10/Sep/2026:20:13:08 -0400] "GET /pickup/K2119608 HTTP/1.1" 404 122819 "-" "Mozilla/5.0 (compatible; SemrushBot/7~bl; +http://www.semrush.com/bot.html)"
40.77.167.121 - - [10/Sep/2026:20:14:11 -0400] "GET /?w=bere-acqua-allevamento-contagioso-moto-honda-a-tre-ruote-pp-8ddKz5hB HTTP/1.1" 200 112367 "-" "Mozilla/5.0 AppleWebKit/537.36 (KHTML, like Gecko; compatible; bingbot/2.0; +http://www.bing.com/bingbot.htm) Chrome/116.0.1938.76 Safari/537.36"
199.250.222.155 - - [10/Sep/2026:20:14:56 -0400] "POST /wp-cron.php?doing_wp_cron=1789085696.2583959102630615234375 HTTP/1.1" 200 - "-" "WordPress/7.1; https://heredit.mx"
185.191.171.16 - - [10/Sep/2026:20:14:55 -0400] "GET /pickup/G1986510 HTTP/1.1" 404 122819 "-" "Mozilla/5.0 (compatible; SemrushBot/7~bl; +http://www.semrush.com/bot.html)"
185.191.171.12 - - [10/Sep/2026:20:15:18 -0400] "GET /pickup/K1944472 HTTP/1.1" 404 122819 "-" "Mozilla/5.0 (compatible; SemrushBot/7~bl; +http://www.semrush.com/bot.html)"
199.250.222.155 - - [10/Sep/2026:20:15:34 -0400] "POST /wp-cron.php?doing_wp_cron=1789085734.7969799041748046875000 HTTP/1.1" 200 - "-" "WordPress/7.1; https://heredit.mx"
185.191.171.13 - - [10/Sep/2026:20:15:34 -0400] "GET /pickup/H2192795 HTTP/1.1" 404 122819 "-" "Mozilla/5.0 (compatible; SemrushBot/7~bl; +http://www.semrush.com/bot.html)"
199.250.222.155 - - [10/Sep/2026:20:16:44 -0400] "POST /wp-cron.php?doing_wp_cron=1789085804.8115310668945312500000 HTTP/1.1" 200 - "-" "WordPress/7.1; https://heredit.mx"
185.191.171.11 - - [10/Sep/2026:20:16:44 -0400] "GET /pickup/H1581119 HTTP/1.1" 404 122819 "-" "Mozilla/5.0 (compatible; SemrushBot/7~bl; +http://www.semrush.com/bot.html)"
85.208.96.206 - - [10/Sep/2026:20:16:46 -0400] "GET /pickup/M1380508 HTTP/1.1" 404 122819 "-" "Mozilla/5.0 (compatible; SemrushBot/7~bl; +http://www.semrush.com/bot.html)"
66.249.68.192 - - [10/Sep/2026:20:17:00 -0400] "GET /?a=bring-me-the-horizon-classic-tank-tops-cc-qxNYQasd HTTP/1.1" 301 - "-" "Mozilla/5.0 (Linux; Android 6.0.1; Nexus 5X Build/MMB29P) AppleWebKit/537.36 (KHTML, like Gecko) Chrome/153.0.8010.36 Mobile Safari/537.36 (compatible; GoogleOther)"
85.208.96.198 - - [10/Sep/2026:20:17:05 -0400] "GET /pickup/R1696153 HTTP/1.1" 404 122819 "-" "Mozilla/5.0 (compatible; SemrushBot/7~bl; +http://www.semrush.com/bot.html)"
92.190.70.202 - - [10/Sep/2026:20:17:38 -0400] "GET http://heredit.mx/mah.php?cugsjnlnak561035= HTTP/1.1" 406 300 "-" "Mozilla/5.0 (Macintosh; Intel Mac OS X 10_15_7) AppleWebKit/537.36 (KHTML, like Gecko) Chrome/136.0.0.0 Safari/537.36"
181.191.31.163 - - [10/Sep/2026:20:17:40 -0400] "GET http://heredit.mx/mah.php?cugsjnlnak561035= HTTP/1.1" 406 300 "-" "Mozilla/5.0 (Macintosh; Intel Mac OS X 10_15_7) AppleWebKit/537.36 (KHTML, like Gecko) Chrome/124.0.0.0 Safari/537.36"
177.185.22.244 - - [10/Sep/2026:20:17:42 -0400] "GET http://heredit.mx/mah.php?cugsjnlnak561035= HTTP/1.1" 406 300 "-" "Mozilla/5.0 (Macintosh; Intel Mac OS X 10_15_7) AppleWebKit/537.36 (KHTML, like Gecko) Chrome/123.0.0.0 Safari/537.36"
199.250.222.155 - - [10/Sep/2026:20:18:12 -0400] "POST /wp-cron.php?doing_wp_cron=1789085892.1942429542541503906250 HTTP/1.1" 200 - "-" "WordPress/7.1; https://heredit.mx"
40.77.167.235 - - [10/Sep/2026:20:18:12 -0400] "GET /?w=budismo-ni%C3%B1os-monjes-en-un-parque-foto-editorial-de-pp-Y9kYwBSo HTTP/1.1" 301 - "-" "Mozilla/5.0 AppleWebKit/537.36 (KHTML, like Gecko; compatible; bingbot/2.0; +http://www.bing.com/bingbot.htm) Chrome/116.0.1938.76 Safari/537.36"
40.77.167.121 - - [10/Sep/2026:20:18:23 -0400] "GET /?w=budismo-ni%C3%B1os-monjes-en-un-parque-foto-editorial-de-pp-Y9kYwBSo HTTP/1.1" 200 112367 "-" "Mozilla/5.0 AppleWebKit/537.36 (KHTML, like Gecko; compatible; bingbot/2.0; +http://www.bing.com/bingbot.htm) Chrome/116.0.1938.76 Safari/537.36"
199.250.222.155 - - [10/Sep/2026:20:19:24 -0400] "POST /wp-cron.php?doing_wp_cron=1789085964.1524240970611572265625 HTTP/1.1" 200 - "-" "WordPress/7.1; https://heredit.mx"
85.208.96.211 - - [10/Sep/2026:20:19:23 -0400] "GET /pickup/W282824 HTTP/1.1" 404 122819 "-" "Mozilla/5.0 (compatible; SemrushBot/7~bl; +http://www.semrush.com/bot.html)"
199.250.222.155 - - [10/Sep/2026:20:19:43 -0400] "POST /wp-cron.php?doing_wp_cron=1789085983.8440361022949218750000 HTTP/1.1" 200 - "-" "WordPress/7.1; https://heredit.mx"
85.208.96.195 - - [10/Sep/2026:20:19:43 -0400] "GET /pickup/K1873232 HTTP/1.1" 404 122819 "-" "Mozilla/5.0 (compatible; SemrushBot/7~bl; +http://www.semrush.com/bot.html)"
185.191.171.16 - - [10/Sep/2026:20:20:13 -0400] "GET /pickup/S7298 HTTP/1.1" 404 122819 "-" "Mozilla/5.0 (compatible; SemrushBot/7~bl; +http://www.semrush.com/bot.html)"
85.208.96.209 - - [10/Sep/2026:20:20:19 -0400] "GET /pickup/K337828 HTTP/1.1" 404 122819 "-" "Mozilla/5.0 (compatible; SemrushBot/7~bl; +http://www.semrush.com/bot.html)"
85.208.96.203 - - [10/Sep/2026:20:21:19 -0400] "GET /pickup/T601295 HTTP/1.1" 404 122819 "-" "Mozilla/5.0 (compatible; SemrushBot/7~bl; +http://www.semrush.com/bot.html)"
199.250.222.155 - - [10/Sep/2026:20:22:33 -0400] "POST /wp-cron.php?doing_wp_cron=1789086153.1331689357757568359375 HTTP/1.1" 200 - "-" "WordPress/7.1; https://heredit.mx"
85.208.96.198 - - [10/Sep/2026:20:22:32 -0400] "GET /pickup/L117843 HTTP/1.1" 404 122819 "-" "Mozilla/5.0 (compatible; SemrushBot/7~bl; +http://www.semrush.com/bot.html)"
85.208.96.196 - - [10/Sep/2026:20:22:40 -0400] "GET /pickup/Q1387766 HTTP/1.1" 404 122819 "-" "Mozilla/5.0 (compatible; SemrushBot/7~bl; +http://www.semrush.com/bot.html)"
66.249.68.193 - - [10/Sep/2026:20:22:59 -0400] "GET /?a=2021-2022-camiseta-de-casa-uniformes-de-hombre-camisetas-cc-5oLgKLFn HTTP/1.1" 301 - "-" "Mozilla/5.0 (Linux; Android 6.0.1; Nexus 5X Build/MMB29P) AppleWebKit/537.36 (KHTML, like Gecko) Chrome/153.0.8010.36 Mobile Safari/537.36 (compatible; Googlebot/2.1; +http://www.google.com/bot.html)"
66.249.68.192 - - [10/Sep/2026:20:23:25 -0400] "GET /?a=2021-2022-camiseta-de-casa-uniformes-de-hombre-camisetas-cc-5oLgKLFn HTTP/1.1" 301 - "-" "Mozilla/5.0 (Linux; Android 6.0.1; Nexus 5X Build/MMB29P) AppleWebKit/537.36 (KHTML, like Gecko) Chrome/153.0.8010.36 Mobile Safari/537.36 (compatible; GoogleOther)"
199.250.222.155 - - [10/Sep/2026:20:23:45 -0400] "POST /wp-cron.php?doing_wp_cron=1789086225.0084719657897949218750 HTTP/1.1" 200 - "-" "WordPress/7.1; https://heredit.mx"
85.208.96.199 - - [10/Sep/2026:20:23:44 -0400] "GET /pickup/J1806749 HTTP/1.1" 404 122819 "-" "Mozilla/5.0 (compatible; SemrushBot/7~bl; +http://www.semrush.com/bot.html)"
185.142.231.238 - - [10/Sep/2026:20:23:55 -0400] "GET / HTTP/1.1" 301 - "-" "Mozilla/5.0 (iPhone; CPU iPhone OS 17_3_1 like Mac OS X) AppleWebKit/605.1.15 (KHTML, like Gecko) Version/17.3.1 Mobile/15E148 Safari/604"
185.191.171.17 - - [10/Sep/2026:20:24:03 -0400] "GET /pickup/R968751 HTTP/1.1" 404 122819 "-" "Mozilla/5.0 (compatible; SemrushBot/7~bl; +http://www.semrush.com/bot.html)"
185.191.171.10 - - [10/Sep/2026:20:24:10 -0400] "GET /pickup/J2364761 HTTP/1.1" 404 122819 "-" "Mozilla/5.0 (compatible; SemrushBot/7~bl; +http://www.semrush.com/bot.html)"
85.208.96.196 - - [10/Sep/2026:20:25:00 -0400] "GET /pickup/E545848 HTTP/1.1" 404 122819 "-" "Mozilla/5.0 (compatible; SemrushBot/7~bl; +http://www.semrush.com/bot.html)"
85.208.96.201 - - [10/Sep/2026:20:26:06 -0400] "GET /pickup/I2157254 HTTP/1.1" 404 122819 "-" "Mozilla/5.0 (compatible; SemrushBot/7~bl; +http://www.semrush.com/bot.html)"
85.208.96.211 - - [10/Sep/2026:20:26:16 -0400] "GET /pickup/T769073 HTTP/1.1" 404 122819 "-" "Mozilla/5.0 (compatible; SemrushBot/7~bl; +http://www.semrush.com/bot.html)"
199.250.222.155 - - [10/Sep/2026:20:27:14 -0400] "POST /wp-cron.php?doing_wp_cron=1789086434.8339440822601318359375 HTTP/1.1" 200 - "-" "WordPress/7.1; https://heredit.mx"
66.249.68.194 - - [10/Sep/2026:20:27:14 -0400] "GET /?a=livingston-bed-wooden-beds-pottery-barn-cc-qPL63eUd HTTP/1.1" 301 - "-" "Mozilla/5.0 (Linux; Android 6.0.1; Nexus 5X Build/MMB29P) AppleWebKit/537.36 (KHTML, like Gecko) Chrome/153.0.8010.36 Mobile Safari/537.36 (compatible; GoogleOther)"
199.250.222.155 - - [10/Sep/2026:20:27:53 -0400] "POST /wp-cron.php?doing_wp_cron=1789086473.1391880512237548828125 HTTP/1.1" 200 - "-" "WordPress/7.1; https://heredit.mx"
85.208.96.195 - - [10/Sep/2026:20:27:52 -0400] "GET /pickup/S401068 HTTP/1.1" 404 122819 "-" "Mozilla/5.0 (compatible; SemrushBot/7~bl; +http://www.semrush.com/bot.html)"
185.191.171.6 - - [10/Sep/2026:20:28:02 -0400] "GET /pickup/U1761130 HTTP/1.1" 404 122819 "-" "Mozilla/5.0 (compatible; SemrushBot/7~bl; +http://www.semrush.com/bot.html)"
66.249.68.192 - - [10/Sep/2026:20:28:42 -0400] "GET /?a=livingston-bed-wooden-beds-pottery-barn-cc-qPL63eUd HTTP/1.1" 301 - "-" "Mozilla/5.0 (Linux; Android 6.0.1; Nexus 5X Build/MMB29P) AppleWebKit/537.36 (KHTML, like Gecko) Chrome/153.0.8010.36 Mobile Safari/537.36 (compatible; Googlebot/2.1; +http://www.google.com/bot.html)"
157.100.198.248 - - [10/Sep/2026:20:29:18 -0400] "GET http://heredit.mx/mah.php?wpcphmlodo560090= HTTP/1.1" 406 300 "-" "Mozilla/5.0 (Windows NT 10.0; Win64; x64) AppleWebKit/537.36 (KHTML, like Gecko) Chrome/104.0.0.0 Safari/537.36"
45.181.118.0 - - [10/Sep/2026:20:29:19 -0400] "GET http://heredit.mx/mah.php?wpcphmlodo560090= HTTP/1.1" 406 300 "-" "Mozilla/5.0 (Macintosh; Intel Mac OS X 10_15_7) AppleWebKit/537.36 (KHTML, like Gecko) Chrome/136.0.0.0 Safari/537.36"
189.214.2.34 - - [10/Sep/2026:20:29:21 -0400] "GET http://heredit.mx/mah.php?wpcphmlodo560090= HTTP/1.1" 406 300 "-" "Mozilla/5.0 (Windows NT 10.0; Win64; x64) AppleWebKit/537.36 (KHTML, like Gecko) Chrome/107.0.0.0 Safari/537.36"
199.250.222.155 - - [10/Sep/2026:20:29:32 -0400] "POST /wp-cron.php?doing_wp_cron=1789086572.4302089214324951171875 HTTP/1.1" 200 - "-" "WordPress/7.1; https://heredit.mx"
85.208.96.210 - - [10/Sep/2026:20:29:32 -0400] "GET /pickup/H606821 HTTP/1.1" 404 122819 "-" "Mozilla/5.0 (compatible; SemrushBot/7~bl; +http://www.semrush.com/bot.html)"
185.191.171.4 - - [10/Sep/2026:20:29:49 -0400] "GET /pickup/M1824198 HTTP/1.1" 404 122819 "-" "Mozilla/5.0 (compatible; SemrushBot/7~bl; +http://www.semrush.com/bot.html)"
85.208.96.210 - - [10/Sep/2026:20:30:53 -0400] "GET /pickup/M641094 HTTP/1.1" 404 122819 "-" "Mozilla/5.0 (compatible; SemrushBot/7~bl; +http://www.semrush.com/bot.html)"
66.249.68.193 - - [10/Sep/2026:20:32:21 -0400] "GET /?a=artstation-the-good-place-cc-03Kod6U1 HTTP/1.1" 301 - "-" "Mozilla/5.0 (Linux; Android 6.0.1; Nexus 5X Build/MMB29P) AppleWebKit/537.36 (KHTML, like Gecko) Chrome/153.0.8010.36 Mobile Safari/537.36 (compatible; GoogleOther)"
66.249.68.192 - - [10/Sep/2026:20:33:17 -0400] "GET /?a=artstation-the-good-place-cc-03Kod6U1 HTTP/1.1" 301 - "-" "Mozilla/5.0 (Linux; Android 6.0.1; Nexus 5X Build/MMB29P) AppleWebKit/537.36 (KHTML, like Gecko) Chrome/153.0.8010.36 Mobile Safari/537.36 (compatible; Googlebot/2.1; +http://www.google.com/bot.html)"
85.208.96.201 - - [10/Sep/2026:20:35:02 -0400] "GET /pickup/K564210 HTTP/1.1" 404 122819 "-" "Mozilla/5.0 (compatible; SemrushBot/7~bl; +http://www.semrush.com/bot.html)"
199.250.222.155 - - [10/Sep/2026:20:35:30 -0400] "POST /wp-cron.php?doing_wp_cron=1789086930.6582100391387939453125 HTTP/1.1" 200 - "-" "WordPress/7.1; https://heredit.mx"
185.191.171.13 - - [10/Sep/2026:20:35:30 -0400] "GET /pickup/O1302614 HTTP/1.1" 404 122819 "-" "Mozilla/5.0 (compatible; SemrushBot/7~bl; +http://www.semrush.com/bot.html)"
185.191.171.2 - - [10/Sep/2026:20:37:18 -0400] "GET /pickup/R2075129 HTTP/1.1" 404 122819 "-" "Mozilla/5.0 (compatible; SemrushBot/7~bl; +http://www.semrush.com/bot.html)"
85.208.96.210 - - [10/Sep/2026:20:38:17 -0400] "GET /pickup/Z1569229 HTTP/1.1" 404 122819 "-" "Mozilla/5.0 (compatible; SemrushBot/7~bl; +http://www.semrush.com/bot.html)"
185.191.171.12 - - [10/Sep/2026:20:41:19 -0400] "GET /pickup/W1215938 HTTP/1.1" 404 122819 "-" "Mozilla/5.0 (compatible; SemrushBot/7~bl; +http://www.semrush.com/bot.html)"
199.250.222.155 - - [10/Sep/2026:20:41:28 -0400] "POST /wp-cron.php?doing_wp_cron=1789087288.0459239482879638671875 HTTP/1.1" 200 - "-" "WordPress/7.1; https://heredit.mx"
85.208.96.195 - - [10/Sep/2026:20:41:27 -0400] "GET /pickup/J755543 HTTP/1.1" 404 122819 "-" "Mozilla/5.0 (compatible; SemrushBot/7~bl; +http://www.semrush.com/bot.html)"
185.191.171.13 - - [10/Sep/2026:20:43:58 -0400] "GET /pickup/P659583 HTTP/1.1" 404 122819 "-" "Mozilla/5.0 (compatible; SemrushBot/7~bl; +http://www.semrush.com/bot.html)"
85.208.96.196 - - [10/Sep/2026:20:44:11 -0400] "GET /pickup/N761735 HTTP/1.1" 404 122819 "-" "Mozilla/5.0 (compatible; SemrushBot/7~bl; +http://www.semrush.com/bot.html)"
185.191.171.11 - - [10/Sep/2026:20:45:54 -0400] "GET /pickup/H698653 HTTP/1.1" 404 122819 "-" "Mozilla/5.0 (compatible; SemrushBot/7~bl; +http://www.semrush.com/bot.html)"
72.27.14.207 - - [10/Sep/2026:20:48:27 -0400] "GET http://heredit.mx/mah.php?eifbhylacz561049= HTTP/1.1" 406 300 "-" "Mozilla/5.0 (Macintosh; Intel Mac OS X 10_15_7) AppleWebKit/537.36 (KHTML, like Gecko) Chrome/136.0.0.0 Safari/537.36"
200.8.9.92 - - [10/Sep/2026:20:48:29 -0400] "GET http://heredit.mx/mah.php?eifbhylacz561049= HTTP/1.1" 406 300 "-" "Mozilla/5.0 (Windows NT 10.0; Win64; x64) AppleWebKit/537.36 (KHTML, like Gecko) Chrome/116.0.0.0 Safari/537.36"
166.114.174.246 - - [10/Sep/2026:20:48:30 -0400] "GET http://heredit.mx/mah.php?eifbhylacz561049= HTTP/1.1" 406 300 "-" "Mozilla/5.0 (Macintosh; Intel Mac OS X 10_15_7) AppleWebKit/537.36 (KHTML, like Gecko) Chrome/133.0.0.0 Safari/537.36"
185.191.171.13 - - [10/Sep/2026:20:48:44 -0400] "GET /pickup/J247555 HTTP/1.1" 404 122819 "-" "Mozilla/5.0 (compatible; SemrushBot/7~bl; +http://www.semrush.com/bot.html)"
199.250.222.155 - - [10/Sep/2026:20:50:23 -0400] "POST /wp-cron.php?doing_wp_cron=1789087823.5203139781951904296875 HTTP/1.1" 200 - "-" "WordPress/7.1; https://heredit.mx"
185.191.171.3 - - [10/Sep/2026:20:50:23 -0400] "GET /pickup/U1625150 HTTP/1.1" 404 122819 "-" "Mozilla/5.0 (compatible; SemrushBot/7~bl; +http://www.semrush.com/bot.html)"
199.250.222.155 - - [10/Sep/2026:20:50:39 -0400] "POST /wp-cron.php?doing_wp_cron=1789087839.8874349594116210937500 HTTP/1.1" 200 - "-" "WordPress/7.1; https://heredit.mx"
85.208.96.193 - - [10/Sep/2026:20:50:39 -0400] "GET /pickup/M1304666 HTTP/1.1" 404 122819 "-" "Mozilla/5.0 (compatible; SemrushBot/7~bl; +http://www.semrush.com/bot.html)"
186.10.40.238 - - [10/Sep/2026:20:51:34 -0400] "GET http://heredit.mx/mah.php?cwkyrxydre561450= HTTP/1.1" 406 300 "-" "Mozilla/5.0 (Macintosh; Intel Mac OS X 10_15_7) AppleWebKit/537.36 (KHTML, like Gecko) Chrome/136.0.0.0 Safari/537.36"
191.5.254.192 - - [10/Sep/2026:20:51:36 -0400] "GET http://heredit.mx/mah.php?cwkyrxydre561450= HTTP/1.1" 406 300 "-" "Mozilla/5.0 (Macintosh; Intel Mac OS X 10_15_7) AppleWebKit/537.36 (KHTML, like Gecko) Chrome/124.0.0.0 Safari/537.36"
181.61.247.63 - - [10/Sep/2026:20:51:37 -0400] "GET http://heredit.mx/mah.php?cwkyrxydre561450= HTTP/1.1" 406 300 "-" "Mozilla/5.0 (Windows NT 10.0; Win64; x64) AppleWebKit/537.36 (KHTML, like Gecko) Chrome/116.0.0.0 Safari/537.36"
