66.249.68.192 - - [11/Sep/2026:01:38:22 -0400] "GET /wp-content/plugins/elementor/assets/lib/swiper/v8/swiper.min.js?ver=8.4.5 HTTP/1.1" 200 143709 "https://heredit.mx/?a=peter-gabriel-s-fairlight-cmi-whatgear%E2%84%A2-cc-npOOyYC3" "Mozilla/5.0 (Linux; Android 6.0.1; Nexus 5X Build/MMB29P) AppleWebKit/537.36 (KHTML, like Gecko) Chrome/153.0.8010.36 Mobile Safari/537.36 (compatible; Googlebot/2.1; +http://www.google.com/bot.html)"
199.250.222.155 - - [11/Sep/2026:01:38:28 -0400] "POST /wp-cron.php?doing_wp_cron=1789105108.7021970748901367187500 HTTP/1.1" 200 - "-" "WordPress/7.1; https://heredit.mx"
157.55.39.195 - - [11/Sep/2026:01:38:28 -0400] "GET /codding-92708-tOikkQHB/ HTTP/1.1" 301 - "-" "Mozilla/5.0 AppleWebKit/537.36 (KHTML, like Gecko; compatible; bingbot/2.0; +http://www.bing.com/bingbot.htm) Chrome/116.0.1938.76 Safari/537.36"
66.249.68.194 - - [11/Sep/2026:01:39:06 -0400] "GET /?a=hd-print-5pcs-abstract-black-panther-canvas-painting-movie-cc-YJZbQjsM HTTP/1.1" 200 223835 "-" "Mozilla/5.0 (Linux; Android 6.0.1; Nexus 5X Build/MMB29P) AppleWebKit/537.36 (KHTML, like Gecko) Chrome/153.0.8010.36 Mobile Safari/537.36 (compatible; Googlebot/2.1; +http://www.google.com/bot.html)"
40.77.167.154 - - [11/Sep/2026:01:39:09 -0400] "GET /Hilarymas/727876 HTTP/1.1" 404 123212 "-" "Mozilla/5.0 AppleWebKit/537.36 (KHTML, like Gecko; compatible; bingbot/2.0; +http://www.bing.com/bingbot.htm) Chrome/116.0.1938.76 Safari/537.36"
66.249.68.193 - - [11/Sep/2026:01:39:11 -0400] "GET /wp-content/uploads/elementor/css/post-1738.css?ver=1788480000 HTTP/1.1" 200 1635 "https://heredit.mx/?a=hd-print-5pcs-abstract-black-panther-canvas-painting-movie-cc-YJZbQjsM" "Mozilla/5.0 (Linux; Android 6.0.1; Nexus 5X Build/MMB29P) AppleWebKit/537.36 (KHTML, like Gecko) Chrome/153.0.8010.36 Mobile Safari/537.36 (compatible; Googlebot/2.1; +http://www.google.com/bot.html)"
66.249.68.193 - - [11/Sep/2026:01:40:26 -0400] "GET /?a=nandhitha-keskar-phone-number-address-age-contact-info-public-cc-BEjkDQio HTTP/1.1" 200 223847 "-" "Mozilla/5.0 (Linux; Android 6.0.1; Nexus 5X Build/MMB29P) AppleWebKit/537.36 (KHTML, like Gecko) Chrome/153.0.8010.36 Mobile Safari/537.36 (compatible; GoogleOther)"
66.249.68.192 - - [11/Sep/2026:01:40:32 -0400] "GET /wp-content/plugins/elementor/assets/css/conditionals/e-swiper.min.css?ver=4.2.4 HTTP/1.1" 200 5486 "https://heredit.mx/?a=nandhitha-keskar-phone-number-address-age-contact-info-public-cc-BEjkDQio" "Mozilla/5.0 (Linux; Android 6.0.1; Nexus 5X Build/MMB29P) AppleWebKit/537.36 (KHTML, like Gecko) Chrome/153.0.8010.36 Mobile Safari/537.36 (compatible; GoogleOther)"
207.46.13.87 - - [11/Sep/2026:01:41:08 -0400] "GET /?a=photoelectric-hysterical-equip-english-for-information-technology-adept-system-cc-YEmnVNUM HTTP/1.1" 200 223915 "-" "Mozilla/5.0 AppleWebKit/537.36 (KHTML, like Gecko; compatible; bingbot/2.0; +http://www.bing.com/bingbot.htm) Chrome/116.0.1938.76 Safari/537.36"
109.172.93.102 - - [11/Sep/2026:01:41:15 -0400] "GET / HTTP/1.1" 200 59619 "-" "Mozilla/5.0 (X11; Linux x86_64) AppleWebKit/536.5 (KHTML, like Gecko) Chrome/19.0.1084.9 Safari/536.5"
66.249.68.194 - - [11/Sep/2026:01:43:10 -0400] "GET /?a=nandhitha-keskar-phone-number-address-age-contact-info-public-cc-BEjkDQio HTTP/1.1" 200 223847 "-" "Mozilla/5.0 (Linux; Android 6.0.1; Nexus 5X Build/MMB29P) AppleWebKit/537.36 (KHTML, like Gecko) Chrome/153.0.8010.36 Mobile Safari/537.36 (compatible; Googlebot/2.1; +http://www.google.com/bot.html)"
199.250.222.155 - - [11/Sep/2026:01:44:27 -0400] "POST /wp-cron.php?doing_wp_cron=1789105467.9238400459289550781250 HTTP/1.1" 200 - "-" "WordPress/7.1; https://heredit.mx"
66.249.68.192 - - [11/Sep/2026:01:44:27 -0400] "GET /?a=casio-baby-g-denim-pattern-analogue-digital-limited-sport-cc-qA2exaUd HTTP/1.1" 200 223831 "-" "Mozilla/5.0 (Linux; Android 6.0.1; Nexus 5X Build/MMB29P) AppleWebKit/537.36 (KHTML, like Gecko) Chrome/153.0.8010.36 Mobile Safari/537.36 (compatible; Googlebot/2.1; +http://www.google.com/bot.html)"
199.250.222.155 - - [11/Sep/2026:01:45:48 -0400] "POST /wp-cron.php?doing_wp_cron=1789105548.2387359142303466796875 HTTP/1.1" 200 - "-" "WordPress/7.1; https://heredit.mx"
66.249.68.193 - - [11/Sep/2026:01:45:47 -0400] "GET /?a=mx-player-kuch-toh-hai-naagin-ek-naye-rang-cc-zx5zR0hG HTTP/1.1" 200 223771 "-" "Mozilla/5.0 (Linux; Android 6.0.1; Nexus 5X Build/MMB29P) AppleWebKit/537.36 (KHTML, like Gecko) Chrome/153.0.8010.36 Mobile Safari/537.36 (compatible; GoogleOther)"
66.249.68.192 - - [11/Sep/2026:01:46:52 -0400] "GET /wp-content/plugins/elementor/assets/css/conditionals/e-swiper.min.css?ver=4.2.4 HTTP/1.1" 200 5486 "https://heredit.mx/?a=mx-player-kuch-toh-hai-naagin-ek-naye-rang-cc-zx5zR0hG" "Mozilla/5.0 (Linux; Android 6.0.1; Nexus 5X Build/MMB29P) AppleWebKit/537.36 (KHTML, like Gecko) Chrome/153.0.8010.36 Mobile Safari/537.36 (compatible; GoogleOther)"
199.250.222.155 - - [11/Sep/2026:01:47:23 -0400] "POST /wp-cron.php?doing_wp_cron=1789105643.0340220928192138671875 HTTP/1.1" 200 - "-" "WordPress/7.1; https://heredit.mx"
66.249.68.193 - - [11/Sep/2026:01:47:22 -0400] "GET /?a=brista-ankle-wrap-heel-cc-1PJMwwim HTTP/1.1" 200 223691 "-" "Mozilla/5.0 (Linux; Android 6.0.1; Nexus 5X Build/MMB29P) AppleWebKit/537.36 (KHTML, like Gecko) Chrome/153.0.8010.36 Mobile Safari/537.36 (compatible; GoogleOther)"
66.249.68.192 - - [11/Sep/2026:01:47:27 -0400] "GET /sliders/desarrollos/style.css HTTP/1.1" 200 5112 "https://heredit.mx/sliders/desarrollos/index.html" "Mozilla/5.0 (Linux; Android 6.0.1; Nexus 5X Build/MMB29P) AppleWebKit/537.36 (KHTML, like Gecko) Chrome/153.0.8010.36 Mobile Safari/537.36 (compatible; GoogleOther)"
199.250.222.155 - - [11/Sep/2026:01:48:58 -0400] "POST /wp-cron.php?doing_wp_cron=1789105737.9901089668273925781250 HTTP/1.1" 200 - "-" "WordPress/7.1; https://heredit.mx"
66.249.68.194 - - [11/Sep/2026:01:48:57 -0400] "GET /?a=mx-player-kuch-toh-hai-naagin-ek-naye-rang-cc-zx5zR0hG HTTP/1.1" 200 223771 "-" "Mozilla/5.0 (Linux; Android 6.0.1; Nexus 5X Build/MMB29P) AppleWebKit/537.36 (KHTML, like Gecko) Chrome/153.0.8010.36 Mobile Safari/537.36 (compatible; Googlebot/2.1; +http://www.google.com/bot.html)"
66.249.68.193 - - [11/Sep/2026:01:49:20 -0400] "GET /wp-includes/js/dist/i18n.min.js?ver=1dfe7db3940c23ea9216 HTTP/1.1" 200 5791 "https://heredit.mx/?a=mx-player-kuch-toh-hai-naagin-ek-naye-rang-cc-zx5zR0hG" "Mozilla/5.0 (Linux; Android 6.0.1; Nexus 5X Build/MMB29P) AppleWebKit/537.36 (KHTML, like Gecko) Chrome/153.0.8010.36 Mobile Safari/537.36 (compatible; Googlebot/2.1; +http://www.google.com/bot.html)"
66.249.68.192 - - [11/Sep/2026:01:49:22 -0400] "GET /wp-content/plugins/elementor/assets/css/conditionals/dialog.min.css?ver=4.2.4 HTTP/1.1" 200 16528 "https://heredit.mx/?a=mx-player-kuch-toh-hai-naagin-ek-naye-rang-cc-zx5zR0hG" "Mozilla/5.0 (Linux; Android 6.0.1; Nexus 5X Build/MMB29P) AppleWebKit/537.36 (KHTML, like Gecko) Chrome/153.0.8010.36 Mobile Safari/537.36 (compatible; Googlebot/2.1; +http://www.google.com/bot.html)"
199.250.222.155 - - [11/Sep/2026:01:49:45 -0400] "POST /wp-cron.php?doing_wp_cron=1789105785.5149610042572021484375 HTTP/1.1" 200 - "-" "WordPress/7.1; https://heredit.mx"
52.167.144.198 - - [11/Sep/2026:01:49:45 -0400] "GET /bibliographically-577191-nMMPsgR/?a=pet-corn-snake-c-jDBGjTO HTTP/1.1" 404 121299 "-" "Mozilla/5.0 AppleWebKit/537.36 (KHTML, like Gecko; compatible; bingbot/2.0; +http://www.bing.com/bingbot.htm) Chrome/116.0.1938.76 Safari/537.36"
52.167.144.198 - - [11/Sep/2026:01:49:45 -0400] "GET /bibliographically-577191-nMMPsgR/?a=pet-corn-snake-c-jDBGjTO HTTP/1.1" 404 121299 "-" "Mozilla/5.0 AppleWebKit/537.36 (KHTML, like Gecko; compatible; bingbot/2.0; +http://www.bing.com/bingbot.htm) Chrome/116.0.1938.76 Safari/537.36"
199.250.222.155 - - [11/Sep/2026:01:50:32 -0400] "POST /wp-cron.php?doing_wp_cron=1789105832.8556621074676513671875 HTTP/1.1" 200 - "-" "WordPress/7.1; https://heredit.mx"
66.249.68.193 - - [11/Sep/2026:01:50:32 -0400] "GET /?a=casio-baby-g-denim-pattern-analogue-digital-limited-sport-cc-qA2exaUd HTTP/1.1" 200 223831 "-" "Mozilla/5.0 (Linux; Android 6.0.1; Nexus 5X Build/MMB29P) AppleWebKit/537.36 (KHTML, like Gecko) Chrome/153.0.8010.36 Mobile Safari/537.36 (compatible; GoogleOther)"
199.250.222.155 - - [11/Sep/2026:01:52:03 -0400] "POST /wp-cron.php?doing_wp_cron=1789105923.6914310455322265625000 HTTP/1.1" 200 - "-" "WordPress/7.1; https://heredit.mx"
157.55.39.202 - - [11/Sep/2026:01:52:03 -0400] "GET /icefish-127258-BfvZMCLA/?a=pesas-encauchadas-set-body-pump-sportfitness-kit-barra-tienda-cc-YrZMwNfM HTTP/1.1" 301 - "-" "Mozilla/5.0 AppleWebKit/537.36 (KHTML, like Gecko; compatible; bingbot/2.0; +http://www.bing.com/bingbot.htm) Chrome/116.0.1938.76 Safari/537.36"
199.250.222.155 - - [11/Sep/2026:01:53:00 -0400] "POST /wp-cron.php?doing_wp_cron=1789105980.8184471130371093750000 HTTP/1.1" 200 - "-" "WordPress/7.1; https://heredit.mx"
40.77.167.151 - - [11/Sep/2026:01:53:00 -0400] "GET /?w=t-shirt-personnalisable-foot-football-pr%C3%AAt-%C3%A0-porter-et-pp-XPwKbaFE HTTP/1.1" 301 - "-" "Mozilla/5.0 AppleWebKit/537.36 (KHTML, like Gecko; compatible; bingbot/2.0; +http://www.bing.com/bingbot.htm) Chrome/116.0.1938.76 Safari/537.36"
40.77.167.151 - - [11/Sep/2026:01:53:02 -0400] "GET /PAqDyIq/countertheme556044/ HTTP/1.1" 301 - "-" "Mozilla/5.0 AppleWebKit/537.36 (KHTML, like Gecko; compatible; bingbot/2.0; +http://www.bing.com/bingbot.htm) Chrome/116.0.1938.76 Safari/537.36"
40.77.167.28 - - [11/Sep/2026:01:53:09 -0400] "GET /?w=t-shirt-personnalisable-foot-football-pr%C3%AAt-%C3%A0-porter-et-pp-XPwKbaFE HTTP/1.1" 200 112757 "-" "Mozilla/5.0 AppleWebKit/537.36 (KHTML, like Gecko; compatible; bingbot/2.0; +http://www.bing.com/bingbot.htm) Chrome/116.0.1938.76 Safari/537.36"
199.250.222.155 - - [11/Sep/2026:01:54:03 -0400] "POST /wp-cron.php?doing_wp_cron=1789106043.7578001022338867187500 HTTP/1.1" 200 - "-" "WordPress/7.1; https://heredit.mx"
157.55.39.202 - - [11/Sep/2026:01:54:03 -0400] "GET /?a=would-rocketman-director-dexter-fletcher-make-a-sequel-cc-GYLzZeHN HTTP/1.1" 200 223819 "-" "Mozilla/5.0 AppleWebKit/537.36 (KHTML, like Gecko; compatible; bingbot/2.0; +http://www.bing.com/bingbot.htm) Chrome/116.0.1938.76 Safari/537.36"
199.250.222.155 - - [11/Sep/2026:01:56:52 -0400] "POST /wp-cron.php?doing_wp_cron=1789106212.6209409236907958984375 HTTP/1.1" 200 - "-" "WordPress/7.1; https://heredit.mx"
66.249.68.192 - - [11/Sep/2026:01:56:52 -0400] "GET /?a=seafood-and-tofu-soup-bbq-noodles-house-cc-6y7BNJTo HTTP/1.1" 200 223759 "-" "Mozilla/5.0 (Linux; Android 6.0.1; Nexus 5X Build/MMB29P) AppleWebKit/537.36 (KHTML, like Gecko) Chrome/153.0.8010.36 Mobile Safari/537.36 (compatible; Googlebot/2.1; +http://www.google.com/bot.html)"
66.249.68.193 - - [11/Sep/2026:01:56:55 -0400] "GET /wp-content/plugins/elementor/assets/lib/animations/styles/fadeInDown.min.css?ver=4.2.4 HTTP/1.1" 200 137 "https://heredit.mx/?a=seafood-and-tofu-soup-bbq-noodles-house-cc-6y7BNJTo" "Mozilla/5.0 (Linux; Android 6.0.1; Nexus 5X Build/MMB29P) AppleWebKit/537.36 (KHTML, like Gecko) Chrome/153.0.8010.36 Mobile Safari/537.36 (compatible; Googlebot/2.1; +http://www.google.com/bot.html)"
199.250.222.155 - - [11/Sep/2026:01:59:24 -0400] "POST /wp-cron.php?doing_wp_cron=1789106364.5784220695495605468750 HTTP/1.1" 200 - "-" "WordPress/7.1; https://heredit.mx"
157.55.39.202 - - [11/Sep/2026:01:59:24 -0400] "GET /?a=planewave-14-inch-cdk-ota-telescope-with-fused-silica-cc-BZ6kGnSo HTTP/1.1" 200 223815 "-" "Mozilla/5.0 AppleWebKit/537.36 (KHTML, like Gecko; compatible; bingbot/2.0; +http://www.bing.com/bingbot.htm) Chrome/116.0.1938.76 Safari/537.36"
66.249.68.194 - - [11/Sep/2026:02:00:04 -0400] "GET /?a=charleston-rectangle-tufted-leather-storage-ottoman-bench-cc-NRQgQMH7 HTTP/1.1" 200 223831 "-" "Mozilla/5.0 (Linux; Android 6.0.1; Nexus 5X Build/MMB29P) AppleWebKit/537.36 (KHTML, like Gecko) Chrome/153.0.8010.36 Mobile Safari/537.36 (compatible; Googlebot/2.1; +http://www.google.com/bot.html)"
66.249.68.192 - - [11/Sep/2026:02:01:37 -0400] "GET /?a=artstation-gta-chinatown-wars-ds-cc-qQYpzJhd HTTP/1.1" 200 223731 "-" "Mozilla/5.0 (Linux; Android 6.0.1; Nexus 5X Build/MMB29P) AppleWebKit/537.36 (KHTML, like Gecko) Chrome/153.0.8010.36 Mobile Safari/537.36 (compatible; GoogleOther)"
44.215.235.20 - - [11/Sep/2026:02:02:06 -0400] "GET /robots.txt HTTP/1.1" 200 267 "-" "Mozilla/5.0 AppleWebKit/537.36 (KHTML, like Gecko; compatible; Amazonbot/0.1; +https://developer.amazon.com/support/amazonbot) Chrome/119.0.6045.214 Safari/537.36"
18.232.36.1 - - [11/Sep/2026:02:02:12 -0400] "GET /?a=waterfall-drawing-cc-RNpBAU7 HTTP/1.1" 200 223667 "-" "Mozilla/5.0 AppleWebKit/537.36 (KHTML, like Gecko; compatible; Amazonbot/0.1; +https://developer.amazon.com/support/amazonbot) Chrome/119.0.6045.214 Safari/537.36"
54.235.191.179 - - [11/Sep/2026:02:02:13 -0400] "GET /wp-content/uploads/2026/09/1080x1350-popup2-819x1024.jpg HTTP/1.1" 200 134582 "-" "Mozilla/5.0 AppleWebKit/537.36 (KHTML, like Gecko; compatible; Amazonbot/0.1; +https://developer.amazon.com/support/amazonbot) Chrome/119.0.6045.214 Safari/537.36"
40.77.167.37 - - [11/Sep/2026:02:02:43 -0400] "GET /?a=virginia-tech-youth-football-helmet-ratings-spain-save-31%25-cc-Do2eP2sn HTTP/1.1" 200 223839 "-" "Mozilla/5.0 AppleWebKit/537.36 (KHTML, like Gecko; compatible; bingbot/2.0; +http://www.bing.com/bingbot.htm) Chrome/116.0.1938.76 Safari/537.36"
66.249.68.193 - - [11/Sep/2026:02:03:12 -0400] "GET /?a=charleston-rectangle-tufted-leather-storage-ottoman-bench-cc-NRQgQMH7 HTTP/1.1" 200 223831 "-" "Mozilla/5.0 (Linux; Android 6.0.1; Nexus 5X Build/MMB29P) AppleWebKit/537.36 (KHTML, like Gecko) Chrome/153.0.8010.36 Mobile Safari/537.36 (compatible; GoogleOther)"
43.155.27.244 - - [11/Sep/2026:02:03:19 -0400] "GET / HTTP/1.1" 200 59619 "http://heredit.mx" "Mozilla/5.0 (iPhone; CPU iPhone OS 13_2_3 like Mac OS X) AppleWebKit/605.1.15 (KHTML, like Gecko) Version/13.0.3 Mobile/15E148 Safari/604.1"
66.249.68.192 - - [11/Sep/2026:02:03:46 -0400] "GET /wp-content/plugins/elementor/assets/css/conditionals/e-swiper.min.css?ver=4.2.4 HTTP/1.1" 200 5486 "https://heredit.mx/?a=charleston-rectangle-tufted-leather-storage-ottoman-bench-cc-NRQgQMH7" "Mozilla/5.0 (Linux; Android 6.0.1; Nexus 5X Build/MMB29P) AppleWebKit/537.36 (KHTML, like Gecko) Chrome/153.0.8010.36 Mobile Safari/537.36 (compatible; GoogleOther)"
66.249.68.192 - - [11/Sep/2026:02:03:47 -0400] "GET /wp-content/uploads/elementor/css/post-7.css?ver=1788480000 HTTP/1.1" 200 4160 "https://heredit.mx/?a=charleston-rectangle-tufted-leather-storage-ottoman-bench-cc-NRQgQMH7" "Mozilla/5.0 (Linux; Android 6.0.1; Nexus 5X Build/MMB29P) AppleWebKit/537.36 (KHTML, like Gecko) Chrome/153.0.8010.36 Mobile Safari/537.36 (compatible; GoogleOther)"
66.249.68.193 - - [11/Sep/2026:02:03:48 -0400] "GET /wp-content/uploads/2024/06/facebook.svg HTTP/1.1" 200 567 "https://heredit.mx/?a=charleston-rectangle-tufted-leather-storage-ottoman-bench-cc-NRQgQMH7" "Mozilla/5.0 (Linux; Android 6.0.1; Nexus 5X Build/MMB29P) AppleWebKit/537.36 (KHTML, like Gecko) Chrome/153.0.8010.36 Mobile Safari/537.36 (compatible; GoogleOther)"
66.249.68.192 - - [11/Sep/2026:02:03:49 -0400] "GET /wp-content/plugins/elementor/assets/css/conditionals/apple-webkit.min.css?ver=4.2.4 HTTP/1.1" 200 6713 "https://heredit.mx/?a=charleston-rectangle-tufted-leather-storage-ottoman-bench-cc-NRQgQMH7" "Mozilla/5.0 (Linux; Android 6.0.1; Nexus 5X Build/MMB29P) AppleWebKit/537.36 (KHTML, like Gecko) Chrome/153.0.8010.36 Mobile Safari/537.36 (compatible; GoogleOther)"
66.249.68.192 - - [11/Sep/2026:02:03:50 -0400] "GET /sliders/desarrollos/style.css HTTP/1.1" 200 5112 "https://heredit.mx/sliders/desarrollos/index.html" "Mozilla/5.0 (Linux; Android 6.0.1; Nexus 5X Build/MMB29P) AppleWebKit/537.36 (KHTML, like Gecko) Chrome/153.0.8010.36 Mobile Safari/537.36 (compatible; GoogleOther)"
199.250.222.155 - - [11/Sep/2026:02:05:44 -0400] "POST /wp-cron.php?doing_wp_cron=1789106744.8255620002746582031250 HTTP/1.1" 200 - "-" "WordPress/7.1; https://heredit.mx"
157.55.39.9 - - [11/Sep/2026:02:05:44 -0400] "GET /concamerated-536715-OcXpveiCk/?a=daith-tragus-and-rook-piercing-c-kyaeKoUN HTTP/1.1" 404 121299 "-" "Mozilla/5.0 AppleWebKit/537.36 (KHTML, like Gecko; compatible; bingbot/2.0; +http://www.bing.com/bingbot.htm) Chrome/116.0.1938.76 Safari/537.36"
66.249.68.193 - - [11/Sep/2026:02:06:21 -0400] "GET /?a=el-arte-de-pedir-el-aguinaldo-el-pa%C3%8Ds-semanal-cc-gANrNeH8 HTTP/1.1" 200 223795 "-" "Mozilla/5.0 (Linux; Android 6.0.1; Nexus 5X Build/MMB29P) AppleWebKit/537.36 (KHTML, like Gecko) Chrome/153.0.8010.36 Mobile Safari/537.36 (compatible; Googlebot/2.1; +http://www.google.com/bot.html)"
199.250.222.155 - - [11/Sep/2026:02:06:28 -0400] "POST /wp-cron.php?doing_wp_cron=1789106788.8975329399108886718750 HTTP/1.1" 200 - "-" "WordPress/7.1; https://heredit.mx"
114.119.153.11 - - [11/Sep/2026:02:06:28 -0400] "GET /robots.txt HTTP/1.1" 200 267 "https://heredit.mx/robots.txt" "Mozilla/5.0 (compatible;PetalBot;+https://webmaster.petalsearch.com/site/petalbot)"
66.249.68.193 - - [11/Sep/2026:02:07:56 -0400] "GET /?a=artstation-gta-chinatown-wars-ds-cc-qQYpzJhd HTTP/1.1" 200 223731 "-" "Mozilla/5.0 (Linux; Android 6.0.1; Nexus 5X Build/MMB29P) AppleWebKit/537.36 (KHTML, like Gecko) Chrome/153.0.8010.36 Mobile Safari/537.36 (compatible; Googlebot/2.1; +http://www.google.com/bot.html)"
66.249.68.194 - - [11/Sep/2026:02:08:11 -0400] "GET /wp-content/uploads/elementor/css/post-7.css?ver=1788480000 HTTP/1.1" 200 4160 "https://heredit.mx/?a=artstation-gta-chinatown-wars-ds-cc-qQYpzJhd" "Mozilla/5.0 (Linux; Android 6.0.1; Nexus 5X Build/MMB29P) AppleWebKit/537.36 (KHTML, like Gecko) Chrome/153.0.8010.36 Mobile Safari/537.36 (compatible; Googlebot/2.1; +http://www.google.com/bot.html)"
66.249.68.194 - - [11/Sep/2026:02:08:11 -0400] "GET /wp-includes/js/dist/i18n.min.js?ver=1dfe7db3940c23ea9216 HTTP/1.1" 200 5791 "https://heredit.mx/?a=artstation-gta-chinatown-wars-ds-cc-qQYpzJhd" "Mozilla/5.0 (Linux; Android 6.0.1; Nexus 5X Build/MMB29P) AppleWebKit/537.36 (KHTML, like Gecko) Chrome/153.0.8010.36 Mobile Safari/537.36 (compatible; Googlebot/2.1; +http://www.google.com/bot.html)"
66.249.68.194 - - [11/Sep/2026:02:09:31 -0400] "GET /?a=el-arte-de-pedir-el-aguinaldo-el-pa%C3%8Ds-semanal-cc-gANrNeH8 HTTP/1.1" 200 223795 "-" "Mozilla/5.0 (Linux; Android 6.0.1; Nexus 5X Build/MMB29P) AppleWebKit/537.36 (KHTML, like Gecko) Chrome/153.0.8010.36 Mobile Safari/537.36 (compatible; GoogleOther)"
66.249.68.193 - - [11/Sep/2026:02:09:35 -0400] "GET /wp-content/plugins/wpforms/assets/css/frontend/modern/wpforms-full.min.css?ver=1.10.2.1 HTTP/1.1" 200 167602 "https://heredit.mx/?a=el-arte-de-pedir-el-aguinaldo-el-pa%C3%8Ds-semanal-cc-gANrNeH8" "Mozilla/5.0 (Linux; Android 6.0.1; Nexus 5X Build/MMB29P) AppleWebKit/537.36 (KHTML, like Gecko) Chrome/153.0.8010.36 Mobile Safari/537.36 (compatible; GoogleOther)"
66.249.68.193 - - [11/Sep/2026:02:09:37 -0400] "GET /sliders/amenidades/style.css HTTP/1.1" 200 3139 "https://heredit.mx/sliders/amenidades/interiores.html" "Mozilla/5.0 (Linux; Android 6.0.1; Nexus 5X Build/MMB29P) AppleWebKit/537.36 (KHTML, like Gecko) Chrome/153.0.8010.36 Mobile Safari/537.36 (compatible; GoogleOther)"
66.249.68.193 - - [11/Sep/2026:02:09:38 -0400] "GET /wp-content/uploads/2024/06/icon-bath.svg HTTP/1.1" 200 1635 "https://heredit.mx/sliders/cards/index.html" "Mozilla/5.0 (Linux; Android 6.0.1; Nexus 5X Build/MMB29P) AppleWebKit/537.36 (KHTML, like Gecko) Chrome/153.0.8010.36 Mobile Safari/537.36 (compatible; GoogleOther)"
66.249.68.192 - - [11/Sep/2026:02:09:39 -0400] "GET /sliders/cercanias/style.css HTTP/1.1" 200 3132 "https://heredit.mx/sliders/cercanias/index.html" "Mozilla/5.0 (Linux; Android 6.0.1; Nexus 5X Build/MMB29P) AppleWebKit/537.36 (KHTML, like Gecko) Chrome/153.0.8010.36 Mobile Safari/537.36 (compatible; GoogleOther)"
199.250.222.155 - - [11/Sep/2026:02:10:43 -0400] "POST /wp-cron.php?doing_wp_cron=1789107043.2535350322723388671875 HTTP/1.1" 200 - "-" "WordPress/7.1; https://heredit.mx"
40.77.167.42 - - [11/Sep/2026:02:10:42 -0400] "GET /?w=macbook-air-core-i7-ran-4gb-ssd-128gb-pin-pp-X4qprXsE HTTP/1.1" 200 112757 "-" "Mozilla/5.0 AppleWebKit/537.36 (KHTML, like Gecko; compatible; bingbot/2.0; +http://www.bing.com/bingbot.htm) Chrome/116.0.1938.76 Safari/537.36"
157.55.39.202 - - [11/Sep/2026:02:10:58 -0400] "GET /?w=m%C3%A1y-m%C3%A0i-g%C3%B3c-m%C3%A1y-tr%C3%A0-c%E1%BA%A7m-tay-dca-asm05-pp-RGwz77TA HTTP/1.1" 301 - "-" "Mozilla/5.0 AppleWebKit/537.36 (KHTML, like Gecko; compatible; bingbot/2.0; +http://www.bing.com/bingbot.htm) Chrome/116.0.1938.76 Safari/537.36"
157.55.39.9 - - [11/Sep/2026:02:11:06 -0400] "GET /?w=m%C3%A1y-m%C3%A0i-g%C3%B3c-m%C3%A1y-tr%C3%A0-c%E1%BA%A7m-tay-dca-asm05-pp-RGwz77TA HTTP/1.1" 200 112757 "-" "Mozilla/5.0 AppleWebKit/537.36 (KHTML, like Gecko; compatible; bingbot/2.0; +http://www.bing.com/bingbot.htm) Chrome/116.0.1938.76 Safari/537.36"
66.249.68.193 - - [11/Sep/2026:02:11:07 -0400] "GET /?a=advertising-lighting-led-retail-display-light-box-flex-board-cc-YPy8ppTM HTTP/1.1" 200 223843 "-" "Mozilla/5.0 (Linux; Android 6.0.1; Nexus 5X Build/MMB29P) AppleWebKit/537.36 (KHTML, like Gecko) Chrome/153.0.8010.36 Mobile Safari/537.36 (compatible; GoogleOther)"
66.249.68.192 - - [11/Sep/2026:02:11:14 -0400] "GET /sliders/cards/script.js HTTP/1.1" 200 2513 "https://heredit.mx/sliders/cards/index.html" "Mozilla/5.0 (Linux; Android 6.0.1; Nexus 5X Build/MMB29P) AppleWebKit/537.36 (KHTML, like Gecko) Chrome/153.0.8010.36 Mobile Safari/537.36 (compatible; GoogleOther)"
34.18.199.12 - - [11/Sep/2026:02:11:26 -0400] "GET / HTTP/1.1" 200 59619 "-" "Mozilla/5.0 (X11; Linux x86_64) AppleWebKit/537.36 (KHTML, like Gecko) Chrome/131.0.0.0 Safari/537.36"
34.18.199.12 - - [11/Sep/2026:02:11:26 -0400] "POST / HTTP/1.1" 200 224539 "-" "Mozilla/5.0 (X11; Linux x86_64) AppleWebKit/537.36 (KHTML, like Gecko) Chrome/131.0.0.0 Safari/537.36"
199.250.222.155 - - [11/Sep/2026:02:11:28 -0400] "POST /wp-cron.php?doing_wp_cron=1789107088.1520640850067138671875 HTTP/1.1" 200 - "-" "WordPress/7.1; https://heredit.mx"
34.18.199.12 - - [11/Sep/2026:02:11:27 -0400] "POST / HTTP/1.1" 200 224539 "-" "Mozilla/5.0 (X11; Linux x86_64) AppleWebKit/537.36 (KHTML, like Gecko) Chrome/131.0.0.0 Safari/537.36"
34.18.199.12 - - [11/Sep/2026:02:11:28 -0400] "POST / HTTP/1.1" 200 224539 "-" "Mozilla/5.0 (X11; Linux x86_64) AppleWebKit/537.36 (KHTML, like Gecko) Chrome/131.0.0.0 Safari/537.36"
34.18.199.12 - - [11/Sep/2026:02:11:29 -0400] "GET /.git/config HTTP/1.1" 406 300 "-" "Mozilla/5.0 (X11; Linux x86_64) AppleWebKit/537.36 (KHTML, like Gecko) Chrome/131.0.0.0 Safari/537.36"
34.18.199.12 - - [11/Sep/2026:02:11:29 -0400] "POST / HTTP/1.1" 200 224539 "-" "Mozilla/5.0 (X11; Linux x86_64) AppleWebKit/537.36 (KHTML, like Gecko) Chrome/131.0.0.0 Safari/537.36"
34.18.199.12 - - [11/Sep/2026:02:11:30 -0400] "GET /.env HTTP/1.1" 406 300 "-" "Mozilla/5.0 (X11; Linux x86_64) AppleWebKit/537.36 (KHTML, like Gecko) Chrome/131.0.0.0 Safari/537.36"
34.18.199.12 - - [11/Sep/2026:02:11:31 -0400] "GET /.env.local HTTP/1.1" 406 300 "-" "Mozilla/5.0 (X11; Linux x86_64) AppleWebKit/537.36 (KHTML, like Gecko) Chrome/131.0.0.0 Safari/537.36"
34.18.199.12 - - [11/Sep/2026:02:11:31 -0400] "GET /.env.production HTTP/1.1" 406 300 "-" "Mozilla/5.0 (X11; Linux x86_64) AppleWebKit/537.36 (KHTML, like Gecko) Chrome/131.0.0.0 Safari/537.36"
34.18.199.12 - - [11/Sep/2026:02:11:32 -0400] "GET /.env.staging HTTP/1.1" 406 300 "-" "Mozilla/5.0 (X11; Linux x86_64) AppleWebKit/537.36 (KHTML, like Gecko) Chrome/131.0.0.0 Safari/537.36"
34.18.199.12 - - [11/Sep/2026:02:11:33 -0400] "GET /.env.development HTTP/1.1" 406 300 "-" "Mozilla/5.0 (X11; Linux x86_64) AppleWebKit/537.36 (KHTML, like Gecko) Chrome/131.0.0.0 Safari/537.36"
34.18.199.12 - - [11/Sep/2026:02:11:33 -0400] "GET /.env.test HTTP/1.1" 406 300 "-" "Mozilla/5.0 (X11; Linux x86_64) AppleWebKit/537.36 (KHTML, like Gecko) Chrome/131.0.0.0 Safari/537.36"
34.18.199.12 - - [11/Sep/2026:02:11:34 -0400] "GET /.env.remote HTTP/1.1" 406 300 "-" "Mozilla/5.0 (X11; Linux x86_64) AppleWebKit/537.36 (KHTML, like Gecko) Chrome/131.0.0.0 Safari/537.36"
34.18.199.12 - - [11/Sep/2026:02:11:34 -0400] "GET /.env.bak HTTP/1.1" 406 300 "-" "Mozilla/5.0 (X11; Linux x86_64) AppleWebKit/537.36 (KHTML, like Gecko) Chrome/131.0.0.0 Safari/537.36"
34.18.199.12 - - [11/Sep/2026:02:11:35 -0400] "GET /.env.backup HTTP/1.1" 406 300 "-" "Mozilla/5.0 (X11; Linux x86_64) AppleWebKit/537.36 (KHTML, like Gecko) Chrome/131.0.0.0 Safari/537.36"
34.18.199.12 - - [11/Sep/2026:02:11:35 -0400] "GET /.env.save HTTP/1.1" 406 300 "-" "Mozilla/5.0 (X11; Linux x86_64) AppleWebKit/537.36 (KHTML, like Gecko) Chrome/131.0.0.0 Safari/537.36"
34.18.199.12 - - [11/Sep/2026:02:11:36 -0400] "GET /.env.old HTTP/1.1" 406 300 "-" "Mozilla/5.0 (X11; Linux x86_64) AppleWebKit/537.36 (KHTML, like Gecko) Chrome/131.0.0.0 Safari/537.36"
34.18.199.12 - - [11/Sep/2026:02:11:36 -0400] "GET /.env.sample HTTP/1.1" 406 300 "-" "Mozilla/5.0 (X11; Linux x86_64) AppleWebKit/537.36 (KHTML, like Gecko) Chrome/131.0.0.0 Safari/537.36"
34.18.199.12 - - [11/Sep/2026:02:11:37 -0400] "GET /.env.example HTTP/1.1" 406 300 "-" "Mozilla/5.0 (X11; Linux x86_64) AppleWebKit/537.36 (KHTML, like Gecko) Chrome/131.0.0.0 Safari/537.36"
34.18.199.12 - - [11/Sep/2026:02:11:37 -0400] "GET /.env.dev HTTP/1.1" 406 300 "-" "Mozilla/5.0 (X11; Linux x86_64) AppleWebKit/537.36 (KHTML, like Gecko) Chrome/131.0.0.0 Safari/537.36"
34.18.199.12 - - [11/Sep/2026:02:11:38 -0400] "GET /.env.prod HTTP/1.1" 406 300 "-" "Mozilla/5.0 (X11; Linux x86_64) AppleWebKit/537.36 (KHTML, like Gecko) Chrome/131.0.0.0 Safari/537.36"
34.18.199.12 - - [11/Sep/2026:02:11:38 -0400] "GET /.env.stage HTTP/1.1" 406 300 "-" "Mozilla/5.0 (X11; Linux x86_64) AppleWebKit/537.36 (KHTML, like Gecko) Chrome/131.0.0.0 Safari/537.36"
34.18.199.12 - - [11/Sep/2026:02:11:39 -0400] "GET /.env.ci HTTP/1.1" 406 300 "-" "Mozilla/5.0 (X11; Linux x86_64) AppleWebKit/537.36 (KHTML, like Gecko) Chrome/131.0.0.0 Safari/537.36"
34.18.199.12 - - [11/Sep/2026:02:11:39 -0400] "GET /.env.docker HTTP/1.1" 406 300 "-" "Mozilla/5.0 (X11; Linux x86_64) AppleWebKit/537.36 (KHTML, like Gecko) Chrome/131.0.0.0 Safari/537.36"
34.18.199.12 - - [11/Sep/2026:02:11:40 -0400] "GET /.env.live HTTP/1.1" 406 300 "-" "Mozilla/5.0 (X11; Linux x86_64) AppleWebKit/537.36 (KHTML, like Gecko) Chrome/131.0.0.0 Safari/537.36"
34.18.199.12 - - [11/Sep/2026:02:11:40 -0400] "GET /.env.preprod HTTP/1.1" 406 300 "-" "Mozilla/5.0 (X11; Linux x86_64) AppleWebKit/537.36 (KHTML, like Gecko) Chrome/131.0.0.0 Safari/537.36"
34.18.199.12 - - [11/Sep/2026:02:11:41 -0400] "GET /.env.uat HTTP/1.1" 406 300 "-" "Mozilla/5.0 (X11; Linux x86_64) AppleWebKit/537.36 (KHTML, like Gecko) Chrome/131.0.0.0 Safari/537.36"
34.18.199.12 - - [11/Sep/2026:02:11:41 -0400] "GET /.env.dist HTTP/1.1" 406 300 "-" "Mozilla/5.0 (X11; Linux x86_64) AppleWebKit/537.36 (KHTML, like Gecko) Chrome/131.0.0.0 Safari/537.36"
34.18.199.12 - - [11/Sep/2026:02:11:42 -0400] "GET /.env.swp HTTP/1.1" 406 300 "-" "Mozilla/5.0 (X11; Linux x86_64) AppleWebKit/537.36 (KHTML, like Gecko) Chrome/131.0.0.0 Safari/537.36"
34.18.199.12 - - [11/Sep/2026:02:11:42 -0400] "GET /.env~ HTTP/1.1" 406 300 "-" "Mozilla/5.0 (X11; Linux x86_64) AppleWebKit/537.36 (KHTML, like Gecko) Chrome/131.0.0.0 Safari/537.36"
34.18.199.12 - - [11/Sep/2026:02:11:43 -0400] "GET /.env1 HTTP/1.1" 406 300 "-" "Mozilla/5.0 (X11; Linux x86_64) AppleWebKit/537.36 (KHTML, like Gecko) Chrome/131.0.0.0 Safari/537.36"
34.18.199.12 - - [11/Sep/2026:02:11:43 -0400] "GET /.env2 HTTP/1.1" 406 300 "-" "Mozilla/5.0 (X11; Linux x86_64) AppleWebKit/537.36 (KHTML, like Gecko) Chrome/131.0.0.0 Safari/537.36"
34.18.199.12 - - [11/Sep/2026:02:11:44 -0400] "GET /.env_copy HTTP/1.1" 406 300 "-" "Mozilla/5.0 (X11; Linux x86_64) AppleWebKit/537.36 (KHTML, like Gecko) Chrome/131.0.0.0 Safari/537.36"
34.18.199.12 - - [11/Sep/2026:02:11:44 -0400] "GET /.env.txt HTTP/1.1" 406 300 "-" "Mozilla/5.0 (X11; Linux x86_64) AppleWebKit/537.36 (KHTML, like Gecko) Chrome/131.0.0.0 Safari/537.36"
34.18.199.12 - - [11/Sep/2026:02:11:45 -0400] "GET /.env.json HTTP/1.1" 406 300 "-" "Mozilla/5.0 (X11; Linux x86_64) AppleWebKit/537.36 (KHTML, like Gecko) Chrome/131.0.0.0 Safari/537.36"
34.18.199.12 - - [11/Sep/2026:02:11:45 -0400] "GET /.env.yaml HTTP/1.1" 406 300 "-" "Mozilla/5.0 (X11; Linux x86_64) AppleWebKit/537.36 (KHTML, like Gecko) Chrome/131.0.0.0 Safari/537.36"
34.18.199.12 - - [11/Sep/2026:02:11:46 -0400] "GET /.env.yml HTTP/1.1" 406 300 "-" "Mozilla/5.0 (X11; Linux x86_64) AppleWebKit/537.36 (KHTML, like Gecko) Chrome/131.0.0.0 Safari/537.36"
34.18.199.12 - - [11/Sep/2026:02:11:46 -0400] "GET /app/.env HTTP/1.1" 406 300 "-" "Mozilla/5.0 (X11; Linux x86_64) AppleWebKit/537.36 (KHTML, like Gecko) Chrome/131.0.0.0 Safari/537.36"
34.18.199.12 - - [11/Sep/2026:02:11:47 -0400] "GET /apps/.env HTTP/1.1" 406 300 "-" "Mozilla/5.0 (X11; Linux x86_64) AppleWebKit/537.36 (KHTML, like Gecko) Chrome/131.0.0.0 Safari/537.36"
34.18.199.12 - - [11/Sep/2026:02:11:47 -0400] "GET /api/.env HTTP/1.1" 406 300 "-" "Mozilla/5.0 (X11; Linux x86_64) AppleWebKit/537.36 (KHTML, like Gecko) Chrome/131.0.0.0 Safari/537.36"
34.18.199.12 - - [11/Sep/2026:02:11:48 -0400] "GET /web/.env HTTP/1.1" 406 300 "-" "Mozilla/5.0 (X11; Linux x86_64) AppleWebKit/537.36 (KHTML, like Gecko) Chrome/131.0.0.0 Safari/537.36"
34.18.199.12 - - [11/Sep/2026:02:11:48 -0400] "GET /site/.env HTTP/1.1" 406 300 "-" "Mozilla/5.0 (X11; Linux x86_64) AppleWebKit/537.36 (KHTML, like Gecko) Chrome/131.0.0.0 Safari/537.36"
34.18.199.12 - - [11/Sep/2026:02:11:49 -0400] "GET /public/.env HTTP/1.1" 406 300 "-" "Mozilla/5.0 (X11; Linux x86_64) AppleWebKit/537.36 (KHTML, like Gecko) Chrome/131.0.0.0 Safari/537.36"
34.18.199.12 - - [11/Sep/2026:02:11:50 -0400] "GET /admin/.env HTTP/1.1" 406 300 "-" "Mozilla/5.0 (X11; Linux x86_64) AppleWebKit/537.36 (KHTML, like Gecko) Chrome/131.0.0.0 Safari/537.36"
34.18.199.12 - - [11/Sep/2026:02:11:50 -0400] "GET /backend/.env HTTP/1.1" 406 300 "-" "Mozilla/5.0 (X11; Linux x86_64) AppleWebKit/537.36 (KHTML, like Gecko) Chrome/131.0.0.0 Safari/537.36"
34.18.199.12 - - [11/Sep/2026:02:11:51 -0400] "GET /server/.env HTTP/1.1" 406 300 "-" "Mozilla/5.0 (X11; Linux x86_64) AppleWebKit/537.36 (KHTML, like Gecko) Chrome/131.0.0.0 Safari/537.36"
34.18.199.12 - - [11/Sep/2026:02:11:51 -0400] "GET /frontend/.env HTTP/1.1" 406 300 "-" "Mozilla/5.0 (X11; Linux x86_64) AppleWebKit/537.36 (KHTML, like Gecko) Chrome/131.0.0.0 Safari/537.36"
34.18.199.12 - - [11/Sep/2026:02:11:52 -0400] "GET /src/.env HTTP/1.1" 406 300 "-" "Mozilla/5.0 (X11; Linux x86_64) AppleWebKit/537.36 (KHTML, like Gecko) Chrome/131.0.0.0 Safari/537.36"
34.18.199.12 - - [11/Sep/2026:02:11:52 -0400] "GET /core/.env HTTP/1.1" 406 300 "-" "Mozilla/5.0 (X11; Linux x86_64) AppleWebKit/537.36 (KHTML, like Gecko) Chrome/131.0.0.0 Safari/537.36"
34.18.199.12 - - [11/Sep/2026:02:11:53 -0400] "GET /core/app/.env HTTP/1.1" 406 300 "-" "Mozilla/5.0 (X11; Linux x86_64) AppleWebKit/537.36 (KHTML, like Gecko) Chrome/131.0.0.0 Safari/537.36"
34.18.199.12 - - [11/Sep/2026:02:11:53 -0400] "GET /config/.env HTTP/1.1" 406 300 "-" "Mozilla/5.0 (X11; Linux x86_64) AppleWebKit/537.36 (KHTML, like Gecko) Chrome/131.0.0.0 Safari/537.36"
34.18.199.12 - - [11/Sep/2026:02:11:54 -0400] "GET /private/.env HTTP/1.1" 406 300 "-" "Mozilla/5.0 (X11; Linux x86_64) AppleWebKit/537.36 (KHTML, like Gecko) Chrome/131.0.0.0 Safari/537.36"
34.18.199.12 - - [11/Sep/2026:02:11:54 -0400] "GET /application/.env HTTP/1.1" 406 300 "-" "Mozilla/5.0 (X11; Linux x86_64) AppleWebKit/537.36 (KHTML, like Gecko) Chrome/131.0.0.0 Safari/537.36"
34.18.199.12 - - [11/Sep/2026:02:11:55 -0400] "GET /bootstrap/.env HTTP/1.1" 406 300 "-" "Mozilla/5.0 (X11; Linux x86_64) AppleWebKit/537.36 (KHTML, like Gecko) Chrome/131.0.0.0 Safari/537.36"
34.18.199.12 - - [11/Sep/2026:02:11:55 -0400] "GET /database/.env HTTP/1.1" 406 300 "-" "Mozilla/5.0 (X11; Linux x86_64) AppleWebKit/537.36 (KHTML, like Gecko) Chrome/131.0.0.0 Safari/537.36"
34.18.199.12 - - [11/Sep/2026:02:11:56 -0400] "GET /storage/.env HTTP/1.1" 406 300 "-" "Mozilla/5.0 (X11; Linux x86_64) AppleWebKit/537.36 (KHTML, like Gecko) Chrome/131.0.0.0 Safari/537.36"
34.18.199.12 - - [11/Sep/2026:02:11:56 -0400] "GET /var/www/.env HTTP/1.1" 406 300 "-" "Mozilla/5.0 (X11; Linux x86_64) AppleWebKit/537.36 (KHTML, like Gecko) Chrome/131.0.0.0 Safari/537.36"
34.18.199.12 - - [11/Sep/2026:02:11:57 -0400] "GET /var/www/html/.env HTTP/1.1" 406 300 "-" "Mozilla/5.0 (X11; Linux x86_64) AppleWebKit/537.36 (KHTML, like Gecko) Chrome/131.0.0.0 Safari/537.36"
34.18.199.12 - - [11/Sep/2026:02:11:57 -0400] "GET /current/.env HTTP/1.1" 406 300 "-" "Mozilla/5.0 (X11; Linux x86_64) AppleWebKit/537.36 (KHTML, like Gecko) Chrome/131.0.0.0 Safari/537.36"
34.18.199.12 - - [11/Sep/2026:02:11:58 -0400] "GET /release/.env HTTP/1.1" 406 300 "-" "Mozilla/5.0 (X11; Linux x86_64) AppleWebKit/537.36 (KHTML, like Gecko) Chrome/131.0.0.0 Safari/537.36"
34.18.199.12 - - [11/Sep/2026:02:11:58 -0400] "GET /releases/.env HTTP/1.1" 406 300 "-" "Mozilla/5.0 (X11; Linux x86_64) AppleWebKit/537.36 (KHTML, like Gecko) Chrome/131.0.0.0 Safari/537.36"
34.18.199.12 - - [11/Sep/2026:02:11:59 -0400] "GET /shared/.env HTTP/1.1" 406 300 "-" "Mozilla/5.0 (X11; Linux x86_64) AppleWebKit/537.36 (KHTML, like Gecko) Chrome/131.0.0.0 Safari/537.36"
34.18.199.12 - - [11/Sep/2026:02:11:59 -0400] "GET /deploy/.env HTTP/1.1" 406 300 "-" "Mozilla/5.0 (X11; Linux x86_64) AppleWebKit/537.36 (KHTML, like Gecko) Chrome/131.0.0.0 Safari/537.36"
34.18.199.12 - - [11/Sep/2026:02:12:00 -0400] "GET /build/.env HTTP/1.1" 406 300 "-" "Mozilla/5.0 (X11; Linux x86_64) AppleWebKit/537.36 (KHTML, like Gecko) Chrome/131.0.0.0 Safari/537.36"
34.18.199.12 - - [11/Sep/2026:02:12:00 -0400] "GET /dist/.env HTTP/1.1" 406 300 "-" "Mozilla/5.0 (X11; Linux x86_64) AppleWebKit/537.36 (KHTML, like Gecko) Chrome/131.0.0.0 Safari/537.36"
34.18.199.12 - - [11/Sep/2026:02:12:01 -0400] "GET /public_html/.env HTTP/1.1" 406 300 "-" "Mozilla/5.0 (X11; Linux x86_64) AppleWebKit/537.36 (KHTML, like Gecko) Chrome/131.0.0.0 Safari/537.36"
34.18.199.12 - - [11/Sep/2026:02:12:01 -0400] "GET /htdocs/.env HTTP/1.1" 406 300 "-" "Mozilla/5.0 (X11; Linux x86_64) AppleWebKit/537.36 (KHTML, like Gecko) Chrome/131.0.0.0 Safari/537.36"
34.18.199.12 - - [11/Sep/2026:02:12:02 -0400] "GET /www/.env HTTP/1.1" 406 300 "-" "Mozilla/5.0 (X11; Linux x86_64) AppleWebKit/537.36 (KHTML, like Gecko) Chrome/131.0.0.0 Safari/537.36"
34.18.199.12 - - [11/Sep/2026:02:12:02 -0400] "GET /html/.env HTTP/1.1" 406 300 "-" "Mozilla/5.0 (X11; Linux x86_64) AppleWebKit/537.36 (KHTML, like Gecko) Chrome/131.0.0.0 Safari/537.36"
34.18.199.12 - - [11/Sep/2026:02:12:03 -0400] "GET /live/.env HTTP/1.1" 406 300 "-" "Mozilla/5.0 (X11; Linux x86_64) AppleWebKit/537.36 (KHTML, like Gecko) Chrome/131.0.0.0 Safari/537.36"
34.18.199.12 - - [11/Sep/2026:02:12:03 -0400] "GET /prod/.env HTTP/1.1" 406 300 "-" "Mozilla/5.0 (X11; Linux x86_64) AppleWebKit/537.36 (KHTML, like Gecko) Chrome/131.0.0.0 Safari/537.36"
34.18.199.12 - - [11/Sep/2026:02:12:04 -0400] "GET /dev/.env HTTP/1.1" 406 300 "-" "Mozilla/5.0 (X11; Linux x86_64) AppleWebKit/537.36 (KHTML, like Gecko) Chrome/131.0.0.0 Safari/537.36"
34.18.199.12 - - [11/Sep/2026:02:12:04 -0400] "GET /staging/.env HTTP/1.1" 406 300 "-" "Mozilla/5.0 (X11; Linux x86_64) AppleWebKit/537.36 (KHTML, like Gecko) Chrome/131.0.0.0 Safari/537.36"
34.18.199.12 - - [11/Sep/2026:02:12:05 -0400] "GET /opt/.env HTTP/1.1" 406 300 "-" "Mozilla/5.0 (X11; Linux x86_64) AppleWebKit/537.36 (KHTML, like Gecko) Chrome/131.0.0.0 Safari/537.36"
34.18.199.12 - - [11/Sep/2026:02:12:05 -0400] "GET /laravel/.env HTTP/1.1" 406 300 "-" "Mozilla/5.0 (X11; Linux x86_64) AppleWebKit/537.36 (KHTML, like Gecko) Chrome/131.0.0.0 Safari/537.36"
34.18.199.12 - - [11/Sep/2026:02:12:06 -0400] "GET /symfony/.env HTTP/1.1" 406 300 "-" "Mozilla/5.0 (X11; Linux x86_64) AppleWebKit/537.36 (KHTML, like Gecko) Chrome/131.0.0.0 Safari/537.36"
34.18.199.12 - - [11/Sep/2026:02:12:06 -0400] "GET /wordpress/.env HTTP/1.1" 406 300 "-" "Mozilla/5.0 (X11; Linux x86_64) AppleWebKit/537.36 (KHTML, like Gecko) Chrome/131.0.0.0 Safari/537.36"
34.18.199.12 - - [11/Sep/2026:02:12:07 -0400] "GET /wp/.env HTTP/1.1" 406 300 "-" "Mozilla/5.0 (X11; Linux x86_64) AppleWebKit/537.36 (KHTML, like Gecko) Chrome/131.0.0.0 Safari/537.36"
34.18.199.12 - - [11/Sep/2026:02:12:07 -0400] "GET /cms/.env HTTP/1.1" 406 300 "-" "Mozilla/5.0 (X11; Linux x86_64) AppleWebKit/537.36 (KHTML, like Gecko) Chrome/131.0.0.0 Safari/537.36"
34.18.199.12 - - [11/Sep/2026:02:12:08 -0400] "GET /drupal/.env HTTP/1.1" 406 300 "-" "Mozilla/5.0 (X11; Linux x86_64) AppleWebKit/537.36 (KHTML, like Gecko) Chrome/131.0.0.0 Safari/537.36"
34.18.199.12 - - [11/Sep/2026:02:12:08 -0400] "GET /joomla/.env HTTP/1.1" 406 300 "-" "Mozilla/5.0 (X11; Linux x86_64) AppleWebKit/537.36 (KHTML, like Gecko) Chrome/131.0.0.0 Safari/537.36"
34.18.199.12 - - [11/Sep/2026:02:12:09 -0400] "GET /shopify/.env HTTP/1.1" 406 300 "-" "Mozilla/5.0 (X11; Linux x86_64) AppleWebKit/537.36 (KHTML, like Gecko) Chrome/131.0.0.0 Safari/537.36"
34.18.199.12 - - [11/Sep/2026:02:12:09 -0400] "GET /prestashop/.env HTTP/1.1" 406 300 "-" "Mozilla/5.0 (X11; Linux x86_64) AppleWebKit/537.36 (KHTML, like Gecko) Chrome/131.0.0.0 Safari/537.36"
34.18.199.12 - - [11/Sep/2026:02:12:10 -0400] "GET /codeigniter/.env HTTP/1.1" 406 300 "-" "Mozilla/5.0 (X11; Linux x86_64) AppleWebKit/537.36 (KHTML, like Gecko) Chrome/131.0.0.0 Safari/537.36"
34.18.199.12 - - [11/Sep/2026:02:12:10 -0400] "GET /cakephp/.env HTTP/1.1" 406 300 "-" "Mozilla/5.0 (X11; Linux x86_64) AppleWebKit/537.36 (KHTML, like Gecko) Chrome/131.0.0.0 Safari/537.36"
34.18.199.12 - - [11/Sep/2026:02:12:11 -0400] "GET /zend/.env HTTP/1.1" 406 300 "-" "Mozilla/5.0 (X11; Linux x86_64) AppleWebKit/537.36 (KHTML, like Gecko) Chrome/131.0.0.0 Safari/537.36"
34.18.199.12 - - [11/Sep/2026:02:12:12 -0400] "GET /yii/.env HTTP/1.1" 406 300 "-" "Mozilla/5.0 (X11; Linux x86_64) AppleWebKit/537.36 (KHTML, like Gecko) Chrome/131.0.0.0 Safari/537.36"
34.18.199.12 - - [11/Sep/2026:02:12:12 -0400] "GET /laravel5/.env HTTP/1.1" 406 300 "-" "Mozilla/5.0 (X11; Linux x86_64) AppleWebKit/537.36 (KHTML, like Gecko) Chrome/131.0.0.0 Safari/537.36"
34.18.199.12 - - [11/Sep/2026:02:12:13 -0400] "GET /v1/.env HTTP/1.1" 406 300 "-" "Mozilla/5.0 (X11; Linux x86_64) AppleWebKit/537.36 (KHTML, like Gecko) Chrome/131.0.0.0 Safari/537.36"
34.18.199.12 - - [11/Sep/2026:02:12:13 -0400] "GET /v2/.env HTTP/1.1" 406 300 "-" "Mozilla/5.0 (X11; Linux x86_64) AppleWebKit/537.36 (KHTML, like Gecko) Chrome/131.0.0.0 Safari/537.36"
34.18.199.12 - - [11/Sep/2026:02:12:14 -0400] "GET /v3/.env HTTP/1.1" 406 300 "-" "Mozilla/5.0 (X11; Linux x86_64) AppleWebKit/537.36 (KHTML, like Gecko) Chrome/131.0.0.0 Safari/537.36"
34.18.199.12 - - [11/Sep/2026:02:12:14 -0400] "GET /api/v2/.env HTTP/1.1" 406 300 "-" "Mozilla/5.0 (X11; Linux x86_64) AppleWebKit/537.36 (KHTML, like Gecko) Chrome/131.0.0.0 Safari/537.36"
34.18.199.12 - - [11/Sep/2026:02:12:15 -0400] "GET /rest/.env HTTP/1.1" 406 300 "-" "Mozilla/5.0 (X11; Linux x86_64) AppleWebKit/537.36 (KHTML, like Gecko) Chrome/131.0.0.0 Safari/537.36"
34.18.199.12 - - [11/Sep/2026:02:12:15 -0400] "GET /graphql/.env HTTP/1.1" 406 300 "-" "Mozilla/5.0 (X11; Linux x86_64) AppleWebKit/537.36 (KHTML, like Gecko) Chrome/131.0.0.0 Safari/537.36"
34.18.199.12 - - [11/Sep/2026:02:12:16 -0400] "GET /gateway/.env HTTP/1.1" 406 300 "-" "Mozilla/5.0 (X11; Linux x86_64) AppleWebKit/537.36 (KHTML, like Gecko) Chrome/131.0.0.0 Safari/537.36"
34.18.199.12 - - [11/Sep/2026:02:12:16 -0400] "GET /microservice/.env HTTP/1.1" 406 300 "-" "Mozilla/5.0 (X11; Linux x86_64) AppleWebKit/537.36 (KHTML, like Gecko) Chrome/131.0.0.0 Safari/537.36"
34.18.199.12 - - [11/Sep/2026:02:12:17 -0400] "GET /service/.env HTTP/1.1" 406 300 "-" "Mozilla/5.0 (X11; Linux x86_64) AppleWebKit/537.36 (KHTML, like Gecko) Chrome/131.0.0.0 Safari/537.36"
34.18.199.12 - - [11/Sep/2026:02:12:17 -0400] "GET /api/v3/.env HTTP/1.1" 406 300 "-" "Mozilla/5.0 (X11; Linux x86_64) AppleWebKit/537.36 (KHTML, like Gecko) Chrome/131.0.0.0 Safari/537.36"
34.18.199.12 - - [11/Sep/2026:02:12:18 -0400] "GET /api/dev/.env HTTP/1.1" 406 300 "-" "Mozilla/5.0 (X11; Linux x86_64) AppleWebKit/537.36 (KHTML, like Gecko) Chrome/131.0.0.0 Safari/537.36"
34.18.199.12 - - [11/Sep/2026:02:12:18 -0400] "GET /api/staging/.env HTTP/1.1" 406 300 "-" "Mozilla/5.0 (X11; Linux x86_64) AppleWebKit/537.36 (KHTML, like Gecko) Chrome/131.0.0.0 Safari/537.36"
34.18.199.12 - - [11/Sep/2026:02:12:19 -0400] "GET /vendor/.env HTTP/1.1" 406 300 "-" "Mozilla/5.0 (X11; Linux x86_64) AppleWebKit/537.36 (KHTML, like Gecko) Chrome/131.0.0.0 Safari/537.36"
34.18.199.12 - - [11/Sep/2026:02:12:19 -0400] "GET /resources/.env HTTP/1.1" 406 300 "-" "Mozilla/5.0 (X11; Linux x86_64) AppleWebKit/537.36 (KHTML, like Gecko) Chrome/131.0.0.0 Safari/537.36"
34.18.199.12 - - [11/Sep/2026:02:12:20 -0400] "GET /assets/.env HTTP/1.1" 406 300 "-" "Mozilla/5.0 (X11; Linux x86_64) AppleWebKit/537.36 (KHTML, like Gecko) Chrome/131.0.0.0 Safari/537.36"
34.18.199.12 - - [11/Sep/2026:02:12:20 -0400] "GET /uploads/.env HTTP/1.1" 406 300 "-" "Mozilla/5.0 (X11; Linux x86_64) AppleWebKit/537.36 (KHTML, like Gecko) Chrome/131.0.0.0 Safari/537.36"
34.18.199.12 - - [11/Sep/2026:02:12:21 -0400] "GET /internal/.env HTTP/1.1" 406 300 "-" "Mozilla/5.0 (X11; Linux x86_64) AppleWebKit/537.36 (KHTML, like Gecko) Chrome/131.0.0.0 Safari/537.36"
34.18.199.12 - - [11/Sep/2026:02:12:21 -0400] "GET /tools/.env HTTP/1.1" 406 300 "-" "Mozilla/5.0 (X11; Linux x86_64) AppleWebKit/537.36 (KHTML, like Gecko) Chrome/131.0.0.0 Safari/537.36"
34.18.199.12 - - [11/Sep/2026:02:12:22 -0400] "GET /scripts/.env HTTP/1.1" 406 300 "-" "Mozilla/5.0 (X11; Linux x86_64) AppleWebKit/537.36 (KHTML, like Gecko) Chrome/131.0.0.0 Safari/537.36"
34.18.199.12 - - [11/Sep/2026:02:12:22 -0400] "GET /bin/.env HTTP/1.1" 406 300 "-" "Mozilla/5.0 (X11; Linux x86_64) AppleWebKit/537.36 (KHTML, like Gecko) Chrome/131.0.0.0 Safari/537.36"
34.18.199.12 - - [11/Sep/2026:02:12:23 -0400] "GET /sbin/.env HTTP/1.1" 406 300 "-" "Mozilla/5.0 (X11; Linux x86_64) AppleWebKit/537.36 (KHTML, like Gecko) Chrome/131.0.0.0 Safari/537.36"
34.18.199.12 - - [11/Sep/2026:02:12:23 -0400] "GET /local/.env HTTP/1.1" 406 300 "-" "Mozilla/5.0 (X11; Linux x86_64) AppleWebKit/537.36 (KHTML, like Gecko) Chrome/131.0.0.0 Safari/537.36"
34.18.199.12 - - [11/Sep/2026:02:12:24 -0400] "GET /portal/.env HTTP/1.1" 406 300 "-" "Mozilla/5.0 (X11; Linux x86_64) AppleWebKit/537.36 (KHTML, like Gecko) Chrome/131.0.0.0 Safari/537.36"
34.18.199.12 - - [11/Sep/2026:02:12:24 -0400] "GET /dashboard/.env HTTP/1.1" 406 300 "-" "Mozilla/5.0 (X11; Linux x86_64) AppleWebKit/537.36 (KHTML, like Gecko) Chrome/131.0.0.0 Safari/537.36"
34.18.199.12 - - [11/Sep/2026:02:12:25 -0400] "GET /panel/.env HTTP/1.1" 406 300 "-" "Mozilla/5.0 (X11; Linux x86_64) AppleWebKit/537.36 (KHTML, like Gecko) Chrome/131.0.0.0 Safari/537.36"
34.18.199.12 - - [11/Sep/2026:02:12:25 -0400] "GET /crm/.env HTTP/1.1" 406 300 "-" "Mozilla/5.0 (X11; Linux x86_64) AppleWebKit/537.36 (KHTML, like Gecko) Chrome/131.0.0.0 Safari/537.36"
34.18.199.12 - - [11/Sep/2026:02:12:26 -0400] "GET /erp/.env HTTP/1.1" 406 300 "-" "Mozilla/5.0 (X11; Linux x86_64) AppleWebKit/537.36 (KHTML, like Gecko) Chrome/131.0.0.0 Safari/537.36"
34.18.199.12 - - [11/Sep/2026:02:12:26 -0400] "GET /shop/.env HTTP/1.1" 406 300 "-" "Mozilla/5.0 (X11; Linux x86_64) AppleWebKit/537.36 (KHTML, like Gecko) Chrome/131.0.0.0 Safari/537.36"
34.18.199.12 - - [11/Sep/2026:02:12:27 -0400] "GET /store/.env HTTP/1.1" 406 300 "-" "Mozilla/5.0 (X11; Linux x86_64) AppleWebKit/537.36 (KHTML, like Gecko) Chrome/131.0.0.0 Safari/537.36"
34.18.199.12 - - [11/Sep/2026:02:12:27 -0400] "GET /saas/.env HTTP/1.1" 406 300 "-" "Mozilla/5.0 (X11; Linux x86_64) AppleWebKit/537.36 (KHTML, like Gecko) Chrome/131.0.0.0 Safari/537.36"
34.18.199.12 - - [11/Sep/2026:02:12:28 -0400] "GET /client/.env HTTP/1.1" 406 300 "-" "Mozilla/5.0 (X11; Linux x86_64) AppleWebKit/537.36 (KHTML, like Gecko) Chrome/131.0.0.0 Safari/537.36"
34.18.199.12 - - [11/Sep/2026:02:12:28 -0400] "GET /project/.env HTTP/1.1" 406 300 "-" "Mozilla/5.0 (X11; Linux x86_64) AppleWebKit/537.36 (KHTML, like Gecko) Chrome/131.0.0.0 Safari/537.36"
34.18.199.12 - - [11/Sep/2026:02:12:29 -0400] "GET /admin-panel/.env HTTP/1.1" 406 300 "-" "Mozilla/5.0 (X11; Linux x86_64) AppleWebKit/537.36 (KHTML, like Gecko) Chrome/131.0.0.0 Safari/537.36"
34.18.199.12 - - [11/Sep/2026:02:12:29 -0400] "GET /user-panel/.env HTTP/1.1" 406 300 "-" "Mozilla/5.0 (X11; Linux x86_64) AppleWebKit/537.36 (KHTML, like Gecko) Chrome/131.0.0.0 Safari/537.36"
34.18.199.12 - - [11/Sep/2026:02:12:30 -0400] "GET /node/.env HTTP/1.1" 406 300 "-" "Mozilla/5.0 (X11; Linux x86_64) AppleWebKit/537.36 (KHTML, like Gecko) Chrome/131.0.0.0 Safari/537.36"
34.18.199.12 - - [11/Sep/2026:02:12:30 -0400] "GET /express/.env HTTP/1.1" 406 300 "-" "Mozilla/5.0 (X11; Linux x86_64) AppleWebKit/537.36 (KHTML, like Gecko) Chrome/131.0.0.0 Safari/537.36"
34.18.199.12 - - [11/Sep/2026:02:12:31 -0400] "GET /next/.env HTTP/1.1" 406 300 "-" "Mozilla/5.0 (X11; Linux x86_64) AppleWebKit/537.36 (KHTML, like Gecko) Chrome/131.0.0.0 Safari/537.36"
34.18.199.12 - - [11/Sep/2026:02:12:31 -0400] "GET /nuxt/.env HTTP/1.1" 406 300 "-" "Mozilla/5.0 (X11; Linux x86_64) AppleWebKit/537.36 (KHTML, like Gecko) Chrome/131.0.0.0 Safari/537.36"
34.18.199.12 - - [11/Sep/2026:02:12:32 -0400] "GET /nest/.env HTTP/1.1" 406 300 "-" "Mozilla/5.0 (X11; Linux x86_64) AppleWebKit/537.36 (KHTML, like Gecko) Chrome/131.0.0.0 Safari/537.36"
34.18.199.12 - - [11/Sep/2026:02:12:32 -0400] "GET /react/.env HTTP/1.1" 406 300 "-" "Mozilla/5.0 (X11; Linux x86_64) AppleWebKit/537.36 (KHTML, like Gecko) Chrome/131.0.0.0 Safari/537.36"
34.18.199.12 - - [11/Sep/2026:02:12:33 -0400] "GET /vue/.env HTTP/1.1" 406 300 "-" "Mozilla/5.0 (X11; Linux x86_64) AppleWebKit/537.36 (KHTML, like Gecko) Chrome/131.0.0.0 Safari/537.36"
34.18.199.12 - - [11/Sep/2026:02:12:33 -0400] "GET /angular/.env HTTP/1.1" 406 300 "-" "Mozilla/5.0 (X11; Linux x86_64) AppleWebKit/537.36 (KHTML, like Gecko) Chrome/131.0.0.0 Safari/537.36"
34.18.199.12 - - [11/Sep/2026:02:12:34 -0400] "GET /svelte/.env HTTP/1.1" 406 300 "-" "Mozilla/5.0 (X11; Linux x86_64) AppleWebKit/537.36 (KHTML, like Gecko) Chrome/131.0.0.0 Safari/537.36"
34.18.199.12 - - [11/Sep/2026:02:12:34 -0400] "GET /vite/.env HTTP/1.1" 406 300 "-" "Mozilla/5.0 (X11; Linux x86_64) AppleWebKit/537.36 (KHTML, like Gecko) Chrome/131.0.0.0 Safari/537.36"
34.18.199.12 - - [11/Sep/2026:02:12:35 -0400] "GET /backup/.env HTTP/1.1" 406 300 "-" "Mozilla/5.0 (X11; Linux x86_64) AppleWebKit/537.36 (KHTML, like Gecko) Chrome/131.0.0.0 Safari/537.36"
34.18.199.12 - - [11/Sep/2026:02:12:35 -0400] "GET /backups/.env HTTP/1.1" 406 300 "-" "Mozilla/5.0 (X11; Linux x86_64) AppleWebKit/537.36 (KHTML, like Gecko) Chrome/131.0.0.0 Safari/537.36"
34.18.199.12 - - [11/Sep/2026:02:12:36 -0400] "GET /old/.env HTTP/1.1" 406 300 "-" "Mozilla/5.0 (X11; Linux x86_64) AppleWebKit/537.36 (KHTML, like Gecko) Chrome/131.0.0.0 Safari/537.36"
34.18.199.12 - - [11/Sep/2026:02:12:36 -0400] "GET /tmp/.env HTTP/1.1" 406 300 "-" "Mozilla/5.0 (X11; Linux x86_64) AppleWebKit/537.36 (KHTML, like Gecko) Chrome/131.0.0.0 Safari/537.36"
34.18.199.12 - - [11/Sep/2026:02:12:37 -0400] "GET /temp/.env HTTP/1.1" 406 300 "-" "Mozilla/5.0 (X11; Linux x86_64) AppleWebKit/537.36 (KHTML, like Gecko) Chrome/131.0.0.0 Safari/537.36"
34.18.199.12 - - [11/Sep/2026:02:12:37 -0400] "GET /lab/.env HTTP/1.1" 406 300 "-" "Mozilla/5.0 (X11; Linux x86_64) AppleWebKit/537.36 (KHTML, like Gecko) Chrome/131.0.0.0 Safari/537.36"
34.18.199.12 - - [11/Sep/2026:02:12:38 -0400] "GET /cronlab/.env HTTP/1.1" 406 300 "-" "Mozilla/5.0 (X11; Linux x86_64) AppleWebKit/537.36 (KHTML, like Gecko) Chrome/131.0.0.0 Safari/537.36"
34.18.199.12 - - [11/Sep/2026:02:12:38 -0400] "GET /cron/.env HTTP/1.1" 406 300 "-" "Mozilla/5.0 (X11; Linux x86_64) AppleWebKit/537.36 (KHTML, like Gecko) Chrome/131.0.0.0 Safari/537.36"
34.18.199.12 - - [11/Sep/2026:02:12:39 -0400] "GET /en/.env HTTP/1.1" 406 300 "-" "Mozilla/5.0 (X11; Linux x86_64) AppleWebKit/537.36 (KHTML, like Gecko) Chrome/131.0.0.0 Safari/537.36"
34.18.199.12 - - [11/Sep/2026:02:12:39 -0400] "GET /psnlink/.env HTTP/1.1" 406 300 "-" "Mozilla/5.0 (X11; Linux x86_64) AppleWebKit/537.36 (KHTML, like Gecko) Chrome/131.0.0.0 Safari/537.36"
34.18.199.12 - - [11/Sep/2026:02:12:40 -0400] "GET /exapi/.env HTTP/1.1" 406 300 "-" "Mozilla/5.0 (X11; Linux x86_64) AppleWebKit/537.36 (KHTML, like Gecko) Chrome/131.0.0.0 Safari/537.36"
34.18.199.12 - - [11/Sep/2026:02:12:40 -0400] "GET /sitemaps/.env HTTP/1.1" 406 300 "-" "Mozilla/5.0 (X11; Linux x86_64) AppleWebKit/537.36 (KHTML, like Gecko) Chrome/131.0.0.0 Safari/537.36"
34.18.199.12 - - [11/Sep/2026:02:12:41 -0400] "GET /.env.backup1 HTTP/1.1" 406 300 "-" "Mozilla/5.0 (X11; Linux x86_64) AppleWebKit/537.36 (KHTML, like Gecko) Chrome/131.0.0.0 Safari/537.36"
199.250.222.155 - - [11/Sep/2026:02:12:41 -0400] "POST /wp-cron.php?doing_wp_cron=1789107161.7578980922698974609375 HTTP/1.1" 200 - "-" "WordPress/7.1; https://heredit.mx"
34.18.199.12 - - [11/Sep/2026:02:12:41 -0400] "GET /.env.backup2 HTTP/1.1" 406 300 "-" "Mozilla/5.0 (X11; Linux x86_64) AppleWebKit/537.36 (KHTML, like Gecko) Chrome/131.0.0.0 Safari/537.36"
66.249.68.194 - - [11/Sep/2026:02:12:41 -0400] "GET /?a=a-cena-con-petagna-da-filippo-la-mantia-charitystars-cc-JQ0NqJc5 HTTP/1.1" 200 223811 "-" "Mozilla/5.0 (Linux; Android 6.0.1; Nexus 5X Build/MMB29P) AppleWebKit/537.36 (KHTML, like Gecko) Chrome/153.0.8010.36 Mobile Safari/537.36 (compatible; Googlebot/2.1; +http://www.google.com/bot.html)"
