66.249.68.192 - - [10/Sep/2026:18:53:21 -0400] "GET /?a=harley-rake-soil-preparator-heavy-equipment-by-owner-sale-cc-G8ZJkLcN HTTP/1.1" 200 223831 "-" "Mozilla/5.0 (Linux; Android 6.0.1; Nexus 5X Build/MMB29P) AppleWebKit/537.36 (KHTML, like Gecko) Chrome/153.0.8010.36 Mobile Safari/537.36 (compatible; Googlebot/2.1; +http://www.google.com/bot.html)"
199.250.222.155 - - [10/Sep/2026:18:53:48 -0400] "POST /wp-cron.php?doing_wp_cron=1789080828.7727699279785156250000 HTTP/1.1" 200 - "-" "WordPress/7.1; https://heredit.mx"
66.249.68.192 - - [10/Sep/2026:18:53:47 -0400] "GET /?a=christmas-pudding-iris-folding-pattern-pdf-svg-xmas-pudding-cc-zMrd4YCG HTTP/1.1" 200 223839 "-" "Mozilla/5.0 (Linux; Android 6.0.1; Nexus 5X Build/MMB29P) AppleWebKit/537.36 (KHTML, like Gecko) Chrome/153.0.8010.36 Mobile Safari/537.36 (compatible; Googlebot/2.1; +http://www.google.com/bot.html)"
66.249.68.192 - - [10/Sep/2026:18:53:56 -0400] "GET /?a=christmas-pudding-iris-folding-pattern-pdf-svg-xmas-pudding-cc-zMrd4YCG HTTP/1.1" 200 223839 "-" "Mozilla/5.0 (Linux; Android 6.0.1; Nexus 5X Build/MMB29P) AppleWebKit/537.36 (KHTML, like Gecko) Chrome/153.0.8010.36 Mobile Safari/537.36 (compatible; GoogleOther)"
66.249.68.194 - - [10/Sep/2026:18:54:09 -0400] "GET /?a=vestido-sin-mangas-elegante-de-estilo-coreano-para-mujer-cc-jOdLJKhO HTTP/1.1" 200 223827 "-" "Mozilla/5.0 (Linux; Android 6.0.1; Nexus 5X Build/MMB29P) AppleWebKit/537.36 (KHTML, like Gecko) Chrome/153.0.8010.36 Mobile Safari/537.36 (compatible; Googlebot/2.1; +http://www.google.com/bot.html)"
66.249.68.192 - - [10/Sep/2026:18:54:19 -0400] "GET /sliders/cercanias/index.html HTTP/1.1" 200 2926 "https://heredit.mx/?a=vestido-sin-mangas-elegante-de-estilo-coreano-para-mujer-cc-jOdLJKhO" "Mozilla/5.0 (Linux; Android 6.0.1; Nexus 5X Build/MMB29P) AppleWebKit/537.36 (KHTML, like Gecko) Chrome/153.0.8010.36 Mobile Safari/537.36 (compatible; Googlebot/2.1; +http://www.google.com/bot.html)"
66.249.68.192 - - [10/Sep/2026:18:54:26 -0400] "GET /?a=black-knobs-only-cc-dz12R1u2 HTTP/1.1" 200 223667 "-" "Mozilla/5.0 (Linux; Android 6.0.1; Nexus 5X Build/MMB29P) AppleWebKit/537.36 (KHTML, like Gecko) Chrome/153.0.8010.36 Mobile Safari/537.36 (compatible; Googlebot/2.1; +http://www.google.com/bot.html)"
66.249.68.192 - - [10/Sep/2026:18:54:43 -0400] "GET /?a=black-knobs-only-cc-dz12R1u2 HTTP/1.1" 200 223667 "-" "Mozilla/5.0 (Linux; Android 6.0.1; Nexus 5X Build/MMB29P) AppleWebKit/537.36 (KHTML, like Gecko) Chrome/153.0.8010.36 Mobile Safari/537.36 (compatible; GoogleOther)"
66.249.68.193 - - [10/Sep/2026:18:55:09 -0400] "GET /?a=grace-and-lace-statement-blazer-melon-cc-g857jkh8 HTTP/1.1" 200 223751 "-" "Mozilla/5.0 (Linux; Android 6.0.1; Nexus 5X Build/MMB29P) AppleWebKit/537.36 (KHTML, like Gecko) Chrome/153.0.8010.36 Mobile Safari/537.36 (compatible; GoogleOther)"
66.249.68.193 - - [10/Sep/2026:18:55:32 -0400] "GET /wp-content/uploads/premium-addons-elementor/pafe-1208.css?ver=1788480000 HTTP/1.1" 200 53544 "https://heredit.mx/?a=grace-and-lace-statement-blazer-melon-cc-g857jkh8" "Mozilla/5.0 (Linux; Android 6.0.1; Nexus 5X Build/MMB29P) AppleWebKit/537.36 (KHTML, like Gecko) Chrome/153.0.8010.36 Mobile Safari/537.36 (compatible; GoogleOther)"
66.249.68.192 - - [10/Sep/2026:18:55:33 -0400] "GET /?a=grace-and-lace-statement-blazer-melon-cc-g857jkh8 HTTP/1.1" 200 223751 "-" "Mozilla/5.0 (Linux; Android 6.0.1; Nexus 5X Build/MMB29P) AppleWebKit/537.36 (KHTML, like Gecko) Chrome/153.0.8010.36 Mobile Safari/537.36 (compatible; Googlebot/2.1; +http://www.google.com/bot.html)"
40.77.167.38 - - [10/Sep/2026:18:59:42 -0400] "GET /codding-514063-aGwiOsi/index.php?a=cole-cargo-short-cc-aRRobsa HTTP/1.1" 301 - "-" "Mozilla/5.0 AppleWebKit/537.36 (KHTML, like Gecko; compatible; bingbot/2.0; +http://www.bing.com/bingbot.htm) Chrome/116.0.1938.76 Safari/537.36"
40.77.167.38 - - [10/Sep/2026:18:59:43 -0400] "GET /codding-514063-aGwiOsi/?a=cole-cargo-short-cc-aRRobsa HTTP/1.1" 404 121299 "-" "Mozilla/5.0 AppleWebKit/537.36 (KHTML, like Gecko; compatible; bingbot/2.0; +http://www.bing.com/bingbot.htm) Chrome/116.0.1938.76 Safari/537.36"
40.77.167.38 - - [10/Sep/2026:19:00:24 -0400] "GET /?a=morganite-13mm-trillion-mg618-cc-ZD4Jpzcv HTTP/1.1" 200 223719 "-" "Mozilla/5.0 AppleWebKit/537.36 (KHTML, like Gecko; compatible; bingbot/2.0; +http://www.bing.com/bingbot.htm) Chrome/116.0.1938.76 Safari/537.36"
199.250.222.155 - - [10/Sep/2026:19:00:44 -0400] "POST /wp-cron.php?doing_wp_cron=1789081244.6390569210052490234375 HTTP/1.1" 200 - "-" "WordPress/7.1; https://heredit.mx"
40.77.167.38 - - [10/Sep/2026:19:00:43 -0400] "GET /?a=tesco-nescafe-dolce-gusto-machine-off-51%25-%3Efree-delivery-cc-K0Ng5NCQ HTTP/1.1" 200 223833 "-" "Mozilla/5.0 AppleWebKit/537.36 (KHTML, like Gecko; compatible; bingbot/2.0; +http://www.bing.com/bingbot.htm) Chrome/116.0.1938.76 Safari/537.36"
66.249.68.193 - - [10/Sep/2026:19:00:56 -0400] "GET /hinderlands=457826373&oSAHt9V=471565/?a=tampon-en-caoutchouc-de-silicone-transparent-mot-italien-feuille-cc-1QJ1jwTm HTTP/1.1" 404 121299 "-" "Mozilla/5.0 (Linux; Android 6.0.1; Nexus 5X Build/MMB29P) AppleWebKit/537.36 (KHTML, like Gecko) Chrome/153.0.8010.36 Mobile Safari/537.36 (compatible; Googlebot/2.1; +http://www.google.com/bot.html)"
66.249.68.194 - - [10/Sep/2026:19:01:13 -0400] "GET /?a=westernsattel-ee-saddlery-16%C2%B4-western-sattel-allround-westernsattel-haflinger-cc-zx8z1PuG HTTP/1.1" 200 223923 "-" "Mozilla/5.0 (Linux; Android 6.0.1; Nexus 5X Build/MMB29P) AppleWebKit/537.36 (KHTML, like Gecko) Chrome/153.0.8010.36 Mobile Safari/537.36 (compatible; GoogleOther)"
66.249.68.193 - - [10/Sep/2026:19:01:21 -0400] "GET /?a=prettylittlething-plus-lace-trim-motif-t-shirt-dress-in-cc-0k00bPi1 HTTP/1.1" 200 223823 "-" "Mozilla/5.0 (Linux; Android 6.0.1; Nexus 5X Build/MMB29P) AppleWebKit/537.36 (KHTML, like Gecko) Chrome/153.0.8010.36 Mobile Safari/537.36 (compatible; Googlebot/2.1; +http://www.google.com/bot.html)"
66.249.68.192 - - [10/Sep/2026:19:01:33 -0400] "GET /wp-content/plugins/wpforms/assets/css/frontend/modern/wpforms-full.min.css?ver=1.10.2.1 HTTP/1.1" 200 167602 "https://heredit.mx/?a=prettylittlething-plus-lace-trim-motif-t-shirt-dress-in-cc-0k00bPi1" "Mozilla/5.0 (Linux; Android 6.0.1; Nexus 5X Build/MMB29P) AppleWebKit/537.36 (KHTML, like Gecko) Chrome/153.0.8010.36 Mobile Safari/537.36 (compatible; Googlebot/2.1; +http://www.google.com/bot.html)"
66.249.68.192 - - [10/Sep/2026:19:01:33 -0400] "GET /wp-content/plugins/wpforms/assets/lib/jquery.inputmask.min.js?ver=5.0.9 HTTP/1.1" 200 117412 "https://heredit.mx/?a=prettylittlething-plus-lace-trim-motif-t-shirt-dress-in-cc-0k00bPi1" "Mozilla/5.0 (Linux; Android 6.0.1; Nexus 5X Build/MMB29P) AppleWebKit/537.36 (KHTML, like Gecko) Chrome/153.0.8010.36 Mobile Safari/537.36 (compatible; Googlebot/2.1; +http://www.google.com/bot.html)"
199.250.222.155 - - [10/Sep/2026:19:01:48 -0400] "POST /wp-cron.php?doing_wp_cron=1789081308.6023890972137451171875 HTTP/1.1" 200 - "-" "WordPress/7.1; https://heredit.mx"
66.249.68.192 - - [10/Sep/2026:19:01:47 -0400] "GET /?a=pizza-sandwiches-and-chicago-style-food-for-dinner-or-cc-8za4Rnix HTTP/1.1" 200 223815 "-" "Mozilla/5.0 (Linux; Android 6.0.1; Nexus 5X Build/MMB29P) AppleWebKit/537.36 (KHTML, like Gecko) Chrome/153.0.8010.36 Mobile Safari/537.36 (compatible; Googlebot/2.1; +http://www.google.com/bot.html)"
66.249.68.192 - - [10/Sep/2026:19:01:51 -0400] "GET /wp-includes/js/wp-util.min.js?ver=7.1 HTTP/1.1" 200 1431 "https://heredit.mx/?a=pizza-sandwiches-and-chicago-style-food-for-dinner-or-cc-8za4Rnix" "Mozilla/5.0 (Linux; Android 6.0.1; Nexus 5X Build/MMB29P) AppleWebKit/537.36 (KHTML, like Gecko) Chrome/153.0.8010.36 Mobile Safari/537.36 (compatible; Googlebot/2.1; +http://www.google.com/bot.html)"
66.249.68.192 - - [10/Sep/2026:19:01:55 -0400] "GET /?a=pizza-sandwiches-and-chicago-style-food-for-dinner-or-cc-8za4Rnix HTTP/1.1" 200 223815 "-" "Mozilla/5.0 (Linux; Android 6.0.1; Nexus 5X Build/MMB29P) AppleWebKit/537.36 (KHTML, like Gecko) Chrome/153.0.8010.36 Mobile Safari/537.36 (compatible; GoogleOther)"
66.249.68.194 - - [10/Sep/2026:19:02:04 -0400] "GET /?choroiditis=69674&vZHYr=68872 HTTP/1.1" 200 223683 "-" "Mozilla/5.0 (Linux; Android 6.0.1; Nexus 5X Build/MMB29P) AppleWebKit/537.36 (KHTML, like Gecko) Chrome/153.0.8010.36 Mobile Safari/537.36 (compatible; Googlebot/2.1; +http://www.google.com/bot.html)"
66.249.68.192 - - [10/Sep/2026:19:02:12 -0400] "GET /?a=bushcat-light-aircraft-db-sales-cc-Ld554wf8 HTTP/1.1" 200 223727 "-" "Mozilla/5.0 (Linux; Android 6.0.1; Nexus 5X Build/MMB29P) AppleWebKit/537.36 (KHTML, like Gecko) Chrome/153.0.8010.36 Mobile Safari/537.36 (compatible; Googlebot/2.1; +http://www.google.com/bot.html)"
66.249.68.192 - - [10/Sep/2026:19:02:16 -0400] "GET /wp-content/plugins/elementor/assets/css/widget-divider.min.css?ver=4.2.4 HTTP/1.1" 200 4258 "https://heredit.mx/?choroiditis=69674&vZHYr=68872" "Mozilla/5.0 (Linux; Android 6.0.1; Nexus 5X Build/MMB29P) AppleWebKit/537.36 (KHTML, like Gecko) Chrome/153.0.8010.36 Mobile Safari/537.36 (compatible; Googlebot/2.1; +http://www.google.com/bot.html)"
66.249.68.192 - - [10/Sep/2026:19:02:17 -0400] "GET /sliders/desarrollos/index.html HTTP/1.1" 200 4010 "https://heredit.mx/?choroiditis=69674&vZHYr=68872" "Mozilla/5.0 (Linux; Android 6.0.1; Nexus 5X Build/MMB29P) AppleWebKit/537.36 (KHTML, like Gecko) Chrome/153.0.8010.36 Mobile Safari/537.36 (compatible; Googlebot/2.1; +http://www.google.com/bot.html)"
199.250.222.155 - - [10/Sep/2026:19:03:28 -0400] "POST /wp-cron.php?doing_wp_cron=1789081408.9062559604644775390625 HTTP/1.1" 200 - "-" "WordPress/7.1; https://heredit.mx"
52.167.144.16 - - [10/Sep/2026:19:03:28 -0400] "GET /costumier-524864-YmrJEl/?a=weber-q2200-liquid-propane-grill-titanium-cc-yMr0EzCo HTTP/1.1" 301 - "-" "Mozilla/5.0 AppleWebKit/537.36 (KHTML, like Gecko; compatible; bingbot/2.0; +http://www.bing.com/bingbot.htm) Chrome/116.0.1938.76 Safari/537.36"
95.108.213.207 - - [10/Sep/2026:19:04:09 -0400] "GET /chiotilla=8916&23rUmQYXV=729234 HTTP/1.1" 404 123212 "-" "Mozilla/5.0 (compatible; YandexBot/3.0; +http://yandex.com/bots)"
40.77.167.37 - - [10/Sep/2026:19:10:49 -0400] "GET /?a=locobar-multistore-android-app-template-in-flutter-by-galaxy1344-cc-ZEovnLCv HTTP/1.1" 200 223859 "-" "Mozilla/5.0 AppleWebKit/537.36 (KHTML, like Gecko; compatible; bingbot/2.0; +http://www.bing.com/bingbot.htm) Chrome/116.0.1938.76 Safari/537.36"
199.250.222.155 - - [10/Sep/2026:19:14:14 -0400] "POST /wp-cron.php?doing_wp_cron=1789082054.6184239387512207031250 HTTP/1.1" 200 - "-" "WordPress/7.1; https://heredit.mx"
40.77.167.7 - - [10/Sep/2026:19:14:14 -0400] "GET /?a=watch-sunday-morning-how-ted-turner-might-run-cnn-cc-0dkLGbs1 HTTP/1.1" 200 223799 "-" "Mozilla/5.0 AppleWebKit/537.36 (KHTML, like Gecko; compatible; bingbot/2.0; +http://www.bing.com/bingbot.htm) Chrome/116.0.1938.76 Safari/537.36"
199.250.222.155 - - [10/Sep/2026:19:16:09 -0400] "POST /wp-cron.php?doing_wp_cron=1789082169.2158238887786865234375 HTTP/1.1" 200 - "-" "WordPress/7.1; https://heredit.mx"
95.108.213.204 - - [10/Sep/2026:19:16:08 -0400] "GET /?a=new-era-snapback-9fifty-c-mGr8jYH2 HTTP/1.1" 200 223691 "-" "Mozilla/5.0 (compatible; YandexBot/3.0; +http://yandex.com/bots)"
40.77.167.7 - - [10/Sep/2026:19:19:04 -0400] "GET /wp-sitemap-taxonomies-category-1.xml HTTP/1.1" 200 250 "-" "Mozilla/5.0 AppleWebKit/537.36 (KHTML, like Gecko; compatible; bingbot/2.0; +http://www.bing.com/bingbot.htm) Chrome/116.0.1938.76 Safari/537.36"
199.250.222.155 - - [10/Sep/2026:19:24:41 -0400] "POST /wp-cron.php?doing_wp_cron=1789082681.4803869724273681640625 HTTP/1.1" 200 - "-" "WordPress/7.1; https://heredit.mx"
40.77.167.43 - - [10/Sep/2026:19:24:41 -0400] "GET /formulario.html HTTP/1.1" 404 123212 "-" "Mozilla/5.0 AppleWebKit/537.36 (KHTML, like Gecko; compatible; bingbot/2.0; +http://www.bing.com/bingbot.htm) Chrome/116.0.1938.76 Safari/537.36"
199.250.222.155 - - [10/Sep/2026:19:27:13 -0400] "POST /wp-cron.php?doing_wp_cron=1789082833.0495109558105468750000 HTTP/1.1" 200 - "-" "WordPress/7.1; https://heredit.mx"
40.77.167.62 - - [10/Sep/2026:19:27:12 -0400] "GET /eggler-224607-PdsIPSD/?a=8-916-1 HTTP/1.1" 301 - "-" "Mozilla/5.0 AppleWebKit/537.36 (KHTML, like Gecko; compatible; bingbot/2.0; +http://www.bing.com/bingbot.htm) Chrome/116.0.1938.76 Safari/537.36"
199.250.222.155 - - [10/Sep/2026:19:27:34 -0400] "POST /wp-cron.php?doing_wp_cron=1789082854.4254109859466552734375 HTTP/1.1" 200 - "-" "WordPress/7.1; https://heredit.mx"
52.167.144.192 - - [10/Sep/2026:19:27:34 -0400] "GET /GsNw/eggler397802/index.php?a=10-1400-1 HTTP/1.1" 301 - "-" "Mozilla/5.0 AppleWebKit/537.36 (KHTML, like Gecko; compatible; bingbot/2.0; +http://www.bing.com/bingbot.htm) Chrome/116.0.1938.76 Safari/537.36"
52.167.144.192 - - [10/Sep/2026:19:28:46 -0400] "GET /GsNw/eggler397802/index.php?a=10-1400-1 HTTP/1.1" 301 - "-" "Mozilla/5.0 AppleWebKit/537.36 (KHTML, like Gecko; compatible; bingbot/2.0; +http://www.bing.com/bingbot.htm) Chrome/116.0.1938.76 Safari/537.36"
66.249.68.194 - - [10/Sep/2026:19:31:06 -0400] "GET /?a=prettylittlething-plus-lace-trim-motif-t-shirt-dress-in-cc-0k00bPi1 HTTP/1.1" 200 223823 "-" "Mozilla/5.0 (Linux; Android 6.0.1; Nexus 5X Build/MMB29P) AppleWebKit/537.36 (KHTML, like Gecko) Chrome/153.0.8010.36 Mobile Safari/537.36 (compatible; GoogleOther)"
66.249.68.192 - - [10/Sep/2026:19:31:10 -0400] "GET /wp-includes/css/dashicons.min.css?ver=7.1 HTTP/1.1" 200 59004 "https://heredit.mx/?a=prettylittlething-plus-lace-trim-motif-t-shirt-dress-in-cc-0k00bPi1" "Mozilla/5.0 (Linux; Android 6.0.1; Nexus 5X Build/MMB29P) AppleWebKit/537.36 (KHTML, like Gecko) Chrome/153.0.8010.36 Mobile Safari/537.36 (compatible; GoogleOther)"
66.249.68.192 - - [10/Sep/2026:19:31:16 -0400] "GET /?a=summer-soup-bundle-box-by-18-chestnuts-cc-dGLYePF2 HTTP/1.1" 200 223755 "-" "Mozilla/5.0 (Linux; Android 6.0.1; Nexus 5X Build/MMB29P) AppleWebKit/537.36 (KHTML, like Gecko) Chrome/153.0.8010.36 Mobile Safari/537.36 (compatible; GoogleOther)"
66.249.68.192 - - [10/Sep/2026:19:31:23 -0400] "GET /sliders/amenidades/script.js HTTP/1.1" 200 2513 "https://heredit.mx/sliders/amenidades/interiores.html" "Mozilla/5.0 (Linux; Android 6.0.1; Nexus 5X Build/MMB29P) AppleWebKit/537.36 (KHTML, like Gecko) Chrome/153.0.8010.36 Mobile Safari/537.36 (compatible; GoogleOther)"
66.249.68.192 - - [10/Sep/2026:19:31:24 -0400] "GET /sliders/amenidades/script.js HTTP/1.1" 200 2513 "https://heredit.mx/sliders/amenidades/interiores-mob.html" "Mozilla/5.0 (Linux; Android 6.0.1; Nexus 5X Build/MMB29P) AppleWebKit/537.36 (KHTML, like Gecko) Chrome/153.0.8010.36 Mobile Safari/537.36 (compatible; GoogleOther)"
199.250.222.155 - - [10/Sep/2026:19:35:32 -0400] "POST /wp-cron.php?doing_wp_cron=1789083332.6694610118865966796875 HTTP/1.1" 200 - "-" "WordPress/7.1; https://heredit.mx"
52.167.144.192 - - [10/Sep/2026:19:35:32 -0400] "GET /menorrhoeic-760346-peCFcywSsg/?a=ugg-boots-men-neumel-c-OeNpDIw HTTP/1.1" 404 121299 "-" "Mozilla/5.0 AppleWebKit/537.36 (KHTML, like Gecko; compatible; bingbot/2.0; +http://www.bing.com/bingbot.htm) Chrome/116.0.1938.76 Safari/537.36"
40.77.167.68 - - [10/Sep/2026:19:36:48 -0400] "GET /?w=jackson-township-new-jersey-tip-tam-camping-park-swimming-pp-D9jwzeu4 HTTP/1.1" 200 112757 "-" "Mozilla/5.0 AppleWebKit/537.36 (KHTML, like Gecko; compatible; bingbot/2.0; +http://www.bing.com/bingbot.htm) Chrome/116.0.1938.76 Safari/537.36"
199.250.222.155 - - [10/Sep/2026:19:38:46 -0400] "POST /wp-cron.php?doing_wp_cron=1789083526.9252839088439941406250 HTTP/1.1" 200 - "-" "WordPress/7.1; https://heredit.mx"
52.167.144.173 - - [10/Sep/2026:19:38:46 -0400] "GET /wp-sitemap-users-1.xml HTTP/1.1" 200 250 "-" "Mozilla/5.0 AppleWebKit/537.36 (KHTML, like Gecko; compatible; bingbot/2.0; +http://www.bing.com/bingbot.htm) Chrome/116.0.1938.76 Safari/537.36"
199.250.222.155 - - [10/Sep/2026:19:48:48 -0400] "POST /wp-cron.php?doing_wp_cron=1789084128.4865930080413818359375 HTTP/1.1" 200 - "-" "WordPress/7.1; https://heredit.mx"
52.167.144.232 - - [10/Sep/2026:19:48:48 -0400] "GET /?a=the-prestigious-collection-bijoux-de-braque-georges-braque-heger-cc-aDj1q8fa HTTP/1.1" 200 223859 "-" "Mozilla/5.0 AppleWebKit/537.36 (KHTML, like Gecko; compatible; bingbot/2.0; +http://www.bing.com/bingbot.htm) Chrome/116.0.1938.76 Safari/537.36"
195.178.110.22 - - [10/Sep/2026:19:51:25 -0400] "GET / HTTP/1.1" 401 36 "-" "Mozilla/5.0 (Windows NT 10.0; Win64; x64) AppleWebKit/537.36 (KHTML, like Gecko) Chrome/120.0.0.0 Safari/537.36 Edg/120.0.0.0"
199.250.222.155 - - [10/Sep/2026:19:51:26 -0400] "POST /wp-cron.php?doing_wp_cron=1789084286.7736139297485351562500 HTTP/1.1" 200 - "-" "WordPress/7.1; https://heredit.mx"
40.77.167.235 - - [10/Sep/2026:19:51:26 -0400] "GET /concamerated-202315-fygtMBKI/ HTTP/1.1" 301 - "-" "Mozilla/5.0 AppleWebKit/537.36 (KHTML, like Gecko; compatible; bingbot/2.0; +http://www.bing.com/bingbot.htm) Chrome/116.0.1938.76 Safari/537.36"
199.250.222.155 - - [10/Sep/2026:19:57:23 -0400] "POST /wp-cron.php?doing_wp_cron=1789084643.1808199882507324218750 HTTP/1.1" 200 - "-" "WordPress/7.1; https://heredit.mx"
52.167.144.67 - - [10/Sep/2026:19:57:23 -0400] "GET /robots.txt HTTP/1.1" 200 267 "-" "Mozilla/5.0 AppleWebKit/537.36 (KHTML, like Gecko; compatible; bingbot/2.0; +http://www.bing.com/bingbot.htm) Chrome/116.0.1938.76 Safari/537.36"
199.250.222.155 - - [10/Sep/2026:19:57:29 -0400] "POST /wp-cron.php?doing_wp_cron=1789084649.4245100021362304687500 HTTP/1.1" 200 - "-" "WordPress/7.1; https://heredit.mx"
40.77.167.37 - - [10/Sep/2026:19:57:29 -0400] "GET /FJpyR/marshlike301987/4OhS0wdTr6 HTTP/1.1" 404 123212 "-" "Mozilla/5.0 AppleWebKit/537.36 (KHTML, like Gecko; compatible; bingbot/2.0; +http://www.bing.com/bingbot.htm) Chrome/116.0.1938.76 Safari/537.36"
40.77.167.157 - - [10/Sep/2026:19:57:30 -0400] "GET /kral-502394-pLrCdQGr/?a=10-733-1 HTTP/1.1" 404 121299 "-" "Mozilla/5.0 AppleWebKit/537.36 (KHTML, like Gecko; compatible; bingbot/2.0; +http://www.bing.com/bingbot.htm) Chrome/116.0.1938.76 Safari/537.36"
43.228.157.173 - - [10/Sep/2026:19:58:39 -0400] "GET /wp-admin/index.php HTTP/1.1" 302 - "http://heredit.mx/wp-admin/index.php" "Go-http-client/1.1"
43.228.157.173 - - [10/Sep/2026:19:58:40 -0400] "GET /wp-login.php?redirect_to=https%3A%2F%2Fheredit.mx%2Fwp-admin%2Findex.php&reauth=1 HTTP/1.1" 200 10898 "https://heredit.mx/wp-admin/index.php" "Go-http-client/1.1"
136.64.137.60 - - [10/Sep/2026:19:59:57 -0400] "GET /.git/config HTTP/1.1" 406 300 "-" "-"
66.249.68.192 - - [10/Sep/2026:20:01:13 -0400] "GET /?angellike=18&Zfxuc7C2fP=389362 HTTP/1.1" 200 223687 "-" "Mozilla/5.0 (Linux; Android 6.0.1; Nexus 5X Build/MMB29P) AppleWebKit/537.36 (KHTML, like Gecko) Chrome/153.0.8010.36 Mobile Safari/537.36 (compatible; Googlebot/2.1; +http://www.google.com/bot.html)"
66.249.68.192 - - [10/Sep/2026:20:01:18 -0400] "GET /wp-content/plugins/premium-addons-for-elementor/assets/frontend/min-css/liquid-glass.min.css?ver=4.11.102 HTTP/1.1" 200 8405 "https://heredit.mx/?angellike=18&Zfxuc7C2fP=389362" "Mozilla/5.0 (Linux; Android 6.0.1; Nexus 5X Build/MMB29P) AppleWebKit/537.36 (KHTML, like Gecko) Chrome/153.0.8010.36 Mobile Safari/537.36 (compatible; Googlebot/2.1; +http://www.google.com/bot.html)"
66.249.68.192 - - [10/Sep/2026:20:01:18 -0400] "GET /wp-content/uploads/elementor/css/post-1738.css?ver=1788480000 HTTP/1.1" 200 1635 "https://heredit.mx/?angellike=18&Zfxuc7C2fP=389362" "Mozilla/5.0 (Linux; Android 6.0.1; Nexus 5X Build/MMB29P) AppleWebKit/537.36 (KHTML, like Gecko) Chrome/153.0.8010.36 Mobile Safari/537.36 (compatible; Googlebot/2.1; +http://www.google.com/bot.html)"
66.249.68.192 - - [10/Sep/2026:20:01:19 -0400] "GET /wp-content/plugins/elementor-pro/assets/css/modules/sticky.min.css?ver=4.2.3 HTTP/1.1" 200 162 "https://heredit.mx/?angellike=18&Zfxuc7C2fP=389362" "Mozilla/5.0 (Linux; Android 6.0.1; Nexus 5X Build/MMB29P) AppleWebKit/537.36 (KHTML, like Gecko) Chrome/153.0.8010.36 Mobile Safari/537.36 (compatible; Googlebot/2.1; +http://www.google.com/bot.html)"
66.249.68.192 - - [10/Sep/2026:20:01:19 -0400] "GET /sliders/amenidades/script.js HTTP/1.1" 200 2513 "https://heredit.mx/sliders/amenidades/interiores.html" "Mozilla/5.0 (Linux; Android 6.0.1; Nexus 5X Build/MMB29P) AppleWebKit/537.36 (KHTML, like Gecko) Chrome/153.0.8010.36 Mobile Safari/537.36 (compatible; Googlebot/2.1; +http://www.google.com/bot.html)"
66.249.68.192 - - [10/Sep/2026:20:01:19 -0400] "GET /wp-content/uploads/2024/06/icon-gym.svg HTTP/1.1" 200 1254 "https://heredit.mx/sliders/amenidades/interiores.html" "Mozilla/5.0 (Linux; Android 6.0.1; Nexus 5X Build/MMB29P) AppleWebKit/537.36 (KHTML, like Gecko) Chrome/153.0.8010.36 Mobile Safari/537.36 (compatible; Googlebot/2.1; +http://www.google.com/bot.html)"
66.249.68.192 - - [10/Sep/2026:20:01:20 -0400] "GET /wp-content/uploads/2024/06/icon-gym.svg HTTP/1.1" 200 1254 "https://heredit.mx/sliders/amenidades/interiores-mob.html" "Mozilla/5.0 (Linux; Android 6.0.1; Nexus 5X Build/MMB29P) AppleWebKit/537.36 (KHTML, like Gecko) Chrome/153.0.8010.36 Mobile Safari/537.36 (compatible; Googlebot/2.1; +http://www.google.com/bot.html)"
66.249.68.192 - - [10/Sep/2026:20:01:20 -0400] "GET /sliders/descripcion/style.css HTTP/1.1" 200 1455 "https://heredit.mx/sliders/descripcion/index.html" "Mozilla/5.0 (Linux; Android 6.0.1; Nexus 5X Build/MMB29P) AppleWebKit/537.36 (KHTML, like Gecko) Chrome/153.0.8010.36 Mobile Safari/537.36 (compatible; Googlebot/2.1; +http://www.google.com/bot.html)"
66.249.68.192 - - [10/Sep/2026:20:01:21 -0400] "GET /wp-content/plugins/elementor/assets/js/shared-frontend-handlers.03caa53373b56d3bab67.bundle.min.js HTTP/1.1" 200 8481 "https://heredit.mx/?angellike=18&Zfxuc7C2fP=389362" "Mozilla/5.0 (Linux; Android 6.0.1; Nexus 5X Build/MMB29P) AppleWebKit/537.36 (KHTML, like Gecko) Chrome/153.0.8010.36 Mobile Safari/537.36 (compatible; Googlebot/2.1; +http://www.google.com/bot.html)"
66.249.68.192 - - [10/Sep/2026:20:01:21 -0400] "GET /wp-content/plugins/elementor-pro/assets/js/carousel.e2af910b095554625156.bundle.min.js HTTP/1.1" 200 5001 "https://heredit.mx/?angellike=18&Zfxuc7C2fP=389362" "Mozilla/5.0 (Linux; Android 6.0.1; Nexus 5X Build/MMB29P) AppleWebKit/537.36 (KHTML, like Gecko) Chrome/153.0.8010.36 Mobile Safari/537.36 (compatible; Googlebot/2.1; +http://www.google.com/bot.html)"
66.249.68.192 - - [10/Sep/2026:20:01:26 -0400] "GET /wp-conte= HTTP/1.1" 404 123212 "-" "Mozilla/5.0 (Linux; Android 6.0.1; Nexus 5X Build/MMB29P) AppleWebKit/537.36 (KHTML, like Gecko) Chrome/153.0.8010.36 Mobile Safari/537.36 (compatible; Googlebot/2.1; +http://www.google.com/bot.html)"
199.250.222.155 - - [10/Sep/2026:20:01:35 -0400] "POST /wp-cron.php?doing_wp_cron=1789084895.3694190979003906250000 HTTP/1.1" 200 - "-" "WordPress/7.1; https://heredit.mx"
66.249.68.192 - - [10/Sep/2026:20:01:35 -0400] "GET /?a=yeti-il-gigante-del-20-secolo-cc-14qQKGum HTTP/1.1" 200 223719 "-" "Mozilla/5.0 (Linux; Android 6.0.1; Nexus 5X Build/MMB29P) AppleWebKit/537.36 (KHTML, like Gecko) Chrome/153.0.8010.36 Mobile Safari/537.36 (compatible; GoogleOther)"
66.249.68.192 - - [10/Sep/2026:20:01:44 -0400] "GET /wp-content/plugins/elementor/assets/js/webpack.runtime.min.js?ver=4.2.4 HTTP/1.1" 200 5819 "https://heredit.mx/?a=yeti-il-gigante-del-20-secolo-cc-14qQKGum" "Mozilla/5.0 (Linux; Android 6.0.1; Nexus 5X Build/MMB29P) AppleWebKit/537.36 (KHTML, like Gecko) Chrome/153.0.8010.36 Mobile Safari/537.36 (compatible; GoogleOther)"
66.249.68.192 - - [10/Sep/2026:20:01:46 -0400] "GET /wp-content/uploads/elementor/css/post-48.css?ver=1788480000 HTTP/1.1" 200 45412 "https://heredit.mx/?a=yeti-il-gigante-del-20-secolo-cc-14qQKGum" "Mozilla/5.0 (Linux; Android 6.0.1; Nexus 5X Build/MMB29P) AppleWebKit/537.36 (KHTML, like Gecko) Chrome/153.0.8010.36 Mobile Safari/537.36 (compatible; GoogleOther)"
66.249.68.192 - - [10/Sep/2026:20:01:47 -0400] "GET /wp-content/plugins/wpforms/assets/js/integrations/elementor/frontend.min.js?ver=1.10.2.1 HTTP/1.1" 200 1485 "https://heredit.mx/?a=yeti-il-gigante-del-20-secolo-cc-14qQKGum" "Mozilla/5.0 (Linux; Android 6.0.1; Nexus 5X Build/MMB29P) AppleWebKit/537.36 (KHTML, like Gecko) Chrome/153.0.8010.36 Mobile Safari/537.36 (compatible; GoogleOther)"
66.249.68.192 - - [10/Sep/2026:20:01:49 -0400] "GET /sliders/cards/style.css HTTP/1.1" 200 5055 "https://heredit.mx/sliders/cards/index.html" "Mozilla/5.0 (Linux; Android 6.0.1; Nexus 5X Build/MMB29P) AppleWebKit/537.36 (KHTML, like Gecko) Chrome/153.0.8010.36 Mobile Safari/537.36 (compatible; GoogleOther)"
66.249.68.192 - - [10/Sep/2026:20:01:50 -0400] "GET /sliders/desarrollos/style.css HTTP/1.1" 200 5112 "https://heredit.mx/sliders/desarrollos/index.html" "Mozilla/5.0 (Linux; Android 6.0.1; Nexus 5X Build/MMB29P) AppleWebKit/537.36 (KHTML, like Gecko) Chrome/153.0.8010.36 Mobile Safari/537.36 (compatible; GoogleOther)"
66.249.68.192 - - [10/Sep/2026:20:01:52 -0400] "GET /wp-includes/js/wp-util.min.js?ver=7.1 HTTP/1.1" 200 1431 "https://heredit.mx/?a=yeti-il-gigante-del-20-secolo-cc-14qQKGum" "Mozilla/5.0 (Linux; Android 6.0.1; Nexus 5X Build/MMB29P) AppleWebKit/537.36 (KHTML, like Gecko) Chrome/153.0.8010.36 Mobile Safari/537.36 (compatible; GoogleOther)"
66.249.68.194 - - [10/Sep/2026:20:02:20 -0400] "GET /wp-con= HTTP/1.1" 404 123212 "-" "Mozilla/5.0 (Linux; Android 6.0.1; Nexus 5X Build/MMB29P) AppleWebKit/537.36 (KHTML, like Gecko) Chrome/153.0.8010.36 Mobile Safari/537.36 (compatible; Googlebot/2.1; +http://www.google.com/bot.html)"
199.250.222.155 - - [10/Sep/2026:20:02:59 -0400] "POST /wp-cron.php?doing_wp_cron=1789084979.5337889194488525390625 HTTP/1.1" 200 - "-" "WordPress/7.1; https://heredit.mx"
40.77.167.37 - - [10/Sep/2026:20:02:59 -0400] "GET /?a=ansell-microflex-high-five-softwear-nitrile-gloves-fisher-scientific-cc-weKn57tM HTTP/1.1" 200 223875 "-" "Mozilla/5.0 AppleWebKit/537.36 (KHTML, like Gecko; compatible; bingbot/2.0; +http://www.bing.com/bingbot.htm) Chrome/116.0.1938.76 Safari/537.36"
66.249.68.192 - - [10/Sep/2026:20:03:41 -0400] "GET /wp-= HTTP/1.1" 404 123212 "-" "Mozilla/5.0 (Linux; Android 6.0.1; Nexus 5X Build/MMB29P) AppleWebKit/537.36 (KHTML, like Gecko) Chrome/153.0.8010.36 Mobile Safari/537.36 (compatible; Googlebot/2.1; +http://www.google.com/bot.html)"
199.250.222.155 - - [10/Sep/2026:20:07:31 -0400] "POST /wp-cron.php?doing_wp_cron=1789085251.0568521022796630859375 HTTP/1.1" 200 - "-" "WordPress/7.1; https://heredit.mx"
40.77.167.235 - - [10/Sep/2026:20:07:30 -0400] "GET /?a=her-vendor-connect-a-hair-business-start-up-vendors-cc-yJPqagho HTTP/1.1" 200 223807 "-" "Mozilla/5.0 AppleWebKit/537.36 (KHTML, like Gecko; compatible; bingbot/2.0; +http://www.bing.com/bingbot.htm) Chrome/116.0.1938.76 Safari/537.36"
66.249.68.192 - - [10/Sep/2026:20:08:10 -0400] "GET /?a=torrey-papasan-chair-c-oz3OxpFv HTTP/1.1" 200 223679 "-" "Mozilla/5.0 (Linux; Android 6.0.1; Nexus 5X Build/MMB29P) AppleWebKit/537.36 (KHTML, like Gecko) Chrome/153.0.8010.36 Mobile Safari/537.36 (compatible; Googlebot/2.1; +http://www.google.com/bot.html)"
66.249.68.193 - - [10/Sep/2026:20:08:44 -0400] "GET /wp-content/plugins/elementor/assets/js/text-editor.45609661e409413f1cef.bundle.min.js HTTP/1.1" 200 1348 "https://heredit.mx/?a=torrey-papasan-chair-c-oz3OxpFv" "Mozilla/5.0 (Linux; Android 6.0.1; Nexus 5X Build/MMB29P) AppleWebKit/537.36 (KHTML, like Gecko) Chrome/153.0.8010.36 Mobile Safari/537.36 (compatible; Googlebot/2.1; +http://www.google.com/bot.html)"
66.249.68.192 - - [10/Sep/2026:20:08:59 -0400] "GET /sliders/amenidades/style.css HTTP/1.1" 200 3139 "https://heredit.mx/sliders/amenidades/interiores.html" "Mozilla/5.0 (Linux; Android 6.0.1; Nexus 5X Build/MMB29P) AppleWebKit/537.36 (KHTML, like Gecko) Chrome/153.0.8010.36 Mobile Safari/537.36 (compatible; Googlebot/2.1; +http://www.google.com/bot.html)"
199.250.222.155 - - [10/Sep/2026:20:09:49 -0400] "POST /wp-cron.php?doing_wp_cron=1789085389.7137858867645263671875 HTTP/1.1" 200 - "-" "WordPress/7.1; https://heredit.mx"
66.249.68.194 - - [10/Sep/2026:20:09:49 -0400] "GET /?a=special-maltese-cookies-and-sweets-for-sale-stock-photo-cc-jaDj0nTO HTTP/1.1" 200 223823 "-" "Mozilla/5.0 (Linux; Android 6.0.1; Nexus 5X Build/MMB29P) AppleWebKit/537.36 (KHTML, like Gecko) Chrome/153.0.8010.36 Mobile Safari/537.36 (compatible; Googlebot/2.1; +http://www.google.com/bot.html)"
66.249.68.194 - - [10/Sep/2026:20:09:52 -0400] "GET /sliders/cercanias/script.js HTTP/1.1" 200 2513 "https://heredit.mx/sliders/cercanias/index-mob.html" "Mozilla/5.0 (Linux; Android 6.0.1; Nexus 5X Build/MMB29P) AppleWebKit/537.36 (KHTML, like Gecko) Chrome/153.0.8010.36 Mobile Safari/537.36 (compatible; Googlebot/2.1; +http://www.google.com/bot.html)"
66.249.68.193 - - [10/Sep/2026:20:09:52 -0400] "GET /sliders/cercanias/script.js HTTP/1.1" 200 2513 "https://heredit.mx/sliders/cercanias/index.html" "Mozilla/5.0 (Linux; Android 6.0.1; Nexus 5X Build/MMB29P) AppleWebKit/537.36 (KHTML, like Gecko) Chrome/153.0.8010.36 Mobile Safari/537.36 (compatible; Googlebot/2.1; +http://www.google.com/bot.html)"
52.167.144.162 - - [10/Sep/2026:20:10:40 -0400] "GET /?w=the-snowdon-plus-napier-uk-%E2%80%93-napier-uk-pp-xDp2neha HTTP/1.1" 301 - "-" "Mozilla/5.0 AppleWebKit/537.36 (KHTML, like Gecko; compatible; bingbot/2.0; +http://www.bing.com/bingbot.htm) Chrome/116.0.1938.76 Safari/537.36"
52.167.144.187 - - [10/Sep/2026:20:10:50 -0400] "GET /?w=the-snowdon-plus-napier-uk-%E2%80%93-napier-uk-pp-xDp2neha HTTP/1.1" 200 112757 "-" "Mozilla/5.0 AppleWebKit/537.36 (KHTML, like Gecko; compatible; bingbot/2.0; +http://www.bing.com/bingbot.htm) Chrome/116.0.1938.76 Safari/537.36"
52.167.144.165 - - [10/Sep/2026:20:11:18 -0400] "GET /marshlike-604542-kpzSHaXUNI/?a=jordan-retro-high-rox-brown-maglock-concept-cc-wo4y3acM HTTP/1.1" 301 - "-" "Mozilla/5.0 AppleWebKit/537.36 (KHTML, like Gecko; compatible; bingbot/2.0; +http://www.bing.com/bingbot.htm) Chrome/116.0.1938.76 Safari/537.36"
199.250.222.155 - - [10/Sep/2026:20:11:56 -0400] "POST /wp-cron.php?doing_wp_cron=1789085516.7118780612945556640625 HTTP/1.1" 200 - "-" "WordPress/7.1; https://heredit.mx"
52.167.144.187 - - [10/Sep/2026:20:11:56 -0400] "GET /GsNw/eggler397802/?a=8-1347-1 HTTP/1.1" 404 121299 "-" "Mozilla/5.0 AppleWebKit/537.36 (KHTML, like Gecko; compatible; bingbot/2.0; +http://www.bing.com/bingbot.htm) Chrome/116.0.1938.76 Safari/537.36"
199.250.222.155 - - [10/Sep/2026:20:12:31 -0400] "POST /wp-cron.php?doing_wp_cron=1789085551.8043560981750488281250 HTTP/1.1" 200 - "-" "WordPress/7.1; https://heredit.mx"
66.249.68.192 - - [10/Sep/2026:20:12:31 -0400] "GET /?a=tokyo-japan%EF%BD%9Ckobe-beef-teppanyaki-ishida-ginza-main-store%EF%BD%9Conline-reservation-cc-Ldybz4I8 HTTP/1.1" 200 223943 "-" "Mozilla/5.0 (Linux; Android 6.0.1; Nexus 5X Build/MMB29P) AppleWebKit/537.36 (KHTML, like Gecko) Chrome/153.0.8010.36 Mobile Safari/537.36 (compatible; Googlebot/2.1; +http://www.google.com/bot.html)"
40.77.167.2 - - [10/Sep/2026:20:12:32 -0400] "GET /?w=standalone-villa-for-sale-in-dahiet-al-amir-rashid-pp-G5JmJJc2 HTTP/1.1" 200 112757 "-" "Mozilla/5.0 AppleWebKit/537.36 (KHTML, like Gecko; compatible; bingbot/2.0; +http://www.bing.com/bingbot.htm) Chrome/116.0.1938.76 Safari/537.36"
40.77.167.235 - - [10/Sep/2026:20:13:17 -0400] "GET /dilute-6135-rFSmFLns/?a=wall-mural-feuille-de-cocotier-de-mer-cc-nQRV61U3 HTTP/1.1" 301 - "-" "Mozilla/5.0 AppleWebKit/537.36 (KHTML, like Gecko; compatible; bingbot/2.0; +http://www.bing.com/bingbot.htm) Chrome/116.0.1938.76 Safari/537.36"
66.249.68.193 - - [10/Sep/2026:20:13:17 -0400] "GET /?a=personalized-taco-lover-christmas-ornament-cc-45E87PuE HTTP/1.1" 200 223771 "-" "Mozilla/5.0 (Linux; Android 6.0.1; Nexus 5X Build/MMB29P) AppleWebKit/537.36 (KHTML, like Gecko) Chrome/153.0.8010.36 Mobile Safari/537.36 (compatible; Googlebot/2.1; +http://www.google.com/bot.html)"
66.249.68.193 - - [10/Sep/2026:20:13:33 -0400] "GET /wp-content/plugins/wpforms/assets/lib/jquery.inputmask.min.js?ver=5.0.9 HTTP/1.1" 200 117412 "https://heredit.mx/?a=personalized-taco-lover-christmas-ornament-cc-45E87PuE" "Mozilla/5.0 (Linux; Android 6.0.1; Nexus 5X Build/MMB29P) AppleWebKit/537.36 (KHTML, like Gecko) Chrome/153.0.8010.36 Mobile Safari/537.36 (compatible; Googlebot/2.1; +http://www.google.com/bot.html)"
9.129.8.39 - - [10/Sep/2026:20:13:34 -0400] "GET / HTTP/1.1" 200 59614 "-" "Mozilla/5.0 AppleWebKit/537.36 (KHTML, like Gecko); compatible; ChatGPT-User/1.0; +https://openai.com/bot"
199.250.222.155 - - [10/Sep/2026:20:13:41 -0400] "POST /wp-cron.php?doing_wp_cron=1789085621.5103108882904052734375 HTTP/1.1" 200 - "-" "WordPress/7.1; https://heredit.mx"
52.167.144.187 - - [10/Sep/2026:20:13:41 -0400] "GET /?a=marseille-2024-49er-organic-cotton-unisex-sailing-hoodie-%E2%80%93-cc-AkPgwzuw HTTP/1.1" 200 223855 "-" "Mozilla/5.0 AppleWebKit/537.36 (KHTML, like Gecko; compatible; bingbot/2.0; +http://www.bing.com/bingbot.htm) Chrome/116.0.1938.76 Safari/537.36"
66.249.68.194 - - [10/Sep/2026:20:15:14 -0400] "GET /?a=s-corrugated-metal-roofing-siding-2pcs-doctor-ben-s-cc-Z1QP1gSv HTTP/1.1" 200 223807 "-" "Mozilla/5.0 (Linux; Android 6.0.1; Nexus 5X Build/MMB29P) AppleWebKit/537.36 (KHTML, like Gecko) Chrome/153.0.8010.36 Mobile Safari/537.36 (compatible; Googlebot/2.1; +http://www.google.com/bot.html)"
66.249.68.193 - - [10/Sep/2026:20:15:36 -0400] "GET /?a=industrial-table-lamp-black-big-cage-lampandlight-cc-gQnrRPs8 HTTP/1.1" 200 223799 "-" "Mozilla/5.0 (Linux; Android 6.0.1; Nexus 5X Build/MMB29P) AppleWebKit/537.36 (KHTML, like Gecko) Chrome/153.0.8010.36 Mobile Safari/537.36 (compatible; Googlebot/2.1; +http://www.google.com/bot.html)"
66.249.68.192 - - [10/Sep/2026:20:15:37 -0400] "GET /wp-content/plugins/wpforms/assets/lib/jquery.inputmask.min.js?ver=5.0.9 HTTP/1.1" 200 117412 "https://heredit.mx/?a=s-corrugated-metal-roofing-siding-2pcs-doctor-ben-s-cc-Z1QP1gSv" "Mozilla/5.0 (Linux; Android 6.0.1; Nexus 5X Build/MMB29P) AppleWebKit/537.36 (KHTML, like Gecko) Chrome/153.0.8010.36 Mobile Safari/537.36 (compatible; Googlebot/2.1; +http://www.google.com/bot.html)"
66.249.68.192 - - [10/Sep/2026:20:15:40 -0400] "GET /wp-content/plugins/wpforms/assets/pro/css/fields/layout-screen-small.min.css?ver=1.10.2.1 HTTP/1.1" 200 1664 "https://heredit.mx/?a=industrial-table-lamp-black-big-cage-lampandlight-cc-gQnrRPs8" "Mozilla/5.0 (Linux; Android 6.0.1; Nexus 5X Build/MMB29P) AppleWebKit/537.36 (KHTML, like Gecko) Chrome/153.0.8010.36 Mobile Safari/537.36 (compatible; Googlebot/2.1; +http://www.google.com/bot.html)"
66.249.68.192 - - [10/Sep/2026:20:15:40 -0400] "GET /wp-content/plugins/wpforms/assets/css/frontend/modern/wpforms-full.min.css?ver=1.10.2.1 HTTP/1.1" 200 167602 "https://heredit.mx/?a=s-corrugated-metal-roofing-siding-2pcs-doctor-ben-s-cc-Z1QP1gSv" "Mozilla/5.0 (Linux; Android 6.0.1; Nexus 5X Build/MMB29P) AppleWebKit/537.36 (KHTML, like Gecko) Chrome/153.0.8010.36 Mobile Safari/537.36 (compatible; Googlebot/2.1; +http://www.google.com/bot.html)"
66.249.68.192 - - [10/Sep/2026:20:15:43 -0400] "GET /wp-includes/js/wp-util.min.js?ver=7.1 HTTP/1.1" 200 1431 "https://heredit.mx/?a=s-corrugated-metal-roofing-siding-2pcs-doctor-ben-s-cc-Z1QP1gSv" "Mozilla/5.0 (Linux; Android 6.0.1; Nexus 5X Build/MMB29P) AppleWebKit/537.36 (KHTML, like Gecko) Chrome/153.0.8010.36 Mobile Safari/537.36 (compatible; Googlebot/2.1; +http://www.google.com/bot.html)"
52.167.144.231 - - [10/Sep/2026:20:16:07 -0400] "GET /fipenny=8&sEaCMpiD=595665?a=8-1684-1 HTTP/1.1" 404 121299 "-" "Mozilla/5.0 AppleWebKit/537.36 (KHTML, like Gecko; compatible; bingbot/2.0; +http://www.bing.com/bingbot.htm) Chrome/116.0.1938.76 Safari/537.36"
52.167.144.169 - - [10/Sep/2026:20:16:20 -0400] "GET /diapering-767498-aPcvhZCfbh/?a=new-design-african-traditional-dresses-and-skirts-china-african-cc-O030jYiw HTTP/1.1" 301 - "-" "Mozilla/5.0 AppleWebKit/537.36 (KHTML, like Gecko; compatible; bingbot/2.0; +http://www.bing.com/bingbot.htm) Chrome/116.0.1938.76 Safari/537.36"
40.77.167.121 - - [10/Sep/2026:20:16:25 -0400] "GET /?a=learning-can-be-messy-display-pack-teacher-made-cc-PnPrBZS8 HTTP/1.1" 200 223791 "-" "Mozilla/5.0 AppleWebKit/537.36 (KHTML, like Gecko; compatible; bingbot/2.0; +http://www.bing.com/bingbot.htm) Chrome/116.0.1938.76 Safari/537.36"
66.249.68.193 - - [10/Sep/2026:20:17:01 -0400] "GET /?a=bring-me-the-horizon-classic-tank-tops-cc-qxNYQasd HTTP/1.1" 200 223755 "-" "Mozilla/5.0 (Linux; Android 6.0.1; Nexus 5X Build/MMB29P) AppleWebKit/537.36 (KHTML, like Gecko) Chrome/153.0.8010.36 Mobile Safari/537.36 (compatible; GoogleOther)"
66.249.68.192 - - [10/Sep/2026:20:17:06 -0400] "GET /wp-content/uploads/2024/06/instagram.svg HTTP/1.1" 200 3561 "https://heredit.mx/?a=bring-me-the-horizon-classic-tank-tops-cc-qxNYQasd" "Mozilla/5.0 (Linux; Android 6.0.1; Nexus 5X Build/MMB29P) AppleWebKit/537.36 (KHTML, like Gecko) Chrome/153.0.8010.36 Mobile Safari/537.36 (compatible; GoogleOther)"
66.249.68.193 - - [10/Sep/2026:20:17:08 -0400] "GET /wp-content/plugins/elementor/assets/lib/animations/styles/fadeInDown.min.css?ver=4.2.4 HTTP/1.1" 200 137 "https://heredit.mx/?a=bring-me-the-horizon-classic-tank-tops-cc-qxNYQasd" "Mozilla/5.0 (Linux; Android 6.0.1; Nexus 5X Build/MMB29P) AppleWebKit/537.36 (KHTML, like Gecko) Chrome/153.0.8010.36 Mobile Safari/537.36 (compatible; GoogleOther)"
66.249.68.192 - - [10/Sep/2026:20:17:10 -0400] "GET /wp-content/plugins/wpforms/assets/pro/css/fields/layout-screen-big.min.css?ver=1.10.2.1 HTTP/1.1" 200 4213 "https://heredit.mx/?a=bring-me-the-horizon-classic-tank-tops-cc-qxNYQasd" "Mozilla/5.0 (Linux; Android 6.0.1; Nexus 5X Build/MMB29P) AppleWebKit/537.36 (KHTML, like Gecko) Chrome/153.0.8010.36 Mobile Safari/537.36 (compatible; GoogleOther)"
66.249.68.192 - - [10/Sep/2026:20:17:11 -0400] "GET /sliders/descripcion/script.js HTTP/1.1" 200 2123 "https://heredit.mx/sliders/descripcion/index.html" "Mozilla/5.0 (Linux; Android 6.0.1; Nexus 5X Build/MMB29P) AppleWebKit/537.36 (KHTML, like Gecko) Chrome/153.0.8010.36 Mobile Safari/537.36 (compatible; GoogleOther)"
66.249.68.192 - - [10/Sep/2026:20:17:13 -0400] "GET /wp-content/uploads/2024/06/facebook.svg HTTP/1.1" 200 567 "https://heredit.mx/?a=bring-me-the-horizon-classic-tank-tops-cc-qxNYQasd" "Mozilla/5.0 (Linux; Android 6.0.1; Nexus 5X Build/MMB29P) AppleWebKit/537.36 (KHTML, like Gecko) Chrome/153.0.8010.36 Mobile Safari/537.36 (compatible; GoogleOther)"
199.250.222.155 - - [10/Sep/2026:20:21:19 -0400] "POST /wp-cron.php?doing_wp_cron=1789086079.0694348812103271484375 HTTP/1.1" 200 - "-" "WordPress/7.1; https://heredit.mx"
66.249.68.194 - - [10/Sep/2026:20:21:18 -0400] "GET /?a=1086-dorchester-street-rock-hill-sc-29732-mls-3939968-cc-3RNqywFV HTTP/1.1" 200 223815 "-" "Mozilla/5.0 (Linux; Android 6.0.1; Nexus 5X Build/MMB29P) AppleWebKit/537.36 (KHTML, like Gecko) Chrome/153.0.8010.36 Mobile Safari/537.36 (compatible; GoogleOther)"
66.249.68.193 - - [10/Sep/2026:20:21:29 -0400] "GET /wp-content/plugins/elementor-pro/assets/js/frontend.min.js?ver=4.2.3 HTTP/1.1" 200 23939 "https://heredit.mx/?a=1086-dorchester-street-rock-hill-sc-29732-mls-3939968-cc-3RNqywFV" "Mozilla/5.0 (Linux; Android 6.0.1; Nexus 5X Build/MMB29P) AppleWebKit/537.36 (KHTML, like Gecko) Chrome/153.0.8010.36 Mobile Safari/537.36 (compatible; GoogleOther)"
66.249.68.192 - - [10/Sep/2026:20:21:30 -0400] "GET /wp-includes/js/wp-util.min.js?ver=7.1 HTTP/1.1" 200 1431 "https://heredit.mx/?a=1086-dorchester-street-rock-hill-sc-29732-mls-3939968-cc-3RNqywFV" "Mozilla/5.0 (Linux; Android 6.0.1; Nexus 5X Build/MMB29P) AppleWebKit/537.36 (KHTML, like Gecko) Chrome/153.0.8010.36 Mobile Safari/537.36 (compatible; GoogleOther)"
66.249.68.193 - - [10/Sep/2026:20:21:32 -0400] "GET /wp-content/plugins/elementor/assets/js/frontend.min.js?ver=4.2.4 HTTP/1.1" 200 32098 "https://heredit.mx/?a=1086-dorchester-street-rock-hill-sc-29732-mls-3939968-cc-3RNqywFV" "Mozilla/5.0 (Linux; Android 6.0.1; Nexus 5X Build/MMB29P) AppleWebKit/537.36 (KHTML, like Gecko) Chrome/153.0.8010.36 Mobile Safari/537.36 (compatible; GoogleOther)"
199.250.222.155 - - [10/Sep/2026:20:21:38 -0400] "POST /wp-cron.php?doing_wp_cron=1789086098.8690409660339355468750 HTTP/1.1" 200 - "-" "WordPress/7.1; https://heredit.mx"
114.119.152.50 - - [10/Sep/2026:20:21:38 -0400] "GET /?dtpx/cliffless334243/6y9KCSZOX8 HTTP/1.1" 301 - "https://heredit.mx/?dtpx/cliffless334243/6y9KCSZOX8" "Mozilla/5.0 (Linux; Android 7.0;) AppleWebKit/537.36 (HTML, like Gecko) Mobile Safari/537.36 (compatible; PetalBot;+https://webmaster.petalsearch.com/site/petalbot)"
114.119.152.50 - - [10/Sep/2026:20:21:39 -0400] "GET /?dtpx%2Fcliffless334243%2F6y9KCSZOX8 HTTP/1.1" 200 223773 "https://heredit.mx/?dtpx/cliffless334243/6y9KCSZOX8" "Mozilla/5.0 (Linux; Android 7.0;) AppleWebKit/537.36 (HTML, like Gecko) Mobile Safari/537.36 (compatible; PetalBot;+https://webmaster.petalsearch.com/site/petalbot)"
66.249.68.192 - - [10/Sep/2026:20:21:41 -0400] "GET /?a=filmmaker-anil-ravipudi-blessed-with-a-baby-boy-telugu-cc-vMVmNPcP HTTP/1.1" 200 223819 "-" "Mozilla/5.0 (Linux; Android 6.0.1; Nexus 5X Build/MMB29P) AppleWebKit/537.36 (KHTML, like Gecko) Chrome/153.0.8010.36 Mobile Safari/537.36 (compatible; GoogleOther)"
66.249.68.192 - - [10/Sep/2026:20:21:44 -0400] "GET /wp-content/uploads/premium-addons-elementor/pafe-1208.css?ver=1788480000 HTTP/1.1" 200 53544 "https://heredit.mx/?a=filmmaker-anil-ravipudi-blessed-with-a-baby-boy-telugu-cc-vMVmNPcP" "Mozilla/5.0 (Linux; Android 6.0.1; Nexus 5X Build/MMB29P) AppleWebKit/537.36 (KHTML, like Gecko) Chrome/153.0.8010.36 Mobile Safari/537.36 (compatible; GoogleOther)"
66.249.68.192 - - [10/Sep/2026:20:21:45 -0400] "GET /wp-content/plugins/elementor-pro/assets/js/webpack-pro.runtime.min.js?ver=4.2.3 HTTP/1.1" 200 6242 "https://heredit.mx/?a=filmmaker-anil-ravipudi-blessed-with-a-baby-boy-telugu-cc-vMVmNPcP" "Mozilla/5.0 (Linux; Android 6.0.1; Nexus 5X Build/MMB29P) AppleWebKit/537.36 (KHTML, like Gecko) Chrome/153.0.8010.36 Mobile Safari/537.36 (compatible; GoogleOther)"
66.249.68.192 - - [10/Sep/2026:20:21:47 -0400] "GET /sliders/amenidades/interiores-mob.html HTTP/1.1" 200 3463 "https://heredit.mx/?a=filmmaker-anil-ravipudi-blessed-with-a-baby-boy-telugu-cc-vMVmNPcP" "Mozilla/5.0 (Linux; Android 6.0.1; Nexus 5X Build/MMB29P) AppleWebKit/537.36 (KHTML, like Gecko) Chrome/153.0.8010.36 Mobile Safari/537.36 (compatible; GoogleOther)"
66.249.68.192 - - [10/Sep/2026:20:21:49 -0400] "GET /wp-content/plugins/elementor/assets/css/conditionals/dialog.min.css?ver=4.2.4 HTTP/1.1" 200 16528 "https://heredit.mx/?a=filmmaker-anil-ravipudi-blessed-with-a-baby-boy-telugu-cc-vMVmNPcP" "Mozilla/5.0 (Linux; Android 6.0.1; Nexus 5X Build/MMB29P) AppleWebKit/537.36 (KHTML, like Gecko) Chrome/153.0.8010.36 Mobile Safari/537.36 (compatible; GoogleOther)"
66.249.68.193 - - [10/Sep/2026:20:22:59 -0400] "GET /?a=2021-2022-camiseta-de-casa-uniformes-de-hombre-camisetas-cc-5oLgKLFn HTTP/1.1" 200 223827 "-" "Mozilla/5.0 (Linux; Android 6.0.1; Nexus 5X Build/MMB29P) AppleWebKit/537.36 (KHTML, like Gecko) Chrome/153.0.8010.36 Mobile Safari/537.36 (compatible; Googlebot/2.1; +http://www.google.com/bot.html)"
66.249.68.193 - - [10/Sep/2026:20:23:26 -0400] "GET /?a=2021-2022-camiseta-de-casa-uniformes-de-hombre-camisetas-cc-5oLgKLFn HTTP/1.1" 200 223827 "-" "Mozilla/5.0 (Linux; Android 6.0.1; Nexus 5X Build/MMB29P) AppleWebKit/537.36 (KHTML, like Gecko) Chrome/153.0.8010.36 Mobile Safari/537.36 (compatible; GoogleOther)"
46.246.68.146 - - [10/Sep/2026:20:23:55 -0400] "GET / HTTP/1.1" 200 59614 "http://heredit.mx/" "Mozilla/5.0 (iPhone; CPU iPhone OS 17_3_1 like Mac OS X) AppleWebKit/605.1.15 (KHTML, like Gecko) Version/17.3.1 Mobile/15E148 Safari/604"
195.95.184.39 - - [10/Sep/2026:20:23:56 -0400] "GET / HTTP/1.1" 200 59614 "-" "Mozilla/5.0 (iPhone; CPU iPhone OS 17_3_1 like Mac OS X) AppleWebKit/605.1.15 (KHTML, like Gecko) Version/17.3.1 Mobile/15E148 Safari/604"
193.180.221.124 - - [10/Sep/2026:20:23:56 -0400] "GET /politica-privacidad/ HTTP/1.1" 200 45522 "-" "Mozilla/5.0 (iPhone; CPU iPhone OS 17_3_1 like Mac OS X) AppleWebKit/605.1.15 (KHTML, like Gecko) Version/17.3.1 Mobile/15E148 Safari/604"
185.151.19.138 - - [10/Sep/2026:20:23:57 -0400] "GET / HTTP/1.1" 200 59614 "-" "Mozilla/5.0 (iPhone; CPU iPhone OS 17_3_1 like Mac OS X) AppleWebKit/605.1.15 (KHTML, like Gecko) Version/17.3.1 Mobile/15E148 Safari/604"
66.249.68.192 - - [10/Sep/2026:20:23:59 -0400] "GET /?a=puma-rs-x-trophy-black-rose-greece-save-31%-cc-pEGaRBIx HTTP/1.1" 301 - "-" "Mozilla/5.0 (Linux; Android 6.0.1; Nexus 5X Build/MMB29P) AppleWebKit/537.36 (KHTML, like Gecko) Chrome/153.0.8010.36 Mobile Safari/537.36 (compatible; GoogleOther)"
66.249.68.192 - - [10/Sep/2026:20:23:59 -0400] "GET /?a=puma-rs-x-trophy-black-rose-greece-save-31%25-cc-pEGaRBIx HTTP/1.1" 200 223779 "-" "Mozilla/5.0 (Linux; Android 6.0.1; Nexus 5X Build/MMB29P) AppleWebKit/537.36 (KHTML, like Gecko) Chrome/153.0.8010.36 Mobile Safari/537.36 (compatible; GoogleOther)"
201.182.92.126 - - [10/Sep/2026:20:24:16 -0400] "POST /xmlrpc.php HTTP/1.1" 200 415 "-" "Mozilla/5.0 (Windows NT 10.0; x86) AppleWebKit/537.36 (KHTML, like Gecko) Opera/65.0.0.0 Safari/537.36"
66.249.68.192 - - [10/Sep/2026:20:24:21 -0400] "GET /?a=egypt-sculpture-egypt-cat-statue-egypt-statue-egypt-cc-27jYGVFw HTTP/1.1" 200 223807 "-" "Mozilla/5.0 (Linux; Android 6.0.1; Nexus 5X Build/MMB29P) AppleWebKit/537.36 (KHTML, like Gecko) Chrome/153.0.8010.36 Mobile Safari/537.36 (compatible; Googlebot/2.1; +http://www.google.com/bot.html)"
66.249.68.192 - - [10/Sep/2026:20:24:26 -0400] "GET /wp-content/plugins/elementor/assets/css/conditionals/e-swiper.min.css?ver=4.2.4 HTTP/1.1" 200 5486 "https://heredit.mx/?a=egypt-sculpture-egypt-cat-statue-egypt-statue-egypt-cc-27jYGVFw" "Mozilla/5.0 (Linux; Android 6.0.1; Nexus 5X Build/MMB29P) AppleWebKit/537.36 (KHTML, like Gecko) Chrome/153.0.8010.36 Mobile Safari/537.36 (compatible; Googlebot/2.1; +http://www.google.com/bot.html)"
66.249.68.192 - - [10/Sep/2026:20:24:27 -0400] "GET /wp-content/plugins/elementor/assets/js/frontend.min.js?ver=4.2.4 HTTP/1.1" 200 32098 "https://heredit.mx/?a=egypt-sculpture-egypt-cat-statue-egypt-statue-egypt-cc-27jYGVFw" "Mozilla/5.0 (Linux; Android 6.0.1; Nexus 5X Build/MMB29P) AppleWebKit/537.36 (KHTML, like Gecko) Chrome/153.0.8010.36 Mobile Safari/537.36 (compatible; Googlebot/2.1; +http://www.google.com/bot.html)"
74.7.242.9 - - [10/Sep/2026:20:24:34 -0400] "GET /wp-sitemap.xml HTTP/1.1" 200 512 "-" "Mozilla/5.0 AppleWebKit/537.36 (KHTML, like Gecko; compatible; GPTBot/1.4; +https://openai.com/gptbot)"
199.250.222.155 - - [10/Sep/2026:20:24:34 -0400] "POST /wp-cron.php?doing_wp_cron=1789086274.3016579151153564453125 HTTP/1.1" 200 - "-" "WordPress/7.1; https://heredit.mx"
74.7.230.60 - - [10/Sep/2026:20:24:34 -0400] "GET /robots.txt HTTP/1.1" 200 267 "-" "Mozilla/5.0 (Macintosh; Intel Mac OS X 10_15_7) AppleWebKit/537.36 (KHTML, like Gecko) Chrome/131.0.0.0 Safari/537.36; compatible; OAI-SearchBot/1.4; robots.txt; +https://openai.com/searchbot"
66.249.68.192 - - [10/Sep/2026:20:25:02 -0400] "GET /?a=harry-potter-svg-deathly-hallows-svg-hogwarts-svg-halloween-cc-Qawy8QFD HTTP/1.1" 200 223839 "-" "Mozilla/5.0 (Linux; Android 6.0.1; Nexus 5X Build/MMB29P) AppleWebKit/537.36 (KHTML, like Gecko) Chrome/153.0.8010.36 Mobile Safari/537.36 (compatible; GoogleOther)"
199.250.222.155 - - [10/Sep/2026:20:25:55 -0400] "POST /wp-cron.php?doing_wp_cron=1789086355.3341100215911865234375 HTTP/1.1" 200 - "-" "WordPress/7.1; https://heredit.mx"
66.249.68.192 - - [10/Sep/2026:20:25:54 -0400] "GET /?a=harry-potter-svg-deathly-hallows-svg-hogwarts-svg-halloween-cc-Qawy8QFD HTTP/1.1" 200 223839 "-" "Mozilla/5.0 (Linux; Android 6.0.1; Nexus 5X Build/MMB29P) AppleWebKit/537.36 (KHTML, like Gecko) Chrome/153.0.8010.36 Mobile Safari/537.36 (compatible; Googlebot/2.1; +http://www.google.com/bot.html)"
66.249.68.194 - - [10/Sep/2026:20:26:00 -0400] "GET /wp-includes/js/wp-util.min.js?ver=7.1 HTTP/1.1" 200 1431 "https://heredit.mx/?a=2021-2022-camiseta-de-casa-uniformes-de-hombre-camisetas-cc-5oLgKLFn" "Mozilla/5.0 (Linux; Android 6.0.1; Nexus 5X Build/MMB29P) AppleWebKit/537.36 (KHTML, like Gecko) Chrome/153.0.8010.36 Mobile Safari/537.36 (compatible; Googlebot/2.1; +http://www.google.com/bot.html)"
66.249.68.193 - - [10/Sep/2026:20:26:00 -0400] "GET /wp-content/plugins/wpforms/assets/css/frontend/modern/wpforms-full.min.css?ver=1.10.2.1 HTTP/1.1" 200 167602 "https://heredit.mx/?a=2021-2022-camiseta-de-casa-uniformes-de-hombre-camisetas-cc-5oLgKLFn" "Mozilla/5.0 (Linux; Android 6.0.1; Nexus 5X Build/MMB29P) AppleWebKit/537.36 (KHTML, like Gecko) Chrome/153.0.8010.36 Mobile Safari/537.36 (compatible; Googlebot/2.1; +http://www.google.com/bot.html)"
66.249.68.193 - - [10/Sep/2026:20:26:02 -0400] "GET /wp-content/plugins/elementor/assets/lib/animations/styles/e-animation-grow.min.css?ver=4.2.4 HTTP/1.1" 200 198 "https://heredit.mx/?a=2021-2022-camiseta-de-casa-uniformes-de-hombre-camisetas-cc-5oLgKLFn" "Mozilla/5.0 (Linux; Android 6.0.1; Nexus 5X Build/MMB29P) AppleWebKit/537.36 (KHTML, like Gecko) Chrome/153.0.8010.36 Mobile Safari/537.36 (compatible; Googlebot/2.1; +http://www.google.com/bot.html)"
66.249.68.192 - - [10/Sep/2026:20:26:15 -0400] "GET /wp-content/themes/hello-elementor/assets/css/header-footer.css?ver=3.5.1 HTTP/1.1" 200 7534 "https://heredit.mx/?a=2021-2022-camiseta-de-casa-uniformes-de-hombre-camisetas-cc-5oLgKLFn" "Mozilla/5.0 (Linux; Android 6.0.1; Nexus 5X Build/MMB29P) AppleWebKit/537.36 (KHTML, like Gecko) Chrome/153.0.8010.36 Mobile Safari/537.36 (compatible; Googlebot/2.1; +http://www.google.com/bot.html)"
