66.249.68.192 - - [10/Sep/2026:18:12:47 -0400] "GET /wp-content/cache/min/1/wp-content/uploads/elementor/css/post-1208.css?ver=1788480000 HTTP/1.1" 200 36816 "https://heredit.mx/" "Mozilla/5.0 AppleWebKit/537.36 (KHTML, like Gecko; compatible; Googlebot/2.1; +http://www.google.com/bot.html) Chrome/152.0.7977.64 Safari/537.36"
66.249.68.192 - - [10/Sep/2026:18:12:48 -0400] "GET /wp-content/cache/min/1/wp-content/plugins/elementor/assets/lib/swiper/v8/css/swiper.min.css?ver=1788480000 HTTP/1.1" 200 16223 "https://heredit.mx/" "Mozilla/5.0 AppleWebKit/537.36 (KHTML, like Gecko; compatible; Googlebot/2.1; +http://www.google.com/bot.html) Chrome/152.0.7977.64 Safari/537.36"
66.249.68.192 - - [10/Sep/2026:18:12:48 -0400] "GET /wp-content/cache/min/1/wp-content/uploads/elementor/css/post-1738.css?ver=1788480000 HTTP/1.1" 200 1603 "https://heredit.mx/" "Mozilla/5.0 (Linux; Android 6.0.1; Nexus 5X Build/MMB29P) AppleWebKit/537.36 (KHTML, like Gecko) Chrome/152.0.7977.64 Mobile Safari/537.36 (compatible; Googlebot/2.1; +http://www.google.com/bot.html)"
66.249.68.192 - - [10/Sep/2026:18:12:48 -0400] "GET /wp-content/cache/min/1/wp-content/uploads/elementor/css/post-1738.css?ver=1788480000 HTTP/1.1" 200 1603 "https://heredit.mx/" "Mozilla/5.0 AppleWebKit/537.36 (KHTML, like Gecko; compatible; Googlebot/2.1; +http://www.google.com/bot.html) Chrome/152.0.7977.64 Safari/537.36"
66.249.68.192 - - [10/Sep/2026:18:12:49 -0400] "GET /wp-content/cache/min/1/wp-content/themes/hello-elementor/assets/css/theme.css?ver=1788480000 HTTP/1.1" 200 5814 "https://heredit.mx/" "Mozilla/5.0 (Linux; Android 6.0.1; Nexus 5X Build/MMB29P) AppleWebKit/537.36 (KHTML, like Gecko) Chrome/152.0.7977.64 Mobile Safari/537.36 (compatible; Googlebot/2.1; +http://www.google.com/bot.html)"
66.249.68.192 - - [10/Sep/2026:18:12:49 -0400] "GET /wp-content/cache/min/1/wp-content/themes/hello-elementor/assets/css/theme.css?ver=1788480000 HTTP/1.1" 200 5814 "https://heredit.mx/" "Mozilla/5.0 AppleWebKit/537.36 (KHTML, like Gecko; compatible; Googlebot/2.1; +http://www.google.com/bot.html) Chrome/152.0.7977.64 Safari/537.36"
66.249.68.192 - - [10/Sep/2026:18:12:49 -0400] "GET /wp-content/cache/min/1/wp-includes/css/dashicons.min.css?ver=1788480000 HTTP/1.1" 200 59097 "https://heredit.mx/" "Mozilla/5.0 (Linux; Android 6.0.1; Nexus 5X Build/MMB29P) AppleWebKit/537.36 (KHTML, like Gecko) Chrome/152.0.7977.64 Mobile Safari/537.36 (compatible; Googlebot/2.1; +http://www.google.com/bot.html)"
66.249.68.192 - - [10/Sep/2026:18:12:50 -0400] "GET /wp-content/cache/min/1/wp-content/themes/hello-elementor/assets/css/header-footer.css?ver=1788480000 HTTP/1.1" 200 7533 "https://heredit.mx/" "Mozilla/5.0 AppleWebKit/537.36 (KHTML, like Gecko; compatible; Googlebot/2.1; +http://www.google.com/bot.html) Chrome/152.0.7977.64 Safari/537.36"
66.249.68.192 - - [10/Sep/2026:18:12:50 -0400] "GET /wp-content/cache/min/1/wp-content/plugins/elementor/assets/lib/swiper/v8/css/swiper.min.css?ver=1788480000 HTTP/1.1" 200 16223 "https://heredit.mx/" "Mozilla/5.0 (Linux; Android 6.0.1; Nexus 5X Build/MMB29P) AppleWebKit/537.36 (KHTML, like Gecko) Chrome/152.0.7977.64 Mobile Safari/537.36 (compatible; Googlebot/2.1; +http://www.google.com/bot.html)"
66.249.68.192 - - [10/Sep/2026:18:12:50 -0400] "GET /wp-content/cache/min/1/wp-content/uploads/elementor/css/post-48.css?ver=1788480000 HTTP/1.1" 200 44617 "https://heredit.mx/" "Mozilla/5.0 AppleWebKit/537.36 (KHTML, like Gecko; compatible; Googlebot/2.1; +http://www.google.com/bot.html) Chrome/152.0.7977.64 Safari/537.36"
66.249.68.192 - - [10/Sep/2026:18:12:51 -0400] "GET /wp-content/plugins/wpforms/assets/lib/jquery.inputmask.min.js?ver=5.0.9 HTTP/1.1" 200 117412 "https://heredit.mx/?a=fila-bts-backpack-online-save-43%25-cc-gPpq1oc8" "Mozilla/5.0 (Linux; Android 6.0.1; Nexus 5X Build/MMB29P) AppleWebKit/537.36 (KHTML, like Gecko) Chrome/153.0.8010.36 Mobile Safari/537.36 (compatible; Googlebot/2.1; +http://www.google.com/bot.html)"
66.249.68.192 - - [10/Sep/2026:18:12:51 -0400] "GET /sliders/descripcion/index.html HTTP/1.1" 200 1413 "https://heredit.mx/?a=fila-bts-backpack-online-save-43%25-cc-gPpq1oc8" "Mozilla/5.0 (Linux; Android 6.0.1; Nexus 5X Build/MMB29P) AppleWebKit/537.36 (KHTML, like Gecko) Chrome/153.0.8010.36 Mobile Safari/537.36 (compatible; Googlebot/2.1; +http://www.google.com/bot.html)"
66.249.68.192 - - [10/Sep/2026:18:12:51 -0400] "GET /wp-content/uploads/2024/06/icon-laptop.svg HTTP/1.1" 200 429 "https://heredit.mx/sliders/amenidades/interiores.html" "Mozilla/5.0 (Linux; Android 6.0.1; Nexus 5X Build/MMB29P) AppleWebKit/537.36 (KHTML, like Gecko) Chrome/153.0.8010.36 Mobile Safari/537.36 (compatible; Googlebot/2.1; +http://www.google.com/bot.html)"
66.249.68.192 - - [10/Sep/2026:18:12:52 -0400] "GET /sliders/descripcion/index.html HTTP/1.1" 200 1413 "https://heredit.mx/" "Mozilla/5.0 (Linux; Android 6.0.1; Nexus 5X Build/MMB29P) AppleWebKit/537.36 (KHTML, like Gecko) Chrome/152.0.7977.64 Mobile Safari/537.36 (compatible; Googlebot/2.1; +http://www.google.com/bot.html)"
66.249.68.192 - - [10/Sep/2026:18:12:52 -0400] "GET /wp-content/uploads/2024/06/icon-laptop.svg HTTP/1.1" 200 429 "https://heredit.mx/sliders/amenidades/interiores-mob.html" "Mozilla/5.0 (Linux; Android 6.0.1; Nexus 5X Build/MMB29P) AppleWebKit/537.36 (KHTML, like Gecko) Chrome/152.0.7977.64 Mobile Safari/537.36 (compatible; Googlebot/2.1; +http://www.google.com/bot.html)"
66.249.68.193 - - [10/Sep/2026:18:12:53 -0400] "GET /wp-content/uploads/2024/06/icon-washed.svg HTTP/1.1" 200 2936 "https://heredit.mx/sliders/cards/index.html" "Mozilla/5.0 (Linux; Android 6.0.1; Nexus 5X Build/MMB29P) AppleWebKit/537.36 (KHTML, like Gecko) Chrome/152.0.7977.64 Mobile Safari/537.36 (compatible; Googlebot/2.1; +http://www.google.com/bot.html)"
66.249.68.192 - - [10/Sep/2026:18:12:52 -0400] "GET /?a=welly-1-24-mercedes-benz-220-alloy-classic-car-cc-7Nz8yQfw HTTP/1.1" 200 223787 "-" "Mozilla/5.0 (Linux; Android 6.0.1; Nexus 5X Build/MMB29P) AppleWebKit/537.36 (KHTML, like Gecko) Chrome/153.0.8010.36 Mobile Safari/537.36 (compatible; Googlebot/2.1; +http://www.google.com/bot.html)"
66.249.68.192 - - [10/Sep/2026:18:12:59 -0400] "GET /wp-content/plugins/elementor/assets/js/text-editor.45609661e409413f1cef.bundle.min.js HTTP/1.1" 200 1348 "https://heredit.mx/?a=fila-bts-backpack-online-save-43%25-cc-gPpq1oc8" "Mozilla/5.0 (Linux; Android 6.0.1; Nexus 5X Build/MMB29P) AppleWebKit/537.36 (KHTML, like Gecko) Chrome/153.0.8010.36 Mobile Safari/537.36 (compatible; Googlebot/2.1; +http://www.google.com/bot.html)"
66.249.68.192 - - [10/Sep/2026:18:13:00 -0400] "GET /wp-content/plugins/elementor/assets/js/shared-frontend-handlers.03caa53373b56d3bab67.bundle.min.js HTTP/1.1" 200 8481 "https://heredit.mx/?a=welly-1-24-mercedes-benz-220-alloy-classic-car-cc-7Nz8yQfw" "Mozilla/5.0 (Linux; Android 6.0.1; Nexus 5X Build/MMB29P) AppleWebKit/537.36 (KHTML, like Gecko) Chrome/153.0.8010.36 Mobile Safari/537.36 (compatible; Googlebot/2.1; +http://www.google.com/bot.html)"
66.249.68.192 - - [10/Sep/2026:18:13:06 -0400] "GET /?bibliographically-272876-tNHzedKuA%2F231903 HTTP/1.1" 200 223711 "-" "Mozilla/5.0 (Linux; Android 6.0.1; Nexus 5X Build/MMB29P) AppleWebKit/537.36 (KHTML, like Gecko) Chrome/153.0.8010.36 Mobile Safari/537.36 (compatible; GoogleOther)"
66.249.68.192 - - [10/Sep/2026:18:13:13 -0400] "GET /wp-content/plugins/elementor/assets/js/text-editor.45609661e409413f1cef.bundle.min.js HTTP/1.1" 200 1348 "https://heredit.mx/?a=adidas-predator-boots-signed-by-pogba-charitystars-cc-GOgVMLSN" "Mozilla/5.0 (Linux; Android 6.0.1; Nexus 5X Build/MMB29P) AppleWebKit/537.36 (KHTML, like Gecko) Chrome/153.0.8010.36 Mobile Safari/537.36 (compatible; Googlebot/2.1; +http://www.google.com/bot.html)"
66.249.68.192 - - [10/Sep/2026:18:13:21 -0400] "GET /?a=toro-mens-classic-moc-rooster-shoes-cc-pBVZOGHx HTTP/1.1" 200 223743 "-" "Mozilla/5.0 (Linux; Android 6.0.1; Nexus 5X Build/MMB29P) AppleWebKit/537.36 (KHTML, like Gecko) Chrome/153.0.8010.36 Mobile Safari/537.36 (compatible; GoogleOther)"
66.249.68.192 - - [10/Sep/2026:18:13:32 -0400] "GET /?a=oris-divers-sixty-five-42mm-01-733-7720-4055-cc-YEw6YpiM HTTP/1.1" 200 223779 "-" "Mozilla/5.0 (Linux; Android 6.0.1; Nexus 5X Build/MMB29P) AppleWebKit/537.36 (KHTML, like Gecko) Chrome/153.0.8010.36 Mobile Safari/537.36 (compatible; Googlebot/2.1; +http://www.google.com/bot.html)"
66.249.68.192 - - [10/Sep/2026:18:13:44 -0400] "GET /wp-content/themes/hello-elementor/assets/css/header-footer.css?ver=3.5.1 HTTP/1.1" 200 7534 "https://heredit.mx/?a=joothan-pehla-khand-hindi-bindass-cc-DE3nwOHn" "Mozilla/5.0 (Linux; Android 6.0.1; Nexus 5X Build/MMB29P) AppleWebKit/537.36 (KHTML, like Gecko) Chrome/153.0.8010.36 Mobile Safari/537.36 (compatible; Googlebot/2.1; +http://www.google.com/bot.html)"
66.249.68.192 - - [10/Sep/2026:18:13:44 -0400] "GET /wp-content/plugins/elementor/assets/js/webpack.runtime.min.js?ver=4.2.4 HTTP/1.1" 200 5819 "https://heredit.mx/?a=joothan-pehla-khand-hindi-bindass-cc-DE3nwOHn" "Mozilla/5.0 (Linux; Android 6.0.1; Nexus 5X Build/MMB29P) AppleWebKit/537.36 (KHTML, like Gecko) Chrome/153.0.8010.36 Mobile Safari/537.36 (compatible; Googlebot/2.1; +http://www.google.com/bot.html)"
66.249.68.192 - - [10/Sep/2026:18:13:45 -0400] "GET /wp-includes/js/imagesloaded.min.js?ver=5.0.0 HTTP/1.1" 200 5520 "https://heredit.mx/?a=joothan-pehla-khand-hindi-bindass-cc-DE3nwOHn" "Mozilla/5.0 (Linux; Android 6.0.1; Nexus 5X Build/MMB29P) AppleWebKit/537.36 (KHTML, like Gecko) Chrome/153.0.8010.36 Mobile Safari/537.36 (compatible; Googlebot/2.1; +http://www.google.com/bot.html)"
66.249.68.192 - - [10/Sep/2026:18:13:49 -0400] "GET /wp-content/uploads/2024/06/instagram.svg HTTP/1.1" 200 3561 "https://heredit.mx/?a=joothan-pehla-khand-hindi-bindass-cc-DE3nwOHn" "Mozilla/5.0 (Linux; Android 6.0.1; Nexus 5X Build/MMB29P) AppleWebKit/537.36 (KHTML, like Gecko) Chrome/153.0.8010.36 Mobile Safari/537.36 (compatible; Googlebot/2.1; +http://www.google.com/bot.html)"
66.249.68.192 - - [10/Sep/2026:18:13:58 -0400] "GET /?a=eax67133404-main-board-for-lg-55uj630t-%E2%80%93-cw-repairs-cc-yvvQM6Ho HTTP/1.1" 200 223827 "-" "Mozilla/5.0 (Linux; Android 6.0.1; Nexus 5X Build/MMB29P) AppleWebKit/537.36 (KHTML, like Gecko) Chrome/153.0.8010.36 Mobile Safari/537.36 (compatible; Googlebot/2.1; +http://www.google.com/bot.html)"
66.249.68.192 - - [10/Sep/2026:18:14:22 -0400] "GET /?a=two-day-lecture-series-with-do-tulku-rinpoche-tibet-cc-Gk22v3TN HTTP/1.1" 200 223807 "-" "Mozilla/5.0 (Linux; Android 6.0.1; Nexus 5X Build/MMB29P) AppleWebKit/537.36 (KHTML, like Gecko) Chrome/153.0.8010.36 Mobile Safari/537.36 (compatible; Googlebot/2.1; +http://www.google.com/bot.html)"
199.250.222.155 - - [10/Sep/2026:18:14:31 -0400] "POST /wp-cron.php?doing_wp_cron=1789078471.9404020309448242187500 HTTP/1.1" 200 - "-" "WordPress/7.1; https://heredit.mx"
66.249.68.192 - - [10/Sep/2026:18:14:31 -0400] "GET /?a=two-day-lecture-series-with-do-tulku-rinpoche-tibet-cc-Gk22v3TN HTTP/1.1" 200 223807 "-" "Mozilla/5.0 (Linux; Android 6.0.1; Nexus 5X Build/MMB29P) AppleWebKit/537.36 (KHTML, like Gecko) Chrome/153.0.8010.36 Mobile Safari/537.36 (compatible; GoogleOther)"
66.249.68.192 - - [10/Sep/2026:18:14:39 -0400] "GET /?a=rolex-oyster-perpetual-day-date-118238-cc-AZag8quw HTTP/1.1" 200 223755 "-" "Mozilla/5.0 (Linux; Android 6.0.1; Nexus 5X Build/MMB29P) AppleWebKit/537.36 (KHTML, like Gecko) Chrome/153.0.8010.36 Mobile Safari/537.36 (compatible; Googlebot/2.1; +http://www.google.com/bot.html)"
66.249.68.192 - - [10/Sep/2026:18:14:44 -0400] "GET /wp-content/plugins/wpforms/assets/pro/css/fields/layout-screen-small.min.css?ver=1.10.2.1 HTTP/1.1" 200 1664 "https://heredit.mx/?a=rolex-oyster-perpetual-day-date-118238-cc-AZag8quw" "Mozilla/5.0 (Linux; Android 6.0.1; Nexus 5X Build/MMB29P) AppleWebKit/537.36 (KHTML, like Gecko) Chrome/153.0.8010.36 Mobile Safari/537.36 (compatible; Googlebot/2.1; +http://www.google.com/bot.html)"
66.249.68.192 - - [10/Sep/2026:18:14:49 -0400] "GET /?NclHy%2Fbimanually511518%2F3W82c7dR HTTP/1.1" 200 223671 "-" "Mozilla/5.0 (Linux; Android 6.0.1; Nexus 5X Build/MMB29P) AppleWebKit/537.36 (KHTML, like Gecko) Chrome/153.0.8010.36 Mobile Safari/537.36 (compatible; Googlebot/2.1; +http://www.google.com/bot.html)"
66.249.68.192 - - [10/Sep/2026:18:14:57 -0400] "GET /?a=kerstbal-old-look-verkrijgbaar-in-l-m-cc-5na41ptn HTTP/1.1" 200 223751 "-" "Mozilla/5.0 (Linux; Android 6.0.1; Nexus 5X Build/MMB29P) AppleWebKit/537.36 (KHTML, like Gecko) Chrome/153.0.8010.36 Mobile Safari/537.36 (compatible; Googlebot/2.1; +http://www.google.com/bot.html)"
66.249.68.192 - - [10/Sep/2026:18:15:04 -0400] "GET /wp-content/plugins/wpforms/assets/pro/css/fields/layout-screen-small.min.css?ver=1.10.2.1 HTTP/1.1" 200 1664 "https://heredit.mx/?a=kerstbal-old-look-verkrijgbaar-in-l-m-cc-5na41ptn" "Mozilla/5.0 (Linux; Android 6.0.1; Nexus 5X Build/MMB29P) AppleWebKit/537.36 (KHTML, like Gecko) Chrome/153.0.8010.36 Mobile Safari/537.36 (compatible; Googlebot/2.1; +http://www.google.com/bot.html)"
66.249.68.194 - - [10/Sep/2026:18:15:04 -0400] "GET /sliders/descripcion/script.js HTTP/1.1" 200 2123 "https://heredit.mx/sliders/descripcion/index.html" "Mozilla/5.0 (Linux; Android 6.0.1; Nexus 5X Build/MMB29P) AppleWebKit/537.36 (KHTML, like Gecko) Chrome/153.0.8010.36 Mobile Safari/537.36 (compatible; Googlebot/2.1; +http://www.google.com/bot.html)"
66.249.68.193 - - [10/Sep/2026:18:15:13 -0400] "GET /?a=kerstbal-old-look-verkrijgbaar-in-l-m-cc-5na41ptn HTTP/1.1" 200 223751 "-" "Mozilla/5.0 (Linux; Android 6.0.1; Nexus 5X Build/MMB29P) AppleWebKit/537.36 (KHTML, like Gecko) Chrome/153.0.8010.36 Mobile Safari/537.36 (compatible; GoogleOther)"
66.249.68.192 - - [10/Sep/2026:18:15:29 -0400] "GET /?a=vivaldi-oboe-concerto-in-a-minor-rv-461-for-cc-vPBM5gSP HTTP/1.1" 200 223775 "-" "Mozilla/5.0 (Linux; Android 6.0.1; Nexus 5X Build/MMB29P) AppleWebKit/537.36 (KHTML, like Gecko) Chrome/153.0.8010.36 Mobile Safari/537.36 (compatible; GoogleOther)"
66.249.68.192 - - [10/Sep/2026:18:15:46 -0400] "GET /?a=vivaldi-oboe-concerto-in-a-minor-rv-461-for-cc-vPBM5gSP HTTP/1.1" 200 223775 "-" "Mozilla/5.0 (Linux; Android 6.0.1; Nexus 5X Build/MMB29P) AppleWebKit/537.36 (KHTML, like Gecko) Chrome/153.0.8010.36 Mobile Safari/537.36 (compatible; Googlebot/2.1; +http://www.google.com/bot.html)"
66.249.68.192 - - [10/Sep/2026:18:16:03 -0400] "GET /?a=parches-de-bob-esponja-para-planchar-pegatinas-t%C3%A9rmicas-para-cc-VP8M43ID HTTP/1.1" 200 223855 "-" "Mozilla/5.0 (Linux; Android 6.0.1; Nexus 5X Build/MMB29P) AppleWebKit/537.36 (KHTML, like Gecko) Chrome/153.0.8010.36 Mobile Safari/537.36 (compatible; Googlebot/2.1; +http://www.google.com/bot.html)"
66.249.68.193 - - [10/Sep/2026:18:16:26 -0400] "GET /?a=parches-de-bob-esponja-para-planchar-pegatinas-t%C3%A9rmicas-para-cc-VP8M43ID HTTP/1.1" 200 223855 "-" "Mozilla/5.0 (Linux; Android 6.0.1; Nexus 5X Build/MMB29P) AppleWebKit/537.36 (KHTML, like Gecko) Chrome/153.0.8010.36 Mobile Safari/537.36 (compatible; GoogleOther)"
199.250.222.155 - - [10/Sep/2026:18:16:56 -0400] "POST /wp-cron.php?doing_wp_cron=1789078616.1175529956817626953125 HTTP/1.1" 200 - "-" "WordPress/7.1; https://heredit.mx"
66.249.68.192 - - [10/Sep/2026:18:16:55 -0400] "GET /?a=stoke-city-fc-store-2022-23-adult-unsponsored-white-cc-VxGaqFD HTTP/1.1" 200 223803 "-" "Mozilla/5.0 (Linux; Android 6.0.1; Nexus 5X Build/MMB29P) AppleWebKit/537.36 (KHTML, like Gecko) Chrome/153.0.8010.36 Mobile Safari/537.36 (compatible; Googlebot/2.1; +http://www.google.com/bot.html)"
66.249.68.193 - - [10/Sep/2026:18:17:00 -0400] "GET /wp-content/uploads/elementor/css/post-7.css?ver=1788480000 HTTP/1.1" 200 4160 "https://heredit.mx/?a=stoke-city-fc-store-2022-23-adult-unsponsored-white-cc-VxGaqFD" "Mozilla/5.0 (Linux; Android 6.0.1; Nexus 5X Build/MMB29P) AppleWebKit/537.36 (KHTML, like Gecko) Chrome/153.0.8010.36 Mobile Safari/537.36 (compatible; Googlebot/2.1; +http://www.google.com/bot.html)"
66.249.68.194 - - [10/Sep/2026:18:17:00 -0400] "GET /wp-content/uploads/2024/06/linkedin.svg HTTP/1.1" 200 850 "https://heredit.mx/?a=stoke-city-fc-store-2022-23-adult-unsponsored-white-cc-VxGaqFD" "Mozilla/5.0 (Linux; Android 6.0.1; Nexus 5X Build/MMB29P) AppleWebKit/537.36 (KHTML, like Gecko) Chrome/153.0.8010.36 Mobile Safari/537.36 (compatible; Googlebot/2.1; +http://www.google.com/bot.html)"
66.249.68.194 - - [10/Sep/2026:18:17:03 -0400] "GET /wp-content/plugins/elementor-pro/assets/js/carousel.e2af910b095554625156.bundle.min.js HTTP/1.1" 200 5001 "https://heredit.mx/?a=stoke-city-fc-store-2022-23-adult-unsponsored-white-cc-VxGaqFD" "Mozilla/5.0 (Linux; Android 6.0.1; Nexus 5X Build/MMB29P) AppleWebKit/537.36 (KHTML, like Gecko) Chrome/153.0.8010.36 Mobile Safari/537.36 (compatible; Googlebot/2.1; +http://www.google.com/bot.html)"
199.250.222.155 - - [10/Sep/2026:18:17:30 -0400] "POST /wp-cron.php?doing_wp_cron=1789078650.5489909648895263671875 HTTP/1.1" 200 - "-" "WordPress/7.1; https://heredit.mx"
66.249.68.192 - - [10/Sep/2026:18:17:29 -0400] "GET /?a=stoke-city-fc-store-2022-23-adult-unsponsored-white-cc-VxGaqFD HTTP/1.1" 200 223803 "-" "Mozilla/5.0 (Linux; Android 6.0.1; Nexus 5X Build/MMB29P) AppleWebKit/537.36 (KHTML, like Gecko) Chrome/153.0.8010.36 Mobile Safari/537.36 (compatible; GoogleOther)"
66.249.68.192 - - [10/Sep/2026:18:17:47 -0400] "GET /?a=banner-template-beauty-salon-hair-styles-stock-vector-royalty-cc-M1rk7jH2 HTTP/1.1" 200 223847 "-" "Mozilla/5.0 (Linux; Android 6.0.1; Nexus 5X Build/MMB29P) AppleWebKit/537.36 (KHTML, like Gecko) Chrome/153.0.8010.36 Mobile Safari/537.36 (compatible; GoogleOther)"
138.246.253.24 - - [10/Sep/2026:18:17:50 -0400] "GET /robots.txt HTTP/1.1" 301 - "-" "Mozilla/5.0 (Windows NT 10.0; Win64; x64) AppleWebKit/537.36 (KHTML, like Gecko) Chrome/103.0.5060.134 Safari/537.36"
66.249.68.192 - - [10/Sep/2026:18:17:51 -0400] "GET /wp-content/plugins/elementor/assets/lib/animations/styles/e-animation-grow.min.css?ver=4.2.4 HTTP/1.1" 200 198 "https://heredit.mx/?NclHy%2Fbimanually511518%2F3W82c7dR" "Mozilla/5.0 (Linux; Android 6.0.1; Nexus 5X Build/MMB29P) AppleWebKit/537.36 (KHTML, like Gecko) Chrome/153.0.8010.36 Mobile Safari/537.36 (compatible; Googlebot/2.1; +http://www.google.com/bot.html)"
66.249.68.192 - - [10/Sep/2026:18:17:53 -0400] "GET /wp-content/plugins/elementor/assets/js/webpack.runtime.min.js?ver=4.2.4 HTTP/1.1" 200 5819 "https://heredit.mx/?a=banner-template-beauty-salon-hair-styles-stock-vector-royalty-cc-M1rk7jH2" "Mozilla/5.0 (Linux; Android 6.0.1; Nexus 5X Build/MMB29P) AppleWebKit/537.36 (KHTML, like Gecko) Chrome/153.0.8010.36 Mobile Safari/537.36 (compatible; GoogleOther)"
66.249.68.192 - - [10/Sep/2026:18:17:55 -0400] "GET /wp-content/uploads/essential-addons-elementor/eael-298.js?ver=1788480000 HTTP/1.1" 200 6552 "https://heredit.mx/?a=banner-template-beauty-salon-hair-styles-stock-vector-royalty-cc-M1rk7jH2" "Mozilla/5.0 (Linux; Android 6.0.1; Nexus 5X Build/MMB29P) AppleWebKit/537.36 (KHTML, like Gecko) Chrome/153.0.8010.36 Mobile Safari/537.36 (compatible; GoogleOther)"
66.249.68.192 - - [10/Sep/2026:18:17:56 -0400] "GET /wp-content/uploads/2024/05/linea-etica.svg HTTP/1.1" 200 5523 "https://heredit.mx/?a=banner-template-beauty-salon-hair-styles-stock-vector-royalty-cc-M1rk7jH2" "Mozilla/5.0 (Linux; Android 6.0.1; Nexus 5X Build/MMB29P) AppleWebKit/537.36 (KHTML, like Gecko) Chrome/153.0.8010.36 Mobile Safari/537.36 (compatible; GoogleOther)"
66.249.68.192 - - [10/Sep/2026:18:17:58 -0400] "GET /wp-content/plugins/wpforms/assets/lib/jquery.validate.min.js?ver=1.21.0 HTTP/1.1" 200 25308 "https://heredit.mx/?a=banner-template-beauty-salon-hair-styles-stock-vector-royalty-cc-M1rk7jH2" "Mozilla/5.0 (Linux; Android 6.0.1; Nexus 5X Build/MMB29P) AppleWebKit/537.36 (KHTML, like Gecko) Chrome/153.0.8010.36 Mobile Safari/537.36 (compatible; GoogleOther)"
66.249.68.194 - - [10/Sep/2026:18:18:04 -0400] "GET /?a=banner-template-beauty-salon-hair-styles-stock-vector-royalty-cc-M1rk7jH2 HTTP/1.1" 200 223847 "-" "Mozilla/5.0 (Linux; Android 6.0.1; Nexus 5X Build/MMB29P) AppleWebKit/537.36 (KHTML, like Gecko) Chrome/153.0.8010.36 Mobile Safari/537.36 (compatible; Googlebot/2.1; +http://www.google.com/bot.html)"
199.250.222.155 - - [10/Sep/2026:18:18:40 -0400] "POST /wp-cron.php?doing_wp_cron=1789078720.1234109401702880859375 HTTP/1.1" 200 - "-" "WordPress/7.1; https://heredit.mx"
66.249.68.193 - - [10/Sep/2026:18:18:39 -0400] "GET /?a=autonomous-ergochair-premium-ergonomic-office-chair-black-cc-MV46Dps2 HTTP/1.1" 200 223831 "-" "Mozilla/5.0 (Linux; Android 6.0.1; Nexus 5X Build/MMB29P) AppleWebKit/537.36 (KHTML, like Gecko) Chrome/153.0.8010.36 Mobile Safari/537.36 (compatible; GoogleOther)"
66.249.68.192 - - [10/Sep/2026:18:18:46 -0400] "GET /wp-content/plugins/elementor/assets/css/conditionals/apple-webkit.min.css?ver=4.2.4 HTTP/1.1" 200 6713 "https://heredit.mx/?a=autonomous-ergochair-premium-ergonomic-office-chair-black-cc-MV46Dps2" "Mozilla/5.0 (Linux; Android 6.0.1; Nexus 5X Build/MMB29P) AppleWebKit/537.36 (KHTML, like Gecko) Chrome/153.0.8010.36 Mobile Safari/537.36 (compatible; GoogleOther)"
66.249.68.192 - - [10/Sep/2026:18:18:56 -0400] "GET /?costumier=445860&8FbPu=759329 HTTP/1.1" 200 223683 "-" "Mozilla/5.0 (Linux; Android 6.0.1; Nexus 5X Build/MMB29P) AppleWebKit/537.36 (KHTML, like Gecko) Chrome/153.0.8010.36 Mobile Safari/537.36 (compatible; Googlebot/2.1; +http://www.google.com/bot.html)"
66.249.68.194 - - [10/Sep/2026:18:19:10 -0400] "GET /wp-content/uploads/2024/06/linkedin.svg HTTP/1.1" 200 850 "https://heredit.mx/?costumier=445860&8FbPu=759329" "Mozilla/5.0 (Linux; Android 6.0.1; Nexus 5X Build/MMB29P) AppleWebKit/537.36 (KHTML, like Gecko) Chrome/153.0.8010.36 Mobile Safari/537.36 (compatible; Googlebot/2.1; +http://www.google.com/bot.html)"
40.77.167.116 - - [10/Sep/2026:18:19:18 -0400] "GET /?w=m-j-auriculares-tws-i7-mini-2-inal%C3%A1mbricos-por-pp-pOR110tO HTTP/1.1" 301 - "-" "Mozilla/5.0 AppleWebKit/537.36 (KHTML, like Gecko; compatible; bingbot/2.0; +http://www.bing.com/bingbot.htm) Chrome/116.0.1938.76 Safari/537.36"
66.249.68.192 - - [10/Sep/2026:18:19:18 -0400] "GET /?a=tronsmart-apollo-air-hybrid-active-noise-cancelling-earbuds-cc-jqZP2ASO HTTP/1.1" 200 223839 "-" "Mozilla/5.0 (Linux; Android 6.0.1; Nexus 5X Build/MMB29P) AppleWebKit/537.36 (KHTML, like Gecko) Chrome/153.0.8010.36 Mobile Safari/537.36 (compatible; GoogleOther)"
52.167.144.193 - - [10/Sep/2026:18:19:28 -0400] "GET /?w=m-j-auriculares-tws-i7-mini-2-inal%C3%A1mbricos-por-pp-pOR110tO HTTP/1.1" 200 112757 "-" "Mozilla/5.0 AppleWebKit/537.36 (KHTML, like Gecko; compatible; bingbot/2.0; +http://www.bing.com/bingbot.htm) Chrome/116.0.1938.76 Safari/537.36"
66.249.68.192 - - [10/Sep/2026:18:19:31 -0400] "GET /?a=ibanez-ibanez-a-new-sensation-pick-using-a-new-cc-DmZ35yIn HTTP/1.1" 200 223787 "-" "Mozilla/5.0 (Linux; Android 6.0.1; Nexus 5X Build/MMB29P) AppleWebKit/537.36 (KHTML, like Gecko) Chrome/153.0.8010.36 Mobile Safari/537.36 (compatible; GoogleOther)"
66.249.68.192 - - [10/Sep/2026:18:19:37 -0400] "GET /wp-content/plugins/elementor/assets/lib/swiper/v8/css/swiper.min.css?ver=8.4.5 HTTP/1.1" 200 16471 "https://heredit.mx/?a=ibanez-ibanez-a-new-sensation-pick-using-a-new-cc-DmZ35yIn" "Mozilla/5.0 (Linux; Android 6.0.1; Nexus 5X Build/MMB29P) AppleWebKit/537.36 (KHTML, like Gecko) Chrome/153.0.8010.36 Mobile Safari/537.36 (compatible; GoogleOther)"
66.249.68.192 - - [10/Sep/2026:18:19:38 -0400] "GET /wp-content/plugins/elementor-pro/assets/js/webpack-pro.runtime.min.js?ver=4.2.3 HTTP/1.1" 200 6242 "https://heredit.mx/?a=ibanez-ibanez-a-new-sensation-pick-using-a-new-cc-DmZ35yIn" "Mozilla/5.0 (Linux; Android 6.0.1; Nexus 5X Build/MMB29P) AppleWebKit/537.36 (KHTML, like Gecko) Chrome/153.0.8010.36 Mobile Safari/537.36 (compatible; GoogleOther)"
66.249.68.192 - - [10/Sep/2026:18:19:40 -0400] "GET /wp-content/plugins/wpforms/assets/pro/css/fields/layout-screen-big.min.css?ver=1.10.2.1 HTTP/1.1" 200 4213 "https://heredit.mx/?a=ibanez-ibanez-a-new-sensation-pick-using-a-new-cc-DmZ35yIn" "Mozilla/5.0 (Linux; Android 6.0.1; Nexus 5X Build/MMB29P) AppleWebKit/537.36 (KHTML, like Gecko) Chrome/153.0.8010.36 Mobile Safari/537.36 (compatible; GoogleOther)"
66.249.68.192 - - [10/Sep/2026:18:19:47 -0400] "GET /?a=donald-duck-christmas-cc-JQvk4rt5 HTTP/1.1" 200 223687 "-" "Mozilla/5.0 (Linux; Android 6.0.1; Nexus 5X Build/MMB29P) AppleWebKit/537.36 (KHTML, like Gecko) Chrome/153.0.8010.36 Mobile Safari/537.36 (compatible; Googlebot/2.1; +http://www.google.com/bot.html)"
66.249.68.192 - - [10/Sep/2026:18:19:51 -0400] "GET /wp-content/plugins/essential-addons-for-elementor-lite/assets/front-end/css/view/general.min.css?ver=6.8.3 HTTP/1.1" 200 7746 "https://heredit.mx/?a=donald-duck-christmas-cc-JQvk4rt5" "Mozilla/5.0 (Linux; Android 6.0.1; Nexus 5X Build/MMB29P) AppleWebKit/537.36 (KHTML, like Gecko) Chrome/153.0.8010.36 Mobile Safari/537.36 (compatible; Googlebot/2.1; +http://www.google.com/bot.html)"
66.249.68.192 - - [10/Sep/2026:18:20:05 -0400] "GET /?a=long-trainer-50-foot-inch-nylon-long-dog-training-cc-KAr0zNUQ HTTP/1.1" 200 223799 "-" "Mozilla/5.0 (Linux; Android 6.0.1; Nexus 5X Build/MMB29P) AppleWebKit/537.36 (KHTML, like Gecko) Chrome/153.0.8010.36 Mobile Safari/537.36 (compatible; Googlebot/2.1; +http://www.google.com/bot.html)"
66.249.68.194 - - [10/Sep/2026:18:20:08 -0400] "GET /wp-content/plugins/wpforms/assets/pro/css/fields/layout.min.css?ver=1.10.2.1 HTTP/1.1" 200 41126 "https://heredit.mx/?a=oris-divers-sixty-five-42mm-01-733-7720-4055-cc-YEw6YpiM" "Mozilla/5.0 (Linux; Android 6.0.1; Nexus 5X Build/MMB29P) AppleWebKit/537.36 (KHTML, like Gecko) Chrome/153.0.8010.36 Mobile Safari/537.36 (compatible; Googlebot/2.1; +http://www.google.com/bot.html)"
66.249.68.192 - - [10/Sep/2026:18:20:10 -0400] "GET /wp-content/uploads/elementor/css/post-7.css?ver=1788480000 HTTP/1.1" 200 4160 "https://heredit.mx/?a=long-trainer-50-foot-inch-nylon-long-dog-training-cc-KAr0zNUQ" "Mozilla/5.0 (Linux; Android 6.0.1; Nexus 5X Build/MMB29P) AppleWebKit/537.36 (KHTML, like Gecko) Chrome/153.0.8010.36 Mobile Safari/537.36 (compatible; Googlebot/2.1; +http://www.google.com/bot.html)"
66.249.68.192 - - [10/Sep/2026:18:20:10 -0400] "GET /wp-includes/js/wp-util.min.js?ver=7.1 HTTP/1.1" 200 1431 "https://heredit.mx/?a=oris-divers-sixty-five-42mm-01-733-7720-4055-cc-YEw6YpiM" "Mozilla/5.0 (Linux; Android 6.0.1; Nexus 5X Build/MMB29P) AppleWebKit/537.36 (KHTML, like Gecko) Chrome/153.0.8010.36 Mobile Safari/537.36 (compatible; Googlebot/2.1; +http://www.google.com/bot.html)"
66.249.68.192 - - [10/Sep/2026:18:20:11 -0400] "GET /wp-content/plugins/elementor-pro/assets/css/widget-testimonial-carousel.min.css?ver=4.2.3 HTTP/1.1" 200 19691 "https://heredit.mx/?a=oris-divers-sixty-five-42mm-01-733-7720-4055-cc-YEw6YpiM" "Mozilla/5.0 (Linux; Android 6.0.1; Nexus 5X Build/MMB29P) AppleWebKit/537.36 (KHTML, like Gecko) Chrome/153.0.8010.36 Mobile Safari/537.36 (compatible; Googlebot/2.1; +http://www.google.com/bot.html)"
66.249.68.192 - - [10/Sep/2026:18:20:11 -0400] "GET /sliders/descripcion/index.html HTTP/1.1" 200 1413 "https://heredit.mx/?a=long-trainer-50-foot-inch-nylon-long-dog-training-cc-KAr0zNUQ" "Mozilla/5.0 (Linux; Android 6.0.1; Nexus 5X Build/MMB29P) AppleWebKit/537.36 (KHTML, like Gecko) Chrome/153.0.8010.36 Mobile Safari/537.36 (compatible; Googlebot/2.1; +http://www.google.com/bot.html)"
66.249.68.193 - - [10/Sep/2026:18:20:13 -0400] "GET /wp-content/plugins/elementor-pro/assets/js/carousel.e2af910b095554625156.bundle.min.js HTTP/1.1" 200 5001 "https://heredit.mx/?a=long-trainer-50-foot-inch-nylon-long-dog-training-cc-KAr0zNUQ" "Mozilla/5.0 (Linux; Android 6.0.1; Nexus 5X Build/MMB29P) AppleWebKit/537.36 (KHTML, like Gecko) Chrome/153.0.8010.36 Mobile Safari/537.36 (compatible; Googlebot/2.1; +http://www.google.com/bot.html)"
66.249.68.192 - - [10/Sep/2026:18:20:25 -0400] "GET /?a=spike-shoes-pool-plaster-cc-K3VYwNIQ HTTP/1.1" 200 223699 "-" "Mozilla/5.0 (Linux; Android 6.0.1; Nexus 5X Build/MMB29P) AppleWebKit/537.36 (KHTML, like Gecko) Chrome/153.0.8010.36 Mobile Safari/537.36 (compatible; Googlebot/2.1; +http://www.google.com/bot.html)"
199.250.222.155 - - [10/Sep/2026:18:20:40 -0400] "POST /wp-cron.php?doing_wp_cron=1789078840.7607181072235107421875 HTTP/1.1" 200 - "-" "WordPress/7.1; https://heredit.mx"
66.249.68.192 - - [10/Sep/2026:18:20:39 -0400] "GET /?a=long-trainer-50-foot-inch-nylon-long-dog-training-cc-KAr0zNUQ HTTP/1.1" 200 223799 "-" "Mozilla/5.0 (Linux; Android 6.0.1; Nexus 5X Build/MMB29P) AppleWebKit/537.36 (KHTML, like Gecko) Chrome/153.0.8010.36 Mobile Safari/537.36 (compatible; GoogleOther)"
66.249.68.192 - - [10/Sep/2026:18:20:57 -0400] "GET /?a=spike-shoes-pool-plaster-cc-K3VYwNIQ HTTP/1.1" 200 223699 "-" "Mozilla/5.0 (Linux; Android 6.0.1; Nexus 5X Build/MMB29P) AppleWebKit/537.36 (KHTML, like Gecko) Chrome/153.0.8010.36 Mobile Safari/537.36 (compatible; GoogleOther)"
66.249.68.192 - - [10/Sep/2026:18:21:16 -0400] "GET /?a=flying-severus-wallpaper-cc-OAYw1biw HTTP/1.1" 200 223699 "-" "Mozilla/5.0 (Linux; Android 6.0.1; Nexus 5X Build/MMB29P) AppleWebKit/537.36 (KHTML, like Gecko) Chrome/153.0.8010.36 Mobile Safari/537.36 (compatible; Googlebot/2.1; +http://www.google.com/bot.html)"
66.249.68.193 - - [10/Sep/2026:18:21:29 -0400] "GET /wp-content/plugins/elementor/assets/css/conditionals/e-swiper.min.css?ver=4.2.4 HTTP/1.1" 200 5486 "https://heredit.mx/?a=flying-severus-wallpaper-cc-OAYw1biw" "Mozilla/5.0 (Linux; Android 6.0.1; Nexus 5X Build/MMB29P) AppleWebKit/537.36 (KHTML, like Gecko) Chrome/153.0.8010.36 Mobile Safari/537.36 (compatible; Googlebot/2.1; +http://www.google.com/bot.html)"
66.249.68.193 - - [10/Sep/2026:18:21:30 -0400] "GET /sliders/amenidades/interiores.html HTTP/1.1" 200 3655 "https://heredit.mx/?a=flying-severus-wallpaper-cc-OAYw1biw" "Mozilla/5.0 (Linux; Android 6.0.1; Nexus 5X Build/MMB29P) AppleWebKit/537.36 (KHTML, like Gecko) Chrome/153.0.8010.36 Mobile Safari/537.36 (compatible; Googlebot/2.1; +http://www.google.com/bot.html)"
66.249.68.193 - - [10/Sep/2026:18:21:30 -0400] "GET /sliders/cercanias/script.js HTTP/1.1" 200 2513 "https://heredit.mx/sliders/cercanias/index.html" "Mozilla/5.0 (Linux; Android 6.0.1; Nexus 5X Build/MMB29P) AppleWebKit/537.36 (KHTML, like Gecko) Chrome/153.0.8010.36 Mobile Safari/537.36 (compatible; Googlebot/2.1; +http://www.google.com/bot.html)"
66.249.68.192 - - [10/Sep/2026:18:21:31 -0400] "GET /sliders/cercanias/script.js HTTP/1.1" 200 2513 "https://heredit.mx/sliders/cercanias/index-mob.html" "Mozilla/5.0 (Linux; Android 6.0.1; Nexus 5X Build/MMB29P) AppleWebKit/537.36 (KHTML, like Gecko) Chrome/153.0.8010.36 Mobile Safari/537.36 (compatible; Googlebot/2.1; +http://www.google.com/bot.html)"
199.250.222.155 - - [10/Sep/2026:18:21:32 -0400] "POST /wp-cron.php?doing_wp_cron=1789078892.6996679306030273437500 HTTP/1.1" 200 - "-" "WordPress/7.1; https://heredit.mx"
66.249.68.193 - - [10/Sep/2026:18:21:31 -0400] "GET /?a=buy-funny-cycling-spanish-bike-se-habla-bicicleta-sticker-cc-wmw6d7HM HTTP/1.1" 200 223831 "-" "Mozilla/5.0 (Linux; Android 6.0.1; Nexus 5X Build/MMB29P) AppleWebKit/537.36 (KHTML, like Gecko) Chrome/153.0.8010.36 Mobile Safari/537.36 (compatible; Googlebot/2.1; +http://www.google.com/bot.html)"
66.249.68.192 - - [10/Sep/2026:18:21:49 -0400] "GET /?a=buy-funny-cycling-spanish-bike-se-habla-bicicleta-sticker-cc-wmw6d7HM HTTP/1.1" 200 223831 "-" "Mozilla/5.0 (Linux; Android 6.0.1; Nexus 5X Build/MMB29P) AppleWebKit/537.36 (KHTML, like Gecko) Chrome/153.0.8010.36 Mobile Safari/537.36 (compatible; GoogleOther)"
66.249.68.192 - - [10/Sep/2026:18:22:07 -0400] "GET /?a=camisetas-de-manga-corta-baratas-c-zBmB5VSG HTTP/1.1" 200 223727 "-" "Mozilla/5.0 (Linux; Android 6.0.1; Nexus 5X Build/MMB29P) AppleWebKit/537.36 (KHTML, like Gecko) Chrome/153.0.8010.36 Mobile Safari/537.36 (compatible; Googlebot/2.1; +http://www.google.com/bot.html)"
66.249.68.193 - - [10/Sep/2026:18:22:13 -0400] "GET /wp-content/plugins/premium-addons-for-elementor/assets/frontend/min-css/liquid-glass.min.css?ver=4.11.102 HTTP/1.1" 200 8405 "https://heredit.mx/?a=camisetas-de-manga-corta-baratas-c-zBmB5VSG" "Mozilla/5.0 (Linux; Android 6.0.1; Nexus 5X Build/MMB29P) AppleWebKit/537.36 (KHTML, like Gecko) Chrome/153.0.8010.36 Mobile Safari/537.36 (compatible; Googlebot/2.1; +http://www.google.com/bot.html)"
66.249.68.193 - - [10/Sep/2026:18:22:13 -0400] "GET /wp-content/uploads/elementor/css/post-7.css?ver=1788480000 HTTP/1.1" 200 4160 "https://heredit.mx/?a=camisetas-de-manga-corta-baratas-c-zBmB5VSG" "Mozilla/5.0 (Linux; Android 6.0.1; Nexus 5X Build/MMB29P) AppleWebKit/537.36 (KHTML, like Gecko) Chrome/153.0.8010.36 Mobile Safari/537.36 (compatible; Googlebot/2.1; +http://www.google.com/bot.html)"
66.249.68.192 - - [10/Sep/2026:18:22:24 -0400] "GET /?a=camisetas-de-manga-corta-baratas-c-zBmB5VSG HTTP/1.1" 200 223727 "-" "Mozilla/5.0 (Linux; Android 6.0.1; Nexus 5X Build/MMB29P) AppleWebKit/537.36 (KHTML, like Gecko) Chrome/153.0.8010.36 Mobile Safari/537.36 (compatible; GoogleOther)"
66.249.68.192 - - [10/Sep/2026:18:22:40 -0400] "GET /?a=onetigris-tienda-de-campa%C3%B1a-individual-refugio-con-postes-para-cc-Gr2ER3SN HTTP/1.1" 200 223863 "-" "Mozilla/5.0 (Linux; Android 6.0.1; Nexus 5X Build/MMB29P) AppleWebKit/537.36 (KHTML, like Gecko) Chrome/153.0.8010.36 Mobile Safari/537.36 (compatible; GoogleOther)"
66.249.68.192 - - [10/Sep/2026:18:22:50 -0400] "GET /wp-content/plugins/elementor/assets/lib/swiper/v8/css/swiper.min.css?ver=8.4.5 HTTP/1.1" 200 16471 "https://heredit.mx/?a=onetigris-tienda-de-campa%C3%B1a-individual-refugio-con-postes-para-cc-Gr2ER3SN" "Mozilla/5.0 (Linux; Android 6.0.1; Nexus 5X Build/MMB29P) AppleWebKit/537.36 (KHTML, like Gecko) Chrome/153.0.8010.36 Mobile Safari/537.36 (compatible; GoogleOther)"
66.249.68.192 - - [10/Sep/2026:18:22:59 -0400] "GET /?a=onetigris-tienda-de-campa%C3%B1a-individual-refugio-con-postes-para-cc-Gr2ER3SN HTTP/1.1" 200 223863 "-" "Mozilla/5.0 (Linux; Android 6.0.1; Nexus 5X Build/MMB29P) AppleWebKit/537.36 (KHTML, like Gecko) Chrome/153.0.8010.36 Mobile Safari/537.36 (compatible; Googlebot/2.1; +http://www.google.com/bot.html)"
66.249.68.192 - - [10/Sep/2026:18:23:33 -0400] "GET /?homologate%2Fantitwilight98299_html HTTP/1.1" 200 223679 "-" "Mozilla/5.0 (Linux; Android 6.0.1; Nexus 5X Build/MMB29P) AppleWebKit/537.36 (KHTML, like Gecko) Chrome/153.0.8010.36 Mobile Safari/537.36 (compatible; GoogleOther)"
66.249.68.192 - - [10/Sep/2026:18:23:38 -0400] "GET /wp-content/plugins/wpforms/assets/pro/css/fields/layout-screen-big.min.css?ver=1.10.2.1 HTTP/1.1" 200 4213 "https://heredit.mx/?homologate%2Fantitwilight98299_html" "Mozilla/5.0 (Linux; Android 6.0.1; Nexus 5X Build/MMB29P) AppleWebKit/537.36 (KHTML, like Gecko) Chrome/153.0.8010.36 Mobile Safari/537.36 (compatible; GoogleOther)"
66.249.68.192 - - [10/Sep/2026:18:23:50 -0400] "GET /?a=metal-lateral-file-storage-cabinet-vintage-industrial-table-worn-cc-BAeQbvIo HTTP/1.1" 200 223859 "-" "Mozilla/5.0 (Linux; Android 6.0.1; Nexus 5X Build/MMB29P) AppleWebKit/537.36 (KHTML, like Gecko) Chrome/153.0.8010.36 Mobile Safari/537.36 (compatible; Googlebot/2.1; +http://www.google.com/bot.html)"
66.249.68.192 - - [10/Sep/2026:18:23:55 -0400] "GET /wp-content/plugins/essential-addons-for-elementor-lite/assets/front-end/css/view/general.min.css?ver=6.8.3 HTTP/1.1" 200 7746 "https://heredit.mx/?a=metal-lateral-file-storage-cabinet-vintage-industrial-table-worn-cc-BAeQbvIo" "Mozilla/5.0 (Linux; Android 6.0.1; Nexus 5X Build/MMB29P) AppleWebKit/537.36 (KHTML, like Gecko) Chrome/153.0.8010.36 Mobile Safari/537.36 (compatible; Googlebot/2.1; +http://www.google.com/bot.html)"
66.249.68.192 - - [10/Sep/2026:18:23:55 -0400] "GET /wp-content/plugins/wpforms/assets/pro/css/fields/layout-screen-small.min.css?ver=1.10.2.1 HTTP/1.1" 200 1664 "https://heredit.mx/?a=metal-lateral-file-storage-cabinet-vintage-industrial-table-worn-cc-BAeQbvIo" "Mozilla/5.0 (Linux; Android 6.0.1; Nexus 5X Build/MMB29P) AppleWebKit/537.36 (KHTML, like Gecko) Chrome/153.0.8010.36 Mobile Safari/537.36 (compatible; Googlebot/2.1; +http://www.google.com/bot.html)"
66.249.68.192 - - [10/Sep/2026:18:23:55 -0400] "GET /sliders/cards/style.css HTTP/1.1" 200 5055 "https://heredit.mx/sliders/cards/index.html" "Mozilla/5.0 (Linux; Android 6.0.1; Nexus 5X Build/MMB29P) AppleWebKit/537.36 (KHTML, like Gecko) Chrome/153.0.8010.36 Mobile Safari/537.36 (compatible; Googlebot/2.1; +http://www.google.com/bot.html)"
66.249.68.192 - - [10/Sep/2026:18:23:56 -0400] "GET /sliders/cards/style.css HTTP/1.1" 200 5055 "https://heredit.mx/sliders/cards/index.html" "Mozilla/5.0 (Linux; Android 6.0.1; Nexus 5X Build/MMB29P) AppleWebKit/537.36 (KHTML, like Gecko) Chrome/153.0.8010.36 Mobile Safari/537.36 (compatible; Googlebot/2.1; +http://www.google.com/bot.html)"
66.249.68.194 - - [10/Sep/2026:18:24:07 -0400] "GET /?a=artstation-pirates-of-the-caribbean_dead-men-tell-no-tales-cc-OL5Lm5tw HTTP/1.1" 200 223835 "-" "Mozilla/5.0 (Linux; Android 6.0.1; Nexus 5X Build/MMB29P) AppleWebKit/537.36 (KHTML, like Gecko) Chrome/153.0.8010.36 Mobile Safari/537.36 (compatible; Googlebot/2.1; +http://www.google.com/bot.html)"
66.249.68.192 - - [10/Sep/2026:18:24:24 -0400] "GET /?a=artstation-pirates-of-the-caribbean_dead-men-tell-no-tales-cc-OL5Lm5tw HTTP/1.1" 200 223835 "-" "Mozilla/5.0 (Linux; Android 6.0.1; Nexus 5X Build/MMB29P) AppleWebKit/537.36 (KHTML, like Gecko) Chrome/153.0.8010.36 Mobile Safari/537.36 (compatible; GoogleOther)"
199.250.222.155 - - [10/Sep/2026:18:24:29 -0400] "POST /wp-cron.php?doing_wp_cron=1789079069.9662408828735351562500 HTTP/1.1" 200 - "-" "WordPress/7.1; https://heredit.mx"
52.167.144.193 - - [10/Sep/2026:18:24:29 -0400] "GET /?w=buenos-aires-to-rio-de-janeiro-via-uruguay-travel-pp-EnK065c1 HTTP/1.1" 200 112757 "-" "Mozilla/5.0 AppleWebKit/537.36 (KHTML, like Gecko; compatible; bingbot/2.0; +http://www.bing.com/bingbot.htm) Chrome/116.0.1938.76 Safari/537.36"
66.249.68.192 - - [10/Sep/2026:18:24:42 -0400] "GET /?a=cookie-pie-cc-1bO3qYtm HTTP/1.1" 200 223643 "-" "Mozilla/5.0 (Linux; Android 6.0.1; Nexus 5X Build/MMB29P) AppleWebKit/537.36 (KHTML, like Gecko) Chrome/153.0.8010.36 Mobile Safari/537.36 (compatible; Googlebot/2.1; +http://www.google.com/bot.html)"
66.249.68.192 - - [10/Sep/2026:18:24:49 -0400] "GET /sliders/cards/style.css HTTP/1.1" 200 5055 "https://heredit.mx/sliders/cards/index.html" "Mozilla/5.0 (Linux; Android 6.0.1; Nexus 5X Build/MMB29P) AppleWebKit/537.36 (KHTML, like Gecko) Chrome/153.0.8010.36 Mobile Safari/537.36 (compatible; Googlebot/2.1; +http://www.google.com/bot.html)"
66.249.68.192 - - [10/Sep/2026:18:24:49 -0400] "GET /sliders/cards/style.css HTTP/1.1" 200 5055 "https://heredit.mx/sliders/cards/index.html" "Mozilla/5.0 (Linux; Android 6.0.1; Nexus 5X Build/MMB29P) AppleWebKit/537.36 (KHTML, like Gecko) Chrome/153.0.8010.36 Mobile Safari/537.36 (compatible; Googlebot/2.1; +http://www.google.com/bot.html)"
66.249.68.192 - - [10/Sep/2026:18:24:59 -0400] "GET /?a=cookie-pie-cc-1bO3qYtm HTTP/1.1" 200 223643 "-" "Mozilla/5.0 (Linux; Android 6.0.1; Nexus 5X Build/MMB29P) AppleWebKit/537.36 (KHTML, like Gecko) Chrome/153.0.8010.36 Mobile Safari/537.36 (compatible; GoogleOther)"
66.249.68.192 - - [10/Sep/2026:18:25:22 -0400] "GET /?a=japanese-anime-dem%C3%B4nio-assassino-kimetsu-sem-yaiba-3d-imprimir-cc-pDPkJ3Sx HTTP/1.1" 200 223863 "-" "Mozilla/5.0 (Linux; Android 6.0.1; Nexus 5X Build/MMB29P) AppleWebKit/537.36 (KHTML, like Gecko) Chrome/153.0.8010.36 Mobile Safari/537.36 (compatible; Googlebot/2.1; +http://www.google.com/bot.html)"
66.249.68.192 - - [10/Sep/2026:18:25:28 -0400] "GET /wp-content/uploads/elementor/css/post-7.css?ver=1788480000 HTTP/1.1" 200 4160 "https://heredit.mx/?a=japanese-anime-dem%C3%B4nio-assassino-kimetsu-sem-yaiba-3d-imprimir-cc-pDPkJ3Sx" "Mozilla/5.0 (Linux; Android 6.0.1; Nexus 5X Build/MMB29P) AppleWebKit/537.36 (KHTML, like Gecko) Chrome/153.0.8010.36 Mobile Safari/537.36 (compatible; Googlebot/2.1; +http://www.google.com/bot.html)"
199.250.222.155 - - [10/Sep/2026:18:26:00 -0400] "POST /wp-cron.php?doing_wp_cron=1789079160.8328878879547119140625 HTTP/1.1" 200 - "-" "WordPress/7.1; https://heredit.mx"
66.249.68.192 - - [10/Sep/2026:18:25:59 -0400] "GET /?a=outbreak-counter-force-a-solo-skirmish-game-of-zombie-cc-m3rma7T2 HTTP/1.1" 200 223815 "-" "Mozilla/5.0 (Linux; Android 6.0.1; Nexus 5X Build/MMB29P) AppleWebKit/537.36 (KHTML, like Gecko) Chrome/153.0.8010.36 Mobile Safari/537.36 (compatible; Googlebot/2.1; +http://www.google.com/bot.html)"
192.178.10.103 - - [10/Sep/2026:18:26:05 -0400] "GET / HTTP/1.1" 200 59614 "-" "Mozilla/5.0 (Macintosh; Intel Mac OS X 10_15_7) AppleWebKit/537.36 (KHTML, like Gecko) Chrome/136.0.0.0 Safari/537.36 Chrome-Lighthouse"
192.178.10.103 - - [10/Sep/2026:18:26:05 -0400] "GET /wp-content/cache/min/1/wp-content/uploads/elementor/css/post-7.css?ver=1789063679 HTTP/1.1" 200 3652 "https://heredit.mx/" "Mozilla/5.0 (Macintosh; Intel Mac OS X 10_15_7) AppleWebKit/537.36 (KHTML, like Gecko) Chrome/136.0.0.0 Safari/537.36 Chrome-Lighthouse"
192.178.10.102 - - [10/Sep/2026:18:26:05 -0400] "GET /wp-content/plugins/elementor-pro/assets/css/widget-carousel-module-base.min.css?ver=4.2.3 HTTP/1.1" 200 3846 "https://heredit.mx/" "Mozilla/5.0 (Macintosh; Intel Mac OS X 10_15_7) AppleWebKit/537.36 (KHTML, like Gecko) Chrome/136.0.0.0 Safari/537.36 Chrome-Lighthouse"
192.178.10.103 - - [10/Sep/2026:18:26:05 -0400] "GET /wp-content/cache/min/1/wp-content/plugins/elementor/assets/lib/font-awesome/css/all.min.css?ver=1789063679 HTTP/1.1" 200 60583 "https://heredit.mx/" "Mozilla/5.0 (Macintosh; Intel Mac OS X 10_15_7) AppleWebKit/537.36 (KHTML, like Gecko) Chrome/136.0.0.0 Safari/537.36 Chrome-Lighthouse"
192.178.10.104 - - [10/Sep/2026:18:26:05 -0400] "GET /wp-content/plugins/elementor-pro/assets/css/widget-testimonial-carousel.min.css?ver=4.2.3 HTTP/1.1" 200 19691 "https://heredit.mx/" "Mozilla/5.0 (Macintosh; Intel Mac OS X 10_15_7) AppleWebKit/537.36 (KHTML, like Gecko) Chrome/136.0.0.0 Safari/537.36 Chrome-Lighthouse"
192.178.10.102 - - [10/Sep/2026:18:26:05 -0400] "GET /wp-content/plugins/elementor/assets/css/conditionals/apple-webkit.min.css?ver=4.2.4 HTTP/1.1" 200 6713 "https://heredit.mx/" "Mozilla/5.0 (Macintosh; Intel Mac OS X 10_15_7) AppleWebKit/537.36 (KHTML, like Gecko) Chrome/136.0.0.0 Safari/537.36 Chrome-Lighthouse"
192.178.10.103 - - [10/Sep/2026:18:26:05 -0400] "GET /wp-content/cache/min/1/wp-content/uploads/elementor/css/post-1208.css?ver=1789063679 HTTP/1.1" 200 36816 "https://heredit.mx/" "Mozilla/5.0 (Macintosh; Intel Mac OS X 10_15_7) AppleWebKit/537.36 (KHTML, like Gecko) Chrome/136.0.0.0 Safari/537.36 Chrome-Lighthouse"
192.178.10.104 - - [10/Sep/2026:18:26:05 -0400] "GET /wp-content/cache/min/1/wp-content/themes/hello-elementor/assets/css/header-footer.css?ver=1789063679 HTTP/1.1" 200 7533 "https://heredit.mx/" "Mozilla/5.0 (Macintosh; Intel Mac OS X 10_15_7) AppleWebKit/537.36 (KHTML, like Gecko) Chrome/136.0.0.0 Safari/537.36 Chrome-Lighthouse"
192.178.10.103 - - [10/Sep/2026:18:26:05 -0400] "GET /wp-content/plugins/elementor/assets/css/widget-spacer.min.css?ver=4.2.4 HTTP/1.1" 200 1793 "https://heredit.mx/" "Mozilla/5.0 (Macintosh; Intel Mac OS X 10_15_7) AppleWebKit/537.36 (KHTML, like Gecko) Chrome/136.0.0.0 Safari/537.36 Chrome-Lighthouse"
192.178.10.103 - - [10/Sep/2026:18:26:05 -0400] "GET /wp-content/plugins/elementor/assets/css/widget-heading.min.css?ver=4.2.4 HTTP/1.1" 200 560 "https://heredit.mx/" "Mozilla/5.0 (Macintosh; Intel Mac OS X 10_15_7) AppleWebKit/537.36 (KHTML, like Gecko) Chrome/136.0.0.0 Safari/537.36 Chrome-Lighthouse"
192.178.10.102 - - [10/Sep/2026:18:26:05 -0400] "GET /wp-content/plugins/elementor-pro/assets/css/conditionals/popup.min.css?ver=4.2.3 HTTP/1.1" 200 995 "https://heredit.mx/" "Mozilla/5.0 (Macintosh; Intel Mac OS X 10_15_7) AppleWebKit/537.36 (KHTML, like Gecko) Chrome/136.0.0.0 Safari/537.36 Chrome-Lighthouse"
192.178.10.102 - - [10/Sep/2026:18:26:05 -0400] "GET /wp-content/plugins/wp-rocket/assets/js/lazyload/16.1/lazyload.min.js HTTP/1.1" 200 7890 "https://heredit.mx/" "Mozilla/5.0 (Macintosh; Intel Mac OS X 10_15_7) AppleWebKit/537.36 (KHTML, like Gecko) Chrome/136.0.0.0 Safari/537.36 Chrome-Lighthouse"
192.178.10.103 - - [10/Sep/2026:18:26:05 -0400] "GET /wp-content/plugins/elementor/assets/css/widget-social-icons.min.css?ver=4.2.4 HTTP/1.1" 200 5110 "https://heredit.mx/" "Mozilla/5.0 (Macintosh; Intel Mac OS X 10_15_7) AppleWebKit/537.36 (KHTML, like Gecko) Chrome/136.0.0.0 Safari/537.36 Chrome-Lighthouse"
192.178.10.103 - - [10/Sep/2026:18:26:05 -0400] "GET /wp-content/uploads/2024/05/GothamMedium.ttf HTTP/1.1" 200 55980 "https://heredit.mx/" "Mozilla/5.0 (Macintosh; Intel Mac OS X 10_15_7) AppleWebKit/537.36 (KHTML, like Gecko) Chrome/136.0.0.0 Safari/537.36 Chrome-Lighthouse"
192.178.10.104 - - [10/Sep/2026:18:26:05 -0400] "GET /wp-content/plugins/elementor/assets/lib/animations/styles/fadeIn.min.css?ver=4.2.4 HTTP/1.1" 200 77 "https://heredit.mx/" "Mozilla/5.0 (Macintosh; Intel Mac OS X 10_15_7) AppleWebKit/537.36 (KHTML, like Gecko) Chrome/136.0.0.0 Safari/537.36 Chrome-Lighthouse"
192.178.10.103 - - [10/Sep/2026:18:26:05 -0400] "GET /wp-content/uploads/2024/05/GothamLight.ttf HTTP/1.1" 200 56508 "https://heredit.mx/" "Mozilla/5.0 (Macintosh; Intel Mac OS X 10_15_7) AppleWebKit/537.36 (KHTML, like Gecko) Chrome/136.0.0.0 Safari/537.36 Chrome-Lighthouse"
192.178.10.102 - - [10/Sep/2026:18:26:05 -0400] "GET /wp-content/plugins/elementor/assets/css/widget-google_maps.min.css?ver=4.2.4 HTTP/1.1" 200 261 "https://heredit.mx/" "Mozilla/5.0 (Macintosh; Intel Mac OS X 10_15_7) AppleWebKit/537.36 (KHTML, like Gecko) Chrome/136.0.0.0 Safari/537.36 Chrome-Lighthouse"
192.178.10.103 - - [10/Sep/2026:18:26:05 -0400] "GET /wp-content/cache/min/1/wp-includes/css/dashicons.min.css?ver=1789063679 HTTP/1.1" 200 59097 "https://heredit.mx/" "Mozilla/5.0 (Macintosh; Intel Mac OS X 10_15_7) AppleWebKit/537.36 (KHTML, like Gecko) Chrome/136.0.0.0 Safari/537.36 Chrome-Lighthouse"
192.178.10.102 - - [10/Sep/2026:18:26:05 -0400] "GET /wp-content/cache/min/1/wp-content/themes/hello-elementor/assets/css/reset.css?ver=1789063679 HTTP/1.1" 200 5828 "https://heredit.mx/" "Mozilla/5.0 (Macintosh; Intel Mac OS X 10_15_7) AppleWebKit/537.36 (KHTML, like Gecko) Chrome/136.0.0.0 Safari/537.36 Chrome-Lighthouse"
192.178.10.104 - - [10/Sep/2026:18:26:05 -0400] "GET /wp-content/plugins/elementor/assets/css/conditionals/e-swiper.min.css?ver=4.2.4 HTTP/1.1" 200 5486 "https://heredit.mx/" "Mozilla/5.0 (Macintosh; Intel Mac OS X 10_15_7) AppleWebKit/537.36 (KHTML, like Gecko) Chrome/136.0.0.0 Safari/537.36 Chrome-Lighthouse"
192.178.10.103 - - [10/Sep/2026:18:26:05 -0400] "GET /wp-content/cache/min/1/wp-content/uploads/elementor/css/post-1738.css?ver=1789063679 HTTP/1.1" 200 1603 "https://heredit.mx/" "Mozilla/5.0 (Macintosh; Intel Mac OS X 10_15_7) AppleWebKit/537.36 (KHTML, like Gecko) Chrome/136.0.0.0 Safari/537.36 Chrome-Lighthouse"
192.178.10.102 - - [10/Sep/2026:18:26:05 -0400] "GET /wp-content/plugins/wpforms/assets/pro/css/fields/layout.min.css?ver=1.10.2.1 HTTP/1.1" 200 41126 "https://heredit.mx/" "Mozilla/5.0 (Macintosh; Intel Mac OS X 10_15_7) AppleWebKit/537.36 (KHTML, like Gecko) Chrome/136.0.0.0 Safari/537.36 Chrome-Lighthouse"
192.178.10.104 - - [10/Sep/2026:18:26:05 -0400] "GET /wp-content/cache/min/1/wp-content/uploads/premium-addons-elementor/pafe-1208.css?ver=1789063679 HTTP/1.1" 200 53538 "https://heredit.mx/" "Mozilla/5.0 (Macintosh; Intel Mac OS X 10_15_7) AppleWebKit/537.36 (KHTML, like Gecko) Chrome/136.0.0.0 Safari/537.36 Chrome-Lighthouse"
192.178.10.104 - - [10/Sep/2026:18:26:05 -0400] "GET /wp-content/cache/min/1/wp-content/themes/hello-elementor/assets/css/theme.css?ver=1789063679 HTTP/1.1" 200 5814 "https://heredit.mx/" "Mozilla/5.0 (Macintosh; Intel Mac OS X 10_15_7) AppleWebKit/537.36 (KHTML, like Gecko) Chrome/136.0.0.0 Safari/537.36 Chrome-Lighthouse"
192.178.10.104 - - [10/Sep/2026:18:26:05 -0400] "GET /wp-content/plugins/elementor/assets/css/frontend.min.css?ver=4.2.4 HTTP/1.1" 200 54666 "https://heredit.mx/" "Mozilla/5.0 (Macintosh; Intel Mac OS X 10_15_7) AppleWebKit/537.36 (KHTML, like Gecko) Chrome/136.0.0.0 Safari/537.36 Chrome-Lighthouse"
192.178.10.102 - - [10/Sep/2026:18:26:05 -0400] "GET /wp-content/uploads/2024/05/Didot-Bold.ttf HTTP/1.1" 200 53944 "https://heredit.mx/" "Mozilla/5.0 (Macintosh; Intel Mac OS X 10_15_7) AppleWebKit/537.36 (KHTML, like Gecko) Chrome/136.0.0.0 Safari/537.36 Chrome-Lighthouse"
192.178.10.104 - - [10/Sep/2026:18:26:05 -0400] "GET /wp-content/plugins/essential-addons-for-elementor-lite/assets/front-end/css/view/general.min.css?ver=6.8.3 HTTP/1.1" 200 7746 "https://heredit.mx/" "Mozilla/5.0 (Macintosh; Intel Mac OS X 10_15_7) AppleWebKit/537.36 (KHTML, like Gecko) Chrome/136.0.0.0 Safari/537.36 Chrome-Lighthouse"
192.178.10.103 - - [10/Sep/2026:18:26:05 -0400] "GET /wp-content/plugins/premium-addons-for-elementor/assets/frontend/min-css/liquid-glass.min.css?ver=4.11.102 HTTP/1.1" 200 8405 "https://heredit.mx/" "Mozilla/5.0 (Macintosh; Intel Mac OS X 10_15_7) AppleWebKit/537.36 (KHTML, like Gecko) Chrome/136.0.0.0 Safari/537.36 Chrome-Lighthouse"
192.178.10.102 - - [10/Sep/2026:18:26:05 -0400] "GET /wp-content/plugins/elementor/assets/lib/animations/styles/slideInRight.min.css?ver=4.2.4 HTTP/1.1" 200 155 "https://heredit.mx/" "Mozilla/5.0 (Macintosh; Intel Mac OS X 10_15_7) AppleWebKit/537.36 (KHTML, like Gecko) Chrome/136.0.0.0 Safari/537.36 Chrome-Lighthouse"
192.178.10.102 - - [10/Sep/2026:18:26:05 -0400] "GET /wp-content/cache/min/1/wp-content/plugins/elementor/assets/lib/swiper/v8/css/swiper.min.css?ver=1789063679 HTTP/1.1" 200 16223 "https://heredit.mx/" "Mozilla/5.0 (Macintosh; Intel Mac OS X 10_15_7) AppleWebKit/537.36 (KHTML, like Gecko) Chrome/136.0.0.0 Safari/537.36 Chrome-Lighthouse"
