/var/log/apache2/domlogs/vianto5
Edit: /var/log/apache2/domlogs/vianto5/heredit.mx.ventaspeninsula.mx-ssl_log (1227181B)
199.250.222.155 - - [10/Sep/2026:08:20:37 -0400] "POST /wp-cron.php?doing_wp_cron=1789042837.5238049030303955078125 HTTP/1.1" 200 - "-" "WordPress/7.1; https://heredit.mx"
199.250.222.155 - - [10/Sep/2026:08:20:35 -0400] "POST /wp-admin/admin-ajax.php?action=rocket_saas_warmup&nonce=d66d45027a HTTP/1.1" 200 - "-" "WordPress/7.1; https://heredit.mx"
199.250.222.155 - - [10/Sep/2026:08:20:36 -0400] "POST /wp-admin/admin-ajax.php?action=rocket_rucss_warmup_resource_fetcher&nonce=037be7add8 HTTP/1.1" 200 - "-" "WordPress/7.1; https://heredit.mx"
57.141.0.29 - - [10/Sep/2026:08:20:34 -0400] "GET /2024/03/26/hola-mundo/ HTTP/1.1" 200 226604 "-" "Mozilla/5.0 (Windows NT 10.0; Win64; x64) AppleWebKit/537.36 (KHTML, like Gecko) Chrome/145.0.0.0 Safari/537.36 (compatible; meta-externalagent/1.1 (+https://developers.facebook.com/docs/sharing/webmasters/crawler))"
66.249.68.192 - - [10/Sep/2026:08:20:57 -0400] "GET /?a=beautiful-37-stars-chandelier-el-callejon-art-cc-BkONpvHo HTTP/1.1" 200 223783 "-" "Mozilla/5.0 (Linux; Android 6.0.1; Nexus 5X Build/MMB29P) AppleWebKit/537.36 (KHTML, like Gecko) Chrome/152.0.7977.82 Mobile Safari/537.36 (compatible; Googlebot/2.1; +http://www.google.com/bot.html)"
199.250.222.155 - - [10/Sep/2026:08:26:36 -0400] "POST /wp-cron.php?doing_wp_cron=1789043196.8816890716552734375000 HTTP/1.1" 200 - "-" "WordPress/7.1; https://heredit.mx"
66.249.68.194 - - [10/Sep/2026:08:26:36 -0400] "GET /?a=podne-led-lampe-off-59%-shipping-free-cc-30d0NRUV HTTP/1.1" 301 - "-" "Mozilla/5.0 (Linux; Android 6.0.1; Nexus 5X Build/MMB29P) AppleWebKit/537.36 (KHTML, like Gecko) Chrome/152.0.7977.82 Mobile Safari/537.36 (compatible; GoogleOther)"
199.250.222.155 - - [10/Sep/2026:09:33:10 -0400] "POST /wp-admin/admin-ajax.php?action=rocket_partial_preload&nonce=75a3e3ecf6 HTTP/1.1" 200 - "-" "WordPress/7.1; https://heredit.mx"
199.250.222.155 - - [10/Sep/2026:09:33:15 -0400] "POST /wp-cron.php?doing_wp_cron=1789047195.4106829166412353515625 HTTP/1.1" 200 - "-" "WordPress/7.1; https://heredit.mx"
199.250.222.155 - - [10/Sep/2026:09:33:13 -0400] "POST /wp-admin/admin-ajax.php?action=rocket_saas_warmup&nonce=d66d45027a HTTP/1.1" 200 - "-" "WordPress/7.1; https://heredit.mx"
199.250.222.155 - - [10/Sep/2026:09:33:14 -0400] "POST /wp-admin/admin-ajax.php?action=rocket_rucss_warmup_resource_fetcher&nonce=037be7add8 HTTP/1.1" 200 - "-" "WordPress/7.1; https://heredit.mx"
199.250.222.155 - - [10/Sep/2026:09:33:12 -0400] "GET /category/sin-categoria/ HTTP/1.1" 200 16384 "-" "WP Rocket/Preload"
138.246.253.24 - - [10/Sep/2026:09:42:11 -0400] "GET /robots.txt HTTP/1.1" 200 - "-" "Mozilla/5.0 (Windows NT 10.0; Win64; x64) AppleWebKit/537.36 (KHTML, like Gecko) Chrome/103.0.5060.134 Safari/537.36"
66.249.68.194 - - [10/Sep/2026:09:46:23 -0400] "GET /?a=inverness-fc-cc-ZA0zVziv HTTP/1.1" 200 223651 "-" "Mozilla/5.0 (Linux; Android 6.0.1; Nexus 5X Build/MMB29P) AppleWebKit/537.36 (KHTML, like Gecko) Chrome/153.0.8010.36 Mobile Safari/537.36 (compatible; GoogleOther)"
66.249.68.192 - - [10/Sep/2026:09:49:47 -0400] "GET /?a=podne-led-lampe-off-59%-shipping-free-cc-30d0NRUV HTTP/1.1" 301 - "-" "Mozilla/5.0 (Linux; Android 6.0.1; Nexus 5X Build/MMB29P) AppleWebKit/537.36 (KHTML, like Gecko) Chrome/153.0.8010.36 Mobile Safari/537.36 (compatible; GoogleOther)"
66.249.68.192 - - [10/Sep/2026:09:49:51 -0400] "GET /?a=new-belgium-ben-jerry-s-salted-caramel-brownie-brown-cc-vZgQn8iP HTTP/1.1" 200 223811 "-" "Mozilla/5.0 (Linux; Android 6.0.1; Nexus 5X Build/MMB29P) AppleWebKit/537.36 (KHTML, like Gecko) Chrome/153.0.8010.36 Mobile Safari/537.36 (compatible; Googlebot/2.1; +http://www.google.com/bot.html)"
5.230.133.200 - - [10/Sep/2026:10:00:38 -0400] "POST /wp-includes/Text/seifvqb/x1pqzfu/fcaqsyh/index.php HTTP/1.1" 200 12051 "-" "Mozilla/5.0 (Windows NT 10.0; Win64; x64) AppleWebKit/537.36 (KHTML, like Gecko) Chrome/127.0.0.0 Safari/537.36"
199.250.222.155 - - [10/Sep/2026:10:12:05 -0400] "POST /wp-cron.php?doing_wp_cron=1789049525.5666871070861816406250 HTTP/1.1" 200 - "-" "WordPress/7.1; https://heredit.mx"
40.77.167.72 - - [10/Sep/2026:10:12:04 -0400] "GET /?w=carvela-gift-high-heel-sandals-p-XNjEBEiE HTTP/1.1" 301 - "-" "Mozilla/5.0 AppleWebKit/537.36 (KHTML, like Gecko; compatible; bingbot/2.0; +http://www.bing.com/bingbot.htm) Chrome/116.0.1938.76 Safari/537.36"
66.249.68.192 - - [10/Sep/2026:10:13:51 -0400] "GET /?a=various-girls-in-the-garage-volume-12-cc-P7GGNzT8 HTTP/1.1" 200 223751 "-" "Mozilla/5.0 (Linux; Android 6.0.1; Nexus 5X Build/MMB29P) AppleWebKit/537.36 (KHTML, like Gecko) Chrome/153.0.8010.36 Mobile Safari/537.36 (compatible; GoogleOther)"
199.250.222.155 - - [10/Sep/2026:10:27:19 -0400] "POST /wp-admin/admin-ajax.php?action=rocket_partial_preload&nonce=75a3e3ecf6 HTTP/1.1" 200 - "-" "WordPress/7.1; https://heredit.mx"
199.250.222.155 - - [10/Sep/2026:10:27:24 -0400] "POST /wp-cron.php?doing_wp_cron=1789050444.1308200359344482421875 HTTP/1.1" 200 - "-" "WordPress/7.1; https://heredit.mx"
199.250.222.155 - - [10/Sep/2026:10:27:22 -0400] "POST /wp-admin/admin-ajax.php?action=rocket_saas_warmup&nonce=d66d45027a HTTP/1.1" 200 - "-" "WordPress/7.1; https://heredit.mx"
199.250.222.155 - - [10/Sep/2026:10:27:23 -0400] "POST /wp-admin/admin-ajax.php?action=rocket_rucss_warmup_resource_fetcher&nonce=037be7add8 HTTP/1.1" 200 - "-" "WordPress/7.1; https://heredit.mx"
199.250.222.155 - - [10/Sep/2026:10:27:20 -0400] "GET /politica-privacidad/ HTTP/1.1" 200 16384 "-" "WP Rocket/Preload"
66.249.68.194 - - [10/Sep/2026:11:11:34 -0400] "GET /?a=originators-training-pants-women-white-black-cc-VJEOqgFD HTTP/1.1" 200 223779 "-" "Mozilla/5.0 (Linux; Android 6.0.1; Nexus 5X Build/MMB29P) AppleWebKit/537.36 (KHTML, like Gecko) Chrome/153.0.8010.36 Mobile Safari/537.36 (compatible; GoogleOther)"
199.250.222.155 - - [10/Sep/2026:11:20:34 -0400] "POST /wp-cron.php?doing_wp_cron=1789053634.4967160224914550781250 HTTP/1.1" 200 - "-" "WordPress/7.1; https://heredit.mx"
66.249.68.192 - - [10/Sep/2026:11:20:33 -0400] "GET /?a=donna-con-naso-lungo-e-rossetto-rosso-illustrazione-su-cc-mmaqL0F2 HTTP/1.1" 200 223819 "-" "Mozilla/5.0 (Linux; Android 6.0.1; Nexus 5X Build/MMB29P) AppleWebKit/537.36 (KHTML, like Gecko) Chrome/153.0.8010.36 Mobile Safari/537.36 (compatible; Googlebot/2.1; +http://www.google.com/bot.html)"
199.250.222.155 - - [10/Sep/2026:11:42:11 -0400] "POST /wp-cron.php?doing_wp_cron=1789054931.6355888843536376953125 HTTP/1.1" 200 - "-" "WordPress/7.1; https://heredit.mx"
66.249.68.192 - - [10/Sep/2026:11:42:10 -0400] "GET /?a=garlic-dough-balls-cc-oPee0JTv HTTP/1.1" 200 223675 "-" "Mozilla/5.0 (Linux; Android 6.0.1; Nexus 5X Build/MMB29P) AppleWebKit/537.36 (KHTML, like Gecko) Chrome/153.0.8010.36 Mobile Safari/537.36 (compatible; GoogleOther)"
87.106.32.6 - - [10/Sep/2026:11:42:12 -0400] "GET /admin HTTP/1.1" 302 - "www.google.com" "Mozilla/5.0 (Windows NT 10.0; Win64; x64) AppleWebKit/537.36 (KHTML, like Gecko) Chrome/91.0.4472.124 Safari/537.36"
87.106.32.6 - - [10/Sep/2026:11:42:13 -0400] "GET /wp-admin/ HTTP/1.1" 302 - "www.google.com" "Mozilla/5.0 (Windows NT 10.0; Win64; x64) AppleWebKit/537.36 (KHTML, like Gecko) Chrome/91.0.4472.124 Safari/537.36"
87.106.32.6 - - [10/Sep/2026:11:42:14 -0400] "GET /wp-login.php?redirect_to=https%3A%2F%2Fheredit.mx%2Fwp-admin%2F&reauth=1 HTTP/1.1" 200 10880 "www.google.com" "Mozilla/5.0 (Windows NT 10.0; Win64; x64) AppleWebKit/537.36 (KHTML, like Gecko) Chrome/91.0.4472.124 Safari/537.36"
66.249.68.192 - - [10/Sep/2026:11:42:15 -0400] "GET /wp-content/uploads/elementor/css/post-7.css?ver=1788480000 HTTP/1.1" 200 4160 "https://heredit.mx/?a=garlic-dough-balls-cc-oPee0JTv" "Mozilla/5.0 (Linux; Android 6.0.1; Nexus 5X Build/MMB29P) AppleWebKit/537.36 (KHTML, like Gecko) Chrome/153.0.8010.36 Mobile Safari/537.36 (compatible; GoogleOther)"
87.106.32.6 - - [10/Sep/2026:11:42:15 -0400] "POST /admin HTTP/1.1" 302 - "https://heredit.mx/wp-admin/" "Mozilla/5.0 (Windows NT 10.0; Win64; x64) AppleWebKit/537.36 (KHTML, like Gecko) Chrome/91.0.4472.124 Safari/537.36"
87.106.32.6 - - [10/Sep/2026:11:42:16 -0400] "GET /wp-admin/ HTTP/1.1" 302 - "https://heredit.mx/wp-admin/" "Mozilla/5.0 (Windows NT 10.0; Win64; x64) AppleWebKit/537.36 (KHTML, like Gecko) Chrome/91.0.4472.124 Safari/537.36"
87.106.32.6 - - [10/Sep/2026:11:42:17 -0400] "GET /wp-login.php?redirect_to=https%3A%2F%2Fheredit.mx%2Fwp-admin%2F&reauth=1 HTTP/1.1" 200 10880 "https://heredit.mx/wp-admin/" "Mozilla/5.0 (Windows NT 10.0; Win64; x64) AppleWebKit/537.36 (KHTML, like Gecko) Chrome/91.0.4472.124 Safari/537.36"
66.249.68.192 - - [10/Sep/2026:11:42:18 -0400] "GET /wp-content/plugins/premium-addons-for-elementor/assets/frontend/min-css/liquid-glass.min.css?ver=4.11.102 HTTP/1.1" 200 8405 "https://heredit.mx/?a=garlic-dough-balls-cc-oPee0JTv" "Mozilla/5.0 (Linux; Android 6.0.1; Nexus 5X Build/MMB29P) AppleWebKit/537.36 (KHTML, like Gecko) Chrome/153.0.8010.36 Mobile Safari/537.36 (compatible; GoogleOther)"
87.106.32.6 - - [10/Sep/2026:11:42:18 -0400] "GET /wp-admin/ HTTP/1.1" 302 - "www.google.com" "Mozilla/5.0 (Windows NT 10.0; Win64; x64) AppleWebKit/537.36 (KHTML, like Gecko) Chrome/91.0.4472.124 Safari/537.36"
87.106.32.6 - - [10/Sep/2026:11:42:19 -0400] "GET /wp-login.php?redirect_to=https%3A%2F%2Fheredit.mx%2Fwp-admin%2F&reauth=1 HTTP/1.1" 200 10880 "www.google.com" "Mozilla/5.0 (Windows NT 10.0; Win64; x64) AppleWebKit/537.36 (KHTML, like Gecko) Chrome/91.0.4472.124 Safari/537.36"
66.249.68.192 - - [10/Sep/2026:11:42:32 -0400] "GET /wp-content/uploads/2024/06/icon-coffee.svg HTTP/1.1" 200 509 "https://heredit.mx/sliders/amenidades/interiores-mob.html" "Mozilla/5.0 (Linux; Android 6.0.1; Nexus 5X Build/MMB29P) AppleWebKit/537.36 (KHTML, like Gecko) Chrome/153.0.8010.36 Mobile Safari/537.36 (compatible; GoogleOther)"
199.250.222.155 - - [10/Sep/2026:11:45:43 -0400] "POST /wp-cron.php?doing_wp_cron=1789055143.5181460380554199218750 HTTP/1.1" 200 - "-" "WordPress/7.1; https://heredit.mx"
87.106.32.6 - - [10/Sep/2026:11:45:42 -0400] "POST /wp-login.php HTTP/1.1" 200 11170 "https://heredit.mx/wp-admin/" "Mozilla/5.0 (Windows NT 10.0; Win64; x64) AppleWebKit/537.36 (KHTML, like Gecko) Chrome/91.0.4472.124 Safari/537.36"
87.106.32.6 - - [10/Sep/2026:11:45:43 -0400] "GET /wp-admin/ HTTP/1.1" 200 332953 "www.google.com" "Mozilla/5.0 (Windows NT 10.0; Win64; x64) AppleWebKit/537.36 (KHTML, like Gecko) Chrome/91.0.4472.124 Safari/537.36"
199.250.222.155 - - [10/Sep/2026:11:45:45 -0400] "POST /wp-admin/admin-ajax.php?action=as_async_request_queue_runner&nonce=cf5057bbf6 HTTP/1.1" 200 - "-" "WordPress/7.1; https://heredit.mx"
199.250.222.155 - - [10/Sep/2026:11:52:28 -0400] "POST /wp-admin/admin-ajax.php?action=rocket_saas_warmup&nonce=d66d45027a HTTP/1.1" 200 - "-" "WordPress/7.1; https://heredit.mx"
199.250.222.155 - - [10/Sep/2026:11:52:30 -0400] "POST /wp-cron.php?doing_wp_cron=1789055550.1588170528411865234375 HTTP/1.1" 200 - "-" "WordPress/7.1; https://heredit.mx"
199.250.222.155 - - [10/Sep/2026:11:52:29 -0400] "POST /wp-admin/admin-ajax.php?action=rocket_rucss_warmup_resource_fetcher&nonce=037be7add8 HTTP/1.1" 200 - "-" "WordPress/7.1; https://heredit.mx"
199.250.222.155 - - [10/Sep/2026:11:52:34 -0400] "POST /wp-cron.php?doing_wp_cron=1789055554.5563600063323974609375 HTTP/1.1" 200 - "-" "WordPress/7.1; https://heredit.mx"
57.141.0.68 - - [10/Sep/2026:11:52:27 -0400] "GET /author/hrfdgtuiookjnhy/ HTTP/1.1" 200 262575 "-" "Mozilla/5.0 (Macintosh; Intel Mac OS X 10_15_7) AppleWebKit/537.36 (KHTML, like Gecko) Chrome/145.0.0.0 Safari/537.36 (compatible; meta-externalagent/1.1 (+https://developers.facebook.com/docs/sharing/webmasters/crawler))"
87.106.32.6 - - [10/Sep/2026:11:53:20 -0400] "GET /admin HTTP/1.1" 302 - "www.google.com" "Mozilla/5.0 (Windows NT 10.0; Win64; x64) AppleWebKit/537.36 (KHTML, like Gecko) Chrome/91.0.4472.124 Safari/537.36"
87.106.32.6 - - [10/Sep/2026:11:53:21 -0400] "GET /wp-admin/ HTTP/1.1" 302 - "www.google.com" "Mozilla/5.0 (Windows NT 10.0; Win64; x64) AppleWebKit/537.36 (KHTML, like Gecko) Chrome/91.0.4472.124 Safari/537.36"
87.106.32.6 - - [10/Sep/2026:11:53:21 -0400] "GET /wp-login.php?redirect_to=https%3A%2F%2Fheredit.mx%2Fwp-admin%2F&reauth=1 HTTP/1.1" 200 10880 "www.google.com" "Mozilla/5.0 (Windows NT 10.0; Win64; x64) AppleWebKit/537.36 (KHTML, like Gecko) Chrome/91.0.4472.124 Safari/537.36"
87.106.32.6 - - [10/Sep/2026:11:53:22 -0400] "POST /admin HTTP/1.1" 302 - "https://heredit.mx/wp-admin/" "Mozilla/5.0 (Windows NT 10.0; Win64; x64) AppleWebKit/537.36 (KHTML, like Gecko) Chrome/91.0.4472.124 Safari/537.36"
87.106.32.6 - - [10/Sep/2026:11:53:23 -0400] "GET /wp-admin/ HTTP/1.1" 302 - "https://heredit.mx/wp-admin/" "Mozilla/5.0 (Windows NT 10.0; Win64; x64) AppleWebKit/537.36 (KHTML, like Gecko) Chrome/91.0.4472.124 Safari/537.36"
87.106.32.6 - - [10/Sep/2026:11:53:23 -0400] "GET /wp-login.php?redirect_to=https%3A%2F%2Fheredit.mx%2Fwp-admin%2F&reauth=1 HTTP/1.1" 200 10880 "https://heredit.mx/wp-admin/" "Mozilla/5.0 (Windows NT 10.0; Win64; x64) AppleWebKit/537.36 (KHTML, like Gecko) Chrome/91.0.4472.124 Safari/537.36"
87.106.32.6 - - [10/Sep/2026:11:53:24 -0400] "GET /wp-admin/ HTTP/1.1" 302 - "www.google.com" "Mozilla/5.0 (Windows NT 10.0; Win64; x64) AppleWebKit/537.36 (KHTML, like Gecko) Chrome/91.0.4472.124 Safari/537.36"
87.106.32.6 - - [10/Sep/2026:11:53:25 -0400] "GET /wp-login.php?redirect_to=https%3A%2F%2Fheredit.mx%2Fwp-admin%2F&reauth=1 HTTP/1.1" 200 10880 "www.google.com" "Mozilla/5.0 (Windows NT 10.0; Win64; x64) AppleWebKit/537.36 (KHTML, like Gecko) Chrome/91.0.4472.124 Safari/537.36"
87.106.32.6 - - [10/Sep/2026:12:01:22 -0400] "GET /admin HTTP/1.1" 302 - "www.google.com" "Mozilla/5.0 (Windows NT 10.0; Win64; x64) AppleWebKit/537.36 (KHTML, like Gecko) Chrome/91.0.4472.124 Safari/537.36"
87.106.32.6 - - [10/Sep/2026:12:01:22 -0400] "GET /wp-admin/ HTTP/1.1" 302 - "www.google.com" "Mozilla/5.0 (Windows NT 10.0; Win64; x64) AppleWebKit/537.36 (KHTML, like Gecko) Chrome/91.0.4472.124 Safari/537.36"
87.106.32.6 - - [10/Sep/2026:12:01:23 -0400] "GET /wp-login.php?redirect_to=https%3A%2F%2Fheredit.mx%2Fwp-admin%2F&reauth=1 HTTP/1.1" 200 10880 "www.google.com" "Mozilla/5.0 (Windows NT 10.0; Win64; x64) AppleWebKit/537.36 (KHTML, like Gecko) Chrome/91.0.4472.124 Safari/537.36"
87.106.32.6 - - [10/Sep/2026:12:01:24 -0400] "POST /admin HTTP/1.1" 302 - "https://heredit.mx/wp-admin/" "Mozilla/5.0 (Windows NT 10.0; Win64; x64) AppleWebKit/537.36 (KHTML, like Gecko) Chrome/91.0.4472.124 Safari/537.36"
87.106.32.6 - - [10/Sep/2026:12:01:24 -0400] "GET /wp-admin/ HTTP/1.1" 302 - "https://heredit.mx/wp-admin/" "Mozilla/5.0 (Windows NT 10.0; Win64; x64) AppleWebKit/537.36 (KHTML, like Gecko) Chrome/91.0.4472.124 Safari/537.36"
87.106.32.6 - - [10/Sep/2026:12:01:25 -0400] "GET /wp-login.php?redirect_to=https%3A%2F%2Fheredit.mx%2Fwp-admin%2F&reauth=1 HTTP/1.1" 200 10880 "https://heredit.mx/wp-admin/" "Mozilla/5.0 (Windows NT 10.0; Win64; x64) AppleWebKit/537.36 (KHTML, like Gecko) Chrome/91.0.4472.124 Safari/537.36"
87.106.32.6 - - [10/Sep/2026:12:01:25 -0400] "GET /wp-admin/ HTTP/1.1" 302 - "www.google.com" "Mozilla/5.0 (Windows NT 10.0; Win64; x64) AppleWebKit/537.36 (KHTML, like Gecko) Chrome/91.0.4472.124 Safari/537.36"
87.106.32.6 - - [10/Sep/2026:12:01:26 -0400] "GET /wp-login.php?redirect_to=https%3A%2F%2Fheredit.mx%2Fwp-admin%2F&reauth=1 HTTP/1.1" 200 10880 "www.google.com" "Mozilla/5.0 (Windows NT 10.0; Win64; x64) AppleWebKit/537.36 (KHTML, like Gecko) Chrome/91.0.4472.124 Safari/537.36"
199.250.222.155 - - [10/Sep/2026:12:09:31 -0400] "POST /wp-cron.php?doing_wp_cron=1789056571.2507050037384033203125 HTTP/1.1" 200 - "-" "WordPress/7.1; https://heredit.mx"
87.106.32.6 - - [10/Sep/2026:12:09:30 -0400] "GET /login HTTP/1.1" 302 - "www.google.com" "Mozilla/5.0 (Windows NT 10.0; Win64; x64) AppleWebKit/537.36 (KHTML, like Gecko) Chrome/91.0.4472.124 Safari/537.36"
87.106.32.6 - - [10/Sep/2026:12:09:31 -0400] "GET /wp-login.php HTTP/1.1" 200 10789 "www.google.com" "Mozilla/5.0 (Windows NT 10.0; Win64; x64) AppleWebKit/537.36 (KHTML, like Gecko) Chrome/91.0.4472.124 Safari/537.36"
87.106.32.6 - - [10/Sep/2026:12:09:31 -0400] "POST /login HTTP/1.1" 302 - "https://heredit.mx/wp-admin/" "Mozilla/5.0 (Windows NT 10.0; Win64; x64) AppleWebKit/537.36 (KHTML, like Gecko) Chrome/91.0.4472.124 Safari/537.36"
87.106.32.6 - - [10/Sep/2026:12:09:32 -0400] "GET /wp-login.php HTTP/1.1" 200 10789 "https://heredit.mx/wp-admin/" "Mozilla/5.0 (Windows NT 10.0; Win64; x64) AppleWebKit/537.36 (KHTML, like Gecko) Chrome/91.0.4472.124 Safari/537.36"
87.106.32.6 - - [10/Sep/2026:12:09:32 -0400] "GET /wp-admin/ HTTP/1.1" 302 - "www.google.com" "Mozilla/5.0 (Windows NT 10.0; Win64; x64) AppleWebKit/537.36 (KHTML, like Gecko) Chrome/91.0.4472.124 Safari/537.36"
87.106.32.6 - - [10/Sep/2026:12:09:33 -0400] "GET /wp-login.php?redirect_to=https%3A%2F%2Fheredit.mx%2Fwp-admin%2F&reauth=1 HTTP/1.1" 200 10880 "www.google.com" "Mozilla/5.0 (Windows NT 10.0; Win64; x64) AppleWebKit/537.36 (KHTML, like Gecko) Chrome/91.0.4472.124 Safari/537.36"
199.250.222.155 - - [10/Sep/2026:12:15:52 -0400] "POST /wp-cron.php?doing_wp_cron=1789056952.5184619426727294921875 HTTP/1.1" 200 - "-" "WordPress/7.1; https://heredit.mx"
69.171.234.32 - - [10/Sep/2026:12:15:51 -0400] "GET / HTTP/1.1" 200 224539 "-" "facebookexternalhit/1.1 (+http://www.facebook.com/externalhit_uatext.php)"
69.171.234.6 - - [10/Sep/2026:12:15:51 -0400] "GET / HTTP/1.1" 200 224539 "-" "facebookexternalhit/1.1 (+http://www.facebook.com/externalhit_uatext.php)"
69.171.234.35 - - [10/Sep/2026:12:15:51 -0400] "GET / HTTP/1.1" 200 224539 "-" "facebookexternalhit/1.1 (+http://www.facebook.com/externalhit_uatext.php)"
199.250.222.155 - - [10/Sep/2026:12:15:54 -0400] "POST /wp-cron.php?doing_wp_cron=1789056954.4653890132904052734375 HTTP/1.1" 200 - "-" "WordPress/7.1; https://heredit.mx"
69.171.234.24 - - [10/Sep/2026:12:15:52 -0400] "GET / HTTP/1.1" 200 224539 "-" "facebookexternalhit/1.1 (+http://www.facebook.com/externalhit_uatext.php)"
69.171.234.17 - - [10/Sep/2026:12:15:52 -0400] "GET / HTTP/1.1" 200 155632 "-" "facebookexternalhit/1.1 (+http://www.facebook.com/externalhit_uatext.php)"
69.171.234.9 - - [10/Sep/2026:12:15:52 -0400] "GET / HTTP/1.1" 200 224539 "-" "facebookexternalhit/1.1 (+http://www.facebook.com/externalhit_uatext.php)"
69.171.234.38 - - [10/Sep/2026:12:15:52 -0400] "GET / HTTP/1.1" 200 8192 "-" "facebookexternalhit/1.1 (+http://www.facebook.com/externalhit_uatext.php)"
69.171.234.6 - - [10/Sep/2026:12:15:52 -0400] "GET / HTTP/1.1" 200 147440 "-" "facebookexternalhit/1.1 (+http://www.facebook.com/externalhit_uatext.php)"
69.171.234.25 - - [10/Sep/2026:12:15:52 -0400] "GET / HTTP/1.1" 200 224539 "-" "facebookexternalhit/1.1 (+http://www.facebook.com/externalhit_uatext.php)"
69.171.234.7 - - [10/Sep/2026:12:15:52 -0400] "GET / HTTP/1.1" 200 147440 "-" "facebookexternalhit/1.1 (+http://www.facebook.com/externalhit_uatext.php)"
69.171.234.27 - - [10/Sep/2026:12:15:52 -0400] "GET / HTTP/1.1" 200 147440 "-" "facebookexternalhit/1.1 (+http://www.facebook.com/externalhit_uatext.php)"
69.171.234.113 - - [10/Sep/2026:12:15:52 -0400] "GET / HTTP/1.1" 200 147440 "-" "facebookexternalhit/1.1 (+http://www.facebook.com/externalhit_uatext.php)"
69.171.234.2 - - [10/Sep/2026:12:15:53 -0400] "GET / HTTP/1.1" 200 147440 "-" "facebookexternalhit/1.1 (+http://www.facebook.com/externalhit_uatext.php)"
69.171.234.26 - - [10/Sep/2026:12:15:53 -0400] "GET / HTTP/1.1" 200 147440 "-" "facebookexternalhit/1.1 (+http://www.facebook.com/externalhit_uatext.php)"
69.171.234.6 - - [10/Sep/2026:12:15:54 -0400] "GET / HTTP/1.1" 200 8192 "-" "facebookexternalhit/1.1 (+http://www.facebook.com/externalhit_uatext.php)"
69.171.234.112 - - [10/Sep/2026:12:15:54 -0400] "GET / HTTP/1.1" 200 147440 "-" "facebookexternalhit/1.1 (+http://www.facebook.com/externalhit_uatext.php)"
69.171.234.24 - - [10/Sep/2026:12:15:54 -0400] "GET / HTTP/1.1" 200 147440 "-" "facebookexternalhit/1.1 (+http://www.facebook.com/externalhit_uatext.php)"
69.171.234.3 - - [10/Sep/2026:12:15:55 -0400] "GET / HTTP/1.1" 200 147440 "-" "facebookexternalhit/1.1 (+http://www.facebook.com/externalhit_uatext.php)"
69.171.234.28 - - [10/Sep/2026:12:15:55 -0400] "GET / HTTP/1.1" 200 147440 "-" "facebookexternalhit/1.1 (+http://www.facebook.com/externalhit_uatext.php)"
69.171.234.7 - - [10/Sep/2026:12:15:55 -0400] "GET / HTTP/1.1" 200 147440 "-" "facebookexternalhit/1.1 (+http://www.facebook.com/externalhit_uatext.php)"
69.171.234.113 - - [10/Sep/2026:12:15:55 -0400] "GET / HTTP/1.1" 200 147440 "-" "facebookexternalhit/1.1 (+http://www.facebook.com/externalhit_uatext.php)"
69.171.234.5 - - [10/Sep/2026:12:15:56 -0400] "GET / HTTP/1.1" 200 147440 "-" "facebookexternalhit/1.1 (+http://www.facebook.com/externalhit_uatext.php)"
69.171.234.25 - - [10/Sep/2026:12:15:56 -0400] "GET / HTTP/1.1" 200 147440 "-" "facebookexternalhit/1.1 (+http://www.facebook.com/externalhit_uatext.php)"
69.171.234.17 - - [10/Sep/2026:12:15:56 -0400] "GET / HTTP/1.1" 200 147440 "-" "facebookexternalhit/1.1 (+http://www.facebook.com/externalhit_uatext.php)"
69.171.234.113 - - [10/Sep/2026:12:15:57 -0400] "GET / HTTP/1.1" 200 147440 "-" "facebookexternalhit/1.1 (+http://www.facebook.com/externalhit_uatext.php)"
69.171.234.24 - - [10/Sep/2026:12:15:58 -0400] "GET / HTTP/1.1" 200 8192 "-" "facebookexternalhit/1.1 (+http://www.facebook.com/externalhit_uatext.php)"
66.249.68.193 - - [10/Sep/2026:12:16:13 -0400] "GET /?a=fire-sparks-on-black-background-stock-vector-royalty-free-cc-3MRNdZUV HTTP/1.1" 200 223831 "-" "Mozilla/5.0 (Linux; Android 6.0.1; Nexus 5X Build/MMB29P) AppleWebKit/537.36 (KHTML, like Gecko) Chrome/153.0.8010.36 Mobile Safari/537.36 (compatible; Googlebot/2.1; +http://www.google.com/bot.html)"
199.250.222.155 - - [10/Sep/2026:12:28:55 -0400] "POST /wp-cron.php?doing_wp_cron=1789057735.5058929920196533203125 HTTP/1.1" 200 - "-" "WordPress/7.1; https://heredit.mx"
66.249.68.192 - - [10/Sep/2026:12:28:54 -0400] "GET /?a=nativity-stable-cc-AnVNwqcw HTTP/1.1" 200 223663 "-" "Mozilla/5.0 (Linux; Android 6.0.1; Nexus 5X Build/MMB29P) AppleWebKit/537.36 (KHTML, like Gecko) Chrome/153.0.8010.36 Mobile Safari/537.36 (compatible; Googlebot/2.1; +http://www.google.com/bot.html)"
66.249.68.192 - - [10/Sep/2026:12:28:55 -0400] "GET /?a=cartoon-christmas-quilt-cartoon-vector-clipart-friendlystock-cc-NgqpdLT7 HTTP/1.1" 200 223843 "-" "Mozilla/5.0 (Linux; Android 6.0.1; Nexus 5X Build/MMB29P) AppleWebKit/537.36 (KHTML, like Gecko) Chrome/153.0.8010.36 Mobile Safari/537.36 (compatible; GoogleOther)"
199.250.222.155 - - [10/Sep/2026:12:46:35 -0400] "POST /wp-cron.php?doing_wp_cron=1789058794.9902150630950927734375 HTTP/1.1" 200 - "-" "WordPress/7.1; https://heredit.mx"
41.214.103.52 - - [10/Sep/2026:12:46:34 -0400] "POST /xmlrpc.php HTTP/1.1" 200 415 "-" "WordPress.com; https://wordpress.com"
41.214.103.52 - - [10/Sep/2026:12:46:42 -0400] "POST /xmlrpc.php HTTP/1.1" 200 415 "-" "Jetpack by WordPress.com (Jetpack 12.5; WordPress 6.4)"
41.214.103.52 - - [10/Sep/2026:12:47:05 -0400] "POST /xmlrpc.php HTTP/1.1" 200 415 "-" "Jetpack by WordPress.com"
199.250.222.155 - - [10/Sep/2026:12:49:07 -0400] "POST /wp-cron.php?doing_wp_cron=1789058947.8092200756072998046875 HTTP/1.1" 200 - "-" "WordPress/7.1; https://heredit.mx"
66.249.68.193 - - [10/Sep/2026:12:49:06 -0400] "GET /?a=lord-ganesha-playing-sitar-pencil-color-painting-by-sanju-cc-5j8nw3Hn HTTP/1.1" 200 223831 "-" "Mozilla/5.0 (Linux; Android 6.0.1; Nexus 5X Build/MMB29P) AppleWebKit/537.36 (KHTML, like Gecko) Chrome/153.0.8010.36 Mobile Safari/537.36 (compatible; GoogleOther)"
199.250.222.155 - - [10/Sep/2026:12:55:24 -0400] "POST /wp-cron.php?doing_wp_cron=1789059324.3120660781860351562500 HTTP/1.1" 200 - "-" "WordPress/7.1; https://heredit.mx"
41.214.103.52 - - [10/Sep/2026:12:55:23 -0400] "POST /xmlrpc.php HTTP/1.1" 200 415 "-" "Jetpack by WordPress.com (Jetpack 12.0; WordPress 6.1)"
199.250.222.155 - - [10/Sep/2026:12:57:02 -0400] "POST /wp-cron.php?doing_wp_cron=1789059422.7334868907928466796875 HTTP/1.1" 200 - "-" "WordPress/7.1; https://heredit.mx"
66.249.68.194 - - [10/Sep/2026:12:57:01 -0400] "GET /?a=black-lace-slip-on-sneakers-wide-width-black-wedding-cc-Vx2ZYRfD HTTP/1.1" 200 223811 "-" "Mozilla/5.0 (Linux; Android 6.0.1; Nexus 5X Build/MMB29P) AppleWebKit/537.36 (KHTML, like Gecko) Chrome/153.0.8010.36 Mobile Safari/537.36 (compatible; Googlebot/2.1; +http://www.google.com/bot.html)"
199.250.222.155 - - [10/Sep/2026:13:06:44 -0400] "POST /wp-cron.php?doing_wp_cron=1789060004.6528699398040771484375 HTTP/1.1" 200 - "-" "WordPress/7.1; https://heredit.mx"
87.106.32.6 - - [10/Sep/2026:13:06:43 -0400] "GET /new/wp-login.php HTTP/1.1" 404 121299 "www.google.com" "Mozilla/5.0 (Windows NT 10.0; Win64; x64) AppleWebKit/537.36 (KHTML, like Gecko) Chrome/91.0.4472.124 Safari/537.36"
87.106.32.6 - - [10/Sep/2026:13:06:45 -0400] "GET /wordpress/wp-login.php HTTP/1.1" 404 121299 "www.google.com" "Mozilla/5.0 (Windows NT 10.0; Win64; x64) AppleWebKit/537.36 (KHTML, like Gecko) Chrome/91.0.4472.124 Safari/537.36"
87.106.32.6 - - [10/Sep/2026:13:06:46 -0400] "GET /blog/wp-login.php HTTP/1.1" 404 121299 "www.google.com" "Mozilla/5.0 (Windows NT 10.0; Win64; x64) AppleWebKit/537.36 (KHTML, like Gecko) Chrome/91.0.4472.124 Safari/537.36"
87.106.32.6 - - [10/Sep/2026:13:06:47 -0400] "POST /wp-login.php HTTP/1.1" 200 11170 "https://heredit.mx/wp-admin/" "Mozilla/5.0 (Windows NT 10.0; Win64; x64) AppleWebKit/537.36 (KHTML, like Gecko) Chrome/91.0.4472.124 Safari/537.36"
87.106.32.6 - - [10/Sep/2026:13:06:47 -0400] "GET /wp-admin/ HTTP/1.1" 200 332956 "www.google.com" "Mozilla/5.0 (Windows NT 10.0; Win64; x64) AppleWebKit/537.36 (KHTML, like Gecko) Chrome/91.0.4472.124 Safari/537.36"
66.249.68.194 - - [10/Sep/2026:13:06:53 -0400] "GET /?a=set-french-dogs-part-vector-stock-vector-royalty-free-cc-xZ6P5dS0 HTTP/1.1" 200 223815 "-" "Mozilla/5.0 (Linux; Android 6.0.1; Nexus 5X Build/MMB29P) AppleWebKit/537.36 (KHTML, like Gecko) Chrome/153.0.8010.36 Mobile Safari/537.36 (compatible; Googlebot/2.1; +http://www.google.com/bot.html)"
52.167.144.186 - - [10/Sep/2026:13:07:11 -0400] "GET /?w=compr%C3%A1-online-productos-en-capibara-r%C3%9Astico-argentino-pp-ejAJ1jFm HTTP/1.1" 301 - "-" "Mozilla/5.0 AppleWebKit/537.36 (KHTML, like Gecko; compatible; bingbot/2.0; +http://www.bing.com/bingbot.htm) Chrome/116.0.1938.76 Safari/537.36"
199.250.222.155 - - [10/Sep/2026:13:30:49 -0400] "POST /wp-cron.php?doing_wp_cron=1789061449.4315838813781738281250 HTTP/1.1" 200 - "-" "WordPress/7.1; https://heredit.mx"
66.249.68.193 - - [10/Sep/2026:13:30:48 -0400] "GET /?a=emporio-armani-parfem-hot-sale-1693904163-cc-omnEzAUv HTTP/1.1" 200 223767 "-" "Mozilla/5.0 (Linux; Android 6.0.1; Nexus 5X Build/MMB29P) AppleWebKit/537.36 (KHTML, like Gecko) Chrome/153.0.8010.36 Mobile Safari/537.36 (compatible; Googlebot/2.1; +http://www.google.com/bot.html)"
199.250.222.155 - - [10/Sep/2026:13:34:10 -0400] "POST /wp-cron.php?doing_wp_cron=1789061650.3158330917358398437500 HTTP/1.1" 200 - "-" "WordPress/7.1; https://heredit.mx"
87.106.32.6 - - [10/Sep/2026:13:34:09 -0400] "GET /new/wp-login.php HTTP/1.1" 404 121299 "www.google.com" "Mozilla/5.0 (Windows NT 10.0; Win64; x64) AppleWebKit/537.36 (KHTML, like Gecko) Chrome/91.0.4472.124 Safari/537.36"
87.106.32.6 - - [10/Sep/2026:13:34:10 -0400] "GET /wordpress/wp-login.php HTTP/1.1" 404 121299 "www.google.com" "Mozilla/5.0 (Windows NT 10.0; Win64; x64) AppleWebKit/537.36 (KHTML, like Gecko) Chrome/91.0.4472.124 Safari/537.36"
87.106.32.6 - - [10/Sep/2026:13:34:11 -0400] "GET /blog/wp-login.php HTTP/1.1" 404 121299 "www.google.com" "Mozilla/5.0 (Windows NT 10.0; Win64; x64) AppleWebKit/537.36 (KHTML, like Gecko) Chrome/91.0.4472.124 Safari/537.36"
87.106.32.6 - - [10/Sep/2026:13:34:12 -0400] "POST /wp-login.php HTTP/1.1" 200 11170 "https://heredit.mx/wp-admin/" "Mozilla/5.0 (Windows NT 10.0; Win64; x64) AppleWebKit/537.36 (KHTML, like Gecko) Chrome/91.0.4472.124 Safari/537.36"
87.106.32.6 - - [10/Sep/2026:13:34:13 -0400] "GET /wp-admin/ HTTP/1.1" 200 332953 "www.google.com" "Mozilla/5.0 (Windows NT 10.0; Win64; x64) AppleWebKit/537.36 (KHTML, like Gecko) Chrome/91.0.4472.124 Safari/537.36"
199.250.222.155 - - [10/Sep/2026:13:34:30 -0400] "POST /wp-cron.php?doing_wp_cron=1789061670.7675869464874267578125 HTTP/1.1" 200 - "-" "WordPress/7.1; https://heredit.mx"
87.106.32.6 - - [10/Sep/2026:13:34:29 -0400] "GET /wp-admin/plugin-install.php?tab=upload HTTP/1.1" 200 223694 "www.google.com" "Mozilla/5.0 (Windows NT 10.0; Win64; x64) AppleWebKit/537.36 (KHTML, like Gecko) Chrome/91.0.4472.124 Safari/537.36"
199.250.222.155 - - [10/Sep/2026:13:37:31 -0400] "POST /wp-cron.php?doing_wp_cron=1789061851.5654640197753906250000 HTTP/1.1" 200 - "-" "WordPress/7.1; https://heredit.mx"
87.106.32.6 - - [10/Sep/2026:13:37:31 -0400] "GET /wp-login.php HTTP/1.1" 200 10789 "www.google.com" "Mozilla/5.0 (Windows NT 10.0; Win64; x64) AppleWebKit/537.36 (KHTML, like Gecko) Chrome/91.0.4472.124 Safari/537.36"
87.106.32.6 - - [10/Sep/2026:13:37:31 -0400] "POST /wp-login.php HTTP/1.1" 302 - "https://heredit.mx/wp-admin/" "Mozilla/5.0 (Windows NT 10.0; Win64; x64) AppleWebKit/537.36 (KHTML, like Gecko) Chrome/91.0.4472.124 Safari/537.36"
87.106.32.6 - - [10/Sep/2026:13:37:32 -0400] "GET /wp-admin/ HTTP/1.1" 200 332992 "https://heredit.mx/wp-admin/" "Mozilla/5.0 (Windows NT 10.0; Win64; x64) AppleWebKit/537.36 (KHTML, like Gecko) Chrome/91.0.4472.124 Safari/537.36"
87.106.32.6 - - [10/Sep/2026:13:37:33 -0400] "GET /wp-admin/ HTTP/1.1" 200 332986 "www.google.com" "Mozilla/5.0 (Windows NT 10.0; Win64; x64) AppleWebKit/537.36 (KHTML, like Gecko) Chrome/91.0.4472.124 Safari/537.36"
87.106.32.6 - - [10/Sep/2026:13:37:37 -0400] "GET /wp-admin/plugin-install.php?tab=upload HTTP/1.1" 200 223694 "www.google.com" "Mozilla/5.0 (Windows NT 10.0; Win64; x64) AppleWebKit/537.36 (KHTML, like Gecko) Chrome/91.0.4472.124 Safari/537.36"
87.106.32.6 - - [10/Sep/2026:13:37:39 -0400] "POST /wp-admin/update.php?action=upload-plugin HTTP/1.1" 200 209991 "www.google.com" "Mozilla/5.0 (Windows NT 10.0; Win64; x64) AppleWebKit/537.36 (KHTML, like Gecko) Chrome/91.0.4472.124 Safari/537.36"
87.106.32.6 - - [10/Sep/2026:13:58:42 -0400] "GET /wp-includes/sitemaps/vjzdani/g1dsran/rvjiaxe/index.php HTTP/1.1" 200 12093 "-" "Mozilla/5.0 (Linux; Android 7.0; SM-G892A Build/NRD90M; wv) AppleWebKit/537.36 (KHTML, like Gecko) Version/4.0 Chrome/60.0.3112.107 Mobile Safari/537.36"
199.250.222.155 - - [10/Sep/2026:14:06:46 -0400] "POST /wp-cron.php?doing_wp_cron=1789063606.4664540290832519531250 HTTP/1.1" 200 - "-" "WordPress/7.1; https://heredit.mx"
66.249.68.192 - - [10/Sep/2026:14:06:44 -0400] "GET /?a=guinea-pig-dish-peruvian-delicacy-commonly-served-restaurants-mountains-cc-3pb27jfV HTTP/1.1" 200 219841 "-" "Mozilla/5.0 (Linux; Android 6.0.1; Nexus 5X Build/MMB29P) AppleWebKit/537.36 (KHTML, like Gecko) Chrome/153.0.8010.36 Mobile Safari/537.36 (compatible; Googlebot/2.1; +http://www.google.com/bot.html)"
87.106.32.6 - - [10/Sep/2026:14:07:07 -0400] "GET /wp-includes/html-api/vn1dtrj/1yprqcu/wgmisel/index.php HTTP/1.1" 200 12085 "-" "Mozilla/5.0 (Linux; Android 7.0; SM-G892A Build/NRD90M; wv) AppleWebKit/537.36 (KHTML, like Gecko) Version/4.0 Chrome/60.0.3112.107 Mobile Safari/537.36"
199.250.222.155 - - [10/Sep/2026:14:07:59 -0400] "POST /wp-cron.php?doing_wp_cron=1789063679.2675468921661376953125 HTTP/1.1" 200 - "-" "WordPress/7.1; https://heredit.mx"
57.141.0.51 - - [10/Sep/2026:14:07:52 -0400] "GET / HTTP/1.1" 200 391342 "-" "Mozilla/5.0 (Windows NT 10.0; Win64; x64) AppleWebKit/537.36 (KHTML, like Gecko) Chrome/145.0.0.0 Safari/537.36 (compatible; meta-externalagent/1.1 (+https://developers.facebook.com/docs/sharing/webmasters/crawler))"
66.249.68.193 - - [10/Sep/2026:14:08:00 -0400] "GET /?a=guinea-pig-dish-peruvian-delicacy-commonly-served-restaurants-mountains-cc-3pb27jfV HTTP/1.1" 200 223887 "-" "Mozilla/5.0 (Linux; Android 6.0.1; Nexus 5X Build/MMB29P) AppleWebKit/537.36 (KHTML, like Gecko) Chrome/153.0.8010.36 Mobile Safari/537.36 (compatible; GoogleOther)"
199.250.222.155 - - [10/Sep/2026:14:13:28 -0400] "POST /wp-cron.php?doing_wp_cron=1789064008.0275928974151611328125 HTTP/1.1" 200 - "-" "WordPress/7.1; https://heredit.mx"
52.167.144.18 - - [10/Sep/2026:14:13:27 -0400] "GET /?w=document-extractor-built-for-salesforce-platform%E2%84%A2-integration-with-sharepoint-pp-7GKAwrte HTTP/1.1" 301 - "-" "Mozilla/5.0 AppleWebKit/537.36 (KHTML, like Gecko; compatible; bingbot/2.0; +http://www.bing.com/bingbot.htm) Chrome/116.0.1938.76 Safari/537.36"
2.49.62.191 - - [10/Sep/2026:14:15:20 -0400] "POST /xmlrpc.php HTTP/1.1" 200 415 "-" "Jetpack by WordPress.com"
199.250.222.155 - - [10/Sep/2026:14:15:21 -0400] "POST /wp-cron.php?doing_wp_cron=1789064121.3161270618438720703125 HTTP/1.1" 200 - "-" "WordPress/7.1; https://heredit.mx"
2.49.62.191 - - [10/Sep/2026:14:14:23 -0400] "POST /xmlrpc.php HTTP/1.1" 200 415 "-" "Jetpack by WordPress.com"
199.250.222.155 - - [10/Sep/2026:14:21:44 -0400] "POST /wp-cron.php?doing_wp_cron=1789064504.8602509498596191406250 HTTP/1.1" 200 - "-" "WordPress/7.1; https://heredit.mx"
52.167.144.193 - - [10/Sep/2026:14:21:44 -0400] "GET /liquidable-268946-YwLPz/?a=sapphire-radeon-rx-6800-xt-nitro+-review-techpowerup-cc-wg2E0KhM HTTP/1.1" 404 121299 "-" "Mozilla/5.0 AppleWebKit/537.36 (KHTML, like Gecko; compatible; bingbot/2.0; +http://www.bing.com/bingbot.htm) Chrome/116.0.1938.76 Safari/537.36"
199.250.222.155 - - [10/Sep/2026:14:27:03 -0400] "POST /wp-cron.php?doing_wp_cron=1789064823.9121570587158203125000 HTTP/1.1" 200 - "-" "WordPress/7.1; https://heredit.mx"
2.49.62.191 - - [10/Sep/2026:14:27:03 -0400] "POST /xmlrpc.php HTTP/1.1" 200 415 "-" "Jetpack by WordPress.com (Jetpack 12.5; WordPress 6.2)"
66.249.68.192 - - [10/Sep/2026:14:28:36 -0400] "GET /?a=artstation-superhero-team-cc-VBRNwqFD HTTP/1.1" 200 223703 "-" "Mozilla/5.0 (Linux; Android 6.0.1; Nexus 5X Build/MMB29P) AppleWebKit/537.36 (KHTML, like Gecko) Chrome/153.0.8010.36 Mobile Safari/537.36 (compatible; Googlebot/2.1; +http://www.google.com/bot.html)"
2.49.62.191 - - [10/Sep/2026:14:29:01 -0400] "POST /xmlrpc.php HTTP/1.1" 200 415 "-" "Jetpack by WordPress.com (Jetpack 12.1; WordPress 6.3)"
199.250.222.155 - - [10/Sep/2026:14:29:47 -0400] "POST /wp-cron.php?doing_wp_cron=1789064987.0798571109771728515625 HTTP/1.1" 200 - "-" "WordPress/7.1; https://heredit.mx"
2.49.62.191 - - [10/Sep/2026:14:29:46 -0400] "POST /xmlrpc.php HTTP/1.1" 200 415 "-" "Jetpack by WordPress.com (Jetpack 12.0; WordPress 6.3)"
199.250.222.155 - - [10/Sep/2026:14:32:02 -0400] "POST /wp-cron.php?doing_wp_cron=1789065122.3147950172424316406250 HTTP/1.1" 200 - "-" "WordPress/7.1; https://heredit.mx"
2.49.62.191 - - [10/Sep/2026:14:32:01 -0400] "POST /xmlrpc.php HTTP/1.1" 200 415 "-" "Jetpack/12.0; WordPress/6.1; http://site37518642.com"
2.49.62.191 - - [10/Sep/2026:14:32:23 -0400] "POST /xmlrpc.php HTTP/1.1" 200 415 "-" "Jetpack/13.0; WordPress/6.3; http://site75375524.com"
199.250.222.155 - - [10/Sep/2026:14:37:03 -0400] "POST /wp-cron.php?doing_wp_cron=1789065423.6191849708557128906250 HTTP/1.1" 200 - "-" "WordPress/7.1; https://heredit.mx"
2.49.62.191 - - [10/Sep/2026:14:37:03 -0400] "POST /xmlrpc.php HTTP/1.1" 200 415 "-" "Jetpack/12.5; WordPress/6.2; http://site74890760.com"
146.19.78.132 - - [10/Sep/2026:14:41:24 -0400] "GET / HTTP/1.1" 200 59614 "-" "Mozilla/5.0 (X11; Linux x86_64) AppleWebKit/537.36 (KHTML, like Gecko) Chrome/116.0.0.0 Safari/537.36"
146.19.78.132 - - [10/Sep/2026:14:41:24 -0400] "GET /wp-content/cache/min/1/wp-content/themes/hello-elementor/assets/css/reset.css?ver=1789063679 HTTP/1.1" 200 5828 "https://heredit.mx/" "Mozilla/5.0 (X11; Linux x86_64) AppleWebKit/537.36 (KHTML, like Gecko) Chrome/116.0.0.0 Safari/537.36"
146.19.78.132 - - [10/Sep/2026:14:41:25 -0400] "GET /wp-content/cache/min/1/wp-content/themes/hello-elementor/assets/css/theme.css?ver=1789063679 HTTP/1.1" 200 5814 "https://heredit.mx/" "Mozilla/5.0 (X11; Linux x86_64) AppleWebKit/537.36 (KHTML, like Gecko) Chrome/116.0.0.0 Safari/537.36"
146.19.78.132 - - [10/Sep/2026:14:41:25 -0400] "GET /wp-content/cache/min/1/wp-content/themes/hello-elementor/assets/css/header-footer.css?ver=1789063679 HTTP/1.1" 200 7533 "https://heredit.mx/" "Mozilla/5.0 (X11; Linux x86_64) AppleWebKit/537.36 (KHTML, like Gecko) Chrome/116.0.0.0 Safari/537.36"
146.19.78.132 - - [10/Sep/2026:14:41:25 -0400] "GET /wp-content/plugins/elementor/assets/css/frontend.min.css?ver=4.2.4 HTTP/1.1" 200 54666 "https://heredit.mx/" "Mozilla/5.0 (X11; Linux x86_64) AppleWebKit/537.36 (KHTML, like Gecko) Chrome/116.0.0.0 Safari/537.36"
146.19.78.132 - - [10/Sep/2026:14:41:25 -0400] "GET /wp-content/cache/min/1/wp-content/uploads/elementor/css/post-7.css?ver=1789063679 HTTP/1.1" 200 3652 "https://heredit.mx/" "Mozilla/5.0 (X11; Linux x86_64) AppleWebKit/537.36 (KHTML, like Gecko) Chrome/116.0.0.0 Safari/537.36"
146.19.78.132 - - [10/Sep/2026:14:41:26 -0400] "GET /wp-content/cache/min/1/wp-content/uploads/premium-addons-elementor/pafe-1208.css?ver=1789063679 HTTP/1.1" 200 53538 "https://heredit.mx/" "Mozilla/5.0 (X11; Linux x86_64) AppleWebKit/537.36 (KHTML, like Gecko) Chrome/116.0.0.0 Safari/537.36"
146.19.78.132 - - [10/Sep/2026:14:41:26 -0400] "GET /wp-content/plugins/elementor/assets/css/widget-image.min.css?ver=4.2.4 HTTP/1.1" 200 214 "https://heredit.mx/" "Mozilla/5.0 (X11; Linux x86_64) AppleWebKit/537.36 (KHTML, like Gecko) Chrome/116.0.0.0 Safari/537.36"
146.19.78.132 - - [10/Sep/2026:14:41:26 -0400] "GET /wp-content/plugins/elementor-pro/assets/css/widget-nav-menu.min.css?ver=4.2.3 HTTP/1.1" 200 27363 "https://heredit.mx/" "Mozilla/5.0 (X11; Linux x86_64) AppleWebKit/537.36 (KHTML, like Gecko) Chrome/116.0.0.0 Safari/537.36"
146.19.78.132 - - [10/Sep/2026:14:41:27 -0400] "GET /wp-content/plugins/elementor-pro/assets/css/modules/sticky.min.css?ver=4.2.3 HTTP/1.1" 200 162 "https://heredit.mx/" "Mozilla/5.0 (X11; Linux x86_64) AppleWebKit/537.36 (KHTML, like Gecko) Chrome/116.0.0.0 Safari/537.36"
146.19.78.132 - - [10/Sep/2026:14:41:27 -0400] "GET /wp-content/plugins/premium-addons-for-elementor/assets/frontend/min-css/liquid-glass.min.css?ver=4.11.102 HTTP/1.1" 200 8405 "https://heredit.mx/" "Mozilla/5.0 (X11; Linux x86_64) AppleWebKit/537.36 (KHTML, like Gecko) Chrome/116.0.0.0 Safari/537.36"
146.19.78.132 - - [10/Sep/2026:14:41:27 -0400] "GET /wp-content/cache/min/1/wp-includes/css/dashicons.min.css?ver=1789063679 HTTP/1.1" 200 59097 "https://heredit.mx/" "Mozilla/5.0 (X11; Linux x86_64) AppleWebKit/537.36 (KHTML, like Gecko) Chrome/116.0.0.0 Safari/537.36"
146.19.78.132 - - [10/Sep/2026:14:41:27 -0400] "GET /wp-content/cache/min/1/wp-content/plugins/elementor/assets/lib/font-awesome/css/all.min.css?ver=1789063679 HTTP/1.1" 200 60583 "https://heredit.mx/" "Mozilla/5.0 (X11; Linux x86_64) AppleWebKit/537.36 (KHTML, like Gecko) Chrome/116.0.0.0 Safari/537.36"
146.19.78.132 - - [10/Sep/2026:14:41:28 -0400] "GET /wp-content/plugins/elementor-pro/assets/css/modules/motion-fx.min.css?ver=4.2.3 HTTP/1.1" 200 778 "https://heredit.mx/" "Mozilla/5.0 (X11; Linux x86_64) AppleWebKit/537.36 (KHTML, like Gecko) Chrome/116.0.0.0 Safari/537.36"
146.19.78.132 - - [10/Sep/2026:14:41:28 -0400] "GET /wp-content/plugins/elementor/assets/lib/animations/styles/e-animation-grow.min.css?ver=4.2.4 HTTP/1.1" 200 198 "https://heredit.mx/" "Mozilla/5.0 (X11; Linux x86_64) AppleWebKit/537.36 (KHTML, like Gecko) Chrome/116.0.0.0 Safari/537.36"
146.19.78.132 - - [10/Sep/2026:14:41:28 -0400] "GET /wp-content/plugins/elementor/assets/lib/animations/styles/fadeIn.min.css?ver=4.2.4 HTTP/1.1" 200 77 "https://heredit.mx/" "Mozilla/5.0 (X11; Linux x86_64) AppleWebKit/537.36 (KHTML, like Gecko) Chrome/116.0.0.0 Safari/537.36"
146.19.78.132 - - [10/Sep/2026:14:41:28 -0400] "GET /wp-content/plugins/elementor/assets/css/widget-heading.min.css?ver=4.2.4 HTTP/1.1" 200 560 "https://heredit.mx/" "Mozilla/5.0 (X11; Linux x86_64) AppleWebKit/537.36 (KHTML, like Gecko) Chrome/116.0.0.0 Safari/537.36"
146.19.78.132 - - [10/Sep/2026:14:41:29 -0400] "GET /wp-content/plugins/elementor/assets/css/widget-social-icons.min.css?ver=4.2.4 HTTP/1.1" 200 5110 "https://heredit.mx/" "Mozilla/5.0 (X11; Linux x86_64) AppleWebKit/537.36 (KHTML, like Gecko) Chrome/116.0.0.0 Safari/537.36"
146.19.78.132 - - [10/Sep/2026:14:41:29 -0400] "GET /wp-content/plugins/elementor/assets/css/conditionals/apple-webkit.min.css?ver=4.2.4 HTTP/1.1" 200 6713 "https://heredit.mx/" "Mozilla/5.0 (X11; Linux x86_64) AppleWebKit/537.36 (KHTML, like Gecko) Chrome/116.0.0.0 Safari/537.36"
146.19.78.132 - - [10/Sep/2026:14:41:29 -0400] "GET /wp-content/plugins/elementor/assets/lib/animations/styles/slideInRight.min.css?ver=4.2.4 HTTP/1.1" 200 155 "https://heredit.mx/" "Mozilla/5.0 (X11; Linux x86_64) AppleWebKit/537.36 (KHTML, like Gecko) Chrome/116.0.0.0 Safari/537.36"
146.19.78.132 - - [10/Sep/2026:14:41:29 -0400] "GET /wp-content/plugins/elementor-pro/assets/css/conditionals/popup.min.css?ver=4.2.3 HTTP/1.1" 200 995 "https://heredit.mx/" "Mozilla/5.0 (X11; Linux x86_64) AppleWebKit/537.36 (KHTML, like Gecko) Chrome/116.0.0.0 Safari/537.36"
146.19.78.132 - - [10/Sep/2026:14:41:30 -0400] "GET /wp-content/plugins/essential-addons-for-elementor-lite/assets/front-end/css/view/general.min.css?ver=6.8.3 HTTP/1.1" 200 7746 "https://heredit.mx/" "Mozilla/5.0 (X11; Linux x86_64) AppleWebKit/537.36 (KHTML, like Gecko) Chrome/116.0.0.0 Safari/537.36"
146.19.78.132 - - [10/Sep/2026:14:41:30 -0400] "GET /wp-content/cache/min/1/wp-content/uploads/essential-addons-elementor/eael-298.css?ver=1789063679 HTTP/1.1" 200 14412 "https://heredit.mx/" "Mozilla/5.0 (X11; Linux x86_64) AppleWebKit/537.36 (KHTML, like Gecko) Chrome/116.0.0.0 Safari/537.36"
146.19.78.132 - - [10/Sep/2026:14:41:30 -0400] "GET /wp-content/plugins/elementor/assets/lib/animations/styles/fadeInDown.min.css?ver=4.2.4 HTTP/1.1" 200 137 "https://heredit.mx/" "Mozilla/5.0 (X11; Linux x86_64) AppleWebKit/537.36 (KHTML, like Gecko) Chrome/116.0.0.0 Safari/537.36"
146.19.78.132 - - [10/Sep/2026:14:41:30 -0400] "GET /wp-content/cache/min/1/wp-content/plugins/elementor/assets/lib/swiper/v8/css/swiper.min.css?ver=1789063679 HTTP/1.1" 200 16223 "https://heredit.mx/" "Mozilla/5.0 (X11; Linux x86_64) AppleWebKit/537.36 (KHTML, like Gecko) Chrome/116.0.0.0 Safari/537.36"
146.19.78.132 - - [10/Sep/2026:14:41:31 -0400] "GET /wp-content/plugins/elementor/assets/css/conditionals/e-swiper.min.css?ver=4.2.4 HTTP/1.1" 200 5486 "https://heredit.mx/" "Mozilla/5.0 (X11; Linux x86_64) AppleWebKit/537.36 (KHTML, like Gecko) Chrome/116.0.0.0 Safari/537.36"
146.19.78.132 - - [10/Sep/2026:14:41:31 -0400] "GET /wp-content/plugins/elementor-pro/assets/css/widget-testimonial-carousel.min.css?ver=4.2.3 HTTP/1.1" 200 19691 "https://heredit.mx/" "Mozilla/5.0 (X11; Linux x86_64) AppleWebKit/537.36 (KHTML, like Gecko) Chrome/116.0.0.0 Safari/537.36"
146.19.78.132 - - [10/Sep/2026:14:41:31 -0400] "GET /wp-content/plugins/elementor-pro/assets/css/widget-carousel-module-base.min.css?ver=4.2.3 HTTP/1.1" 200 3846 "https://heredit.mx/" "Mozilla/5.0 (X11; Linux x86_64) AppleWebKit/537.36 (KHTML, like Gecko) Chrome/116.0.0.0 Safari/537.36"
146.19.78.132 - - [10/Sep/2026:14:41:31 -0400] "GET /wp-content/plugins/elementor/assets/css/widget-divider.min.css?ver=4.2.4 HTTP/1.1" 200 4258 "https://heredit.mx/" "Mozilla/5.0 (X11; Linux x86_64) AppleWebKit/537.36 (KHTML, like Gecko) Chrome/116.0.0.0 Safari/537.36"
146.19.78.132 - - [10/Sep/2026:14:41:32 -0400] "GET /wp-content/plugins/elementor/assets/css/widget-google_maps.min.css?ver=4.2.4 HTTP/1.1" 200 261 "https://heredit.mx/" "Mozilla/5.0 (X11; Linux x86_64) AppleWebKit/537.36 (KHTML, like Gecko) Chrome/116.0.0.0 Safari/537.36"
146.19.78.132 - - [10/Sep/2026:14:41:32 -0400] "GET /wp-content/plugins/elementor/assets/css/widget-spacer.min.css?ver=4.2.4 HTTP/1.1" 200 1793 "https://heredit.mx/" "Mozilla/5.0 (X11; Linux x86_64) AppleWebKit/537.36 (KHTML, like Gecko) Chrome/116.0.0.0 Safari/537.36"
146.19.78.132 - - [10/Sep/2026:14:41:32 -0400] "GET /wp-content/plugins/elementor-pro/assets/css/widget-slides.min.css?ver=4.2.3 HTTP/1.1" 200 2341 "https://heredit.mx/" "Mozilla/5.0 (X11; Linux x86_64) AppleWebKit/537.36 (KHTML, like Gecko) Chrome/116.0.0.0 Safari/537.36"
146.19.78.132 - - [10/Sep/2026:14:41:32 -0400] "GET /wp-content/plugins/wpforms/assets/css/frontend/modern/wpforms-full.min.css?ver=1.10.2.1 HTTP/1.1" 200 167602 "https://heredit.mx/" "Mozilla/5.0 (X11; Linux x86_64) AppleWebKit/537.36 (KHTML, like Gecko) Chrome/116.0.0.0 Safari/537.36"
146.19.78.132 - - [10/Sep/2026:14:41:33 -0400] "GET /wp-content/plugins/wpforms/assets/pro/css/frontend/modern/wpforms-full.min.css?ver=1.10.2.1 HTTP/1.1" 200 87485 "https://heredit.mx/" "Mozilla/5.0 (X11; Linux x86_64) AppleWebKit/537.36 (KHTML, like Gecko) Chrome/116.0.0.0 Safari/537.36"
146.19.78.132 - - [10/Sep/2026:14:41:33 -0400] "GET /wp-content/cache/min/1/wp-content/uploads/elementor/css/post-298.css?ver=1789063679 HTTP/1.1" 200 91218 "https://heredit.mx/" "Mozilla/5.0 (X11; Linux x86_64) AppleWebKit/537.36 (KHTML, like Gecko) Chrome/116.0.0.0 Safari/537.36"
200.56.126.246 - - [10/Sep/2026:15:00:41 -0400] "GET / HTTP/1.1" 200 59614 "-" "Mozilla/5.0 (Windows NT 10.0; Win64; x64) AppleWebKit/537.36 (KHTML, like Gecko) Chrome/152.0.0.0 Safari/537.36"
200.56.126.246 - - [10/Sep/2026:15:00:42 -0400] "GET /wp-content/cache/min/1/wp-content/themes/hello-elementor/assets/css/reset.css?ver=1789063679 HTTP/1.1" 200 5828 "https://heredit.mx/" "Mozilla/5.0 (Windows NT 10.0; Win64; x64) AppleWebKit/537.36 (KHTML, like Gecko) Chrome/152.0.0.0 Safari/537.36"
200.56.126.246 - - [10/Sep/2026:15:00:42 -0400] "GET /wp-content/cache/min/1/wp-content/themes/hello-elementor/assets/css/theme.css?ver=1789063679 HTTP/1.1" 200 5814 "https://heredit.mx/" "Mozilla/5.0 (Windows NT 10.0; Win64; x64) AppleWebKit/537.36 (KHTML, like Gecko) Chrome/152.0.0.0 Safari/537.36"
200.56.126.246 - - [10/Sep/2026:15:00:42 -0400] "GET /wp-content/cache/min/1/wp-content/themes/hello-elementor/assets/css/header-footer.css?ver=1789063679 HTTP/1.1" 200 7533 "https://heredit.mx/" "Mozilla/5.0 (Windows NT 10.0; Win64; x64) AppleWebKit/537.36 (KHTML, like Gecko) Chrome/152.0.0.0 Safari/537.36"
200.56.126.246 - - [10/Sep/2026:15:00:42 -0400] "GET /wp-content/plugins/elementor/assets/css/frontend.min.css?ver=4.2.4 HTTP/1.1" 200 54666 "https://heredit.mx/" "Mozilla/5.0 (Windows NT 10.0; Win64; x64) AppleWebKit/537.36 (KHTML, like Gecko) Chrome/152.0.0.0 Safari/537.36"
200.56.126.246 - - [10/Sep/2026:15:00:42 -0400] "GET /wp-content/cache/min/1/wp-content/uploads/elementor/css/post-7.css?ver=1789063679 HTTP/1.1" 200 3652 "https://heredit.mx/" "Mozilla/5.0 (Windows NT 10.0; Win64; x64) AppleWebKit/537.36 (KHTML, like Gecko) Chrome/152.0.0.0 Safari/537.36"
200.56.126.246 - - [10/Sep/2026:15:00:42 -0400] "GET /wp-content/cache/min/1/wp-content/uploads/premium-addons-elementor/pafe-1208.css?ver=1789063679 HTTP/1.1" 200 53538 "https://heredit.mx/" "Mozilla/5.0 (Windows NT 10.0; Win64; x64) AppleWebKit/537.36 (KHTML, like Gecko) Chrome/152.0.0.0 Safari/537.36"
200.56.126.246 - - [10/Sep/2026:15:00:42 -0400] "GET /wp-content/plugins/elementor/assets/css/widget-image.min.css?ver=4.2.4 HTTP/1.1" 200 214 "https://heredit.mx/" "Mozilla/5.0 (Windows NT 10.0; Win64; x64) AppleWebKit/537.36 (KHTML, like Gecko) Chrome/152.0.0.0 Safari/537.36"
200.56.126.246 - - [10/Sep/2026:15:00:42 -0400] "GET /wp-content/plugins/elementor-pro/assets/css/widget-nav-menu.min.css?ver=4.2.3 HTTP/1.1" 200 27363 "https://heredit.mx/" "Mozilla/5.0 (Windows NT 10.0; Win64; x64) AppleWebKit/537.36 (KHTML, like Gecko) Chrome/152.0.0.0 Safari/537.36"
200.56.126.246 - - [10/Sep/2026:15:00:42 -0400] "GET /wp-content/plugins/elementor-pro/assets/css/modules/sticky.min.css?ver=4.2.3 HTTP/1.1" 200 162 "https://heredit.mx/" "Mozilla/5.0 (Windows NT 10.0; Win64; x64) AppleWebKit/537.36 (KHTML, like Gecko) Chrome/152.0.0.0 Safari/537.36"
200.56.126.246 - - [10/Sep/2026:15:00:42 -0400] "GET /wp-content/cache/min/1/wp-includes/css/dashicons.min.css?ver=1789063679 HTTP/1.1" 200 59097 "https://heredit.mx/" "Mozilla/5.0 (Windows NT 10.0; Win64; x64) AppleWebKit/537.36 (KHTML, like Gecko) Chrome/152.0.0.0 Safari/537.36"
200.56.126.246 - - [10/Sep/2026:15:00:42 -0400] "GET /wp-content/plugins/premium-addons-for-elementor/assets/frontend/min-css/liquid-glass.min.css?ver=4.11.102 HTTP/1.1" 200 8405 "https://heredit.mx/" "Mozilla/5.0 (Windows NT 10.0; Win64; x64) AppleWebKit/537.36 (KHTML, like Gecko) Chrome/152.0.0.0 Safari/537.36"
200.56.126.246 - - [10/Sep/2026:15:00:42 -0400] "GET /wp-content/cache/min/1/wp-content/plugins/elementor/assets/lib/font-awesome/css/all.min.css?ver=1789063679 HTTP/1.1" 200 60583 "https://heredit.mx/" "Mozilla/5.0 (Windows NT 10.0; Win64; x64) AppleWebKit/537.36 (KHTML, like Gecko) Chrome/152.0.0.0 Safari/537.36"
200.56.126.246 - - [10/Sep/2026:15:00:42 -0400] "GET /wp-content/plugins/elementor-pro/assets/css/modules/motion-fx.min.css?ver=4.2.3 HTTP/1.1" 200 778 "https://heredit.mx/" "Mozilla/5.0 (Windows NT 10.0; Win64; x64) AppleWebKit/537.36 (KHTML, like Gecko) Chrome/152.0.0.0 Safari/537.36"
200.56.126.246 - - [10/Sep/2026:15:00:42 -0400] "GET /wp-content/plugins/elementor/assets/lib/animations/styles/e-animation-grow.min.css?ver=4.2.4 HTTP/1.1" 200 198 "https://heredit.mx/" "Mozilla/5.0 (Windows NT 10.0; Win64; x64) AppleWebKit/537.36 (KHTML, like Gecko) Chrome/152.0.0.0 Safari/537.36"
200.56.126.246 - - [10/Sep/2026:15:00:43 -0400] "GET /wp-content/plugins/elementor/assets/lib/animations/styles/fadeIn.min.css?ver=4.2.4 HTTP/1.1" 200 77 "https://heredit.mx/" "Mozilla/5.0 (Windows NT 10.0; Win64; x64) AppleWebKit/537.36 (KHTML, like Gecko) Chrome/152.0.0.0 Safari/537.36"
