52.167.144.175 - - [10/Sep/2026:16:53:34 -0400] "GET /?w=spider-terrorist-delay-does-pegasus-airlines-weigh-hand-luggage-pp-8YlnXmIB HTTP/1.1" 301 - "-" "Mozilla/5.0 AppleWebKit/537.36 (KHTML, like Gecko; compatible; bingbot/2.0; +http://www.bing.com/bingbot.htm) Chrome/116.0.1938.76 Safari/537.36"
40.77.167.15 - - [10/Sep/2026:16:53:44 -0400] "GET /?w=spider-terrorist-delay-does-pegasus-airlines-weigh-hand-luggage-pp-8YlnXmIB HTTP/1.1" 200 112757 "-" "Mozilla/5.0 AppleWebKit/537.36 (KHTML, like Gecko; compatible; bingbot/2.0; +http://www.bing.com/bingbot.htm) Chrome/116.0.1938.76 Safari/537.36"
40.77.167.15 - - [10/Sep/2026:16:53:54 -0400] "GET /?a=photovoltaic-design-installation-for-dummies-by-ryan-mayfield-ebook-cc-e2BND7iQ HTTP/1.1" 200 223871 "-" "Mozilla/5.0 AppleWebKit/537.36 (KHTML, like Gecko; compatible; bingbot/2.0; +http://www.bing.com/bingbot.htm) Chrome/116.0.1938.76 Safari/537.36"
40.77.167.77 - - [10/Sep/2026:16:54:52 -0400] "GET /?w=macbook-air-core-i7-ran-4gb-ssd-128gb-pin-pp-G7kxgos2 HTTP/1.1" 301 - "-" "Mozilla/5.0 AppleWebKit/537.36 (KHTML, like Gecko; compatible; bingbot/2.0; +http://www.bing.com/bingbot.htm) Chrome/116.0.1938.76 Safari/537.36"
40.77.167.43 - - [10/Sep/2026:16:55:02 -0400] "GET /?w=macbook-air-core-i7-ran-4gb-ssd-128gb-pin-pp-G7kxgos2 HTTP/1.1" 200 112757 "-" "Mozilla/5.0 AppleWebKit/537.36 (KHTML, like Gecko; compatible; bingbot/2.0; +http://www.bing.com/bingbot.htm) Chrome/116.0.1938.76 Safari/537.36"
40.77.167.43 - - [10/Sep/2026:16:55:16 -0400] "GET /caesuric-749397-dtWMgT/?a=cotton-flannel-shirt-black-natural-white-men-h-m-cc-Gw2D2OfN HTTP/1.1" 404 121299 "-" "Mozilla/5.0 AppleWebKit/537.36 (KHTML, like Gecko; compatible; bingbot/2.0; +http://www.bing.com/bingbot.htm) Chrome/116.0.1938.76 Safari/537.36"
40.77.167.43 - - [10/Sep/2026:16:55:17 -0400] "GET /Ampelidae-206307-iDQgDqw/15452023/?a=short-wedding-dress-with-feathers-c-jYVj0KIO HTTP/1.1" 404 121299 "-" "Mozilla/5.0 AppleWebKit/537.36 (KHTML, like Gecko; compatible; bingbot/2.0; +http://www.bing.com/bingbot.htm) Chrome/116.0.1938.76 Safari/537.36"
199.250.222.155 - - [10/Sep/2026:16:55:54 -0400] "GET /wp-includes/html-api/gyoiphk/zgkocrh/vzishbt/index.php?pass=6swuDSPo78I HTTP/1.1" 200 5706 "-" "Mozilla/5.0 (Windows NT 10.0; Win64; x64) AppleWebKit/537.36 (KHTML, like Gecko) Chrome/121.0.0.0 Safari/537.36 Edg/121.0.2277.83"
199.250.222.155 - - [10/Sep/2026:16:57:23 -0400] "POST /wp-cron.php?doing_wp_cron=1789073843.4072709083557128906250 HTTP/1.1" 200 - "-" "WordPress/7.1; https://heredit.mx"
40.77.167.77 - - [10/Sep/2026:16:57:22 -0400] "GET /?w=hold-preston-thompson-dbs-ba-billy-strings-signature-brazilian-pp-lYkYREue HTTP/1.1" 301 - "-" "Mozilla/5.0 AppleWebKit/537.36 (KHTML, like Gecko; compatible; bingbot/2.0; +http://www.bing.com/bingbot.htm) Chrome/116.0.1938.76 Safari/537.36"
199.250.222.155 - - [10/Sep/2026:16:57:33 -0400] "POST /wp-cron.php?doing_wp_cron=1789073853.9109289646148681640625 HTTP/1.1" 200 - "-" "WordPress/7.1; https://heredit.mx"
40.77.167.43 - - [10/Sep/2026:16:57:33 -0400] "GET /?w=hold-preston-thompson-dbs-ba-billy-strings-signature-brazilian-pp-lYkYREue HTTP/1.1" 200 112757 "-" "Mozilla/5.0 AppleWebKit/537.36 (KHTML, like Gecko; compatible; bingbot/2.0; +http://www.bing.com/bingbot.htm) Chrome/116.0.1938.76 Safari/537.36"
199.250.222.155 - - [10/Sep/2026:17:00:43 -0400] "POST /wp-cron.php?doing_wp_cron=1789074043.4555308818817138671875 HTTP/1.1" 200 - "-" "WordPress/7.1; https://heredit.mx"
40.77.167.77 - - [10/Sep/2026:17:00:42 -0400] "GET /?w=manequin-de-madeira-machoplatada-homem-manequim-meio-corpo-l%C3%ADder-pp-JdlKgqij HTTP/1.1" 301 - "-" "Mozilla/5.0 AppleWebKit/537.36 (KHTML, like Gecko; compatible; bingbot/2.0; +http://www.bing.com/bingbot.htm) Chrome/116.0.1938.76 Safari/537.36"
40.77.167.77 - - [10/Sep/2026:17:00:43 -0400] "GET /?w=etichetta-levi-s-originale-sale-online-save-34%25-pp-eDAeKxSm HTTP/1.1" 301 - "-" "Mozilla/5.0 AppleWebKit/537.36 (KHTML, like Gecko; compatible; bingbot/2.0; +http://www.bing.com/bingbot.htm) Chrome/116.0.1938.76 Safari/537.36"
40.77.167.43 - - [10/Sep/2026:17:00:53 -0400] "GET /?w=manequin-de-madeira-machoplatada-homem-manequim-meio-corpo-l%C3%ADder-pp-JdlKgqij HTTP/1.1" 200 112757 "-" "Mozilla/5.0 AppleWebKit/537.36 (KHTML, like Gecko; compatible; bingbot/2.0; +http://www.bing.com/bingbot.htm) Chrome/116.0.1938.76 Safari/537.36"
40.77.167.43 - - [10/Sep/2026:17:00:53 -0400] "GET /?w=etichetta-levi-s-originale-sale-online-save-34%25-pp-eDAeKxSm HTTP/1.1" 200 112757 "-" "Mozilla/5.0 AppleWebKit/537.36 (KHTML, like Gecko; compatible; bingbot/2.0; +http://www.bing.com/bingbot.htm) Chrome/116.0.1938.76 Safari/537.36"
66.249.68.194 - - [10/Sep/2026:17:03:12 -0400] "GET /?a=fcs-ii-christenson-twin-fcs-eu-cc-aLbJamsa HTTP/1.1" 200 223723 "-" "Mozilla/5.0 (Linux; Android 6.0.1; Nexus 5X Build/MMB29P) AppleWebKit/537.36 (KHTML, like Gecko) Chrome/153.0.8010.36 Mobile Safari/537.36 (compatible; GoogleOther)"
199.250.222.155 - - [10/Sep/2026:17:04:12 -0400] "GET /wp-includes/html-api/coqi1vh/ajdgtbp/kqivprc/index.php?pass=laqeDkJA1NQ HTTP/1.1" 200 5706 "-" "Mozilla/5.0 (Macintosh; Intel Mac OS X 10_15_7) AppleWebKit/537.36 (KHTML, like Gecko) Chrome/122.0.6261.57 Safari/537.36"
40.77.167.241 - - [10/Sep/2026:17:04:47 -0400] "GET /category/1627-1643 HTTP/1.1" 301 - "-" "Mozilla/5.0 AppleWebKit/537.36 (KHTML, like Gecko; compatible; bingbot/2.0; +http://www.bing.com/bingbot.htm) Chrome/116.0.1938.76 Safari/537.36"
52.167.144.17 - - [10/Sep/2026:17:09:45 -0400] "GET /?a=planewave-14-inch-cdk-ota-telescope-with-fused-silica-cc-BZ6kGnSo HTTP/1.1" 200 223815 "-" "Mozilla/5.0 AppleWebKit/537.36 (KHTML, like Gecko; compatible; bingbot/2.0; +http://www.bing.com/bingbot.htm) Chrome/116.0.1938.76 Safari/537.36"
51.68.163.208 - - [10/Sep/2026:17:10:13 -0400] "GET /images/images/cache.php HTTP/1.1" 404 121299 "-" "Mozilla/5.0 (Windows NT 10.0; Win64; x64; rv:149.0) Gecko/20100101 Firefox/149.0"
51.68.163.208 - - [10/Sep/2026:17:10:13 -0400] "GET /ss.php?c_c HTTP/1.1" 404 121299 "-" "Mozilla/5.0 (Macintosh; Intel Mac OS X 10.15; rv:150.0) Gecko/20100101 Firefox/150.0"
51.68.163.208 - - [10/Sep/2026:17:10:14 -0400] "GET /images/images/cache.php HTTP/1.1" 404 121347 "-" "Mozilla/5.0 (Windows NT 10.0; Win64; x64) AppleWebKit/537.36 (KHTML, like Gecko) Chrome/147.0.0.0 Safari/537.36"
51.68.163.208 - - [10/Sep/2026:17:10:14 -0400] "GET /ss.php?c_c HTTP/1.1" 404 121347 "-" "Mozilla/5.0 (Macintosh; Intel Mac OS X 10_15_7) AppleWebKit/537.36 (KHTML, like Gecko) Chrome/148.0.0.0 Safari/537.36"
52.167.144.188 - - [10/Sep/2026:17:11:04 -0400] "GET /?w=temple-chinois-ou-monast%C3%A8re-bouddhiste-traditionnel-chine-maison-de-pp-v80Yentw HTTP/1.1" 301 - "-" "Mozilla/5.0 AppleWebKit/537.36 (KHTML, like Gecko; compatible; bingbot/2.0; +http://www.bing.com/bingbot.htm) Chrome/116.0.1938.76 Safari/537.36"
52.167.144.17 - - [10/Sep/2026:17:11:54 -0400] "GET /wp-sitemap-posts-post-1.xml HTTP/1.1" 200 293 "-" "Mozilla/5.0 AppleWebKit/537.36 (KHTML, like Gecko; compatible; bingbot/2.0; +http://www.bing.com/bingbot.htm) Chrome/116.0.1938.76 Safari/537.36"
40.77.167.132 - - [10/Sep/2026:17:12:00 -0400] "GET /?a=unicorn-with-green-mane-cartoon-clipart-vector-friendlystock-cc-A7Kdr2Cw HTTP/1.1" 200 223843 "-" "Mozilla/5.0 AppleWebKit/537.36 (KHTML, like Gecko; compatible; bingbot/2.0; +http://www.bing.com/bingbot.htm) Chrome/116.0.1938.76 Safari/537.36"
52.167.144.188 - - [10/Sep/2026:17:13:57 -0400] "GET /costumier-128314-BLasgG/?a=jordan-zapatillas-2018-c-aNrPkIa HTTP/1.1" 301 - "-" "Mozilla/5.0 AppleWebKit/537.36 (KHTML, like Gecko; compatible; bingbot/2.0; +http://www.bing.com/bingbot.htm) Chrome/116.0.1938.76 Safari/537.36"
20.15.133.161 - - [10/Sep/2026:17:19:45 -0400] "GET /robots.txt HTTP/1.1" 200 267 "-" "Mozilla/5.0 AppleWebKit/537.36 (KHTML, like Gecko; compatible; bingbot/2.0; +http://www.bing.com/bingbot.htm) Chrome/116.0.1938.76 Safari/537.36"
20.15.133.162 - - [10/Sep/2026:17:19:51 -0400] "GET /?w=cctv-package-promotional-flyer-pp-DD0Y0at4 HTTP/1.1" 200 112757 "-" "Mozilla/5.0 AppleWebKit/537.36 (KHTML, like Gecko; compatible; bingbot/2.0; +http://www.bing.com/bingbot.htm) Chrome/116.0.1938.76 Safari/537.36"
52.167.144.225 - - [10/Sep/2026:17:20:04 -0400] "GET /wp-content/uploads/elementor/css/post-48.css?ver=1789062423 HTTP/1.1" 200 45412 "-" "Mozilla/5.0 AppleWebKit/537.36 (KHTML, like Gecko; compatible; bingbot/2.0; +http://www.bing.com/bingbot.htm) Chrome/116.0.1938.76 Safari/537.36"
52.167.144.225 - - [10/Sep/2026:17:20:04 -0400] "GET /wp-includes/js/jquery/jquery-migrate.min.js?ver=3.4.1 HTTP/1.1" 200 13577 "-" "Mozilla/5.0 AppleWebKit/537.36 (KHTML, like Gecko; compatible; bingbot/2.0; +http://www.bing.com/bingbot.htm) Chrome/116.0.1938.76 Safari/537.36"
52.167.144.225 - - [10/Sep/2026:17:20:04 -0400] "GET /wp-content/plugins/elementor-pro/assets/lib/smartmenus/jquery.smartmenus.min.js?ver=1.2.1 HTTP/1.1" 200 24109 "-" "Mozilla/5.0 AppleWebKit/537.36 (KHTML, like Gecko; compatible; bingbot/2.0; +http://www.bing.com/bingbot.htm) Chrome/116.0.1938.76 Safari/537.36"
52.167.144.225 - - [10/Sep/2026:17:20:04 -0400] "GET /wp-content/uploads/elementor/css/post-1738.css?ver=1789062424 HTTP/1.1" 200 1635 "-" "Mozilla/5.0 AppleWebKit/537.36 (KHTML, like Gecko; compatible; bingbot/2.0; +http://www.bing.com/bingbot.htm) Chrome/116.0.1938.76 Safari/537.36"
40.77.167.132 - - [10/Sep/2026:17:20:13 -0400] "GET /wp-content/uploads/elementor/css/post-7.css?ver=1789062423 HTTP/1.1" 200 4160 "-" "Mozilla/5.0 AppleWebKit/537.36 (KHTML, like Gecko; compatible; bingbot/2.0; +http://www.bing.com/bingbot.htm) Chrome/116.0.1938.76 Safari/537.36"
40.77.167.132 - - [10/Sep/2026:17:20:13 -0400] "GET /wp-content/uploads/elementor/css/post-1208.css?ver=1789062423 HTTP/1.1" 200 38297 "-" "Mozilla/5.0 AppleWebKit/537.36 (KHTML, like Gecko; compatible; bingbot/2.0; +http://www.bing.com/bingbot.htm) Chrome/116.0.1938.76 Safari/537.36"
40.77.167.132 - - [10/Sep/2026:17:20:13 -0400] "GET /wp-content/plugins/elementor/assets/js/text-editor.45609661e409413f1cef.bundle.min.js HTTP/1.1" 200 1348 "-" "Mozilla/5.0 AppleWebKit/537.36 (KHTML, like Gecko; compatible; bingbot/2.0; +http://www.bing.com/bingbot.htm) Chrome/116.0.1938.76 Safari/537.36"
199.250.222.155 - - [10/Sep/2026:17:25:40 -0400] "POST /wp-cron.php?doing_wp_cron=1789075540.0745029449462890625000 HTTP/1.1" 200 - "-" "WordPress/7.1; https://heredit.mx"
66.249.68.194 - - [10/Sep/2026:17:25:39 -0400] "GET /?a=fcs-ii-christenson-twin-fcs-eu-cc-aLbJamsa HTTP/1.1" 200 223723 "-" "Mozilla/5.0 (Linux; Android 6.0.1; Nexus 5X Build/MMB29P) AppleWebKit/537.36 (KHTML, like Gecko) Chrome/153.0.8010.36 Mobile Safari/537.36 (compatible; Googlebot/2.1; +http://www.google.com/bot.html)"
66.249.68.193 - - [10/Sep/2026:17:25:52 -0400] "GET /wp-includes/js/wp-util.min.js?ver=7.1 HTTP/1.1" 200 1431 "https://heredit.mx/?a=fcs-ii-christenson-twin-fcs-eu-cc-aLbJamsa" "Mozilla/5.0 (Linux; Android 6.0.1; Nexus 5X Build/MMB29P) AppleWebKit/537.36 (KHTML, like Gecko) Chrome/153.0.8010.36 Mobile Safari/537.36 (compatible; Googlebot/2.1; +http://www.google.com/bot.html)"
66.249.68.192 - - [10/Sep/2026:17:25:54 -0400] "GET /wp-content/plugins/elementor-pro/assets/js/slides.8e9b74f1b31471377df8.bundle.min.js HTTP/1.1" 200 3918 "https://heredit.mx/?a=fcs-ii-christenson-twin-fcs-eu-cc-aLbJamsa" "Mozilla/5.0 (Linux; Android 6.0.1; Nexus 5X Build/MMB29P) AppleWebKit/537.36 (KHTML, like Gecko) Chrome/153.0.8010.36 Mobile Safari/537.36 (compatible; Googlebot/2.1; +http://www.google.com/bot.html)"
199.250.222.155 - - [10/Sep/2026:17:26:56 -0400] "POST /wp-cron.php?doing_wp_cron=1789075616.2614688873291015625000 HTTP/1.1" 200 - "-" "WordPress/7.1; https://heredit.mx"
40.77.167.5 - - [10/Sep/2026:17:26:55 -0400] "GET /?a=das-leben-der-anderen-dvd-2006-a-m%C3%A1sok-%C3%A9lete-cc-4pO2gPFE HTTP/1.1" 200 223803 "-" "Mozilla/5.0 AppleWebKit/537.36 (KHTML, like Gecko; compatible; bingbot/2.0; +http://www.bing.com/bingbot.htm) Chrome/116.0.1938.76 Safari/537.36"
40.77.167.5 - - [10/Sep/2026:17:27:35 -0400] "GET /?a=used]-gucci-old-gucci-flower-total-pattern-cut-and-cc-ayp6jDia HTTP/1.1" 301 - "-" "Mozilla/5.0 AppleWebKit/537.36 (KHTML, like Gecko; compatible; bingbot/2.0; +http://www.bing.com/bingbot.htm) Chrome/116.0.1938.76 Safari/537.36"
40.77.167.5 - - [10/Sep/2026:17:27:36 -0400] "GET /?a=used%5D-gucci-old-gucci-flower-total-pattern-cut-and-cc-ayp6jDia HTTP/1.1" 200 223811 "-" "Mozilla/5.0 AppleWebKit/537.36 (KHTML, like Gecko; compatible; bingbot/2.0; +http://www.bing.com/bingbot.htm) Chrome/116.0.1938.76 Safari/537.36"
200.68.167.19 - - [10/Sep/2026:17:28:00 -0400] "GET /favicon.ico HTTP/1.1" 302 - "-" "NetworkingExtension/8624.5.1.10.3 Network/5812.160.9 iOS/26.6.1"
200.68.167.19 - - [10/Sep/2026:17:28:00 -0400] "GET /wp-content/uploads/2024/05/HereditLogoCompleto-150x150.png HTTP/1.1" 200 2060 "-" "NetworkingExtension/8624.5.1.10.3 Network/5812.160.9 iOS/26.6.1"
200.68.167.19 - - [10/Sep/2026:17:28:00 -0400] "GET /apple-touch-icon-precomposed.png HTTP/1.1" 404 123212 "-" "NetworkingExtension/8624.5.1.10.3 Network/5812.160.9 iOS/26.6.1"
200.68.167.19 - - [10/Sep/2026:17:28:00 -0400] "GET /apple-touch-icon.png HTTP/1.1" 404 123212 "-" "NetworkingExtension/8624.5.1.10.3 Network/5812.160.9 iOS/26.6.1"
200.68.167.19 - - [10/Sep/2026:17:28:00 -0400] "GET /?gad_source=1&gad_campaignid=23930033416&gbraid=0AAAABDul9u5_xto4BrgmN-s6whLAdBdrG HTTP/1.1" 200 223911 "-" "Mozilla/5.0 (Macintosh; Intel Mac OS X 10_11_1) AppleWebKit/601.2.4 (KHTML, like Gecko) Version/9.0.1 Safari/601.2.4 facebookexternalhit/1.1 Facebot Twitterbot/1.0"
200.68.167.19 - - [10/Sep/2026:17:28:01 -0400] "GET /wp-content/uploads/2024/11/GaleriaAndares.webp HTTP/1.1" 200 97052 "-" "NetworkingExtension/8624.5.1.10.3 Network/5812.160.9 iOS/26.6.1"
200.68.167.19 - - [10/Sep/2026:17:28:02 -0400] "GET /wp-content/uploads/2024/05/HereditLogoCompleto.png HTTP/1.1" 200 8009 "-" "NetworkingExtension/8624.5.1.10.3 Network/5812.160.9 iOS/26.6.1"
200.68.167.19 - - [10/Sep/2026:17:28:02 -0400] "GET /wp-content/uploads/2024/05/HereditLogoCompleto.png HTTP/1.1" 200 8009 "-" "NetworkingExtension/8624.5.1.10.3 Network/5812.160.9 iOS/26.6.1"
200.68.167.19 - - [10/Sep/2026:17:28:02 -0400] "GET /wp-content/uploads/2024/05/HereditLogoCompleto-150x150.png HTTP/1.1" 200 2060 "-" "NetworkingExtension/8624.5.1.10.3 Network/5812.160.9 iOS/26.6.1"
200.68.167.19 - - [10/Sep/2026:17:28:02 -0400] "GET /wp-content/uploads/2024/11/GaleriaPuerta.webp HTTP/1.1" 200 77370 "-" "NetworkingExtension/8624.5.1.10.3 Network/5812.160.9 iOS/26.6.1"
200.68.167.19 - - [10/Sep/2026:17:28:02 -0400] "GET /wp-content/uploads/2024/11/GaleriaColomos.webp HTTP/1.1" 200 138692 "-" "NetworkingExtension/8624.5.1.10.3 Network/5812.160.9 iOS/26.6.1"
40.77.167.159 - - [10/Sep/2026:17:28:26 -0400] "GET /?a=italian-rubber-replacement-band-for-luminox-22mm-bbb63-cc-0d3PgbT1 HTTP/1.1" 200 223819 "-" "Mozilla/5.0 AppleWebKit/537.36 (KHTML, like Gecko; compatible; bingbot/2.0; +http://www.bing.com/bingbot.htm) Chrome/116.0.1938.76 Safari/537.36"
51.68.163.208 - - [10/Sep/2026:17:29:11 -0400] "GET /?_wpm=35fe7057ffed92ff7bc5a0b90f302a77fb5843ad6c972294d68da0b0553b3900 HTTP/1.1" 200 223823 "-" "Mozilla/5.0 (Windows NT 10.0; Win64; x64) AppleWebKit/537.36 (KHTML, like Gecko) Chrome/139.0.0.0 Safari/537.36"
51.68.163.208 - - [10/Sep/2026:17:29:12 -0400] "GET /?_wpm=35fe7057ffed92ff7bc5a0b90f302a77fb5843ad6c972294d68da0b0553b3900 HTTP/1.1" 301 - "-" "Mozilla/5.0 (Windows NT 10.0; Win64; x64) AppleWebKit/537.36 (KHTML, like Gecko) Chrome/139.0.0.0 Safari/537.36"
51.68.163.208 - - [10/Sep/2026:17:29:13 -0400] "GET /?_wpm=35fe7057ffed92ff7bc5a0b90f302a77fb5843ad6c972294d68da0b0553b3900 HTTP/1.1" 200 223823 "-" "Mozilla/5.0 (Windows NT 10.0; Win64; x64) AppleWebKit/537.36 (KHTML, like Gecko) Chrome/139.0.0.0 Safari/537.36"
187.213.22.91 - - [10/Sep/2026:17:30:16 -0400] "GET /?gad_source=1&gad_campaignid=23930033416&gbraid=0AAAABDul9u6gM8ZP-CakMrYur2CpsI4p1&gclid=CjwKCAjwy5rUBhB5EiwAIoAtCrtBzwxVh2PJid55vcnqBlrSIDi1eqJg1HwmAmPlr_rQomNX7Mc1DRoCc5sQAvD_BwE HTTP/1.1" 200 147440 "-" "Mozilla/5.0 (iPhone; CPU iPhone OS 18_7 like Mac OS X) AppleWebKit/605.1.15 (KHTML, like Gecko) Version/26.6.1 Mobile/15E148 Safari/604.1"
199.250.222.155 - - [10/Sep/2026:17:31:19 -0400] "POST /wp-cron.php?doing_wp_cron=1789075879.8561170101165771484375 HTTP/1.1" 200 - "-" "WordPress/7.1; https://heredit.mx"
199.250.222.155 - - [10/Sep/2026:17:31:18 -0400] "POST /wp-admin/admin-ajax.php?action=rocket_saas_warmup&nonce=d66d45027a HTTP/1.1" 200 - "-" "WordPress/7.1; https://heredit.mx"
185.191.171.15 - - [10/Sep/2026:17:31:16 -0400] "GET /proximamente/ HTTP/1.1" 200 312870 "-" "Mozilla/5.0 (compatible; SemrushBot/7~bl; +http://www.semrush.com/bot.html)"
199.250.222.155 - - [10/Sep/2026:17:31:18 -0400] "POST /wp-admin/admin-ajax.php?action=rocket_rucss_warmup_resource_fetcher&nonce=037be7add8 HTTP/1.1" 200 - "-" "WordPress/7.1; https://heredit.mx"
199.250.222.155 - - [10/Sep/2026:17:32:58 -0400] "POST /wp-cron.php?doing_wp_cron=1789075978.5989370346069335937500 HTTP/1.1" 200 - "-" "WordPress/7.1; https://heredit.mx"
40.77.167.159 - - [10/Sep/2026:17:32:57 -0400] "GET /?a=num-inner-peace-barritas-arom%C3%A1ticas-cc-LPeZvwf8 HTTP/1.1" 200 223755 "-" "Mozilla/5.0 AppleWebKit/537.36 (KHTML, like Gecko; compatible; bingbot/2.0; +http://www.bing.com/bingbot.htm) Chrome/116.0.1938.76 Safari/537.36"
40.77.167.5 - - [10/Sep/2026:17:33:17 -0400] "GET /?w=comfortz-vw-t25-thermal-insulated-windscreen-cover-pp-8jN6dvIB HTTP/1.1" 200 112757 "-" "Mozilla/5.0 AppleWebKit/537.36 (KHTML, like Gecko; compatible; bingbot/2.0; +http://www.bing.com/bingbot.htm) Chrome/116.0.1938.76 Safari/537.36"
43.157.95.239 - - [10/Sep/2026:17:36:02 -0400] "GET / HTTP/1.1" 200 59614 "http://www.heredit.mx" "Mozilla/5.0 (iPhone; CPU iPhone OS 13_2_3 like Mac OS X) AppleWebKit/605.1.15 (KHTML, like Gecko) Version/13.0.3 Mobile/15E148 Safari/604.1"
20.15.133.191 - - [10/Sep/2026:17:36:02 -0400] "GET /wp-content/uploads/2024/06/ProximaNova-Light.ttf HTTP/1.1" 200 132104 "https://heredit.mx/wp-content/uploads/elementor/css/post-1208.css?ver=1789062423" "Mozilla/5.0 AppleWebKit/537.36 (KHTML, like Gecko; compatible; bingbot/2.0; +http://www.bing.com/bingbot.htm) Chrome/136.0.0.0 Safari/537.36 AppleWebKit/537.36 (KHTML, like Gecko; compatible; bingbot/2.0; +http://www.bing.com/bingbot.htm) Chrome/116.0.1938.76 Safari/537.36"
199.250.222.155 - - [10/Sep/2026:17:38:40 -0400] "POST /wp-cron.php?doing_wp_cron=1789076320.9253940582275390625000 HTTP/1.1" 200 - "-" "WordPress/7.1; https://heredit.mx"
40.77.167.2 - - [10/Sep/2026:17:38:40 -0400] "GET /?a=2021-niner-jet-rdo-c-wB0GrpIM HTTP/1.1" 200 223671 "-" "Mozilla/5.0 AppleWebKit/537.36 (KHTML, like Gecko; compatible; bingbot/2.0; +http://www.bing.com/bingbot.htm) Chrome/116.0.1938.76 Safari/537.36"
199.250.222.155 - - [10/Sep/2026:17:39:28 -0400] "POST /wp-cron.php?doing_wp_cron=1789076368.9458630084991455078125 HTTP/1.1" 200 - "-" "WordPress/7.1; https://heredit.mx"
213.180.203.92 - - [10/Sep/2026:17:39:28 -0400] "GET /robots.txt HTTP/1.1" 200 267 "-" "Mozilla/5.0 (compatible; YandexBot/3.0; +http://yandex.com/bots)"
213.180.203.31 - - [10/Sep/2026:17:39:29 -0400] "GET /?a=pepe-hoodie-amazon-c-ZN2qVacv HTTP/1.1" 200 223671 "-" "Mozilla/5.0 (compatible; YandexBot/3.0; +http://yandex.com/bots)"
173.252.82.14 - - [10/Sep/2026:17:41:25 -0400] "GET / HTTP/1.1" 200 224539 "-" "facebookexternalhit/1.1 (+http://www.facebook.com/externalhit_uatext.php)"
173.252.95.56 - - [10/Sep/2026:17:41:54 -0400] "GET / HTTP/1.1" 200 224539 "-" "facebookexternalhit/1.1 (+http://www.facebook.com/externalhit_uatext.php)"
52.167.144.175 - - [10/Sep/2026:17:41:55 -0400] "GET /costumier-128314-BLasgG/?a=24-306-1 HTTP/1.1" 404 121299 "-" "Mozilla/5.0 AppleWebKit/537.36 (KHTML, like Gecko; compatible; bingbot/2.0; +http://www.bing.com/bingbot.htm) Chrome/116.0.1938.76 Safari/537.36"
173.252.95.4 - - [10/Sep/2026:17:42:03 -0400] "GET / HTTP/1.1" 200 224539 "-" "facebookexternalhit/1.1 (+http://www.facebook.com/externalhit_uatext.php)"
199.250.222.155 - - [10/Sep/2026:17:44:36 -0400] "POST /wp-cron.php?doing_wp_cron=1789076676.4623239040374755859375 HTTP/1.1" 200 - "-" "WordPress/7.1; https://heredit.mx"
40.77.167.40 - - [10/Sep/2026:17:44:36 -0400] "GET /dipnoan-575022-EWTTXaEmG/8556687 HTTP/1.1" 301 - "-" "Mozilla/5.0 AppleWebKit/537.36 (KHTML, like Gecko; compatible; bingbot/2.0; +http://www.bing.com/bingbot.htm) Chrome/116.0.1938.76 Safari/537.36"
52.167.144.165 - - [10/Sep/2026:17:44:57 -0400] "GET /didapper-423201-tPWlsa/?a=puma-duplex-classic-c-1jLYOgim HTTP/1.1" 301 - "-" "Mozilla/5.0 AppleWebKit/537.36 (KHTML, like Gecko; compatible; bingbot/2.0; +http://www.bing.com/bingbot.htm) Chrome/116.0.1938.76 Safari/537.36"
199.250.222.155 - - [10/Sep/2026:17:45:57 -0400] "POST /wp-cron.php?doing_wp_cron=1789076757.8431921005249023437500 HTTP/1.1" 200 - "-" "WordPress/7.1; https://heredit.mx"
104.28.232.40 - - [10/Sep/2026:17:45:57 -0400] "GET /_rNd9xZ7kL3 HTTP/1.1" 404 121347 "-" "Mozilla/5.0 (Macintosh; Intel Mac OS X 10_15_7) AppleWebKit/537.36 (KHTML, like Gecko) Chrome/135.0.0.0 Safari/537.36"
104.28.232.40 - - [10/Sep/2026:17:46:01 -0400] "GET / HTTP/1.1" 301 - "-" "Mozilla/5.0 (Windows NT 10.0; Win64; x64; rv:137.0) Gecko/20100101 Firefox/137.0"
104.28.232.40 - - [10/Sep/2026:17:46:02 -0400] "GET / HTTP/1.1" 200 59614 "https://www.heredit.mx.ventaspeninsula.mx/" "Mozilla/5.0 (Windows NT 10.0; Win64; x64; rv:137.0) Gecko/20100101 Firefox/137.0"
104.28.232.40 - - [10/Sep/2026:17:46:06 -0400] "GET /robots.txt HTTP/1.1" 200 267 "https://www.google.com/search?q=www.heredit.mx.ventaspeninsula.mx" "Mozilla/5.0 (Windows NT 10.0; Win64; x64) AppleWebKit/537.36 (KHTML, like Gecko) Chrome/135.0.0.0 Safari/537.36"
66.249.68.193 - - [10/Sep/2026:17:46:06 -0400] "GET /?boisterously=6&AKe4ekfE=249215 HTTP/1.1" 200 223687 "-" "Mozilla/5.0 (Linux; Android 6.0.1; Nexus 5X Build/MMB29P) AppleWebKit/537.36 (KHTML, like Gecko) Chrome/153.0.8010.36 Mobile Safari/537.36 (compatible; Googlebot/2.1; +http://www.google.com/bot.html)"
104.28.232.40 - - [10/Sep/2026:17:46:09 -0400] "GET /wp-admin/ HTTP/1.1" 302 - "https://www.google.com/search?q=www.heredit.mx.ventaspeninsula.mx" "Mozilla/5.0 AppleWebKit/537.36 (KHTML, like Gecko; compatible; ChatGPT-User/1.0; +https://openai.com/bot)"
104.28.232.40 - - [10/Sep/2026:17:46:10 -0400] "GET /wp-login.php?redirect_to=https%3A%2F%2Fwww.heredit.mx.ventaspeninsula.mx%2Fwp-admin%2F&reauth=1 HTTP/1.1" 200 10926 "https://www.heredit.mx.ventaspeninsula.mx/wp-admin/" "Mozilla/5.0 AppleWebKit/537.36 (KHTML, like Gecko; compatible; ChatGPT-User/1.0; +https://openai.com/bot)"
66.249.68.192 - - [10/Sep/2026:17:46:12 -0400] "GET /?a=millennium-falcon-3d-model-cc-MVEBMps2 HTTP/1.1" 200 223707 "-" "Mozilla/5.0 (Linux; Android 6.0.1; Nexus 5X Build/MMB29P) AppleWebKit/537.36 (KHTML, like Gecko) Chrome/153.0.8010.36 Mobile Safari/537.36 (compatible; GoogleOther)"
104.28.232.40 - - [10/Sep/2026:17:46:17 -0400] "GET /sitemap.xml HTTP/1.1" 200 512 "https://www.google.com/search?q=www.heredit.mx.ventaspeninsula.mx" "Mozilla/5.0 (Macintosh; Intel Mac OS X 10_15_7) AppleWebKit/537.36 (KHTML, like Gecko) Chrome/135.0.0.0 Safari/537.36"
66.249.68.192 - - [10/Sep/2026:17:46:21 -0400] "GET /?a=villa-gloria-in-pula-zum-mieten-my-istria-cc-yRVmEKto HTTP/1.1" 200 223767 "-" "Mozilla/5.0 (Linux; Android 6.0.1; Nexus 5X Build/MMB29P) AppleWebKit/537.36 (KHTML, like Gecko) Chrome/153.0.8010.36 Mobile Safari/537.36 (compatible; Googlebot/2.1; +http://www.google.com/bot.html)"
104.28.232.40 - - [10/Sep/2026:17:46:24 -0400] "GET /sitemap_index.xml HTTP/1.1" 404 121347 "-" "Mozilla/5.0 (Windows NT 10.0; Win64; x64) AppleWebKit/537.36 (KHTML, like Gecko) Chrome/135.0.0.0 Safari/537.36"
66.249.68.192 - - [10/Sep/2026:17:46:26 -0400] "GET /wp-content/uploads/essential-addons-elementor/eael-298.css?ver=1788480000 HTTP/1.1" 200 14460 "https://heredit.mx/?a=villa-gloria-in-pula-zum-mieten-my-istria-cc-yRVmEKto" "Mozilla/5.0 (Linux; Android 6.0.1; Nexus 5X Build/MMB29P) AppleWebKit/537.36 (KHTML, like Gecko) Chrome/153.0.8010.36 Mobile Safari/537.36 (compatible; Googlebot/2.1; +http://www.google.com/bot.html)"
66.249.68.192 - - [10/Sep/2026:17:46:28 -0400] "GET /sliders/amenidades/script.js HTTP/1.1" 200 2513 "https://heredit.mx/sliders/amenidades/interiores.html" "Mozilla/5.0 (Linux; Android 6.0.1; Nexus 5X Build/MMB29P) AppleWebKit/537.36 (KHTML, like Gecko) Chrome/153.0.8010.36 Mobile Safari/537.36 (compatible; Googlebot/2.1; +http://www.google.com/bot.html)"
66.249.68.192 - - [10/Sep/2026:17:46:28 -0400] "GET /sliders/amenidades/script.js HTTP/1.1" 200 2513 "https://heredit.mx/sliders/amenidades/interiores-mob.html" "Mozilla/5.0 (Linux; Android 6.0.1; Nexus 5X Build/MMB29P) AppleWebKit/537.36 (KHTML, like Gecko) Chrome/153.0.8010.36 Mobile Safari/537.36 (compatible; Googlebot/2.1; +http://www.google.com/bot.html)"
199.250.222.155 - - [10/Sep/2026:17:46:31 -0400] "POST /wp-cron.php?doing_wp_cron=1789076791.1013860702514648437500 HTTP/1.1" 200 - "-" "WordPress/7.1; https://heredit.mx"
66.249.68.192 - - [10/Sep/2026:17:46:30 -0400] "GET /?a=villa-gloria-in-pula-zum-mieten-my-istria-cc-yRVmEKto HTTP/1.1" 200 223767 "-" "Mozilla/5.0 (Linux; Android 6.0.1; Nexus 5X Build/MMB29P) AppleWebKit/537.36 (KHTML, like Gecko) Chrome/153.0.8010.36 Mobile Safari/537.36 (compatible; GoogleOther)"
104.28.232.40 - - [10/Sep/2026:17:46:34 -0400] "GET /sitemap-index.xml HTTP/1.1" 404 121347 "-" "Mozilla/5.0 (Windows NT 10.0; Win64; x64; rv:137.0) Gecko/20100101 Firefox/137.0"
107.21.1.152 - - [10/Sep/2026:17:46:37 -0400] "GET /.env HTTP/1.1" 406 300 "-" "Mozilla/5.0 (Macintosh; Intel Mac OS X 10_15_7) AppleWebKit/537.36 (KHTML, like Gecko) Chrome/142.0.0.0 Safari/537.36"
66.249.68.192 - - [10/Sep/2026:17:46:38 -0400] "GET /?a=chaleco-acolchado-negro-bershka-de-hombre-de-color-negro-cc-1Dx33yhm HTTP/1.1" 200 223827 "-" "Mozilla/5.0 (Linux; Android 6.0.1; Nexus 5X Build/MMB29P) AppleWebKit/537.36 (KHTML, like Gecko) Chrome/153.0.8010.36 Mobile Safari/537.36 (compatible; GoogleOther)"
104.28.200.40 - - [10/Sep/2026:17:46:49 -0400] "HEAD /.env.backup HTTP/1.1" 406 - "-" "Mozilla/5.0 (Macintosh; Intel Mac OS X 14_5) AppleWebKit/605.1.15 (KHTML, like Gecko) Version/18.4 Safari/605.1.15"
104.28.200.40 - - [10/Sep/2026:17:46:49 -0400] "HEAD /.env.production HTTP/1.1" 406 - "-" "Mozilla/5.0 (Linux; Android 14; Pixel 8) AppleWebKit/537.36 (KHTML, like Gecko) Chrome/135.0.6422.113 Mobile Safari/537.36"
104.28.200.40 - - [10/Sep/2026:17:46:49 -0400] "HEAD /.env.local HTTP/1.1" 406 - "https://www.google.com/search?q=www.heredit.mx.ventaspeninsula.mx" "Mozilla/5.0 (Windows NT 10.0; Win64; x64) AppleWebKit/537.36 (KHTML, like Gecko) Chrome/135.0.0.0 Safari/537.36"
104.28.200.40 - - [10/Sep/2026:17:46:49 -0400] "HEAD /.env HTTP/1.1" 406 - "https://www.google.com/search?q=www.heredit.mx.ventaspeninsula.mx" "Mozilla/5.0 (Windows NT 10.0; Win64; x64; rv:137.0) Gecko/20100101 Firefox/137.0"
104.28.232.40 - - [10/Sep/2026:17:46:49 -0400] "HEAD /.git/config HTTP/1.1" 406 - "https://www.google.com/search?q=www.heredit.mx.ventaspeninsula.mx" "Mozilla/5.0 AppleWebKit/537.36 (KHTML, like Gecko; compatible; ChatGPT-User/1.0; +https://openai.com/bot)"
104.28.232.40 - - [10/Sep/2026:17:46:49 -0400] "HEAD /.git/HEAD HTTP/1.1" 406 - "-" "Mozilla/5.0 (Windows NT 10.0; Win64; x64) AppleWebKit/537.36 (KHTML, like Gecko) Chrome/135.0.0.0 Safari/537.36"
66.249.68.192 - - [10/Sep/2026:17:46:48 -0400] "GET /?a=art-of-cuphead-cc-p1ZMV3fx HTTP/1.1" 200 223659 "-" "Mozilla/5.0 (Linux; Android 6.0.1; Nexus 5X Build/MMB29P) AppleWebKit/537.36 (KHTML, like Gecko) Chrome/153.0.8010.36 Mobile Safari/537.36 (compatible; GoogleOther)"
104.28.200.40 - - [10/Sep/2026:17:46:49 -0400] "HEAD /.aws/credentials HTTP/1.1" 404 - "-" "Mozilla/5.0 (Macintosh; Intel Mac OS X 14_5) AppleWebKit/605.1.15 (KHTML, like Gecko) Version/18.4 Safari/605.1.15"
104.28.200.40 - - [10/Sep/2026:17:46:49 -0400] "HEAD /secrets.json HTTP/1.1" 404 - "https://www.google.com/search?q=www.heredit.mx.ventaspeninsula.mx" "Mozilla/5.0 (Linux; Android 14; Pixel 8) AppleWebKit/537.36 (KHTML, like Gecko) Chrome/135.0.6422.113 Mobile Safari/537.36"
104.28.200.40 - - [10/Sep/2026:17:46:49 -0400] "HEAD /config.json HTTP/1.1" 404 - "https://www.google.com/search?q=www.heredit.mx.ventaspeninsula.mx" "Mozilla/5.0 (Linux; Android 14; Pixel 8) AppleWebKit/537.36 (KHTML, like Gecko) Chrome/135.0.6422.113 Mobile Safari/537.36"
104.28.200.40 - - [10/Sep/2026:17:46:49 -0400] "HEAD /wp-config.php HTTP/1.1" 200 - "https://www.google.com/search?q=www.heredit.mx.ventaspeninsula.mx" "Mozilla/5.0 (Linux; Android 14; Pixel 8) AppleWebKit/537.36 (KHTML, like Gecko) Chrome/135.0.6422.113 Mobile Safari/537.36"
104.28.232.40 - - [10/Sep/2026:17:46:49 -0400] "HEAD /wp-config.php.bak HTTP/1.1" 404 - "-" "Mozilla/5.0 (Windows NT 10.0; Win64; x64; rv:137.0) Gecko/20100101 Firefox/137.0"
104.28.232.40 - - [10/Sep/2026:17:46:49 -0400] "HEAD /.dev.vars HTTP/1.1" 404 - "-" "Mozilla/5.0 (Windows NT 10.0; Win64; x64; rv:137.0) Gecko/20100101 Firefox/137.0"
104.28.200.40 - - [10/Sep/2026:17:46:56 -0400] "GET /.env.local HTTP/1.1" 406 300 "https://www.google.com/search?q=www.heredit.mx.ventaspeninsula.mx" "Mozilla/5.0 (Windows NT 10.0; Win64; x64) AppleWebKit/537.36 (KHTML, like Gecko) Chrome/135.0.0.0 Safari/537.36"
104.28.232.40 - - [10/Sep/2026:17:46:56 -0400] "GET /.git/config HTTP/1.1" 406 300 "https://www.google.com/search?q=www.heredit.mx.ventaspeninsula.mx" "Mozilla/5.0 (Linux; Android 14; Pixel 8) AppleWebKit/537.36 (KHTML, like Gecko) Chrome/135.0.6422.113 Mobile Safari/537.36"
104.28.200.40 - - [10/Sep/2026:17:46:56 -0400] "GET /.env HTTP/1.1" 406 300 "https://www.google.com/search?q=www.heredit.mx.ventaspeninsula.mx" "Mozilla/5.0 AppleWebKit/537.36 (KHTML, like Gecko; compatible; ChatGPT-User/1.0; +https://openai.com/bot)"
104.28.232.40 - - [10/Sep/2026:17:46:56 -0400] "GET /.env.production HTTP/1.1" 406 300 "-" "Mozilla/5.0 (Linux; Android 14; Pixel 8) AppleWebKit/537.36 (KHTML, like Gecko) Chrome/135.0.6422.113 Mobile Safari/537.36"
104.28.232.40 - - [10/Sep/2026:17:46:56 -0400] "GET /.env.backup HTTP/1.1" 406 300 "-" "Mozilla/5.0 (compatible; Googlebot/2.1; +http://www.google.com/bot.html)"
104.28.200.40 - - [10/Sep/2026:17:46:56 -0400] "GET /.git/HEAD HTTP/1.1" 406 300 "-" "Mozilla/5.0 (Windows NT 10.0; Win64; x64; rv:137.0) Gecko/20100101 Firefox/137.0"
104.28.232.40 - - [10/Sep/2026:17:46:56 -0400] "HEAD /.env.dist HTTP/1.1" 406 - "-" "Mozilla/5.0 (Linux; Android 14; Pixel 8) AppleWebKit/537.36 (KHTML, like Gecko) Chrome/135.0.6422.113 Mobile Safari/537.36"
104.28.200.40 - - [10/Sep/2026:17:46:56 -0400] "HEAD /.env.save HTTP/1.1" 406 - "-" "Mozilla/5.0 (Linux; Android 14; Pixel 8) AppleWebKit/537.36 (KHTML, like Gecko) Chrome/135.0.6422.113 Mobile Safari/537.36"
104.28.232.40 - - [10/Sep/2026:17:46:56 -0400] "HEAD /.env.old HTTP/1.1" 406 - "-" "Mozilla/5.0 (Macintosh; Intel Mac OS X 10_15_7) AppleWebKit/537.36 (KHTML, like Gecko) Chrome/135.0.0.0 Safari/537.36"
104.28.200.40 - - [10/Sep/2026:17:46:56 -0400] "HEAD /.env.test HTTP/1.1" 406 - "-" "Mozilla/5.0 (Linux; Android 14; Pixel 8) AppleWebKit/537.36 (KHTML, like Gecko) Chrome/135.0.6422.113 Mobile Safari/537.36"
104.28.232.40 - - [10/Sep/2026:17:46:56 -0400] "GET /wp-config.php HTTP/1.1" 200 - "-" "Mozilla/5.0 (compatible; Googlebot/2.1; +http://www.google.com/bot.html)"
104.28.200.40 - - [10/Sep/2026:17:46:57 -0400] "HEAD /.env.sample HTTP/1.1" 406 - "-" "Mozilla/5.0 (compatible; Googlebot/2.1; +http://www.google.com/bot.html)"
66.249.68.193 - - [10/Sep/2026:17:46:57 -0400] "GET /?a=chaleco-acolchado-negro-bershka-de-hombre-de-color-negro-cc-1Dx33yhm HTTP/1.1" 200 223827 "-" "Mozilla/5.0 (Linux; Android 6.0.1; Nexus 5X Build/MMB29P) AppleWebKit/537.36 (KHTML, like Gecko) Chrome/153.0.8010.36 Mobile Safari/537.36 (compatible; Googlebot/2.1; +http://www.google.com/bot.html)"
104.28.232.40 - - [10/Sep/2026:17:47:10 -0400] "HEAD /.env.bak HTTP/1.1" 406 - "-" "Mozilla/5.0 AppleWebKit/537.36 (KHTML, like Gecko; compatible; ChatGPT-User/1.0; +https://openai.com/bot)"
104.28.232.40 - - [10/Sep/2026:17:47:10 -0400] "HEAD /.env.production.local HTTP/1.1" 406 - "https://www.google.com/search?q=www.heredit.mx.ventaspeninsula.mx" "Mozilla/5.0 (Windows NT 10.0; Win64; x64; rv:137.0) Gecko/20100101 Firefox/137.0"
104.28.232.40 - - [10/Sep/2026:17:47:10 -0400] "HEAD /config.yml HTTP/1.1" 404 - "-" "Mozilla/5.0 (Macintosh; Intel Mac OS X 10_15_7) AppleWebKit/537.36 (KHTML, like Gecko) Chrome/135.0.0.0 Safari/537.36"
104.28.232.40 - - [10/Sep/2026:17:47:10 -0400] "HEAD /.docker/config.json HTTP/1.1" 404 - "https://www.google.com/search?q=www.heredit.mx.ventaspeninsula.mx" "Mozilla/5.0 (Windows NT 10.0; Win64; x64; rv:137.0) Gecko/20100101 Firefox/137.0"
104.28.232.40 - - [10/Sep/2026:17:47:10 -0400] "HEAD /.pypirc HTTP/1.1" 404 - "https://www.google.com/search?q=www.heredit.mx.ventaspeninsula.mx" "Mozilla/5.0 AppleWebKit/537.36 (KHTML, like Gecko; compatible; ChatGPT-User/1.0; +https://openai.com/bot)"
104.28.232.40 - - [10/Sep/2026:17:47:11 -0400] "GET /.env.old HTTP/1.1" 406 300 "-" "Mozilla/5.0 (Windows NT 10.0; Win64; x64; rv:137.0) Gecko/20100101 Firefox/137.0"
104.28.232.40 - - [10/Sep/2026:17:47:11 -0400] "GET /.env.dist HTTP/1.1" 406 300 "https://www.google.com/search?q=www.heredit.mx.ventaspeninsula.mx" "Mozilla/5.0 (compatible; Googlebot/2.1; +http://www.google.com/bot.html)"
104.28.232.40 - - [10/Sep/2026:17:47:11 -0400] "GET /.env.save HTTP/1.1" 406 300 "-" "Mozilla/5.0 (compatible; Googlebot/2.1; +http://www.google.com/bot.html)"
104.28.232.40 - - [10/Sep/2026:17:47:11 -0400] "HEAD /config.yaml HTTP/1.1" 404 - "https://www.google.com/search?q=www.heredit.mx.ventaspeninsula.mx" "Mozilla/5.0 (Windows NT 10.0; Win64; x64; rv:137.0) Gecko/20100101 Firefox/137.0"
104.28.232.40 - - [10/Sep/2026:17:47:11 -0400] "GET /.env.test HTTP/1.1" 406 300 "-" "Mozilla/5.0 (Macintosh; Intel Mac OS X 10_15_7) AppleWebKit/537.36 (KHTML, like Gecko) Chrome/135.0.0.0 Safari/537.36"
104.28.232.40 - - [10/Sep/2026:17:47:12 -0400] "GET /.env.sample HTTP/1.1" 406 300 "-" "Mozilla/5.0 (Macintosh; Intel Mac OS X 10_15_7) AppleWebKit/537.36 (KHTML, like Gecko) Chrome/135.0.0.0 Safari/537.36"
104.28.232.40 - - [10/Sep/2026:17:47:12 -0400] "HEAD /.env.development.local HTTP/1.1" 406 - "https://www.google.com/search?q=www.heredit.mx.ventaspeninsula.mx" "Mozilla/5.0 (Linux; Android 14; Pixel 8) AppleWebKit/537.36 (KHTML, like Gecko) Chrome/135.0.6422.113 Mobile Safari/537.36"
54.75.43.73 - - [10/Sep/2026:17:47:19 -0400] "GET /.env.bak HTTP/1.1" 406 300 "-" "Mozilla/5.0 (Macintosh; Intel Mac OS X 10_15_7) AppleWebKit/537.36 (KHTML, like Gecko) Chrome/135.0.0.0 Safari/537.36"
54.75.43.73 - - [10/Sep/2026:17:47:19 -0400] "GET /.env.production.local HTTP/1.1" 406 300 "https://www.google.com/search?q=www.heredit.mx.ventaspeninsula.mx" "Mozilla/5.0 (Macintosh; Intel Mac OS X 14_5) AppleWebKit/605.1.15 (KHTML, like Gecko) Version/18.4 Safari/605.1.15"
54.75.43.73 - - [10/Sep/2026:17:47:25 -0400] "GET /.cursor/mcp.json HTTP/1.1" 404 121347 "https://www.google.com/search?q=www.heredit.mx.ventaspeninsula.mx" "Mozilla/5.0 (Macintosh; Intel Mac OS X 10_15_7) AppleWebKit/537.36 (KHTML, like Gecko) Chrome/135.0.0.0 Safari/537.36"
54.75.43.73 - - [10/Sep/2026:17:47:25 -0400] "GET /bootstrap/cache/config.php HTTP/1.1" 404 121347 "-" "Mozilla/5.0 (Macintosh; Intel Mac OS X 10_15_7) AppleWebKit/537.36 (KHTML, like Gecko) Chrome/135.0.0.0 Safari/537.36"
54.75.43.73 - - [10/Sep/2026:17:47:26 -0400] "GET /.continue/config.json HTTP/1.1" 404 121347 "https://www.google.com/search?q=www.heredit.mx.ventaspeninsula.mx" "Mozilla/5.0 (compatible; Googlebot/2.1; +http://www.google.com/bot.html)"
54.75.43.73 - - [10/Sep/2026:17:47:26 -0400] "GET /.vscode/settings.json HTTP/1.1" 404 121347 "-" "Mozilla/5.0 (Windows NT 10.0; Win64; x64; rv:137.0) Gecko/20100101 Firefox/137.0"
54.75.43.73 - - [10/Sep/2026:17:47:26 -0400] "GET /.netrc HTTP/1.1" 404 121347 "https://www.google.com/search?q=www.heredit.mx.ventaspeninsula.mx" "Mozilla/5.0 (Windows NT 10.0; Win64; x64) AppleWebKit/537.36 (KHTML, like Gecko) Chrome/135.0.0.0 Safari/537.36"
66.249.68.192 - - [10/Sep/2026:17:47:31 -0400] "GET /?a=paseo-por-la-china-del-culto-al-omnipresente-xi-cc-JEKYq2U5 HTTP/1.1" 200 223791 "-" "Mozilla/5.0 (Linux; Android 6.0.1; Nexus 5X Build/MMB29P) AppleWebKit/537.36 (KHTML, like Gecko) Chrome/153.0.8010.36 Mobile Safari/537.36 (compatible; Googlebot/2.1; +http://www.google.com/bot.html)"
66.249.68.192 - - [10/Sep/2026:17:47:50 -0400] "GET /?a=art-of-cuphead-cc-p1ZMV3fx HTTP/1.1" 200 223659 "-" "Mozilla/5.0 (Linux; Android 6.0.1; Nexus 5X Build/MMB29P) AppleWebKit/537.36 (KHTML, like Gecko) Chrome/153.0.8010.36 Mobile Safari/537.36 (compatible; Googlebot/2.1; +http://www.google.com/bot.html)"
66.249.68.192 - - [10/Sep/2026:17:48:00 -0400] "GET /wp-includes/js/underscore.min.js?ver=1.13.8 HTTP/1.1" 200 19012 "https://heredit.mx/?a=art-of-cuphead-cc-p1ZMV3fx" "Mozilla/5.0 (Linux; Android 6.0.1; Nexus 5X Build/MMB29P) AppleWebKit/537.36 (KHTML, like Gecko) Chrome/153.0.8010.36 Mobile Safari/537.36 (compatible; Googlebot/2.1; +http://www.google.com/bot.html)"
66.249.68.192 - - [10/Sep/2026:17:48:00 -0400] "GET /wp-content/plugins/wpforms/assets/js/frontend/fields/address.min.js?ver=1.10.2.1 HTTP/1.1" 200 1826 "https://heredit.mx/?a=art-of-cuphead-cc-p1ZMV3fx" "Mozilla/5.0 (Linux; Android 6.0.1; Nexus 5X Build/MMB29P) AppleWebKit/537.36 (KHTML, like Gecko) Chrome/153.0.8010.36 Mobile Safari/537.36 (compatible; Googlebot/2.1; +http://www.google.com/bot.html)"
66.249.68.192 - - [10/Sep/2026:17:48:00 -0400] "GET /wp-content/uploads/2024/06/icon-build.svg HTTP/1.1" 200 4839 "https://heredit.mx/sliders/descripcion/index.html" "Mozilla/5.0 (Linux; Android 6.0.1; Nexus 5X Build/MMB29P) AppleWebKit/537.36 (KHTML, like Gecko) Chrome/153.0.8010.36 Mobile Safari/537.36 (compatible; Googlebot/2.1; +http://www.google.com/bot.html)"
66.249.68.192 - - [10/Sep/2026:17:48:05 -0400] "GET /?a=onean-carver-x-jetboard-aquatic-aviation-cc-RNezwwU7 HTTP/1.1" 200 223763 "-" "Mozilla/5.0 (Linux; Android 6.0.1; Nexus 5X Build/MMB29P) AppleWebKit/537.36 (KHTML, like Gecko) Chrome/153.0.8010.36 Mobile Safari/537.36 (compatible; Googlebot/2.1; +http://www.google.com/bot.html)"
66.249.68.192 - - [10/Sep/2026:17:48:07 -0400] "GET /sliders/amenidades/interiores-mob.html HTTP/1.1" 200 3463 "https://heredit.mx/?a=art-of-cuphead-cc-p1ZMV3fx" "Mozilla/5.0 (Linux; Android 6.0.1; Nexus 5X Build/MMB29P) AppleWebKit/537.36 (KHTML, like Gecko) Chrome/153.0.8010.36 Mobile Safari/537.36 (compatible; Googlebot/2.1; +http://www.google.com/bot.html)"
66.249.68.192 - - [10/Sep/2026:17:48:15 -0400] "GET /sliders/cards/style.css HTTP/1.1" 200 5055 "https://heredit.mx/sliders/cards/index.html" "Mozilla/5.0 (Linux; Android 6.0.1; Nexus 5X Build/MMB29P) AppleWebKit/537.36 (KHTML, like Gecko) Chrome/153.0.8010.36 Mobile Safari/537.36 (compatible; Googlebot/2.1; +http://www.google.com/bot.html)"
66.249.68.192 - - [10/Sep/2026:17:48:23 -0400] "GET /?a=places-faces-bag-%E2%80%93-bazaar-essential-cc-a6R5AkUa HTTP/1.1" 200 223763 "-" "Mozilla/5.0 (Linux; Android 6.0.1; Nexus 5X Build/MMB29P) AppleWebKit/537.36 (KHTML, like Gecko) Chrome/153.0.8010.36 Mobile Safari/537.36 (compatible; Googlebot/2.1; +http://www.google.com/bot.html)"
66.249.68.192 - - [10/Sep/2026:17:48:29 -0400] "GET /sliders/amenidades/interiores-mob.html HTTP/1.1" 200 3463 "https://heredit.mx/?a=places-faces-bag-%E2%80%93-bazaar-essential-cc-a6R5AkUa" "Mozilla/5.0 (Linux; Android 6.0.1; Nexus 5X Build/MMB29P) AppleWebKit/537.36 (KHTML, like Gecko) Chrome/153.0.8010.36 Mobile Safari/537.36 (compatible; Googlebot/2.1; +http://www.google.com/bot.html)"
66.249.68.192 - - [10/Sep/2026:17:48:29 -0400] "GET /wp-content/plugins/elementor-pro/assets/lib/smartmenus/jquery.smartmenus.min.js?ver=1.2.1 HTTP/1.1" 200 24109 "https://heredit.mx/?a=places-faces-bag-%E2%80%93-bazaar-essential-cc-a6R5AkUa" "Mozilla/5.0 (Linux; Android 6.0.1; Nexus 5X Build/MMB29P) AppleWebKit/537.36 (KHTML, like Gecko) Chrome/153.0.8010.36 Mobile Safari/537.36 (compatible; Googlebot/2.1; +http://www.google.com/bot.html)"
66.249.68.192 - - [10/Sep/2026:17:48:29 -0400] "GET /wp-includes/js/imagesloaded.min.js?ver=5.0.0 HTTP/1.1" 200 5520 "https://heredit.mx/?a=places-faces-bag-%E2%80%93-bazaar-essential-cc-a6R5AkUa" "Mozilla/5.0 (Linux; Android 6.0.1; Nexus 5X Build/MMB29P) AppleWebKit/537.36 (KHTML, like Gecko) Chrome/153.0.8010.36 Mobile Safari/537.36 (compatible; Googlebot/2.1; +http://www.google.com/bot.html)"
66.249.68.192 - - [10/Sep/2026:17:48:37 -0400] "GET /wp-content/plugins/elementor-pro/assets/lib/smartmenus/jquery.smartmenus.min.js?ver=1.2.1 HTTP/1.1" 200 24109 "https://heredit.mx/?a=art-of-cuphead-cc-p1ZMV3fx" "Mozilla/5.0 (Linux; Android 6.0.1; Nexus 5X Build/MMB29P) AppleWebKit/537.36 (KHTML, like Gecko) Chrome/153.0.8010.36 Mobile Safari/537.36 (compatible; Googlebot/2.1; +http://www.google.com/bot.html)"
66.249.68.192 - - [10/Sep/2026:17:48:40 -0400] "GET /?a=sobrecamisa-en-mezcla-de-lana-color-crema-sinsay-3141f-cc-yneg2Pho HTTP/1.1" 200 223819 "-" "Mozilla/5.0 (Linux; Android 6.0.1; Nexus 5X Build/MMB29P) AppleWebKit/537.36 (KHTML, like Gecko) Chrome/153.0.8010.36 Mobile Safari/537.36 (compatible; GoogleOther)"
66.249.68.192 - - [10/Sep/2026:17:48:59 -0400] "GET /?a=places-faces-bag-%E2%80%93-bazaar-essential-cc-a6R5AkUa HTTP/1.1" 200 223763 "-" "Mozilla/5.0 (Linux; Android 6.0.1; Nexus 5X Build/MMB29P) AppleWebKit/537.36 (KHTML, like Gecko) Chrome/153.0.8010.36 Mobile Safari/537.36 (compatible; GoogleOther)"
66.249.68.192 - - [10/Sep/2026:17:49:14 -0400] "GET /?a=onean-carver-x-jetboard-aquatic-aviation-cc-RNezwwU7 HTTP/1.1" 200 223763 "-" "Mozilla/5.0 (Linux; Android 6.0.1; Nexus 5X Build/MMB29P) AppleWebKit/537.36 (KHTML, like Gecko) Chrome/153.0.8010.36 Mobile Safari/537.36 (compatible; GoogleOther)"
66.249.68.192 - - [10/Sep/2026:17:49:49 -0400] "GET /?a=southern-cheese-biscuits-cc-51wwbLHn HTTP/1.1" 200 223699 "-" "Mozilla/5.0 (Linux; Android 6.0.1; Nexus 5X Build/MMB29P) AppleWebKit/537.36 (KHTML, like Gecko) Chrome/153.0.8010.36 Mobile Safari/537.36 (compatible; Googlebot/2.1; +http://www.google.com/bot.html)"
66.249.68.192 - - [10/Sep/2026:17:49:54 -0400] "GET /wp-content/uploads/2024/06/icon-washed.svg HTTP/1.1" 200 2936 "https://heredit.mx/sliders/cards/index.html" "Mozilla/5.0 (Linux; Android 6.0.1; Nexus 5X Build/MMB29P) AppleWebKit/537.36 (KHTML, like Gecko) Chrome/153.0.8010.36 Mobile Safari/537.36 (compatible; Googlebot/2.1; +http://www.google.com/bot.html)"
66.249.68.192 - - [10/Sep/2026:17:49:54 -0400] "GET /wp-content/uploads/2024/06/icon-washed.svg HTTP/1.1" 200 2936 "https://heredit.mx/sliders/cards/index.html" "Mozilla/5.0 (Linux; Android 6.0.1; Nexus 5X Build/MMB29P) AppleWebKit/537.36 (KHTML, like Gecko) Chrome/153.0.8010.36 Mobile Safari/537.36 (compatible; Googlebot/2.1; +http://www.google.com/bot.html)"
66.249.68.192 - - [10/Sep/2026:17:49:56 -0400] "GET /wp-content/plugins/wpforms/assets/js/integrations/elementor/frontend.min.js?ver=1.10.2.1 HTTP/1.1" 200 1485 "https://heredit.mx/?a=onean-carver-x-jetboard-aquatic-aviation-cc-RNezwwU7" "Mozilla/5.0 (Linux; Android 6.0.1; Nexus 5X Build/MMB29P) AppleWebKit/537.36 (KHTML, like Gecko) Chrome/153.0.8010.36 Mobile Safari/537.36 (compatible; GoogleOther)"
66.249.68.194 - - [10/Sep/2026:17:50:07 -0400] "GET /?a=women-s-soft-solid-color-pashmina-shawl-wrap-scarf-cc-pYkN1Rhx HTTP/1.1" 200 223803 "-" "Mozilla/5.0 (Linux; Android 6.0.1; Nexus 5X Build/MMB29P) AppleWebKit/537.36 (KHTML, like Gecko) Chrome/153.0.8010.36 Mobile Safari/537.36 (compatible; Googlebot/2.1; +http://www.google.com/bot.html)"
66.249.68.194 - - [10/Sep/2026:17:50:09 -0400] "GET /sliders/cercanias/script.js HTTP/1.1" 200 2513 "https://heredit.mx/sliders/cercanias/index.html" "Mozilla/5.0 (Linux; Android 6.0.1; Nexus 5X Build/MMB29P) AppleWebKit/537.36 (KHTML, like Gecko) Chrome/153.0.8010.36 Mobile Safari/537.36 (compatible; GoogleOther)"
66.249.68.192 - - [10/Sep/2026:17:50:11 -0400] "GET /sliders/cercanias/script.js HTTP/1.1" 200 2513 "https://heredit.mx/sliders/cercanias/index-mob.html" "Mozilla/5.0 (Linux; Android 6.0.1; Nexus 5X Build/MMB29P) AppleWebKit/537.36 (KHTML, like Gecko) Chrome/153.0.8010.36 Mobile Safari/537.36 (compatible; GoogleOther)"
66.249.68.192 - - [10/Sep/2026:17:50:13 -0400] "GET /wp-content/plugins/elementor-pro/assets/lib/smartmenus/jquery.smartmenus.min.js?ver=1.2.1 HTTP/1.1" 200 24109 "https://heredit.mx/?a=women-s-soft-solid-color-pashmina-shawl-wrap-scarf-cc-pYkN1Rhx" "Mozilla/5.0 (Linux; Android 6.0.1; Nexus 5X Build/MMB29P) AppleWebKit/537.36 (KHTML, like Gecko) Chrome/153.0.8010.36 Mobile Safari/537.36 (compatible; Googlebot/2.1; +http://www.google.com/bot.html)"
66.249.68.192 - - [10/Sep/2026:17:50:13 -0400] "GET /sliders/amenidades/interiores-mob.html HTTP/1.1" 200 3463 "https://heredit.mx/?a=women-s-soft-solid-color-pashmina-shawl-wrap-scarf-cc-pYkN1Rhx" "Mozilla/5.0 (Linux; Android 6.0.1; Nexus 5X Build/MMB29P) AppleWebKit/537.36 (KHTML, like Gecko) Chrome/153.0.8010.36 Mobile Safari/537.36 (compatible; Googlebot/2.1; +http://www.google.com/bot.html)"
66.249.68.192 - - [10/Sep/2026:17:50:14 -0400] "GET /wp-includes/js/imagesloaded.min.js?ver=5.0.0 HTTP/1.1" 200 5520 "https://heredit.mx/?a=women-s-soft-solid-color-pashmina-shawl-wrap-scarf-cc-pYkN1Rhx" "Mozilla/5.0 (Linux; Android 6.0.1; Nexus 5X Build/MMB29P) AppleWebKit/537.36 (KHTML, like Gecko) Chrome/153.0.8010.36 Mobile Safari/537.36 (compatible; Googlebot/2.1; +http://www.google.com/bot.html)"
66.249.68.193 - - [10/Sep/2026:17:50:14 -0400] "GET /wp-includes/js/dist/hooks.min.js?ver=f0f188028580e8dc1255 HTTP/1.1" 200 5107 "https://heredit.mx/?a=women-s-soft-solid-color-pashmina-shawl-wrap-scarf-cc-pYkN1Rhx" "Mozilla/5.0 (Linux; Android 6.0.1; Nexus 5X Build/MMB29P) AppleWebKit/537.36 (KHTML, like Gecko) Chrome/153.0.8010.36 Mobile Safari/537.36 (compatible; Googlebot/2.1; +http://www.google.com/bot.html)"
66.249.68.193 - - [10/Sep/2026:17:50:15 -0400] "GET /sliders/amenidades/style.css HTTP/1.1" 200 3139 "https://heredit.mx/sliders/amenidades/interiores.html" "Mozilla/5.0 (Linux; Android 6.0.1; Nexus 5X Build/MMB29P) AppleWebKit/537.36 (KHTML, like Gecko) Chrome/153.0.8010.36 Mobile Safari/537.36 (compatible; Googlebot/2.1; +http://www.google.com/bot.html)"
66.249.68.192 - - [10/Sep/2026:17:50:23 -0400] "GET /?a=southern-cheese-biscuits-cc-51wwbLHn HTTP/1.1" 200 223699 "-" "Mozilla/5.0 (Linux; Android 6.0.1; Nexus 5X Build/MMB29P) AppleWebKit/537.36 (KHTML, like Gecko) Chrome/153.0.8010.36 Mobile Safari/537.36 (compatible; GoogleOther)"
199.250.222.155 - - [10/Sep/2026:17:50:29 -0400] "POST /wp-cron.php?doing_wp_cron=1789077029.7624580860137939453125 HTTP/1.1" 200 - "-" "WordPress/7.1; https://heredit.mx"
52.167.144.67 - - [10/Sep/2026:17:50:29 -0400] "GET /robots.txt HTTP/1.1" 301 - "-" "Mozilla/5.0 AppleWebKit/537.36 (KHTML, like Gecko; compatible; bingbot/2.0; +http://www.bing.com/bingbot.htm) Chrome/116.0.1938.76 Safari/537.36"
52.167.144.67 - - [10/Sep/2026:17:50:29 -0400] "GET /robots.txt HTTP/1.1" 200 267 "-" "Mozilla/5.0 AppleWebKit/537.36 (KHTML, like Gecko; compatible; bingbot/2.0; +http://www.bing.com/bingbot.htm) Chrome/116.0.1938.76 Safari/537.36"
66.249.68.192 - - [10/Sep/2026:17:50:41 -0400] "GET /?a=women-s-soft-solid-color-pashmina-shawl-wrap-scarf-cc-pYkN1Rhx HTTP/1.1" 200 223803 "-" "Mozilla/5.0 (Linux; Android 6.0.1; Nexus 5X Build/MMB29P) AppleWebKit/537.36 (KHTML, like Gecko) Chrome/153.0.8010.36 Mobile Safari/537.36 (compatible; GoogleOther)"
66.249.68.194 - - [10/Sep/2026:17:51:15 -0400] "GET /?a=ex-makashi-ii-mkt50-g-geh%C3%A4use-rgb-%E2%80%93-pc-cc-j1vNanTO HTTP/1.1" 200 223787 "-" "Mozilla/5.0 (Linux; Android 6.0.1; Nexus 5X Build/MMB29P) AppleWebKit/537.36 (KHTML, like Gecko) Chrome/153.0.8010.36 Mobile Safari/537.36 (compatible; GoogleOther)"
199.250.222.155 - - [10/Sep/2026:17:51:33 -0400] "POST /wp-cron.php?doing_wp_cron=1789077093.6561160087585449218750 HTTP/1.1" 200 - "-" "WordPress/7.1; https://heredit.mx"
66.249.68.192 - - [10/Sep/2026:17:51:32 -0400] "GET /?a=sale-starbucks-2020-china-winter-cute-black-cat-12oz-cc-8gmwEwIx HTTP/1.1" 200 223811 "-" "Mozilla/5.0 (Linux; Android 6.0.1; Nexus 5X Build/MMB29P) AppleWebKit/537.36 (KHTML, like Gecko) Chrome/153.0.8010.36 Mobile Safari/537.36 (compatible; GoogleOther)"
66.249.68.192 - - [10/Sep/2026:17:51:55 -0400] "GET /?a=ex-makashi-ii-mkt50-g-geh%C3%A4use-rgb-%E2%80%93-pc-cc-j1vNanTO HTTP/1.1" 200 223787 "-" "Mozilla/5.0 (Linux; Android 6.0.1; Nexus 5X Build/MMB29P) AppleWebKit/537.36 (KHTML, like Gecko) Chrome/153.0.8010.36 Mobile Safari/537.36 (compatible; Googlebot/2.1; +http://www.google.com/bot.html)"
66.249.68.193 - - [10/Sep/2026:17:52:10 -0400] "GET /?a=sale-starbucks-2020-china-winter-cute-black-cat-12oz-cc-8gmwEwIx HTTP/1.1" 200 223811 "-" "Mozilla/5.0 (Linux; Android 6.0.1; Nexus 5X Build/MMB29P) AppleWebKit/537.36 (KHTML, like Gecko) Chrome/153.0.8010.36 Mobile Safari/537.36 (compatible; Googlebot/2.1; +http://www.google.com/bot.html)"
66.249.68.193 - - [10/Sep/2026:17:52:24 -0400] "GET /?a=riviera-27-round-54-deep-above-ground-swimming-pool-cc-vkVxa7uP HTTP/1.1" 200 223807 "-" "Mozilla/5.0 (Linux; Android 6.0.1; Nexus 5X Build/MMB29P) AppleWebKit/537.36 (KHTML, like Gecko) Chrome/153.0.8010.36 Mobile Safari/537.36 (compatible; Googlebot/2.1; +http://www.google.com/bot.html)"
199.250.222.155 - - [10/Sep/2026:17:52:33 -0400] "POST /wp-cron.php?doing_wp_cron=1789077153.9292500019073486328125 HTTP/1.1" 200 - "-" "WordPress/7.1; https://heredit.mx"
40.77.167.126 - - [10/Sep/2026:17:52:33 -0400] "GET /kuskite-524609-pusfp/ HTTP/1.1" 301 - "-" "Mozilla/5.0 AppleWebKit/537.36 (KHTML, like Gecko; compatible; bingbot/2.0; +http://www.bing.com/bingbot.htm) Chrome/116.0.1938.76 Safari/537.36"
