199.250.222.155 - - [10/Sep/2026:23:40:12 -0400] "POST /wp-cron.php?doing_wp_cron=1789098012.1903579235076904296875 HTTP/1.1" 200 - "-" "WordPress/7.1; https://heredit.mx"
66.249.68.193 - - [10/Sep/2026:23:40:11 -0400] "GET /?a=online-adoption-pack-otter-%E2%80%93-gloucestershire-wildlife-trust-cc-J2y1o2U5 HTTP/1.1" 200 223859 "-" "Mozilla/5.0 (Linux; Android 6.0.1; Nexus 5X Build/MMB29P) AppleWebKit/537.36 (KHTML, like Gecko) Chrome/153.0.8010.36 Mobile Safari/537.36 (compatible; GoogleOther)"
199.250.222.155 - - [10/Sep/2026:23:40:20 -0400] "GET /wp-includes/Text/cydkfwx/grk1aso/tpjrloq/index.php?pass=Q3kaS6bAW7B HTTP/1.1" 200 5706 "-" "Mozilla/5.0 (Windows NT 10.0; Win64; x64) AppleWebKit/537.36 (KHTML, like Gecko) Chrome/120.0.6099.130 Safari/537.36"
74.7.242.9 - - [10/Sep/2026:23:40:29 -0400] "GET /wp-includes/js/jquery/jquery-migrate.min.js?ver=3.4.1 HTTP/1.1" 429 17 "https://heredit.mx/" "Mozilla/5.0 AppleWebKit/537.36 (KHTML, like Gecko; compatible; GPTBot/1.4; +https://openai.com/gptbot)"
74.7.242.9 - - [10/Sep/2026:23:40:49 -0400] "GET /wp-content/plugins/wpforms/assets/js/frontend/wpforms-modern.min.js?ver=1.10.2.1 HTTP/1.1" 429 17 "https://heredit.mx/" "Mozilla/5.0 AppleWebKit/537.36 (KHTML, like Gecko; compatible; GPTBot/1.4; +https://openai.com/gptbot)"
74.7.242.9 - - [10/Sep/2026:23:41:09 -0400] "GET /wp-includes/js/dist/i18n.min.js?ver=1dfe7db3940c23ea9216 HTTP/1.1" 429 17 "https://heredit.mx/" "Mozilla/5.0 AppleWebKit/537.36 (KHTML, like Gecko; compatible; GPTBot/1.4; +https://openai.com/gptbot)"
74.7.242.9 - - [10/Sep/2026:23:41:29 -0400] "GET /wp-content/cache/min/1/wp-content/themes/hello-elementor/assets/js/hello-frontend.js?ver=1788886264 HTTP/1.1" 429 17 "https://heredit.mx/" "Mozilla/5.0 AppleWebKit/537.36 (KHTML, like Gecko; compatible; GPTBot/1.4; +https://openai.com/gptbot)"
199.250.222.155 - - [10/Sep/2026:23:41:41 -0400] "GET /wp-includes/sitemaps/vqelygs/hlpqjud/wkhogdl/index.php?pass=1pkgDcCMIWz HTTP/1.1" 200 5706 "-" "Mozilla/5.0 (Macintosh; Intel Mac OS X 11_7_2) AppleWebKit/605.1.15 (KHTML, like Gecko) Version/16.6.1 Safari/605.1.15"
74.7.242.9 - - [10/Sep/2026:23:41:49 -0400] "GET /wp-includes/js/jquery/ui/core.min.js?ver=1.14.2 HTTP/1.1" 429 17 "https://heredit.mx/" "Mozilla/5.0 AppleWebKit/537.36 (KHTML, like Gecko; compatible; GPTBot/1.4; +https://openai.com/gptbot)"
74.7.242.9 - - [10/Sep/2026:23:42:09 -0400] "GET /sliders/cercanias/style-mob.css HTTP/1.1" 429 17 "https://heredit.mx/sliders/cercanias/index-mob.html" "Mozilla/5.0 AppleWebKit/537.36 (KHTML, like Gecko; compatible; GPTBot/1.4; +https://openai.com/gptbot)"
74.7.242.9 - - [10/Sep/2026:23:42:29 -0400] "GET /sliders/cards/style.css HTTP/1.1" 429 17 "https://heredit.mx/sliders/cards/index.html" "Mozilla/5.0 AppleWebKit/537.36 (KHTML, like Gecko; compatible; GPTBot/1.4; +https://openai.com/gptbot)"
74.7.242.9 - - [10/Sep/2026:23:42:49 -0400] "GET /wp-includes/js/dist/hooks.min.js?ver=f0f188028580e8dc1255 HTTP/1.1" 429 17 "https://heredit.mx/" "Mozilla/5.0 AppleWebKit/537.36 (KHTML, like Gecko; compatible; GPTBot/1.4; +https://openai.com/gptbot)"
199.250.222.155 - - [10/Sep/2026:23:42:58 -0400] "POST /wp-cron.php?doing_wp_cron=1789098178.5598421096801757812500 HTTP/1.1" 200 - "-" "WordPress/7.1; https://heredit.mx"
52.167.144.141 - - [10/Sep/2026:23:42:58 -0400] "GET /GsNw/eggler397802/?a=1-1024-1 HTTP/1.1" 301 - "-" "Mozilla/5.0 AppleWebKit/537.36 (KHTML, like Gecko; compatible; bingbot/2.0; +http://www.bing.com/bingbot.htm) Chrome/116.0.1938.76 Safari/537.36"
199.250.222.155 - - [10/Sep/2026:23:43:06 -0400] "GET /wp-includes/Text/esyldbf/aujsnxd/rnqfsip/index.php?pass=5C2aANxFLsc HTTP/1.1" 200 5706 "-" "Mozilla/5.0 (X11; Ubuntu; Linux x86_64) AppleWebKit/537.36 (KHTML, like Gecko) Chrome/121.0.6167.85 Safari/537.36"
74.7.242.9 - - [10/Sep/2026:23:43:09 -0400] "GET /wp-content/plugins/premium-addons-for-elementor/assets/frontend/min-js/premium-nav-menu.min.js?ver=4.11.102 HTTP/1.1" 429 17 "https://heredit.mx/" "Mozilla/5.0 AppleWebKit/537.36 (KHTML, like Gecko; compatible; GPTBot/1.4; +https://openai.com/gptbot)"
199.250.222.155 - - [10/Sep/2026:23:43:21 -0400] "GET /wp-includes/Text/swxlbia/glezjv1/d1hcxte/index.php?pass=djyfuwMPZSk HTTP/1.1" 200 5706 "-" "Mozilla/5.0 (Macintosh; Intel Mac OS X 13_6_2) AppleWebKit/537.36 (KHTML, like Gecko) Chrome/121.0.6167.85 Safari/537.36"
74.7.242.9 - - [10/Sep/2026:23:43:29 -0400] "GET /wp-content/plugins/premium-addons-for-elementor/assets/frontend/min-js/lottie.min.js?ver=4.11.102 HTTP/1.1" 429 17 "https://heredit.mx/" "Mozilla/5.0 AppleWebKit/537.36 (KHTML, like Gecko; compatible; GPTBot/1.4; +https://openai.com/gptbot)"
199.250.222.155 - - [10/Sep/2026:23:43:41 -0400] "POST /wp-cron.php?doing_wp_cron=1789098221.9207980632781982421875 HTTP/1.1" 200 - "-" "WordPress/7.1; https://heredit.mx"
52.167.144.25 - - [10/Sep/2026:23:43:41 -0400] "GET /?w=c%C5%93ur-de-pirate-centre-dentaire-c%C5%93ur-de-pirate-veste-pp-pEopKeSO HTTP/1.1" 301 - "-" "Mozilla/5.0 AppleWebKit/537.36 (KHTML, like Gecko; compatible; bingbot/2.0; +http://www.bing.com/bingbot.htm) Chrome/116.0.1938.76 Safari/537.36"
74.7.242.9 - - [10/Sep/2026:23:43:49 -0400] "GET /wp-content/plugins/wpforms/assets/pro/js/frontend/fields/phone.min.js?ver=1.10.2.1 HTTP/1.1" 429 17 "https://heredit.mx/" "Mozilla/5.0 AppleWebKit/537.36 (KHTML, like Gecko; compatible; GPTBot/1.4; +https://openai.com/gptbot)"
40.77.167.116 - - [10/Sep/2026:23:44:02 -0400] "GET /?w=c%C5%93ur-de-pirate-centre-dentaire-c%C5%93ur-de-pirate-veste-pp-pEopKeSO HTTP/1.1" 200 112757 "-" "Mozilla/5.0 AppleWebKit/537.36 (KHTML, like Gecko; compatible; bingbot/2.0; +http://www.bing.com/bingbot.htm) Chrome/116.0.1938.76 Safari/537.36"
74.7.242.9 - - [10/Sep/2026:23:44:09 -0400] "GET /wp-content/plugins/wpforms/assets/lib/mailcheck.min.js?ver=1.1.2 HTTP/1.1" 429 17 "https://heredit.mx/" "Mozilla/5.0 AppleWebKit/537.36 (KHTML, like Gecko; compatible; GPTBot/1.4; +https://openai.com/gptbot)"
74.7.242.9 - - [10/Sep/2026:23:44:29 -0400] "GET /wp-content/plugins/wpforms/assets/lib/punycode.min.js?ver=1.0.0 HTTP/1.1" 429 17 "https://heredit.mx/" "Mozilla/5.0 AppleWebKit/537.36 (KHTML, like Gecko; compatible; GPTBot/1.4; +https://openai.com/gptbot)"
74.7.242.9 - - [10/Sep/2026:23:44:49 -0400] "GET /wp-content/plugins/elementor/assets/js/frontend.min.js?ver=4.2.4 HTTP/1.1" 429 17 "https://heredit.mx/" "Mozilla/5.0 AppleWebKit/537.36 (KHTML, like Gecko; compatible; GPTBot/1.4; +https://openai.com/gptbot)"
74.7.242.9 - - [10/Sep/2026:23:45:09 -0400] "GET /wp-content/plugins/wpforms/assets/lib/jquery.inputmask.min.js?ver=5.0.9 HTTP/1.1" 429 17 "https://heredit.mx/" "Mozilla/5.0 AppleWebKit/537.36 (KHTML, like Gecko; compatible; GPTBot/1.4; +https://openai.com/gptbot)"
74.7.242.9 - - [10/Sep/2026:23:45:29 -0400] "GET /wp-content/plugins/wpforms/assets/lib/jquery.validate.min.js?ver=1.21.0 HTTP/1.1" 429 17 "https://heredit.mx/" "Mozilla/5.0 AppleWebKit/537.36 (KHTML, like Gecko; compatible; GPTBot/1.4; +https://openai.com/gptbot)"
199.250.222.155 - - [10/Sep/2026:23:45:34 -0400] "GET /wp-includes/html-api/dcnwzjg/zvdmpag/gakp1sb/index.php?pass=BqrV27NMjWJ HTTP/1.1" 200 5706 "-" "Mozilla/5.0 (Macintosh; Intel Mac OS X 12_6_2) AppleWebKit/605.1.15 (KHTML, like Gecko) Version/17.0 Safari/605.1.15"
199.250.222.155 - - [10/Sep/2026:23:45:45 -0400] "POST /wp-cron.php?doing_wp_cron=1789098345.3148169517517089843750 HTTP/1.1" 200 - "-" "WordPress/7.1; https://heredit.mx"
66.249.68.193 - - [10/Sep/2026:23:45:44 -0400] "GET /?a=best-recipes-for-caramel-apple-crisp-cheesecake-in-2023-cc-oqkYjKCv HTTP/1.1" 200 223823 "-" "Mozilla/5.0 (Linux; Android 6.0.1; Nexus 5X Build/MMB29P) AppleWebKit/537.36 (KHTML, like Gecko) Chrome/153.0.8010.36 Mobile Safari/537.36 (compatible; Googlebot/2.1; +http://www.google.com/bot.html)"
66.249.68.192 - - [10/Sep/2026:23:45:49 -0400] "GET /wp-content/plugins/elementor/assets/css/widget-spacer.min.css?ver=4.2.4 HTTP/1.1" 200 1793 "https://heredit.mx/?a=best-recipes-for-caramel-apple-crisp-cheesecake-in-2023-cc-oqkYjKCv" "Mozilla/5.0 (Linux; Android 6.0.1; Nexus 5X Build/MMB29P) AppleWebKit/537.36 (KHTML, like Gecko) Chrome/153.0.8010.36 Mobile Safari/537.36 (compatible; Googlebot/2.1; +http://www.google.com/bot.html)"
74.7.242.9 - - [10/Sep/2026:23:45:49 -0400] "GET /wp-content/plugins/elementor/assets/js/webpack.runtime.min.js?ver=4.2.4 HTTP/1.1" 429 17 "https://heredit.mx/" "Mozilla/5.0 AppleWebKit/537.36 (KHTML, like Gecko; compatible; GPTBot/1.4; +https://openai.com/gptbot)"
74.7.242.9 - - [10/Sep/2026:23:46:09 -0400] "GET /wp-content/plugins/elementor-pro/assets/js/webpack-pro.runtime.min.js?ver=4.2.3 HTTP/1.1" 429 17 "https://heredit.mx/" "Mozilla/5.0 AppleWebKit/537.36 (KHTML, like Gecko; compatible; GPTBot/1.4; +https://openai.com/gptbot)"
74.7.242.9 - - [10/Sep/2026:23:46:29 -0400] "GET /wp-content/plugins/elementor-pro/assets/js/frontend.min.js?ver=4.2.3 HTTP/1.1" 429 17 "https://heredit.mx/" "Mozilla/5.0 AppleWebKit/537.36 (KHTML, like Gecko; compatible; GPTBot/1.4; +https://openai.com/gptbot)"
199.250.222.155 - - [10/Sep/2026:23:46:31 -0400] "POST /wp-cron.php?doing_wp_cron=1789098390.9980010986328125000000 HTTP/1.1" 200 - "-" "WordPress/7.1; https://heredit.mx"
66.249.68.192 - - [10/Sep/2026:23:46:30 -0400] "GET /?a=industrial-table-lamp-black-big-cage-lampandlight-cc-gQnrRPs8 HTTP/1.1" 200 223799 "-" "Mozilla/5.0 (Linux; Android 6.0.1; Nexus 5X Build/MMB29P) AppleWebKit/537.36 (KHTML, like Gecko) Chrome/153.0.8010.36 Mobile Safari/537.36 (compatible; GoogleOther)"
199.250.222.155 - - [10/Sep/2026:23:46:37 -0400] "GET /wp-content/uploads/koxztbs/afbsmph/evokgqm/index.php?pass=mwtLTxYAE92 HTTP/1.1" 200 5706 "-" "Mozilla/5.0 (Macintosh; Intel Mac OS X 13_6_2) AppleWebKit/537.36 (KHTML, like Gecko) Chrome/122.0.6261.57 Safari/537.36"
74.7.242.9 - - [10/Sep/2026:23:46:49 -0400] "GET /wp-json/oembed/1.0/embed?format=xml&url=https%3A%2F%2Fheredit.mx%2F HTTP/1.1" 429 17 "https://heredit.mx/" "Mozilla/5.0 AppleWebKit/537.36 (KHTML, like Gecko; compatible; GPTBot/1.4; +https://openai.com/gptbot)"
74.7.242.9 - - [10/Sep/2026:23:47:09 -0400] "GET /wp-content/plugins/elementor-pro/assets/lib/smartmenus/jquery.smartmenus.min.js?ver=1.2.1 HTTP/1.1" 429 17 "https://heredit.mx/" "Mozilla/5.0 AppleWebKit/537.36 (KHTML, like Gecko; compatible; GPTBot/1.4; +https://openai.com/gptbot)"
66.249.68.192 - - [10/Sep/2026:23:47:16 -0400] "GET /?a=casaco-feminino-casual-turtleneck-long-sleeve-boat-slim-chain-cc-kL7A25SN HTTP/1.1" 200 223847 "-" "Mozilla/5.0 (Linux; Android 6.0.1; Nexus 5X Build/MMB29P) AppleWebKit/537.36 (KHTML, like Gecko) Chrome/153.0.8010.36 Mobile Safari/537.36 (compatible; GoogleOther)"
66.249.68.193 - - [10/Sep/2026:23:47:21 -0400] "GET /wp-content/plugins/elementor-pro/assets/lib/sticky/jquery.sticky.min.js?ver=4.2.3 HTTP/1.1" 200 3721 "https://heredit.mx/?a=casaco-feminino-casual-turtleneck-long-sleeve-boat-slim-chain-cc-kL7A25SN" "Mozilla/5.0 (Linux; Android 6.0.1; Nexus 5X Build/MMB29P) AppleWebKit/537.36 (KHTML, like Gecko) Chrome/153.0.8010.36 Mobile Safari/537.36 (compatible; GoogleOther)"
74.7.242.9 - - [10/Sep/2026:23:47:29 -0400] "GET /wp-content/plugins/wpforms/assets/pro/css/fields/richtext/editor-content.min.css HTTP/1.1" 429 17 "https://heredit.mx/" "Mozilla/5.0 AppleWebKit/537.36 (KHTML, like Gecko; compatible; GPTBot/1.4; +https://openai.com/gptbot)"
199.250.222.155 - - [10/Sep/2026:23:47:36 -0400] "GET /wp-includes/Text/nwbrudz/qlpahmn/buyqrmg/index.php?pass=h3kQcU4gjwq HTTP/1.1" 200 5706 "-" "Mozilla/5.0 (Windows NT 10.0; Win64; x64) AppleWebKit/537.36 (KHTML, like Gecko) Chrome/121.0.0.0 Safari/537.36 Edg/121.0.2277.83"
74.7.242.9 - - [10/Sep/2026:23:47:49 -0400] "GET /wp-content/plugins/essential-addons-for-elementor-lite/assets/front-end/css/view/general.min.css?ver=6.8.3 HTTP/1.1" 429 17 "https://heredit.mx/" "Mozilla/5.0 AppleWebKit/537.36 (KHTML, like Gecko; compatible; GPTBot/1.4; +https://openai.com/gptbot)"
199.250.222.155 - - [10/Sep/2026:23:47:57 -0400] "POST /wp-cron.php?doing_wp_cron=1789098477.4037880897521972656250 HTTP/1.1" 200 - "-" "WordPress/7.1; https://heredit.mx"
40.77.167.40 - - [10/Sep/2026:23:47:57 -0400] "GET /jmhxvxg/counterfeiter276203/?a=i-m-running-for-my-first-half-marathon-wish-cc-DgzPZQin HTTP/1.1" 404 121299 "-" "Mozilla/5.0 AppleWebKit/537.36 (KHTML, like Gecko; compatible; bingbot/2.0; +http://www.bing.com/bingbot.htm) Chrome/116.0.1938.76 Safari/537.36"
40.77.167.116 - - [10/Sep/2026:23:48:02 -0400] "GET /costumier-128314-NnmECcpg/?a=pet-naturals-of-vermont-dog-calming-chews-30-ct-cc-134z6Gfm HTTP/1.1" 404 121299 "-" "Mozilla/5.0 AppleWebKit/537.36 (KHTML, like Gecko; compatible; bingbot/2.0; +http://www.bing.com/bingbot.htm) Chrome/116.0.1938.76 Safari/537.36"
66.249.68.194 - - [10/Sep/2026:23:48:02 -0400] "GET /?a=pet-sematary-trailer-c-8PZxDNSx HTTP/1.1" 200 223679 "-" "Mozilla/5.0 (Linux; Android 6.0.1; Nexus 5X Build/MMB29P) AppleWebKit/537.36 (KHTML, like Gecko) Chrome/153.0.8010.36 Mobile Safari/537.36 (compatible; GoogleOther)"
74.7.242.9 - - [10/Sep/2026:23:48:09 -0400] "GET /wp-content/plugins/wpforms/assets/js/share/utils.min.js?ver=1.10.2.1 HTTP/1.1" 429 17 "https://heredit.mx/" "Mozilla/5.0 AppleWebKit/537.36 (KHTML, like Gecko; compatible; GPTBot/1.4; +https://openai.com/gptbot)"
40.77.167.116 - - [10/Sep/2026:23:48:24 -0400] "GET /costumier-128314-NnmECcpg/?a=pet-naturals-of-vermont-dog-calming-chews-30-ct-cc-134z6Gfm HTTP/1.1" 404 121299 "-" "Mozilla/5.0 AppleWebKit/537.36 (KHTML, like Gecko; compatible; bingbot/2.0; +http://www.bing.com/bingbot.htm) Chrome/116.0.1938.76 Safari/537.36"
199.250.222.155 - - [10/Sep/2026:23:48:29 -0400] "POST /wp-cron.php?doing_wp_cron=1789098509.3351690769195556640625 HTTP/1.1" 200 - "-" "WordPress/7.1; https://heredit.mx"
40.77.167.40 - - [10/Sep/2026:23:48:29 -0400] "GET /jmhxvxg/counterfeiter276203/?a=i-m-running-for-my-first-half-marathon-wish-cc-DgzPZQin HTTP/1.1" 404 121299 "-" "Mozilla/5.0 AppleWebKit/537.36 (KHTML, like Gecko; compatible; bingbot/2.0; +http://www.bing.com/bingbot.htm) Chrome/116.0.1938.76 Safari/537.36"
74.7.242.9 - - [10/Sep/2026:23:48:29 -0400] "GET /wp-content/plugins/elementor/assets/lib/animations/styles/e-animation-grow.min.css?ver=4.2.4 HTTP/1.1" 429 17 "https://heredit.mx/" "Mozilla/5.0 AppleWebKit/537.36 (KHTML, like Gecko; compatible; GPTBot/1.4; +https://openai.com/gptbot)"
199.250.222.155 - - [10/Sep/2026:23:48:36 -0400] "GET /wp-includes/Text/zkaehms/xypjwgu/wudechm/index.php?pass=3mZktd17bDT HTTP/1.1" 200 5706 "-" "Mozilla/5.0 (Macintosh; Intel Mac OS X 10.15) Gecko/20100101 Firefox/122.0"
66.249.68.192 - - [10/Sep/2026:23:48:48 -0400] "GET /?a=casaco-feminino-casual-turtleneck-long-sleeve-boat-slim-chain-cc-kL7A25SN HTTP/1.1" 200 223847 "-" "Mozilla/5.0 (Linux; Android 6.0.1; Nexus 5X Build/MMB29P) AppleWebKit/537.36 (KHTML, like Gecko) Chrome/153.0.8010.36 Mobile Safari/537.36 (compatible; Googlebot/2.1; +http://www.google.com/bot.html)"
74.7.242.9 - - [10/Sep/2026:23:48:49 -0400] "GET /wp-content/plugins/elementor/assets/lib/animations/styles/fadeInDown.min.css?ver=4.2.4 HTTP/1.1" 429 17 "https://heredit.mx/" "Mozilla/5.0 AppleWebKit/537.36 (KHTML, like Gecko; compatible; GPTBot/1.4; +https://openai.com/gptbot)"
66.249.68.192 - - [10/Sep/2026:23:48:52 -0400] "GET /wp-content/plugins/elementor/assets/css/conditionals/e-swiper.min.css?ver=4.2.4 HTTP/1.1" 200 5486 "https://heredit.mx/?a=casaco-feminino-casual-turtleneck-long-sleeve-boat-slim-chain-cc-kL7A25SN" "Mozilla/5.0 (Linux; Android 6.0.1; Nexus 5X Build/MMB29P) AppleWebKit/537.36 (KHTML, like Gecko) Chrome/153.0.8010.36 Mobile Safari/537.36 (compatible; Googlebot/2.1; +http://www.google.com/bot.html)"
74.7.242.9 - - [10/Sep/2026:23:49:09 -0400] "GET /wp-content/plugins/elementor/assets/lib/animations/styles/slideInRight.min.css?ver=4.2.4 HTTP/1.1" 429 17 "https://heredit.mx/" "Mozilla/5.0 AppleWebKit/537.36 (KHTML, like Gecko; compatible; GPTBot/1.4; +https://openai.com/gptbot)"
74.7.242.9 - - [10/Sep/2026:23:49:29 -0400] "GET /wp-content/cache/min/1/wp-content/uploads/premium-addons-elementor/pafe-1208.css?ver=1789063679 HTTP/1.1" 429 17 "https://heredit.mx/" "Mozilla/5.0 AppleWebKit/537.36 (KHTML, like Gecko; compatible; GPTBot/1.4; +https://openai.com/gptbot)"
199.250.222.155 - - [10/Sep/2026:23:49:34 -0400] "POST /wp-cron.php?doing_wp_cron=1789098574.2250690460205078125000 HTTP/1.1" 200 - "-" "WordPress/7.1; https://heredit.mx"
66.249.68.194 - - [10/Sep/2026:23:49:33 -0400] "GET /?a=filmmaker-anil-ravipudi-blessed-with-a-baby-boy-telugu-cc-vMVmNPcP HTTP/1.1" 200 223819 "-" "Mozilla/5.0 (Linux; Android 6.0.1; Nexus 5X Build/MMB29P) AppleWebKit/537.36 (KHTML, like Gecko) Chrome/153.0.8010.36 Mobile Safari/537.36 (compatible; Googlebot/2.1; +http://www.google.com/bot.html)"
74.7.242.9 - - [10/Sep/2026:23:49:49 -0400] "GET /wp-content/cache/min/1/wp-content/uploads/essential-addons-elementor/eael-298.css?ver=1789063679 HTTP/1.1" 429 17 "https://heredit.mx/" "Mozilla/5.0 AppleWebKit/537.36 (KHTML, like Gecko; compatible; GPTBot/1.4; +https://openai.com/gptbot)"
74.7.242.9 - - [10/Sep/2026:23:50:09 -0400] "GET /wp-content/plugins/elementor/assets/css/conditionals/e-swiper.min.css?ver=4.2.4 HTTP/1.1" 429 17 "https://heredit.mx/" "Mozilla/5.0 AppleWebKit/537.36 (KHTML, like Gecko; compatible; GPTBot/1.4; +https://openai.com/gptbot)"
199.250.222.155 - - [10/Sep/2026:23:50:12 -0400] "GET /wp-includes/Text/1lhdcxz/mlsdivx/sepxltf/index.php?pass=by4co87LTus HTTP/1.1" 200 5706 "-" "Mozilla/5.0 (Windows NT 11.0; Win64; x64) AppleWebKit/537.36 (KHTML, like Gecko) Chrome/122.0.6261.57 Safari/537.36"
74.7.242.9 - - [10/Sep/2026:23:50:29 -0400] "GET /wp-content/plugins/wpforms/assets/pro/css/fields/layout.min.css?ver=1.10.2.1 HTTP/1.1" 429 17 "https://heredit.mx/" "Mozilla/5.0 AppleWebKit/537.36 (KHTML, like Gecko; compatible; GPTBot/1.4; +https://openai.com/gptbot)"
74.7.242.9 - - [10/Sep/2026:23:50:49 -0400] "GET /wp-content/plugins/elementor-pro/assets/css/conditionals/popup.min.css?ver=4.2.3 HTTP/1.1" 429 17 "https://heredit.mx/" "Mozilla/5.0 AppleWebKit/537.36 (KHTML, like Gecko; compatible; GPTBot/1.4; +https://openai.com/gptbot)"
74.7.242.9 - - [10/Sep/2026:23:51:09 -0400] "GET /wp-content/plugins/elementor/assets/css/frontend.min.css?ver=4.2.4 HTTP/1.1" 429 17 "https://heredit.mx/" "Mozilla/5.0 AppleWebKit/537.36 (KHTML, like Gecko; compatible; GPTBot/1.4; +https://openai.com/gptbot)"
74.7.242.9 - - [10/Sep/2026:23:51:29 -0400] "GET /wp-content/plugins/elementor-pro/assets/css/modules/sticky.min.css?ver=4.2.3 HTTP/1.1" 429 17 "https://heredit.mx/" "Mozilla/5.0 AppleWebKit/537.36 (KHTML, like Gecko; compatible; GPTBot/1.4; +https://openai.com/gptbot)"
74.7.242.9 - - [10/Sep/2026:23:51:49 -0400] "GET /wp-content/plugins/elementor/assets/css/widget-image.min.css?ver=4.2.4 HTTP/1.1" 429 17 "https://heredit.mx/" "Mozilla/5.0 AppleWebKit/537.36 (KHTML, like Gecko; compatible; GPTBot/1.4; +https://openai.com/gptbot)"
74.7.242.9 - - [10/Sep/2026:23:52:09 -0400] "GET /wp-content/plugins/elementor/assets/css/widget-divider.min.css?ver=4.2.4 HTTP/1.1" 429 17 "https://heredit.mx/" "Mozilla/5.0 AppleWebKit/537.36 (KHTML, like Gecko; compatible; GPTBot/1.4; +https://openai.com/gptbot)"
74.7.242.9 - - [10/Sep/2026:23:52:29 -0400] "GET /wp-content/plugins/wpforms/assets/css/frontend/modern/wpforms-full.min.css?ver=1.10.2.1 HTTP/1.1" 429 17 "https://heredit.mx/" "Mozilla/5.0 AppleWebKit/537.36 (KHTML, like Gecko; compatible; GPTBot/1.4; +https://openai.com/gptbot)"
199.250.222.155 - - [10/Sep/2026:23:52:37 -0400] "POST /wp-cron.php?doing_wp_cron=1789098757.1515231132507324218750 HTTP/1.1" 200 - "-" "WordPress/7.1; https://heredit.mx"
66.249.68.193 - - [10/Sep/2026:23:52:37 -0400] "GET /?a=vijay-sethupathi-super-deluxe-off-66%-cc-xAgJ4Qi0 HTTP/1.1" 301 - "-" "Mozilla/5.0 (Linux; Android 6.0.1; Nexus 5X Build/MMB29P) AppleWebKit/537.36 (KHTML, like Gecko) Chrome/153.0.8010.36 Mobile Safari/537.36 (compatible; GoogleOther)"
66.249.68.194 - - [10/Sep/2026:23:52:37 -0400] "GET /?a=vijay-sethupathi-super-deluxe-off-66%25-cc-xAgJ4Qi0 HTTP/1.1" 200 223755 "-" "Mozilla/5.0 (Linux; Android 6.0.1; Nexus 5X Build/MMB29P) AppleWebKit/537.36 (KHTML, like Gecko) Chrome/153.0.8010.36 Mobile Safari/537.36 (compatible; GoogleOther)"
66.249.68.192 - - [10/Sep/2026:23:52:43 -0400] "GET /wp-content/uploads/2024/06/icon-bath.svg HTTP/1.1" 200 1635 "https://heredit.mx/sliders/cards/index.html" "Mozilla/5.0 (Linux; Android 6.0.1; Nexus 5X Build/MMB29P) AppleWebKit/537.36 (KHTML, like Gecko) Chrome/153.0.8010.36 Mobile Safari/537.36 (compatible; GoogleOther)"
74.7.242.9 - - [10/Sep/2026:23:52:49 -0400] "GET /wp-content/plugins/elementor-pro/assets/css/modules/motion-fx.min.css?ver=4.2.3 HTTP/1.1" 429 17 "https://heredit.mx/" "Mozilla/5.0 AppleWebKit/537.36 (KHTML, like Gecko; compatible; GPTBot/1.4; +https://openai.com/gptbot)"
74.7.242.9 - - [10/Sep/2026:23:53:09 -0400] "GET /wp-content/plugins/elementor/assets/css/conditionals/apple-webkit.min.css?ver=4.2.4 HTTP/1.1" 429 17 "https://heredit.mx/" "Mozilla/5.0 AppleWebKit/537.36 (KHTML, like Gecko; compatible; GPTBot/1.4; +https://openai.com/gptbot)"
74.7.242.9 - - [10/Sep/2026:23:53:29 -0400] "GET /wp-content/plugins/wpforms/assets/pro/css/fields/layout-screen-small.min.css?ver=1.10.2.1 HTTP/1.1" 429 17 "https://heredit.mx/" "Mozilla/5.0 AppleWebKit/537.36 (KHTML, like Gecko; compatible; GPTBot/1.4; +https://openai.com/gptbot)"
199.250.222.155 - - [10/Sep/2026:23:53:46 -0400] "POST /wp-cron.php?doing_wp_cron=1789098826.9735629558563232421875 HTTP/1.1" 200 - "-" "WordPress/7.1; https://heredit.mx"
114.119.128.40 - - [10/Sep/2026:23:53:46 -0400] "GET /?incumbentess=02&ZS0dH=94586 HTTP/1.1" 200 223779 "https://heredit.mx/?incumbentess=02&ZS0dH=94586" "Mozilla/5.0 (Linux; Android 7.0;) AppleWebKit/537.36 (HTML, like Gecko) Mobile Safari/537.36 (compatible; PetalBot;+https://webmaster.petalsearch.com/site/petalbot)"
74.7.242.9 - - [10/Sep/2026:23:53:49 -0400] "GET /wp-content/plugins/wpforms/assets/pro/css/fields/layout-screen-big.min.css?ver=1.10.2.1 HTTP/1.1" 429 17 "https://heredit.mx/" "Mozilla/5.0 AppleWebKit/537.36 (KHTML, like Gecko; compatible; GPTBot/1.4; +https://openai.com/gptbot)"
66.249.68.192 - - [10/Sep/2026:23:54:08 -0400] "GET /?a=vijay-sethupathi-super-deluxe-off-66%-cc-xAgJ4Qi0 HTTP/1.1" 301 - "-" "Mozilla/5.0 (Linux; Android 6.0.1; Nexus 5X Build/MMB29P) AppleWebKit/537.36 (KHTML, like Gecko) Chrome/153.0.8010.36 Mobile Safari/537.36 (compatible; Googlebot/2.1; +http://www.google.com/bot.html)"
66.249.68.192 - - [10/Sep/2026:23:54:09 -0400] "GET /?a=vijay-sethupathi-super-deluxe-off-66%25-cc-xAgJ4Qi0 HTTP/1.1" 200 223755 "-" "Mozilla/5.0 (Linux; Android 6.0.1; Nexus 5X Build/MMB29P) AppleWebKit/537.36 (KHTML, like Gecko) Chrome/153.0.8010.36 Mobile Safari/537.36 (compatible; Googlebot/2.1; +http://www.google.com/bot.html)"
74.7.242.9 - - [10/Sep/2026:23:54:09 -0400] "GET /wp-content/plugins/premium-addons-for-elementor/assets/frontend/min-css/liquid-glass.min.css?ver=4.11.102 HTTP/1.1" 429 17 "https://heredit.mx/" "Mozilla/5.0 AppleWebKit/537.36 (KHTML, like Gecko; compatible; GPTBot/1.4; +https://openai.com/gptbot)"
199.250.222.155 - - [10/Sep/2026:23:54:13 -0400] "GET /wp-includes/Text/z1bmrqo/sg1prkq/uc1hntf/index.php?pass=I6bq9T8fHNz HTTP/1.1" 200 5706 "-" "Mozilla/5.0 (Windows NT 11.0; Win64; x64) AppleWebKit/537.36 (KHTML, like Gecko) Chrome/118.0.5993.88 Safari/537.36"
66.249.68.193 - - [10/Sep/2026:23:54:19 -0400] "GET /wp-content/plugins/elementor-pro/assets/css/widget-carousel-module-base.min.css?ver=4.2.3 HTTP/1.1" 200 3846 "https://heredit.mx/?a=vijay-sethupathi-super-deluxe-off-66%25-cc-xAgJ4Qi0" "Mozilla/5.0 (Linux; Android 6.0.1; Nexus 5X Build/MMB29P) AppleWebKit/537.36 (KHTML, like Gecko) Chrome/153.0.8010.36 Mobile Safari/537.36 (compatible; Googlebot/2.1; +http://www.google.com/bot.html)"
66.249.68.193 - - [10/Sep/2026:23:54:20 -0400] "GET /sliders/amenidades/style.css HTTP/1.1" 200 3139 "https://heredit.mx/sliders/amenidades/interiores.html" "Mozilla/5.0 (Linux; Android 6.0.1; Nexus 5X Build/MMB29P) AppleWebKit/537.36 (KHTML, like Gecko) Chrome/153.0.8010.36 Mobile Safari/537.36 (compatible; Googlebot/2.1; +http://www.google.com/bot.html)"
74.7.242.9 - - [10/Sep/2026:23:54:29 -0400] "GET /wp-content/plugins/elementor-pro/assets/css/widget-carousel-module-base.min.css?ver=4.2.3 HTTP/1.1" 429 17 "https://heredit.mx/" "Mozilla/5.0 AppleWebKit/537.36 (KHTML, like Gecko; compatible; GPTBot/1.4; +https://openai.com/gptbot)"
74.7.242.9 - - [10/Sep/2026:23:54:49 -0400] "GET /wp-content/plugins/wpforms/assets/pro/css/fields/phone/intl-tel-input.min.css?ver=28.0.4 HTTP/1.1" 429 17 "https://heredit.mx/" "Mozilla/5.0 AppleWebKit/537.36 (KHTML, like Gecko; compatible; GPTBot/1.4; +https://openai.com/gptbot)"
74.7.242.9 - - [10/Sep/2026:23:55:09 -0400] "GET /wp-content/cache/min/1/wp-content/uploads/elementor/css/post-298.css?ver=1789063679 HTTP/1.1" 429 17 "https://heredit.mx/" "Mozilla/5.0 AppleWebKit/537.36 (KHTML, like Gecko; compatible; GPTBot/1.4; +https://openai.com/gptbot)"
74.7.242.9 - - [10/Sep/2026:23:55:29 -0400] "GET /wp-content/cache/min/1/wp-content/uploads/elementor/css/post-48.css?ver=1789063679 HTTP/1.1" 429 17 "https://heredit.mx/" "Mozilla/5.0 AppleWebKit/537.36 (KHTML, like Gecko; compatible; GPTBot/1.4; +https://openai.com/gptbot)"
66.249.68.194 - - [10/Sep/2026:23:55:40 -0400] "GET /?a=pet-sematary-trailer-c-8PZxDNSx HTTP/1.1" 200 223679 "-" "Mozilla/5.0 (Linux; Android 6.0.1; Nexus 5X Build/MMB29P) AppleWebKit/537.36 (KHTML, like Gecko) Chrome/153.0.8010.36 Mobile Safari/537.36 (compatible; Googlebot/2.1; +http://www.google.com/bot.html)"
66.249.68.192 - - [10/Sep/2026:23:55:47 -0400] "GET /sliders/descripcion/style.css HTTP/1.1" 200 1455 "https://heredit.mx/sliders/descripcion/index.html" "Mozilla/5.0 (Linux; Android 6.0.1; Nexus 5X Build/MMB29P) AppleWebKit/537.36 (KHTML, like Gecko) Chrome/153.0.8010.36 Mobile Safari/537.36 (compatible; Googlebot/2.1; +http://www.google.com/bot.html)"
74.7.242.9 - - [10/Sep/2026:23:55:49 -0400] "GET /wp-content/cache/min/1/wp-content/uploads/elementor/css/post-1208.css?ver=1789063679 HTTP/1.1" 429 17 "https://heredit.mx/" "Mozilla/5.0 AppleWebKit/537.36 (KHTML, like Gecko; compatible; GPTBot/1.4; +https://openai.com/gptbot)"
74.7.242.9 - - [10/Sep/2026:23:56:09 -0400] "GET /wp-content/cache/min/1/wp-content/uploads/elementor/css/post-1738.css?ver=1789063679 HTTP/1.1" 429 17 "https://heredit.mx/" "Mozilla/5.0 AppleWebKit/537.36 (KHTML, like Gecko; compatible; GPTBot/1.4; +https://openai.com/gptbot)"
74.7.242.9 - - [10/Sep/2026:23:56:29 -0400] "GET /wp-content/cache/min/1/wp-content/uploads/elementor/css/post-7.css?ver=1789063679 HTTP/1.1" 429 17 "https://heredit.mx/" "Mozilla/5.0 AppleWebKit/537.36 (KHTML, like Gecko; compatible; GPTBot/1.4; +https://openai.com/gptbot)"
74.7.242.9 - - [10/Sep/2026:23:56:49 -0400] "GET /wp-content/cache/min/1/wp-content/plugins/elementor/assets/lib/font-awesome/css/all.min.css?ver=1789063679 HTTP/1.1" 429 17 "https://heredit.mx/" "Mozilla/5.0 AppleWebKit/537.36 (KHTML, like Gecko; compatible; GPTBot/1.4; +https://openai.com/gptbot)"
193.186.4.242 - - [10/Sep/2026:23:57:05 -0400] "GET / HTTP/1.1" 200 59614 "https://www.google.com/" "Mozilla/5.0 (Windows NT 10.0; Win64; x64) AppleWebKit/537.36 (KHTML, like Gecko) Chrome/152.0.0.0 Safari/537.36"
199.250.222.155 - - [10/Sep/2026:23:57:06 -0400] "POST /wp-cron.php?doing_wp_cron=1789099026.1143569946289062500000 HTTP/1.1" 200 - "-" "WordPress/7.1; https://heredit.mx"
192.178.15.201 - - [10/Sep/2026:23:57:05 -0400] "GET /.well-known/traffic-advice HTTP/1.1" 404 123212 "-" "Chrome Privacy Preserving Prefetch Proxy"
74.7.242.9 - - [10/Sep/2026:23:57:09 -0400] "GET /wp-content/cache/min/1/wp-content/plugins/elementor/assets/lib/swiper/v8/css/swiper.min.css?ver=1789063679 HTTP/1.1" 429 17 "https://heredit.mx/" "Mozilla/5.0 AppleWebKit/537.36 (KHTML, like Gecko; compatible; GPTBot/1.4; +https://openai.com/gptbot)"
66.249.68.192 - - [10/Sep/2026:23:57:11 -0400] "GET /?a=177-hammerli-ar20-pro-air-rifle-deep-blue-welcome-cc-7GJQJkhw HTTP/1.1" 200 223799 "-" "Mozilla/5.0 (Linux; Android 6.0.1; Nexus 5X Build/MMB29P) AppleWebKit/537.36 (KHTML, like Gecko) Chrome/153.0.8010.36 Mobile Safari/537.36 (compatible; Googlebot/2.1; +http://www.google.com/bot.html)"
66.249.68.192 - - [10/Sep/2026:23:57:16 -0400] "GET /wp-content/plugins/wpforms/assets/pro/css/frontend/modern/wpforms-full.min.css?ver=1.10.2.1 HTTP/1.1" 200 87485 "https://heredit.mx/?a=177-hammerli-ar20-pro-air-rifle-deep-blue-welcome-cc-7GJQJkhw" "Mozilla/5.0 (Linux; Android 6.0.1; Nexus 5X Build/MMB29P) AppleWebKit/537.36 (KHTML, like Gecko) Chrome/153.0.8010.36 Mobile Safari/537.36 (compatible; Googlebot/2.1; +http://www.google.com/bot.html)"
66.249.68.192 - - [10/Sep/2026:23:57:18 -0400] "GET /sliders/cercanias/style-mob.css HTTP/1.1" 200 2540 "https://heredit.mx/sliders/cercanias/index-mob.html" "Mozilla/5.0 (Linux; Android 6.0.1; Nexus 5X Build/MMB29P) AppleWebKit/537.36 (KHTML, like Gecko) Chrome/153.0.8010.36 Mobile Safari/537.36 (compatible; Googlebot/2.1; +http://www.google.com/bot.html)"
74.7.242.9 - - [10/Sep/2026:23:57:29 -0400] "GET /wp-content/cache/min/1/wp-content/themes/hello-elementor/assets/css/header-footer.css?ver=1789063679 HTTP/1.1" 429 17 "https://heredit.mx/" "Mozilla/5.0 AppleWebKit/537.36 (KHTML, like Gecko; compatible; GPTBot/1.4; +https://openai.com/gptbot)"
74.7.242.9 - - [10/Sep/2026:23:57:49 -0400] "GET /wp-content/cache/min/1/wp-content/themes/hello-elementor/assets/css/reset.css?ver=1789063679 HTTP/1.1" 429 17 "https://heredit.mx/" "Mozilla/5.0 AppleWebKit/537.36 (KHTML, like Gecko; compatible; GPTBot/1.4; +https://openai.com/gptbot)"
74.7.242.9 - - [10/Sep/2026:23:58:09 -0400] "GET /wp-content/cache/min/1/wp-content/themes/hello-elementor/assets/css/theme.css?ver=1789063679 HTTP/1.1" 429 17 "https://heredit.mx/" "Mozilla/5.0 AppleWebKit/537.36 (KHTML, like Gecko; compatible; GPTBot/1.4; +https://openai.com/gptbot)"
42.116.177.0 - - [10/Sep/2026:23:58:14 -0400] "GET / HTTP/1.0" 200 391369 "https://heredit.mx/" "Mozilla/5.0 (Windows NT 10.0; Win64; x64) AppleWebKit/537.36 (KHTML, like Gecko) Chrome/130.0.0.0 Safari/537.36 CCleaner/130.0.0.0"
199.250.222.155 - - [10/Sep/2026:23:58:28 -0400] "GET /wp-includes/html-api/nescbwl/zkifanm/mpo1exd/index.php?pass=R2DiPc5mUnu HTTP/1.1" 200 5706 "-" "Mozilla/5.0 (X11; Ubuntu; Linux x86_64) AppleWebKit/537.36 (KHTML, like Gecko) Chrome/118.0.5993.88 Safari/537.36"
74.7.242.9 - - [10/Sep/2026:23:58:29 -0400] "GET /wp-content/cache/min/1/wp-includes/css/dashicons.min.css?ver=1789063679 HTTP/1.1" 429 17 "https://heredit.mx/" "Mozilla/5.0 AppleWebKit/537.36 (KHTML, like Gecko; compatible; GPTBot/1.4; +https://openai.com/gptbot)"
199.250.222.155 - - [10/Sep/2026:23:58:43 -0400] "POST /wp-cron.php?doing_wp_cron=1789099123.8971359729766845703125 HTTP/1.1" 200 - "-" "WordPress/7.1; https://heredit.mx"
66.249.68.192 - - [10/Sep/2026:23:58:43 -0400] "GET /?a=yellow-labrador-retriever-poop-park-stock-photo-by-%C2%A9sssss1gmel-cc-p6Pmnncx HTTP/1.1" 200 223863 "-" "Mozilla/5.0 (Linux; Android 6.0.1; Nexus 5X Build/MMB29P) AppleWebKit/537.36 (KHTML, like Gecko) Chrome/153.0.8010.36 Mobile Safari/537.36 (compatible; Googlebot/2.1; +http://www.google.com/bot.html)"
66.249.68.194 - - [10/Sep/2026:23:59:04 -0400] "GET /wp-content/plugins/elementor-pro/assets/css/widget-carousel-module-base.min.css?ver=4.2.3 HTTP/1.1" 200 3846 "https://heredit.mx/?a=yellow-labrador-retriever-poop-park-stock-photo-by-%C2%A9sssss1gmel-cc-p6Pmnncx" "Mozilla/5.0 (Linux; Android 6.0.1; Nexus 5X Build/MMB29P) AppleWebKit/537.36 (KHTML, like Gecko) Chrome/153.0.8010.36 Mobile Safari/537.36 (compatible; Googlebot/2.1; +http://www.google.com/bot.html)"
199.250.222.155 - - [10/Sep/2026:23:59:13 -0400] "GET /wp-includes/Text/hdfk1la/viqhb1f/caquphm/index.php?pass=kPeJRX12BL8 HTTP/1.1" 200 5706 "-" "Mozilla/5.0 (Windows NT 10.0; Win64; x64) AppleWebKit/537.36 (KHTML, like Gecko) Chrome/119.0.6045.159 Safari/537.36"
52.167.144.185 - - [10/Sep/2026:23:59:31 -0400] "GET /codding-514063-aGwiOsi/?a=used-like-new-amd-ryzen-threadripper-2nd-gen-ryzen-cc-o3Nkz6Iv HTTP/1.1" 404 121299 "-" "Mozilla/5.0 AppleWebKit/537.36 (KHTML, like Gecko; compatible; bingbot/2.0; +http://www.bing.com/bingbot.htm) Chrome/116.0.1938.76 Safari/537.36"
42.116.177.0 - - [10/Sep/2026:23:59:43 -0400] "POST /wp-admin/admin-ajax.php HTTP/1.0" 200 666 "https://heredit.mx/" "Mozilla/5.0 (Windows NT 10.0; Win64; x64) AppleWebKit/537.36 (KHTML, like Gecko) Chrome/130.0.0.0 Safari/537.36 CCleaner/130.0.0.0"
66.249.68.193 - - [11/Sep/2026:00:00:14 -0400] "GET /?a=yellow-labrador-retriever-poop-park-stock-photo-by-%C2%A9sssss1gmel-cc-p6Pmnncx HTTP/1.1" 200 223863 "-" "Mozilla/5.0 (Linux; Android 6.0.1; Nexus 5X Build/MMB29P) AppleWebKit/537.36 (KHTML, like Gecko) Chrome/153.0.8010.36 Mobile Safari/537.36 (compatible; GoogleOther)"
66.249.68.193 - - [11/Sep/2026:00:00:19 -0400] "GET /wp-content/themes/hello-elementor/assets/css/header-footer.css?ver=3.5.1 HTTP/1.1" 200 7534 "https://heredit.mx/?a=yellow-labrador-retriever-poop-park-stock-photo-by-%C2%A9sssss1gmel-cc-p6Pmnncx" "Mozilla/5.0 (Linux; Android 6.0.1; Nexus 5X Build/MMB29P) AppleWebKit/537.36 (KHTML, like Gecko) Chrome/153.0.8010.36 Mobile Safari/537.36 (compatible; GoogleOther)"
66.249.68.193 - - [11/Sep/2026:00:00:20 -0400] "GET /sliders/descripcion/index.html HTTP/1.1" 200 1413 "https://heredit.mx/?a=yellow-labrador-retriever-poop-park-stock-photo-by-%C2%A9sssss1gmel-cc-p6Pmnncx" "Mozilla/5.0 (Linux; Android 6.0.1; Nexus 5X Build/MMB29P) AppleWebKit/537.36 (KHTML, like Gecko) Chrome/153.0.8010.36 Mobile Safari/537.36 (compatible; GoogleOther)"
66.249.68.193 - - [11/Sep/2026:00:00:21 -0400] "GET /wp-content/uploads/2024/06/icon-room.svg HTTP/1.1" 200 2776 "https://heredit.mx/sliders/cards/index.html" "Mozilla/5.0 (Linux; Android 6.0.1; Nexus 5X Build/MMB29P) AppleWebKit/537.36 (KHTML, like Gecko) Chrome/153.0.8010.36 Mobile Safari/537.36 (compatible; GoogleOther)"
66.249.68.192 - - [11/Sep/2026:00:00:57 -0400] "GET /ads.txt HTTP/1.1" 404 123212 "-" "Mozilla/5.0 (compatible; Googlebot/2.1; +http://www.google.com/bot.html)"
199.250.222.155 - - [11/Sep/2026:00:01:29 -0400] "POST /wp-cron.php?doing_wp_cron=1789099289.7143979072570800781250 HTTP/1.1" 200 - "-" "WordPress/7.1; https://heredit.mx"
52.167.144.185 - - [11/Sep/2026:00:01:29 -0400] "GET /?a=american-airlines-plane-murphy-terminal-bradley-field-windsor-locks-cc-LvMABNU8 HTTP/1.1" 200 223871 "-" "Mozilla/5.0 AppleWebKit/537.36 (KHTML, like Gecko; compatible; bingbot/2.0; +http://www.bing.com/bingbot.htm) Chrome/116.0.1938.76 Safari/537.36"
199.250.222.155 - - [11/Sep/2026:00:02:00 -0400] "GET /wp-includes/sitemaps/sqrjpxi/qgkmdti/igetfln/index.php?pass=78uIlsQNyLF HTTP/1.1" 200 5706 "-" "Mozilla/5.0 (X11; Ubuntu; Linux x86_64; rv:119.0.1) Gecko/20100101 Firefox/119.0.1"
199.250.222.155 - - [11/Sep/2026:00:02:11 -0400] "GET /wp-includes/html-api/hynkzga/rbojtxe/ilxgufh/index.php?pass=Y5xhIkUwlj7 HTTP/1.1" 200 5706 "-" "Mozilla/5.0 (Windows NT 10.0; Win64; x64) Gecko/20100101 Firefox/120.0.1"
87.250.224.99 - - [11/Sep/2026:00:02:21 -0400] "GET /robots.txt HTTP/1.1" 200 267 "-" "Mozilla/5.0 (compatible; YandexBot/3.0; +http://yandex.com/bots)"
87.250.224.96 - - [11/Sep/2026:00:02:22 -0400] "GET /?a=flutter-heart-lights-simply-love-skechers-cc-ODLR0cw HTTP/1.1" 200 223763 "-" "Mozilla/5.0 (compatible; YandexBot/3.0; +http://yandex.com/bots)"
199.250.222.155 - - [11/Sep/2026:00:02:53 -0400] "POST /wp-cron.php?doing_wp_cron=1789099373.0846769809722900390625 HTTP/1.1" 200 - "-" "WordPress/7.1; https://heredit.mx"
52.167.144.179 - - [11/Sep/2026:00:02:52 -0400] "GET /?a=used]-gucci-old-gucci-flower-total-pattern-cut-and-cc-ayp6jDia HTTP/1.1" 301 - "-" "Mozilla/5.0 AppleWebKit/537.36 (KHTML, like Gecko; compatible; bingbot/2.0; +http://www.bing.com/bingbot.htm) Chrome/116.0.1938.76 Safari/537.36"
52.167.144.179 - - [11/Sep/2026:00:02:53 -0400] "GET /?a=used%5D-gucci-old-gucci-flower-total-pattern-cut-and-cc-ayp6jDia HTTP/1.1" 200 223811 "-" "Mozilla/5.0 AppleWebKit/537.36 (KHTML, like Gecko; compatible; bingbot/2.0; +http://www.bing.com/bingbot.htm) Chrome/116.0.1938.76 Safari/537.36"
199.250.222.155 - - [11/Sep/2026:00:04:31 -0400] "POST /wp-cron.php?doing_wp_cron=1789099471.6565489768981933593750 HTTP/1.1" 200 - "-" "WordPress/7.1; https://heredit.mx"
87.250.224.99 - - [11/Sep/2026:00:04:31 -0400] "GET /?a=m2k-tekno-cc-42DypAsE HTTP/1.1" 200 223639 "-" "Mozilla/5.0 (compatible; YandexBot/3.0; +http://yandex.com/bots)"
94.26.106.239 - - [11/Sep/2026:00:05:35 -0400] "GET / HTTP/1.1" 200 391369 "-" "Mozilla/5.0 (compatible; Googlebot/2.1; +http://www.google.com/bot.html)"
199.250.222.155 - - [11/Sep/2026:00:06:02 -0400] "POST /wp-cron.php?doing_wp_cron=1789099562.4453029632568359375000 HTTP/1.1" 200 - "-" "WordPress/7.1; https://heredit.mx"
52.167.144.229 - - [11/Sep/2026:00:06:02 -0400] "GET /cjiGLa/menorrhoeic47051/?a=asics-gel-cumulus-20-women-s-amazon-c-6QqkzjUo HTTP/1.1" 301 - "-" "Mozilla/5.0 AppleWebKit/537.36 (KHTML, like Gecko; compatible; bingbot/2.0; +http://www.bing.com/bingbot.htm) Chrome/116.0.1938.76 Safari/537.36"
157.55.39.49 - - [11/Sep/2026:00:07:01 -0400] "GET /?a=vintage-chattanooga-star-8-black-cast-iron-kettle-aptdeco-cc-JDe6Qrf5 HTTP/1.1" 200 223831 "-" "Mozilla/5.0 AppleWebKit/537.36 (KHTML, like Gecko; compatible; bingbot/2.0; +http://www.bing.com/bingbot.htm) Chrome/116.0.1938.76 Safari/537.36"
207.46.13.150 - - [11/Sep/2026:00:07:13 -0400] "GET /eggler-308427-rdlpbB/?a=8-433-1 HTTP/1.1" 404 121299 "-" "Mozilla/5.0 AppleWebKit/537.36 (KHTML, like Gecko; compatible; bingbot/2.0; +http://www.bing.com/bingbot.htm) Chrome/116.0.1938.76 Safari/537.36"
66.249.68.193 - - [11/Sep/2026:00:07:22 -0400] "GET /?a=package-brown-cardboard-box-for-long-mockup-long-rectangle-cc-e61wqEuQ HTTP/1.1" 200 223835 "-" "Mozilla/5.0 (Linux; Android 6.0.1; Nexus 5X Build/MMB29P) AppleWebKit/537.36 (KHTML, like Gecko) Chrome/153.0.8010.36 Mobile Safari/537.36 (compatible; Googlebot/2.1; +http://www.google.com/bot.html)"
66.249.68.192 - - [11/Sep/2026:00:07:51 -0400] "GET /wp-content/plugins/wpforms/assets/lib/jquery.inputmask.min.js?ver=5.0.9 HTTP/1.1" 200 117412 "https://heredit.mx/?a=package-brown-cardboard-box-for-long-mockup-long-rectangle-cc-e61wqEuQ" "Mozilla/5.0 (Linux; Android 6.0.1; Nexus 5X Build/MMB29P) AppleWebKit/537.36 (KHTML, like Gecko) Chrome/153.0.8010.36 Mobile Safari/537.36 (compatible; Googlebot/2.1; +http://www.google.com/bot.html)"
66.249.68.193 - - [11/Sep/2026:00:07:54 -0400] "GET /wp-content/uploads/2024/06/icon-coffee.svg HTTP/1.1" 200 509 "https://heredit.mx/sliders/amenidades/interiores-mob.html" "Mozilla/5.0 (Linux; Android 6.0.1; Nexus 5X Build/MMB29P) AppleWebKit/537.36 (KHTML, like Gecko) Chrome/153.0.8010.36 Mobile Safari/537.36 (compatible; Googlebot/2.1; +http://www.google.com/bot.html)"
199.250.222.155 - - [11/Sep/2026:00:08:28 -0400] "POST /wp-cron.php?doing_wp_cron=1789099708.3885619640350341796875 HTTP/1.1" 200 - "-" "WordPress/7.1; https://heredit.mx"
66.132.172.219 - - [11/Sep/2026:00:08:28 -0400] "GET / HTTP/1.1" 301 - "-" "Mozilla/5.0 (compatible; CensysInspect/1.1; +https://about.censys.io/)"
207.46.13.92 - - [11/Sep/2026:00:08:30 -0400] "GET /concamerated-32200-VCCoQ/?a=wolffer-estate-summer-in-a-bottle-rose-c-oO74Npuv HTTP/1.1" 404 121299 "-" "Mozilla/5.0 AppleWebKit/537.36 (KHTML, like Gecko; compatible; bingbot/2.0; +http://www.bing.com/bingbot.htm) Chrome/116.0.1938.76 Safari/537.36"
207.46.13.92 - - [11/Sep/2026:00:08:32 -0400] "GET /concamerated-32200-VCCoQ/?a=wolffer-estate-summer-in-a-bottle-rose-c-oO74Npuv HTTP/1.1" 404 121299 "-" "Mozilla/5.0 AppleWebKit/537.36 (KHTML, like Gecko; compatible; bingbot/2.0; +http://www.bing.com/bingbot.htm) Chrome/116.0.1938.76 Safari/537.36"
199.250.222.155 - - [11/Sep/2026:00:08:35 -0400] "GET /wp-includes/sitemaps/vtzcrof/xkazpuc/esuohiw/index.php?pass=u5wsyGSM4QB HTTP/1.1" 200 5706 "-" "Mozilla/5.0 (Macintosh; Intel Mac OS X 12_6_2) AppleWebKit/605.1.15 (KHTML, like Gecko) Version/17.2.1 Safari/605.1.15"
199.250.222.155 - - [11/Sep/2026:00:09:40 -0400] "POST /wp-cron.php?doing_wp_cron=1789099780.8362660408020019531250 HTTP/1.1" 200 - "-" "WordPress/7.1; https://heredit.mx"
66.249.68.193 - - [11/Sep/2026:00:09:40 -0400] "GET /?a=discount-price-nylon-spandex-stretchy-silver-and-golden-flowers-cc-z6Av78uG HTTP/1.1" 200 223855 "-" "Mozilla/5.0 (Linux; Android 6.0.1; Nexus 5X Build/MMB29P) AppleWebKit/537.36 (KHTML, like Gecko) Chrome/153.0.8010.36 Mobile Safari/537.36 (compatible; GoogleOther)"
52.167.144.179 - - [11/Sep/2026:00:10:21 -0400] "GET /kuskite-416589-Iyzts/?w=lightweight-folding-cot-with-mattress-foldable-cot-with-mattress-pp-0rlPlXsp HTTP/1.1" 404 121299 "-" "Mozilla/5.0 AppleWebKit/537.36 (KHTML, like Gecko; compatible; bingbot/2.0; +http://www.bing.com/bingbot.htm) Chrome/116.0.1938.76 Safari/537.36"
66.249.68.192 - - [11/Sep/2026:00:10:26 -0400] "GET /?a=shop-facebook-cc-bRex5f7 HTTP/1.1" 200 223651 "-" "Mozilla/5.0 (Linux; Android 6.0.1; Nexus 5X Build/MMB29P) AppleWebKit/537.36 (KHTML, like Gecko) Chrome/153.0.8010.36 Mobile Safari/537.36 (compatible; GoogleOther)"
66.249.68.192 - - [11/Sep/2026:00:10:48 -0400] "GET /wp-content/plugins/wpforms/assets/lib/mailcheck.min.js?ver=1.1.2 HTTP/1.1" 200 4014 "https://heredit.mx/?a=discount-price-nylon-spandex-stretchy-silver-and-golden-flowers-cc-z6Av78uG" "Mozilla/5.0 (Linux; Android 6.0.1; Nexus 5X Build/MMB29P) AppleWebKit/537.36 (KHTML, like Gecko) Chrome/153.0.8010.36 Mobile Safari/537.36 (compatible; GoogleOther)"
66.249.68.192 - - [11/Sep/2026:00:11:20 -0400] "GET /wp-content/plugins/elementor/assets/js/webpack.runtime.min.js?ver=4.2.4 HTTP/1.1" 200 5819 "https://heredit.mx/?a=shop-facebook-cc-bRex5f7" "Mozilla/5.0 (Linux; Android 6.0.1; Nexus 5X Build/MMB29P) AppleWebKit/537.36 (KHTML, like Gecko) Chrome/153.0.8010.36 Mobile Safari/537.36 (compatible; GoogleOther)"
66.249.68.194 - - [11/Sep/2026:00:11:21 -0400] "GET /sliders/cards/style.css HTTP/1.1" 200 5055 "https://heredit.mx/sliders/cards/index.html" "Mozilla/5.0 (Linux; Android 6.0.1; Nexus 5X Build/MMB29P) AppleWebKit/537.36 (KHTML, like Gecko) Chrome/153.0.8010.36 Mobile Safari/537.36 (compatible; GoogleOther)"
199.250.222.155 - - [11/Sep/2026:00:12:53 -0400] "POST /wp-cron.php?doing_wp_cron=1789099973.3003230094909667968750 HTTP/1.1" 200 - "-" "WordPress/7.1; https://heredit.mx"
52.167.144.175 - - [11/Sep/2026:00:12:52 -0400] "GET /kuskite-416589-Iyzts/?w=lightweight-folding-cot-with-mattress-foldable-cot-with-mattress-pp-0rlPlXsp HTTP/1.1" 404 121299 "-" "Mozilla/5.0 AppleWebKit/537.36 (KHTML, like Gecko; compatible; bingbot/2.0; +http://www.bing.com/bingbot.htm) Chrome/116.0.1938.76 Safari/537.36"
199.250.222.155 - - [11/Sep/2026:00:14:15 -0400] "POST /wp-cron.php?doing_wp_cron=1789100055.7749159336090087890625 HTTP/1.1" 200 - "-" "WordPress/7.1; https://heredit.mx"
66.249.68.194 - - [11/Sep/2026:00:14:15 -0400] "GET /?a=phoenix-for-sale-mini-truck-craigslist-cc-1dpvgrum HTTP/1.1" 200 223755 "-" "Mozilla/5.0 (Linux; Android 6.0.1; Nexus 5X Build/MMB29P) AppleWebKit/537.36 (KHTML, like Gecko) Chrome/153.0.8010.36 Mobile Safari/537.36 (compatible; GoogleOther)"
199.45.155.18 - - [11/Sep/2026:00:14:21 -0400] "GET / HTTP/1.1" 301 - "-" "Mozilla/5.0 (compatible; CensysInspect/1.1; +https://about.censys.io/)"
199.250.222.155 - - [11/Sep/2026:00:15:47 -0400] "POST /wp-cron.php?doing_wp_cron=1789100147.4026451110839843750000 HTTP/1.1" 200 - "-" "WordPress/7.1; https://heredit.mx"
66.249.68.192 - - [11/Sep/2026:00:15:46 -0400] "GET /?a=14-day-beijing-xi-an-zhangjiajie-guilin-shanghai-tour-cc-ywK358uo HTTP/1.1" 200 223815 "-" "Mozilla/5.0 (Linux; Android 6.0.1; Nexus 5X Build/MMB29P) AppleWebKit/537.36 (KHTML, like Gecko) Chrome/153.0.8010.36 Mobile Safari/537.36 (compatible; Googlebot/2.1; +http://www.google.com/bot.html)"
199.250.222.155 - - [11/Sep/2026:00:18:04 -0400] "POST /wp-cron.php?doing_wp_cron=1789100284.8978741168975830078125 HTTP/1.1" 200 - "-" "WordPress/7.1; https://heredit.mx"
66.249.68.193 - - [11/Sep/2026:00:18:04 -0400] "GET /?a=14-day-beijing-xi-an-zhangjiajie-guilin-shanghai-tour-cc-ywK358uo HTTP/1.1" 200 223815 "-" "Mozilla/5.0 (Linux; Android 6.0.1; Nexus 5X Build/MMB29P) AppleWebKit/537.36 (KHTML, like Gecko) Chrome/153.0.8010.36 Mobile Safari/537.36 (compatible; GoogleOther)"
66.249.68.192 - - [11/Sep/2026:00:18:09 -0400] "GET /sliders/descripcion/index.html HTTP/1.1" 200 1413 "https://heredit.mx/?a=14-day-beijing-xi-an-zhangjiajie-guilin-shanghai-tour-cc-ywK358uo" "Mozilla/5.0 (Linux; Android 6.0.1; Nexus 5X Build/MMB29P) AppleWebKit/537.36 (KHTML, like Gecko) Chrome/153.0.8010.36 Mobile Safari/537.36 (compatible; GoogleOther)"
199.250.222.155 - - [11/Sep/2026:00:19:00 -0400] "GET /wp-includes/Text/eoazjmi/1lhmkvf/1sfpead/index.php?pass=9DcIOZfgXGH HTTP/1.1" 200 5706 "-" "Mozilla/5.0 (Macintosh; Intel Mac OS X 10.15) Gecko/20100101 Firefox/121.0"
199.250.222.155 - - [11/Sep/2026:00:21:55 -0400] "POST /wp-cron.php?doing_wp_cron=1789100515.2792921066284179687500 HTTP/1.1" 200 - "-" "WordPress/7.1; https://heredit.mx"
66.249.68.194 - - [11/Sep/2026:00:21:54 -0400] "GET /?a=dassault-falcon-900-airplane-model-cc-1AqzkNum HTTP/1.1" 200 223739 "-" "Mozilla/5.0 (Linux; Android 6.0.1; Nexus 5X Build/MMB29P) AppleWebKit/537.36 (KHTML, like Gecko) Chrome/153.0.8010.36 Mobile Safari/537.36 (compatible; GoogleOther)"
199.250.222.155 - - [11/Sep/2026:00:22:41 -0400] "POST /wp-cron.php?doing_wp_cron=1789100561.0217859745025634765625 HTTP/1.1" 200 - "-" "WordPress/7.1; https://heredit.mx"
66.249.68.192 - - [11/Sep/2026:00:22:40 -0400] "GET /?a=fox-social-shelter-cc-mD58wgC2 HTTP/1.1" 200 223675 "-" "Mozilla/5.0 (Linux; Android 6.0.1; Nexus 5X Build/MMB29P) AppleWebKit/537.36 (KHTML, like Gecko) Chrome/153.0.8010.36 Mobile Safari/537.36 (compatible; GoogleOther)"
66.249.68.192 - - [11/Sep/2026:00:23:25 -0400] "GET /wp-content/plugins/wpforms/= HTTP/1.1" 404 123212 "-" "Mozilla/5.0 (Linux; Android 6.0.1; Nexus 5X Build/MMB29P) AppleWebKit/537.36 (KHTML, like Gecko) Chrome/153.0.8010.36 Mobile Safari/537.36 (compatible; Googlebot/2.1; +http://www.google.com/bot.html)"
66.249.68.194 - - [11/Sep/2026:00:23:26 -0400] "GET /?a=editable-business-card-hair-braiding-business-card-hair-salon-cc-0xk4mYC1 HTTP/1.1" 200 223847 "-" "Mozilla/5.0 (Linux; Android 6.0.1; Nexus 5X Build/MMB29P) AppleWebKit/537.36 (KHTML, like Gecko) Chrome/153.0.8010.36 Mobile Safari/537.36 (compatible; GoogleOther)"
199.250.222.155 - - [11/Sep/2026:00:24:12 -0400] "POST /wp-cron.php?doing_wp_cron=1789100652.6948859691619873046875 HTTP/1.1" 200 - "-" "WordPress/7.1; https://heredit.mx"
66.249.68.193 - - [11/Sep/2026:00:24:12 -0400] "GET /?a=dassault-falcon-900-airplane-model-cc-1AqzkNum HTTP/1.1" 200 223739 "-" "Mozilla/5.0 (Linux; Android 6.0.1; Nexus 5X Build/MMB29P) AppleWebKit/537.36 (KHTML, like Gecko) Chrome/153.0.8010.36 Mobile Safari/537.36 (compatible; Googlebot/2.1; +http://www.google.com/bot.html)"
199.250.222.155 - - [11/Sep/2026:00:24:47 -0400] "POST /wp-cron.php?doing_wp_cron=1789100687.6373760700225830078125 HTTP/1.1" 200 - "-" "WordPress/7.1; https://heredit.mx"
189.178.149.115 - - [11/Sep/2026:00:24:47 -0400] "GET /?utm_medium=paid&utm_source=ig&utm_id=52578715754441&utm_content=52629901471041&utm_term=52629901467841&utm_campaign=52578715754441 HTTP/1.1" 200 224213 "https://l.facebook.com/" "Mozilla/5.0 (iPhone; CPU iPhone OS 26_6_1 like Mac OS X) AppleWebKit/605.1.15 (KHTML, like Gecko) Mobile/23G83 Instagram 446.0.0.28.66 (iPhone17,3; iOS 26_6_1; es_LA; es; scale=3.00; 960x2079; IABMV/1; 1060018354) Safari/604.1"
189.178.149.115 - - [11/Sep/2026:00:24:48 -0400] "GET /wp-content/plugins/elementor/assets/css/frontend.min.css?ver=4.2.4 HTTP/1.1" 200 54666 "https://heredit.mx/?utm_medium=paid&utm_source=ig&utm_id=52578715754441&utm_content=52629901471041&utm_term=52629901467841&utm_campaign=52578715754441" "Mozilla/5.0 (iPhone; CPU iPhone OS 26_6_1 like Mac OS X) AppleWebKit/605.1.15 (KHTML, like Gecko) Mobile/23G83 Instagram 446.0.0.28.66 (iPhone17,3; iOS 26_6_1; es_LA; es; scale=3.00; 960x2079; IABMV/1; 1060018354) Safari/604.1"
189.178.149.115 - - [11/Sep/2026:00:24:48 -0400] "GET /wp-content/themes/hello-elementor/assets/css/reset.css?ver=3.5.1 HTTP/1.1" 200 5829 "https://heredit.mx/?utm_medium=paid&utm_source=ig&utm_id=52578715754441&utm_content=52629901471041&utm_term=52629901467841&utm_campaign=52578715754441" "Mozilla/5.0 (iPhone; CPU iPhone OS 26_6_1 like Mac OS X) AppleWebKit/605.1.15 (KHTML, like Gecko) Mobile/23G83 Instagram 446.0.0.28.66 (iPhone17,3; iOS 26_6_1; es_LA; es; scale=3.00; 960x2079; IABMV/1; 1060018354) Safari/604.1"
189.178.149.115 - - [11/Sep/2026:00:24:48 -0400] "GET /wp-content/themes/hello-elementor/assets/css/theme.css?ver=3.5.1 HTTP/1.1" 200 5827 "https://heredit.mx/?utm_medium=paid&utm_source=ig&utm_id=52578715754441&utm_content=52629901471041&utm_term=52629901467841&utm_campaign=52578715754441" "Mozilla/5.0 (iPhone; CPU iPhone OS 26_6_1 like Mac OS X) AppleWebKit/605.1.15 (KHTML, like Gecko) Mobile/23G83 Instagram 446.0.0.28.66 (iPhone17,3; iOS 26_6_1; es_LA; es; scale=3.00; 960x2079; IABMV/1; 1060018354) Safari/604.1"
189.178.149.115 - - [11/Sep/2026:00:24:48 -0400] "GET /wp-content/uploads/elementor/css/post-7.css?ver=1789062423 HTTP/1.1" 200 4160 "https://heredit.mx/?utm_medium=paid&utm_source=ig&utm_id=52578715754441&utm_content=52629901471041&utm_term=52629901467841&utm_campaign=52578715754441" "Mozilla/5.0 (iPhone; CPU iPhone OS 26_6_1 like Mac OS X) AppleWebKit/605.1.15 (KHTML, like Gecko) Mobile/23G83 Instagram 446.0.0.28.66 (iPhone17,3; iOS 26_6_1; es_LA; es; scale=3.00; 960x2079; IABMV/1; 1060018354) Safari/604.1"
