192.178.15.193 - - [10/Sep/2026:18:26:37 -0400] "GET /wp-content/uploads/2024/06/Logo-Peninsula.png HTTP/1.1" 200 13329 "https://heredit.mx/" "Mozilla/5.0 (Linux; Android 11; moto g power (2022)) AppleWebKit/537.36 (KHTML, like Gecko) Chrome/136.0.0.0 Mobile Safari/537.36 Chrome-Lighthouse"
192.178.15.194 - - [10/Sep/2026:18:26:37 -0400] "GET /wp-content/uploads/2024/06/Logo-Peninsula-768x114.png HTTP/1.1" 200 15912 "https://heredit.mx/" "Mozilla/5.0 (Linux; Android 11; moto g power (2022)) AppleWebKit/537.36 (KHTML, like Gecko) Chrome/136.0.0.0 Mobile Safari/537.36 Chrome-Lighthouse"
192.178.15.194 - - [10/Sep/2026:18:26:37 -0400] "GET /sliders/cercanias/index-mob.html HTTP/1.1" 200 2734 "https://heredit.mx/" "Mozilla/5.0 (Linux; Android 11; moto g power (2022)) AppleWebKit/537.36 (KHTML, like Gecko) Chrome/136.0.0.0 Mobile Safari/537.36 Chrome-Lighthouse"
192.178.15.194 - - [10/Sep/2026:18:26:37 -0400] "GET /wp-content/uploads/2024/11/FachadaPart.webp HTTP/1.1" 200 64908 "https://heredit.mx/" "Mozilla/5.0 (Linux; Android 11; moto g power (2022)) AppleWebKit/537.36 (KHTML, like Gecko) Chrome/136.0.0.0 Mobile Safari/537.36 Chrome-Lighthouse"
192.178.15.194 - - [10/Sep/2026:18:26:37 -0400] "GET /wp-content/uploads/2024/11/GaleriaAndaresMob.webp HTTP/1.1" 200 10048 "https://heredit.mx/" "Mozilla/5.0 (Linux; Android 11; moto g power (2022)) AppleWebKit/537.36 (KHTML, like Gecko) Chrome/136.0.0.0 Mobile Safari/537.36 Chrome-Lighthouse"
192.178.15.194 - - [10/Sep/2026:18:26:37 -0400] "GET /wp-content/uploads/2024/05/LogoHereditBlanco.png HTTP/1.1" 200 4723 "https://heredit.mx/" "Mozilla/5.0 (Linux; Android 11; moto g power (2022)) AppleWebKit/537.36 (KHTML, like Gecko) Chrome/136.0.0.0 Mobile Safari/537.36 Chrome-Lighthouse"
192.178.15.194 - - [10/Sep/2026:18:26:37 -0400] "GET /sliders/cards/style.css HTTP/1.1" 200 5055 "https://heredit.mx/sliders/cards/index.html" "Mozilla/5.0 (Linux; Android 11; moto g power (2022)) AppleWebKit/537.36 (KHTML, like Gecko) Chrome/136.0.0.0 Mobile Safari/537.36 Chrome-Lighthouse"
192.178.15.192 - - [10/Sep/2026:18:26:37 -0400] "GET /wp-content/uploads/2024/11/Prototipo809.webp HTTP/1.1" 200 13588 "https://heredit.mx/sliders/cards/index.html" "Mozilla/5.0 (Linux; Android 11; moto g power (2022)) AppleWebKit/537.36 (KHTML, like Gecko) Chrome/136.0.0.0 Mobile Safari/537.36 Chrome-Lighthouse"
192.178.15.194 - - [10/Sep/2026:18:26:37 -0400] "GET /wp-content/uploads/2024/06/icon-bath.svg HTTP/1.1" 200 1635 "https://heredit.mx/sliders/cards/index.html" "Mozilla/5.0 (Linux; Android 11; moto g power (2022)) AppleWebKit/537.36 (KHTML, like Gecko) Chrome/136.0.0.0 Mobile Safari/537.36 Chrome-Lighthouse"
192.178.15.194 - - [10/Sep/2026:18:26:37 -0400] "GET /wp-content/uploads/2024/06/icon-washed.svg HTTP/1.1" 200 2936 "https://heredit.mx/sliders/cards/index.html" "Mozilla/5.0 (Linux; Android 11; moto g power (2022)) AppleWebKit/537.36 (KHTML, like Gecko) Chrome/136.0.0.0 Mobile Safari/537.36 Chrome-Lighthouse"
192.178.15.193 - - [10/Sep/2026:18:26:37 -0400] "GET /wp-content/uploads/2024/11/Prototipo1705.webp HTTP/1.1" 200 11722 "https://heredit.mx/sliders/cards/index.html" "Mozilla/5.0 (Linux; Android 11; moto g power (2022)) AppleWebKit/537.36 (KHTML, like Gecko) Chrome/136.0.0.0 Mobile Safari/537.36 Chrome-Lighthouse"
192.178.15.192 - - [10/Sep/2026:18:26:37 -0400] "GET /wp-content/uploads/2024/11/Prototipo1201.webp HTTP/1.1" 200 13686 "https://heredit.mx/sliders/cards/index.html" "Mozilla/5.0 (Linux; Android 11; moto g power (2022)) AppleWebKit/537.36 (KHTML, like Gecko) Chrome/136.0.0.0 Mobile Safari/537.36 Chrome-Lighthouse"
192.178.15.192 - - [10/Sep/2026:18:26:37 -0400] "GET /wp-content/uploads/2024/11/Prototipo1207.webp HTTP/1.1" 200 11252 "https://heredit.mx/sliders/cards/index.html" "Mozilla/5.0 (Linux; Android 11; moto g power (2022)) AppleWebKit/537.36 (KHTML, like Gecko) Chrome/136.0.0.0 Mobile Safari/537.36 Chrome-Lighthouse"
192.178.15.193 - - [10/Sep/2026:18:26:37 -0400] "GET /sliders/cards/script.js HTTP/1.1" 200 2513 "https://heredit.mx/sliders/cards/index.html" "Mozilla/5.0 (Linux; Android 11; moto g power (2022)) AppleWebKit/537.36 (KHTML, like Gecko) Chrome/136.0.0.0 Mobile Safari/537.36 Chrome-Lighthouse"
192.178.15.193 - - [10/Sep/2026:18:26:37 -0400] "GET /wp-content/uploads/2024/06/icon-room.svg HTTP/1.1" 200 2776 "https://heredit.mx/sliders/cards/index.html" "Mozilla/5.0 (Linux; Android 11; moto g power (2022)) AppleWebKit/537.36 (KHTML, like Gecko) Chrome/136.0.0.0 Mobile Safari/537.36 Chrome-Lighthouse"
192.178.15.193 - - [10/Sep/2026:18:26:37 -0400] "GET /wp-content/uploads/2024/11/Prototipo1306.webp HTTP/1.1" 200 12126 "https://heredit.mx/sliders/cards/index.html" "Mozilla/5.0 (Linux; Android 11; moto g power (2022)) AppleWebKit/537.36 (KHTML, like Gecko) Chrome/136.0.0.0 Mobile Safari/537.36 Chrome-Lighthouse"
192.178.15.192 - - [10/Sep/2026:18:26:37 -0400] "GET /wp-content/uploads/2024/11/LogoAzur.webp HTTP/1.1" 200 2642 "https://heredit.mx/sliders/desarrollos/index.html" "Mozilla/5.0 (Linux; Android 11; moto g power (2022)) AppleWebKit/537.36 (KHTML, like Gecko) Chrome/136.0.0.0 Mobile Safari/537.36 Chrome-Lighthouse"
192.178.15.194 - - [10/Sep/2026:18:26:37 -0400] "GET /wp-content/uploads/2024/11/CercaniaColomos.webp HTTP/1.1" 200 22374 "https://heredit.mx/sliders/cercanias/index-mob.html" "Mozilla/5.0 (Linux; Android 11; moto g power (2022)) AppleWebKit/537.36 (KHTML, like Gecko) Chrome/136.0.0.0 Mobile Safari/537.36 Chrome-Lighthouse"
192.178.15.193 - - [10/Sep/2026:18:26:37 -0400] "GET /wp-content/uploads/2024/11/LogoPeninsulaMazatlan.webp HTTP/1.1" 200 3524 "https://heredit.mx/sliders/desarrollos/index.html" "Mozilla/5.0 (Linux; Android 11; moto g power (2022)) AppleWebKit/537.36 (KHTML, like Gecko) Chrome/136.0.0.0 Mobile Safari/537.36 Chrome-Lighthouse"
192.178.15.194 - - [10/Sep/2026:18:26:37 -0400] "GET /wp-content/uploads/2024/11/LogoNautico.webp HTTP/1.1" 200 1242 "https://heredit.mx/sliders/desarrollos/index.html" "Mozilla/5.0 (Linux; Android 11; moto g power (2022)) AppleWebKit/537.36 (KHTML, like Gecko) Chrome/136.0.0.0 Mobile Safari/537.36 Chrome-Lighthouse"
192.178.15.194 - - [10/Sep/2026:18:26:37 -0400] "GET /sliders/amenidades/style-mob.css HTTP/1.1" 200 2084 "https://heredit.mx/sliders/amenidades/interiores-mob.html" "Mozilla/5.0 (Linux; Android 11; moto g power (2022)) AppleWebKit/537.36 (KHTML, like Gecko) Chrome/136.0.0.0 Mobile Safari/537.36 Chrome-Lighthouse"
192.178.15.192 - - [10/Sep/2026:18:26:37 -0400] "GET /wp-content/uploads/2024/06/cuarto-de-servicio.svg HTTP/1.1" 200 1902 "https://heredit.mx/sliders/cards/index.html" "Mozilla/5.0 (Linux; Android 11; moto g power (2022)) AppleWebKit/537.36 (KHTML, like Gecko) Chrome/136.0.0.0 Mobile Safari/537.36 Chrome-Lighthouse"
192.178.15.194 - - [10/Sep/2026:18:26:37 -0400] "GET /wp-content/uploads/2024/11/AmenidadGimnasio.webp HTTP/1.1" 200 34772 "https://heredit.mx/sliders/amenidades/interiores-mob.html" "Mozilla/5.0 (Linux; Android 11; moto g power (2022)) AppleWebKit/537.36 (KHTML, like Gecko) Chrome/136.0.0.0 Mobile Safari/537.36 Chrome-Lighthouse"
192.178.15.192 - - [10/Sep/2026:18:26:37 -0400] "GET /wp-content/uploads/2024/11/AmenidadBusiness.webp HTTP/1.1" 200 36442 "https://heredit.mx/sliders/amenidades/interiores-mob.html" "Mozilla/5.0 (Linux; Android 11; moto g power (2022)) AppleWebKit/537.36 (KHTML, like Gecko) Chrome/136.0.0.0 Mobile Safari/537.36 Chrome-Lighthouse"
192.178.15.192 - - [10/Sep/2026:18:26:37 -0400] "GET /wp-content/uploads/2024/11/LogoLimu.webp HTTP/1.1" 200 1122 "https://heredit.mx/sliders/desarrollos/index.html" "Mozilla/5.0 (Linux; Android 11; moto g power (2022)) AppleWebKit/537.36 (KHTML, like Gecko) Chrome/136.0.0.0 Mobile Safari/537.36 Chrome-Lighthouse"
192.178.15.194 - - [10/Sep/2026:18:26:37 -0400] "GET /wp-content/uploads/2024/11/CercaniaLiceo.webp HTTP/1.1" 200 17168 "https://heredit.mx/sliders/cercanias/index-mob.html" "Mozilla/5.0 (Linux; Android 11; moto g power (2022)) AppleWebKit/537.36 (KHTML, like Gecko) Chrome/136.0.0.0 Mobile Safari/537.36 Chrome-Lighthouse"
192.178.15.193 - - [10/Sep/2026:18:26:37 -0400] "GET /wp-content/uploads/2024/06/icon-wine.svg HTTP/1.1" 200 525 "https://heredit.mx/sliders/amenidades/interiores-mob.html" "Mozilla/5.0 (Linux; Android 11; moto g power (2022)) AppleWebKit/537.36 (KHTML, like Gecko) Chrome/136.0.0.0 Mobile Safari/537.36 Chrome-Lighthouse"
192.178.15.193 - - [10/Sep/2026:18:26:37 -0400] "GET /wp-content/uploads/2024/06/icon-laptop.svg HTTP/1.1" 200 429 "https://heredit.mx/sliders/amenidades/interiores-mob.html" "Mozilla/5.0 (Linux; Android 11; moto g power (2022)) AppleWebKit/537.36 (KHTML, like Gecko) Chrome/136.0.0.0 Mobile Safari/537.36 Chrome-Lighthouse"
192.178.15.192 - - [10/Sep/2026:18:26:37 -0400] "GET /wp-content/uploads/2024/11/LogoBrelia.webp HTTP/1.1" 200 1638 "https://heredit.mx/sliders/desarrollos/index.html" "Mozilla/5.0 (Linux; Android 11; moto g power (2022)) AppleWebKit/537.36 (KHTML, like Gecko) Chrome/136.0.0.0 Mobile Safari/537.36 Chrome-Lighthouse"
192.178.15.193 - - [10/Sep/2026:18:26:37 -0400] "GET /wp-content/uploads/2024/11/AmenidadEventos.webp HTTP/1.1" 200 62446 "https://heredit.mx/sliders/amenidades/interiores-mob.html" "Mozilla/5.0 (Linux; Android 11; moto g power (2022)) AppleWebKit/537.36 (KHTML, like Gecko) Chrome/136.0.0.0 Mobile Safari/537.36 Chrome-Lighthouse"
192.178.15.192 - - [10/Sep/2026:18:26:37 -0400] "GET /wp-content/uploads/2024/11/LogoVianto.webp HTTP/1.1" 200 2140 "https://heredit.mx/sliders/desarrollos/index.html" "Mozilla/5.0 (Linux; Android 11; moto g power (2022)) AppleWebKit/537.36 (KHTML, like Gecko) Chrome/136.0.0.0 Mobile Safari/537.36 Chrome-Lighthouse"
192.178.15.193 - - [10/Sep/2026:18:26:37 -0400] "GET /wp-content/uploads/2024/11/CercaniaAtlas.webp HTTP/1.1" 200 15026 "https://heredit.mx/sliders/cercanias/index-mob.html" "Mozilla/5.0 (Linux; Android 11; moto g power (2022)) AppleWebKit/537.36 (KHTML, like Gecko) Chrome/136.0.0.0 Mobile Safari/537.36 Chrome-Lighthouse"
192.178.15.193 - - [10/Sep/2026:18:26:37 -0400] "GET /sliders/cercanias/style-mob.css HTTP/1.1" 200 2540 "https://heredit.mx/sliders/cercanias/index-mob.html" "Mozilla/5.0 (Linux; Android 11; moto g power (2022)) AppleWebKit/537.36 (KHTML, like Gecko) Chrome/136.0.0.0 Mobile Safari/537.36 Chrome-Lighthouse"
192.178.15.193 - - [10/Sep/2026:18:26:37 -0400] "GET /wp-content/uploads/2024/11/AmenidadAdultos.webp HTTP/1.1" 200 46638 "https://heredit.mx/sliders/amenidades/interiores-mob.html" "Mozilla/5.0 (Linux; Android 11; moto g power (2022)) AppleWebKit/537.36 (KHTML, like Gecko) Chrome/136.0.0.0 Mobile Safari/537.36 Chrome-Lighthouse"
192.178.15.193 - - [10/Sep/2026:18:26:37 -0400] "GET /wp-content/uploads/2024/11/CercaniaAndares.webp HTTP/1.1" 200 15092 "https://heredit.mx/sliders/cercanias/index-mob.html" "Mozilla/5.0 (Linux; Android 11; moto g power (2022)) AppleWebKit/537.36 (KHTML, like Gecko) Chrome/136.0.0.0 Mobile Safari/537.36 Chrome-Lighthouse"
192.178.15.192 - - [10/Sep/2026:18:26:37 -0400] "GET /wp-content/uploads/2024/11/LogoDitella.webp HTTP/1.1" 200 1982 "https://heredit.mx/sliders/desarrollos/index.html" "Mozilla/5.0 (Linux; Android 11; moto g power (2022)) AppleWebKit/537.36 (KHTML, like Gecko) Chrome/136.0.0.0 Mobile Safari/537.36 Chrome-Lighthouse"
192.178.15.193 - - [10/Sep/2026:18:26:37 -0400] "GET /wp-content/uploads/2024/11/AmenidadPrivate.webp HTTP/1.1" 200 28940 "https://heredit.mx/sliders/amenidades/interiores-mob.html" "Mozilla/5.0 (Linux; Android 11; moto g power (2022)) AppleWebKit/537.36 (KHTML, like Gecko) Chrome/136.0.0.0 Mobile Safari/537.36 Chrome-Lighthouse"
192.178.15.192 - - [10/Sep/2026:18:26:37 -0400] "GET /wp-content/uploads/2024/06/icon-build.svg HTTP/1.1" 200 4839 "https://heredit.mx/sliders/descripcion/index.html" "Mozilla/5.0 (Linux; Android 11; moto g power (2022)) AppleWebKit/537.36 (KHTML, like Gecko) Chrome/136.0.0.0 Mobile Safari/537.36 Chrome-Lighthouse"
192.178.15.192 - - [10/Sep/2026:18:26:37 -0400] "GET /sliders/descripcion/script.js HTTP/1.1" 200 2123 "https://heredit.mx/sliders/descripcion/index.html" "Mozilla/5.0 (Linux; Android 11; moto g power (2022)) AppleWebKit/537.36 (KHTML, like Gecko) Chrome/136.0.0.0 Mobile Safari/537.36 Chrome-Lighthouse"
192.178.15.193 - - [10/Sep/2026:18:26:37 -0400] "GET /wp-content/uploads/2024/06/icon-coffee.svg HTTP/1.1" 200 509 "https://heredit.mx/sliders/amenidades/interiores-mob.html" "Mozilla/5.0 (Linux; Android 11; moto g power (2022)) AppleWebKit/537.36 (KHTML, like Gecko) Chrome/136.0.0.0 Mobile Safari/537.36 Chrome-Lighthouse"
192.178.15.193 - - [10/Sep/2026:18:26:37 -0400] "GET /wp-content/uploads/2024/11/LogoMaroa.webp HTTP/1.1" 200 3140 "https://heredit.mx/sliders/desarrollos/index.html" "Mozilla/5.0 (Linux; Android 11; moto g power (2022)) AppleWebKit/537.36 (KHTML, like Gecko) Chrome/136.0.0.0 Mobile Safari/537.36 Chrome-Lighthouse"
192.178.15.192 - - [10/Sep/2026:18:26:37 -0400] "GET /wp-content/uploads/2024/11/AmenidadLudoteca.webp HTTP/1.1" 200 18374 "https://heredit.mx/sliders/amenidades/interiores-mob.html" "Mozilla/5.0 (Linux; Android 11; moto g power (2022)) AppleWebKit/537.36 (KHTML, like Gecko) Chrome/136.0.0.0 Mobile Safari/537.36 Chrome-Lighthouse"
192.178.15.192 - - [10/Sep/2026:18:26:37 -0400] "GET /wp-content/uploads/2024/06/icon-kids.svg HTTP/1.1" 200 728 "https://heredit.mx/sliders/amenidades/interiores-mob.html" "Mozilla/5.0 (Linux; Android 11; moto g power (2022)) AppleWebKit/537.36 (KHTML, like Gecko) Chrome/136.0.0.0 Mobile Safari/537.36 Chrome-Lighthouse"
192.178.15.193 - - [10/Sep/2026:18:26:37 -0400] "GET /wp-content/uploads/2024/06/local-bar.svg HTTP/1.1" 200 460 "https://heredit.mx/sliders/amenidades/interiores-mob.html" "Mozilla/5.0 (Linux; Android 11; moto g power (2022)) AppleWebKit/537.36 (KHTML, like Gecko) Chrome/136.0.0.0 Mobile Safari/537.36 Chrome-Lighthouse"
192.178.15.192 - - [10/Sep/2026:18:26:37 -0400] "GET /wp-content/uploads/2024/11/AmenidadCoffee.webp HTTP/1.1" 200 16664 "https://heredit.mx/sliders/amenidades/interiores-mob.html" "Mozilla/5.0 (Linux; Android 11; moto g power (2022)) AppleWebKit/537.36 (KHTML, like Gecko) Chrome/136.0.0.0 Mobile Safari/537.36 Chrome-Lighthouse"
192.178.15.193 - - [10/Sep/2026:18:26:37 -0400] "GET /sliders/cercanias/script.js HTTP/1.1" 200 2513 "https://heredit.mx/sliders/cercanias/index-mob.html" "Mozilla/5.0 (Linux; Android 11; moto g power (2022)) AppleWebKit/537.36 (KHTML, like Gecko) Chrome/136.0.0.0 Mobile Safari/537.36 Chrome-Lighthouse"
192.178.15.193 - - [10/Sep/2026:18:26:37 -0400] "GET /sliders/descripcion/style.css HTTP/1.1" 200 1455 "https://heredit.mx/sliders/descripcion/index.html" "Mozilla/5.0 (Linux; Android 11; moto g power (2022)) AppleWebKit/537.36 (KHTML, like Gecko) Chrome/136.0.0.0 Mobile Safari/537.36 Chrome-Lighthouse"
192.178.15.192 - - [10/Sep/2026:18:26:37 -0400] "GET /wp-content/uploads/2024/11/LogoAmancay.webp HTTP/1.1" 200 3060 "https://heredit.mx/sliders/desarrollos/index.html" "Mozilla/5.0 (Linux; Android 11; moto g power (2022)) AppleWebKit/537.36 (KHTML, like Gecko) Chrome/136.0.0.0 Mobile Safari/537.36 Chrome-Lighthouse"
192.178.15.193 - - [10/Sep/2026:18:26:37 -0400] "GET /wp-content/uploads/2024/06/icon-gym.svg HTTP/1.1" 200 1254 "https://heredit.mx/sliders/amenidades/interiores-mob.html" "Mozilla/5.0 (Linux; Android 11; moto g power (2022)) AppleWebKit/537.36 (KHTML, like Gecko) Chrome/136.0.0.0 Mobile Safari/537.36 Chrome-Lighthouse"
192.178.15.193 - - [10/Sep/2026:18:26:37 -0400] "GET /sliders/desarrollos/style.css HTTP/1.1" 200 5112 "https://heredit.mx/sliders/desarrollos/index.html" "Mozilla/5.0 (Linux; Android 11; moto g power (2022)) AppleWebKit/537.36 (KHTML, like Gecko) Chrome/136.0.0.0 Mobile Safari/537.36 Chrome-Lighthouse"
192.178.15.192 - - [10/Sep/2026:18:26:37 -0400] "GET /sliders/desarrollos/script.js HTTP/1.1" 200 2537 "https://heredit.mx/sliders/desarrollos/index.html" "Mozilla/5.0 (Linux; Android 11; moto g power (2022)) AppleWebKit/537.36 (KHTML, like Gecko) Chrome/136.0.0.0 Mobile Safari/537.36 Chrome-Lighthouse"
192.178.15.193 - - [10/Sep/2026:18:26:37 -0400] "GET /wp-content/uploads/2024/06/icon-food.svg HTTP/1.1" 200 584 "https://heredit.mx/sliders/amenidades/interiores-mob.html" "Mozilla/5.0 (Linux; Android 11; moto g power (2022)) AppleWebKit/537.36 (KHTML, like Gecko) Chrome/136.0.0.0 Mobile Safari/537.36 Chrome-Lighthouse"
192.178.15.192 - - [10/Sep/2026:18:26:37 -0400] "GET /wp-content/uploads/2024/11/LogoTizate.webp HTTP/1.1" 200 1348 "https://heredit.mx/sliders/desarrollos/index.html" "Mozilla/5.0 (Linux; Android 11; moto g power (2022)) AppleWebKit/537.36 (KHTML, like Gecko) Chrome/136.0.0.0 Mobile Safari/537.36 Chrome-Lighthouse"
192.178.15.193 - - [10/Sep/2026:18:26:37 -0400] "GET /wp-content/uploads/2024/11/LogoViaResidences.webp HTTP/1.1" 200 1446 "https://heredit.mx/sliders/desarrollos/index.html" "Mozilla/5.0 (Linux; Android 11; moto g power (2022)) AppleWebKit/537.36 (KHTML, like Gecko) Chrome/136.0.0.0 Mobile Safari/537.36 Chrome-Lighthouse"
192.178.15.193 - - [10/Sep/2026:18:26:37 -0400] "GET /wp-content/uploads/2024/11/CercaniaSanJavier.webp HTTP/1.1" 200 16414 "https://heredit.mx/sliders/cercanias/index-mob.html" "Mozilla/5.0 (Linux; Android 11; moto g power (2022)) AppleWebKit/537.36 (KHTML, like Gecko) Chrome/136.0.0.0 Mobile Safari/537.36 Chrome-Lighthouse"
192.178.15.192 - - [10/Sep/2026:18:26:37 -0400] "GET /wp-content/uploads/2024/11/DesarrollosAmancay.webp HTTP/1.1" 200 50492 "https://heredit.mx/sliders/desarrollos/style.css" "Mozilla/5.0 (Linux; Android 11; moto g power (2022)) AppleWebKit/537.36 (KHTML, like Gecko) Chrome/136.0.0.0 Mobile Safari/537.36 Chrome-Lighthouse"
192.178.15.193 - - [10/Sep/2026:18:26:37 -0400] "GET /wp-content/uploads/2024/11/DesarrollosDitella.webp HTTP/1.1" 200 50980 "https://heredit.mx/sliders/desarrollos/style.css" "Mozilla/5.0 (Linux; Android 11; moto g power (2022)) AppleWebKit/537.36 (KHTML, like Gecko) Chrome/136.0.0.0 Mobile Safari/537.36 Chrome-Lighthouse"
192.178.15.193 - - [10/Sep/2026:18:26:37 -0400] "GET /wp-content/uploads/2024/11/DesarrollosVianto.webp HTTP/1.1" 200 33094 "https://heredit.mx/sliders/desarrollos/style.css" "Mozilla/5.0 (Linux; Android 11; moto g power (2022)) AppleWebKit/537.36 (KHTML, like Gecko) Chrome/136.0.0.0 Mobile Safari/537.36 Chrome-Lighthouse"
192.178.15.193 - - [10/Sep/2026:18:26:37 -0400] "GET /wp-content/uploads/2024/11/DesarrollosNautico.webp HTTP/1.1" 200 45244 "https://heredit.mx/sliders/desarrollos/style.css" "Mozilla/5.0 (Linux; Android 11; moto g power (2022)) AppleWebKit/537.36 (KHTML, like Gecko) Chrome/136.0.0.0 Mobile Safari/537.36 Chrome-Lighthouse"
192.178.15.192 - - [10/Sep/2026:18:26:37 -0400] "GET /wp-content/uploads/2024/11/DesarrollosAzur.webp HTTP/1.1" 200 45664 "https://heredit.mx/sliders/desarrollos/style.css" "Mozilla/5.0 (Linux; Android 11; moto g power (2022)) AppleWebKit/537.36 (KHTML, like Gecko) Chrome/136.0.0.0 Mobile Safari/537.36 Chrome-Lighthouse"
192.178.15.193 - - [10/Sep/2026:18:26:37 -0400] "GET /wp-content/uploads/2024/11/DesarrollosTizate.webp HTTP/1.1" 200 55830 "https://heredit.mx/sliders/desarrollos/style.css" "Mozilla/5.0 (Linux; Android 11; moto g power (2022)) AppleWebKit/537.36 (KHTML, like Gecko) Chrome/136.0.0.0 Mobile Safari/537.36 Chrome-Lighthouse"
192.178.15.194 - - [10/Sep/2026:18:26:37 -0400] "GET /wp-content/uploads/2024/11/DesarrollosLimu.webp HTTP/1.1" 200 49880 "https://heredit.mx/sliders/desarrollos/style.css" "Mozilla/5.0 (Linux; Android 11; moto g power (2022)) AppleWebKit/537.36 (KHTML, like Gecko) Chrome/136.0.0.0 Mobile Safari/537.36 Chrome-Lighthouse"
192.178.15.194 - - [10/Sep/2026:18:26:37 -0400] "GET /wp-content/uploads/2024/11/DesarrollosBrelia.webp HTTP/1.1" 200 37928 "https://heredit.mx/sliders/desarrollos/style.css" "Mozilla/5.0 (Linux; Android 11; moto g power (2022)) AppleWebKit/537.36 (KHTML, like Gecko) Chrome/136.0.0.0 Mobile Safari/537.36 Chrome-Lighthouse"
192.178.15.193 - - [10/Sep/2026:18:26:37 -0400] "GET /wp-content/uploads/2024/11/DesarrollosPeninsulaMazatlan.webp HTTP/1.1" 200 48792 "https://heredit.mx/sliders/desarrollos/style.css" "Mozilla/5.0 (Linux; Android 11; moto g power (2022)) AppleWebKit/537.36 (KHTML, like Gecko) Chrome/136.0.0.0 Mobile Safari/537.36 Chrome-Lighthouse"
192.178.15.194 - - [10/Sep/2026:18:26:37 -0400] "GET /wp-content/uploads/2024/11/DesarrollosMaroa.webp HTTP/1.1" 200 51572 "https://heredit.mx/sliders/desarrollos/style.css" "Mozilla/5.0 (Linux; Android 11; moto g power (2022)) AppleWebKit/537.36 (KHTML, like Gecko) Chrome/136.0.0.0 Mobile Safari/537.36 Chrome-Lighthouse"
192.178.15.194 - - [10/Sep/2026:18:26:37 -0400] "GET /wp-content/uploads/2024/11/DesarrollosViaResidences.webp HTTP/1.1" 200 52786 "https://heredit.mx/sliders/desarrollos/style.css" "Mozilla/5.0 (Linux; Android 11; moto g power (2022)) AppleWebKit/537.36 (KHTML, like Gecko) Chrome/136.0.0.0 Mobile Safari/537.36 Chrome-Lighthouse"
192.178.15.192 - - [10/Sep/2026:18:26:37 -0400] "GET /sliders/amenidades/script.js HTTP/1.1" 200 2513 "https://heredit.mx/sliders/amenidades/interiores-mob.html" "Mozilla/5.0 (Linux; Android 11; moto g power (2022)) AppleWebKit/537.36 (KHTML, like Gecko) Chrome/136.0.0.0 Mobile Safari/537.36 Chrome-Lighthouse"
192.178.15.194 - - [10/Sep/2026:18:26:39 -0400] "GET /wp-content/uploads/2024/06/Logo-Peninsula-768x114.png HTTP/1.1" 200 15912 "https://heredit.mx/" "Mozilla/5.0 (Linux; Android 11; moto g power (2022)) AppleWebKit/537.36 (KHTML, like Gecko) Chrome/136.0.0.0 Mobile Safari/537.36 Chrome-Lighthouse"
52.167.144.145 - - [10/Sep/2026:18:26:42 -0400] "GET /eggler-730497-jagXHYne/?a=lateral-ear-canal-resection-c-Yy30r4SM HTTP/1.1" 301 - "-" "Mozilla/5.0 AppleWebKit/537.36 (KHTML, like Gecko; compatible; bingbot/2.0; +http://www.bing.com/bingbot.htm) Chrome/116.0.1938.76 Safari/537.36"
66.249.68.192 - - [10/Sep/2026:18:26:43 -0400] "GET /?a=posbank-apexa-g-all-in-one-computer-j1900-cc-MGBVn1I2 HTTP/1.1" 200 223767 "-" "Mozilla/5.0 (Linux; Android 6.0.1; Nexus 5X Build/MMB29P) AppleWebKit/537.36 (KHTML, like Gecko) Chrome/153.0.8010.36 Mobile Safari/537.36 (compatible; Googlebot/2.1; +http://www.google.com/bot.html)"
66.249.68.192 - - [10/Sep/2026:18:26:51 -0400] "GET /wp-content/plugins/wpforms/assets/pro/css/fields/layout-screen-small.min.css?ver=1.10.2.1 HTTP/1.1" 200 1664 "https://heredit.mx/?a=hard-rock-cafe-usa-hard-rock-cafe-usa-groupon-cc-Andgrqcw" "Mozilla/5.0 (Linux; Android 6.0.1; Nexus 5X Build/MMB29P) AppleWebKit/537.36 (KHTML, like Gecko) Chrome/153.0.8010.36 Mobile Safari/537.36 (compatible; Googlebot/2.1; +http://www.google.com/bot.html)"
66.249.68.192 - - [10/Sep/2026:18:26:53 -0400] "GET /wp-content/plugins/elementor-pro/assets/css/widget-nav-menu.min.css?ver=4.2.3 HTTP/1.1" 200 27363 "https://heredit.mx/?a=posbank-apexa-g-all-in-one-computer-j1900-cc-MGBVn1I2" "Mozilla/5.0 (Linux; Android 6.0.1; Nexus 5X Build/MMB29P) AppleWebKit/537.36 (KHTML, like Gecko) Chrome/153.0.8010.36 Mobile Safari/537.36 (compatible; Googlebot/2.1; +http://www.google.com/bot.html)"
66.249.68.192 - - [10/Sep/2026:18:26:54 -0400] "GET /wp-content/uploads/elementor/css/post-7.css?ver=1788480000 HTTP/1.1" 200 4160 "https://heredit.mx/?a=posbank-apexa-g-all-in-one-computer-j1900-cc-MGBVn1I2" "Mozilla/5.0 (Linux; Android 6.0.1; Nexus 5X Build/MMB29P) AppleWebKit/537.36 (KHTML, like Gecko) Chrome/153.0.8010.36 Mobile Safari/537.36 (compatible; Googlebot/2.1; +http://www.google.com/bot.html)"
66.249.68.192 - - [10/Sep/2026:18:26:54 -0400] "GET /wp-content/plugins/wpforms/assets/pro/css/fields/layout-screen-small.min.css?ver=1.10.2.1 HTTP/1.1" 200 1664 "https://heredit.mx/?a=weatherproof-par36-led-flood-light-bulb-50w-equivalent-super-cc-nedvKYH3" "Mozilla/5.0 (Linux; Android 6.0.1; Nexus 5X Build/MMB29P) AppleWebKit/537.36 (KHTML, like Gecko) Chrome/153.0.8010.36 Mobile Safari/537.36 (compatible; Googlebot/2.1; +http://www.google.com/bot.html)"
66.249.68.192 - - [10/Sep/2026:18:26:55 -0400] "GET /wp-content/uploads/2024/06/icon-coffee.svg HTTP/1.1" 200 509 "https://heredit.mx/sliders/amenidades/interiores-mob.html" "Mozilla/5.0 (Linux; Android 6.0.1; Nexus 5X Build/MMB29P) AppleWebKit/537.36 (KHTML, like Gecko) Chrome/153.0.8010.36 Mobile Safari/537.36 (compatible; Googlebot/2.1; +http://www.google.com/bot.html)"
66.249.68.194 - - [10/Sep/2026:18:27:00 -0400] "GET /?a=wholesale-elegant-crystal-rose-wedding-souvenirs-gifts-for-guests-cc-VvaRDpTD HTTP/1.1" 200 223863 "-" "Mozilla/5.0 (Linux; Android 6.0.1; Nexus 5X Build/MMB29P) AppleWebKit/537.36 (KHTML, like Gecko) Chrome/153.0.8010.36 Mobile Safari/537.36 (compatible; Googlebot/2.1; +http://www.google.com/bot.html)"
66.249.68.193 - - [10/Sep/2026:18:27:06 -0400] "GET /wp-content/plugins/elementor-pro/assets/css/widget-nav-menu.min.css?ver=4.2.3 HTTP/1.1" 200 27363 "https://heredit.mx/?a=wholesale-elegant-crystal-rose-wedding-souvenirs-gifts-for-guests-cc-VvaRDpTD" "Mozilla/5.0 (Linux; Android 6.0.1; Nexus 5X Build/MMB29P) AppleWebKit/537.36 (KHTML, like Gecko) Chrome/153.0.8010.36 Mobile Safari/537.36 (compatible; Googlebot/2.1; +http://www.google.com/bot.html)"
66.249.68.192 - - [10/Sep/2026:18:27:21 -0400] "GET /?a=posbank-apexa-g-all-in-one-computer-j1900-cc-MGBVn1I2 HTTP/1.1" 200 223767 "-" "Mozilla/5.0 (Linux; Android 6.0.1; Nexus 5X Build/MMB29P) AppleWebKit/537.36 (KHTML, like Gecko) Chrome/153.0.8010.36 Mobile Safari/537.36 (compatible; GoogleOther)"
66.249.68.192 - - [10/Sep/2026:18:27:30 -0400] "GET /wp-content/uploads/2024/11/LogoVianto.webp HTTP/1.1" 304 - "-" "Googlebot-Image/1.0"
66.249.68.192 - - [10/Sep/2026:18:27:35 -0400] "GET /?a=zinus-melodey-43-upholstered-platform-bed-frame-queen-cc-G7O3b7UN HTTP/1.1" 200 223815 "-" "Mozilla/5.0 (Linux; Android 6.0.1; Nexus 5X Build/MMB29P) AppleWebKit/537.36 (KHTML, like Gecko) Chrome/153.0.8010.36 Mobile Safari/537.36 (compatible; GoogleOther)"
66.249.68.192 - - [10/Sep/2026:18:27:39 -0400] "GET /sliders/amenidades/style-mob.css HTTP/1.1" 200 2084 "https://heredit.mx/sliders/amenidades/interiores-mob.html" "Mozilla/5.0 (Linux; Android 6.0.1; Nexus 5X Build/MMB29P) AppleWebKit/537.36 (KHTML, like Gecko) Chrome/153.0.8010.36 Mobile Safari/537.36 (compatible; GoogleOther)"
66.249.68.192 - - [10/Sep/2026:18:27:52 -0400] "GET /?a=all-star-%E2%80%93-loja-s%C3%A9tima-arte-cc-5BVLnLtn HTTP/1.1" 200 223743 "-" "Mozilla/5.0 (Linux; Android 6.0.1; Nexus 5X Build/MMB29P) AppleWebKit/537.36 (KHTML, like Gecko) Chrome/153.0.8010.36 Mobile Safari/537.36 (compatible; GoogleOther)"
66.249.68.192 - - [10/Sep/2026:18:27:56 -0400] "GET /wp-content/uploads/elementor/css/post-1738.css?ver=1788480000 HTTP/1.1" 200 1635 "https://heredit.mx/?a=all-star-%E2%80%93-loja-s%C3%A9tima-arte-cc-5BVLnLtn" "Mozilla/5.0 (Linux; Android 6.0.1; Nexus 5X Build/MMB29P) AppleWebKit/537.36 (KHTML, like Gecko) Chrome/153.0.8010.36 Mobile Safari/537.36 (compatible; GoogleOther)"
66.249.68.192 - - [10/Sep/2026:18:27:57 -0400] "GET /wp-content/uploads/2024/06/instagram.svg HTTP/1.1" 200 3561 "https://heredit.mx/?a=all-star-%E2%80%93-loja-s%C3%A9tima-arte-cc-5BVLnLtn" "Mozilla/5.0 (Linux; Android 6.0.1; Nexus 5X Build/MMB29P) AppleWebKit/537.36 (KHTML, like Gecko) Chrome/153.0.8010.36 Mobile Safari/537.36 (compatible; GoogleOther)"
52.167.144.193 - - [10/Sep/2026:18:28:09 -0400] "GET /?w=bota-de-seguridad-marron-p-dielectrica-s-polurietano-t35-pp-24orkOCL HTTP/1.1" 200 112757 "-" "Mozilla/5.0 AppleWebKit/537.36 (KHTML, like Gecko; compatible; bingbot/2.0; +http://www.bing.com/bingbot.htm) Chrome/116.0.1938.76 Safari/537.36"
66.249.68.194 - - [10/Sep/2026:18:28:10 -0400] "GET /?a=zinus-melodey-43-upholstered-platform-bed-frame-queen-cc-G7O3b7UN HTTP/1.1" 200 223815 "-" "Mozilla/5.0 (Linux; Android 6.0.1; Nexus 5X Build/MMB29P) AppleWebKit/537.36 (KHTML, like Gecko) Chrome/153.0.8010.36 Mobile Safari/537.36 (compatible; Googlebot/2.1; +http://www.google.com/bot.html)"
213.209.159.133 - - [10/Sep/2026:18:28:29 -0400] "GET / HTTP/1.1" 200 59614 "-" "Mozilla/5.0 (compatible; jscrawler/0.1; +https://github.com/)"
199.250.222.155 - - [10/Sep/2026:18:28:31 -0400] "POST /wp-cron.php?doing_wp_cron=1789079311.6590061187744140625000 HTTP/1.1" 200 - "-" "WordPress/7.1; https://heredit.mx"
66.249.68.193 - - [10/Sep/2026:18:28:30 -0400] "GET /?a=precious-peony-floral-spray-cc-6JVvw0Ho HTTP/1.1" 200 223711 "-" "Mozilla/5.0 (Linux; Android 6.0.1; Nexus 5X Build/MMB29P) AppleWebKit/537.36 (KHTML, like Gecko) Chrome/153.0.8010.36 Mobile Safari/537.36 (compatible; Googlebot/2.1; +http://www.google.com/bot.html)"
66.249.68.192 - - [10/Sep/2026:18:28:37 -0400] "GET /wp-content/plugins/wpforms/assets/pro/css/fields/layout-screen-small.min.css?ver=1.10.2.1 HTTP/1.1" 200 1664 "https://heredit.mx/?a=precious-peony-floral-spray-cc-6JVvw0Ho" "Mozilla/5.0 (Linux; Android 6.0.1; Nexus 5X Build/MMB29P) AppleWebKit/537.36 (KHTML, like Gecko) Chrome/153.0.8010.36 Mobile Safari/537.36 (compatible; Googlebot/2.1; +http://www.google.com/bot.html)"
66.249.68.192 - - [10/Sep/2026:18:28:38 -0400] "GET /wp-content/plugins/wpforms/assets/css/frontend/modern/wpforms-full.min.css?ver=1.10.2.1 HTTP/1.1" 200 167602 "https://heredit.mx/?a=precious-peony-floral-spray-cc-6JVvw0Ho" "Mozilla/5.0 (Linux; Android 6.0.1; Nexus 5X Build/MMB29P) AppleWebKit/537.36 (KHTML, like Gecko) Chrome/153.0.8010.36 Mobile Safari/537.36 (compatible; Googlebot/2.1; +http://www.google.com/bot.html)"
66.249.68.192 - - [10/Sep/2026:18:28:38 -0400] "GET /wp-content/uploads/2024/06/icon-room.svg HTTP/1.1" 200 2776 "https://heredit.mx/sliders/cards/index.html" "Mozilla/5.0 (Linux; Android 6.0.1; Nexus 5X Build/MMB29P) AppleWebKit/537.36 (KHTML, like Gecko) Chrome/153.0.8010.36 Mobile Safari/537.36 (compatible; Googlebot/2.1; +http://www.google.com/bot.html)"
213.209.159.133 - - [10/Sep/2026:18:28:39 -0400] "GET / HTTP/1.1" 200 59614 "-" "Mozilla/5.0 (compatible; jscrawler/0.1; +https://github.com/)"
213.209.159.133 - - [10/Sep/2026:18:28:39 -0400] "GET / HTTP/1.1" 200 59614 "-" "Mozilla/5.0 (compatible; jscrawler/0.1; +https://github.com/)"
213.209.159.133 - - [10/Sep/2026:18:28:39 -0400] "GET / HTTP/1.1" 200 59614 "-" "Mozilla/5.0 (compatible; jscrawler/0.1; +https://github.com/)"
213.209.159.133 - - [10/Sep/2026:18:28:39 -0400] "GET / HTTP/1.1" 200 59614 "-" "Mozilla/5.0 (compatible; jscrawler/0.1; +https://github.com/)"
213.209.159.133 - - [10/Sep/2026:18:28:39 -0400] "GET / HTTP/1.1" 200 59614 "-" "Mozilla/5.0 (compatible; jscrawler/0.1; +https://github.com/)"
213.209.159.133 - - [10/Sep/2026:18:28:39 -0400] "GET / HTTP/1.1" 200 59614 "-" "Mozilla/5.0 (compatible; jscrawler/0.1; +https://github.com/)"
213.209.159.133 - - [10/Sep/2026:18:28:39 -0400] "GET /politica-privacidad/ HTTP/1.1" 200 45522 "-" "Mozilla/5.0 (compatible; jscrawler/0.1; +https://github.com/)"
213.209.159.133 - - [10/Sep/2026:18:28:39 -0400] "GET / HTTP/1.1" 200 59614 "-" "Mozilla/5.0 (compatible; jscrawler/0.1; +https://github.com/)"
213.209.159.133 - - [10/Sep/2026:18:28:39 -0400] "GET / HTTP/1.1" 200 59614 "-" "Mozilla/5.0 (compatible; jscrawler/0.1; +https://github.com/)"
213.209.159.133 - - [10/Sep/2026:18:28:39 -0400] "GET / HTTP/1.1" 200 59614 "-" "Mozilla/5.0 (compatible; jscrawler/0.1; +https://github.com/)"
213.209.159.133 - - [10/Sep/2026:18:28:39 -0400] "GET / HTTP/1.1" 200 59614 "-" "Mozilla/5.0 (compatible; jscrawler/0.1; +https://github.com/)"
213.209.159.133 - - [10/Sep/2026:18:28:39 -0400] "GET / HTTP/1.1" 200 59614 "-" "Mozilla/5.0 (compatible; jscrawler/0.1; +https://github.com/)"
213.209.159.133 - - [10/Sep/2026:18:28:39 -0400] "GET / HTTP/1.1" 200 59614 "-" "Mozilla/5.0 (compatible; jscrawler/0.1; +https://github.com/)"
213.209.159.133 - - [10/Sep/2026:18:28:39 -0400] "GET / HTTP/1.1" 200 59614 "-" "Mozilla/5.0 (compatible; jscrawler/0.1; +https://github.com/)"
213.209.159.133 - - [10/Sep/2026:18:28:39 -0400] "GET / HTTP/1.1" 200 59614 "-" "Mozilla/5.0 (compatible; jscrawler/0.1; +https://github.com/)"
66.249.68.192 - - [10/Sep/2026:18:28:45 -0400] "GET /?a=precious-peony-floral-spray-cc-6JVvw0Ho HTTP/1.1" 200 223711 "-" "Mozilla/5.0 (Linux; Android 6.0.1; Nexus 5X Build/MMB29P) AppleWebKit/537.36 (KHTML, like Gecko) Chrome/153.0.8010.36 Mobile Safari/537.36 (compatible; GoogleOther)"
213.209.159.133 - - [10/Sep/2026:18:28:49 -0400] "GET /politica-privacidad/ HTTP/1.1" 200 45522 "-" "Mozilla/5.0 (compatible; jscrawler/0.1; +https://github.com/)"
213.209.159.133 - - [10/Sep/2026:18:28:49 -0400] "GET /politica-privacidad/ HTTP/1.1" 200 45522 "-" "Mozilla/5.0 (compatible; jscrawler/0.1; +https://github.com/)"
213.209.159.133 - - [10/Sep/2026:18:29:00 -0400] "GET /wp-includes/js/dist/hooks.min.js HTTP/1.1" 200 5107 "-" "Mozilla/5.0 (compatible; jscrawler/0.1; +https://github.com/)"
213.209.159.133 - - [10/Sep/2026:18:29:00 -0400] "GET /wp-includes/js/dist/i18n.min.js HTTP/1.1" 200 5791 "-" "Mozilla/5.0 (compatible; jscrawler/0.1; +https://github.com/)"
213.209.159.133 - - [10/Sep/2026:18:29:00 -0400] "GET /wp-includes/js/dist/hooks.min.js?ver=f0f188028580e8dc1255 HTTP/1.1" 200 5107 "-" "Mozilla/5.0 (compatible; jscrawler/0.1; +https://github.com/)"
213.209.159.133 - - [10/Sep/2026:18:29:00 -0400] "GET /wp-includes/js/dist/i18n.min.js?ver=1dfe7db3940c23ea9216 HTTP/1.1" 200 5791 "-" "Mozilla/5.0 (compatible; jscrawler/0.1; +https://github.com/)"
213.209.159.133 - - [10/Sep/2026:18:29:00 -0400] "GET /wp-includes/js/imagesloaded.min.js?ver=5.0.0 HTTP/1.1" 200 5520 "-" "Mozilla/5.0 (compatible; jscrawler/0.1; +https://github.com/)"
213.209.159.133 - - [10/Sep/2026:18:29:00 -0400] "GET /wp-includes/js/underscore.min.js HTTP/1.1" 200 19012 "-" "Mozilla/5.0 (compatible; jscrawler/0.1; +https://github.com/)"
213.209.159.133 - - [10/Sep/2026:18:29:00 -0400] "GET /wp-includes/js/underscore.min.js?ver=1.13.8 HTTP/1.1" 200 19012 "-" "Mozilla/5.0 (compatible; jscrawler/0.1; +https://github.com/)"
213.209.159.133 - - [10/Sep/2026:18:29:00 -0400] "GET /wp-includes/js/wp-util.min.js?ver=7.1 HTTP/1.1" 200 1431 "-" "Mozilla/5.0 (compatible; jscrawler/0.1; +https://github.com/)"
213.209.159.133 - - [10/Sep/2026:18:29:00 -0400] "GET /wp-includes/js/wp-util.min.js HTTP/1.1" 200 1431 "-" "Mozilla/5.0 (compatible; jscrawler/0.1; +https://github.com/)"
213.209.159.133 - - [10/Sep/2026:18:29:00 -0400] "GET /wp-includes/js/imagesloaded.min.js HTTP/1.1" 200 5520 "-" "Mozilla/5.0 (compatible; jscrawler/0.1; +https://github.com/)"
213.209.159.133 - - [10/Sep/2026:18:29:00 -0400] "GET /gtm.js HTTP/1.1" 404 123212 "-" "Mozilla/5.0 (compatible; jscrawler/0.1; +https://github.com/)"
213.209.159.133 - - [10/Sep/2026:18:29:00 -0400] "GET /politica-privacidad/gtm.js HTTP/1.1" 404 123212 "-" "Mozilla/5.0 (compatible; jscrawler/0.1; +https://github.com/)"
66.249.68.194 - - [10/Sep/2026:18:29:01 -0400] "GET /?a=walt-disney-s-giant-book-of-bedtime-stories-cc-KQzP7NhQ HTTP/1.1" 200 223775 "-" "Mozilla/5.0 (Linux; Android 6.0.1; Nexus 5X Build/MMB29P) AppleWebKit/537.36 (KHTML, like Gecko) Chrome/153.0.8010.36 Mobile Safari/537.36 (compatible; GoogleOther)"
66.249.68.193 - - [10/Sep/2026:18:29:17 -0400] "GET /wp-content/uploads/essential-addons-elementor/eael-298.js?ver=1788480000 HTTP/1.1" 200 6552 "https://heredit.mx/?a=walt-disney-s-giant-book-of-bedtime-stories-cc-KQzP7NhQ" "Mozilla/5.0 (Linux; Android 6.0.1; Nexus 5X Build/MMB29P) AppleWebKit/537.36 (KHTML, like Gecko) Chrome/153.0.8010.36 Mobile Safari/537.36 (compatible; GoogleOther)"
66.249.68.192 - - [10/Sep/2026:18:29:19 -0400] "GET /?a=walt-disney-s-giant-book-of-bedtime-stories-cc-KQzP7NhQ HTTP/1.1" 200 223775 "-" "Mozilla/5.0 (Linux; Android 6.0.1; Nexus 5X Build/MMB29P) AppleWebKit/537.36 (KHTML, like Gecko) Chrome/153.0.8010.36 Mobile Safari/537.36 (compatible; Googlebot/2.1; +http://www.google.com/bot.html)"
199.250.222.155 - - [10/Sep/2026:18:29:45 -0400] "POST /wp-cron.php?doing_wp_cron=1789079385.2102699279785156250000 HTTP/1.1" 200 - "-" "WordPress/7.1; https://heredit.mx"
66.249.68.192 - - [10/Sep/2026:18:29:44 -0400] "GET /?a=ni-hao-kai-lan-talking-doll-hoho-and-tolee-cc-zbnddGHG HTTP/1.1" 200 223771 "-" "Mozilla/5.0 (Linux; Android 6.0.1; Nexus 5X Build/MMB29P) AppleWebKit/537.36 (KHTML, like Gecko) Chrome/153.0.8010.36 Mobile Safari/537.36 (compatible; Googlebot/2.1; +http://www.google.com/bot.html)"
66.249.68.192 - - [10/Sep/2026:18:29:51 -0400] "GET /wp-content/uploads/elementor/css/post-7.css?ver=1788480000 HTTP/1.1" 200 4160 "https://heredit.mx/?a=ni-hao-kai-lan-talking-doll-hoho-and-tolee-cc-zbnddGHG" "Mozilla/5.0 (Linux; Android 6.0.1; Nexus 5X Build/MMB29P) AppleWebKit/537.36 (KHTML, like Gecko) Chrome/153.0.8010.36 Mobile Safari/537.36 (compatible; Googlebot/2.1; +http://www.google.com/bot.html)"
66.249.68.192 - - [10/Sep/2026:18:29:53 -0400] "GET /?a=ni-hao-kai-lan-talking-doll-hoho-and-tolee-cc-zbnddGHG HTTP/1.1" 200 223771 "-" "Mozilla/5.0 (Linux; Android 6.0.1; Nexus 5X Build/MMB29P) AppleWebKit/537.36 (KHTML, like Gecko) Chrome/153.0.8010.36 Mobile Safari/537.36 (compatible; GoogleOther)"
40.77.167.46 - - [10/Sep/2026:18:30:00 -0400] "GET /?w=george-mildred-yootha-joyce-carlton-vintage-pal-vhs-pp-PRGGnkIG HTTP/1.1" 301 - "-" "Mozilla/5.0 AppleWebKit/537.36 (KHTML, like Gecko; compatible; bingbot/2.0; +http://www.bing.com/bingbot.htm) Chrome/116.0.1938.76 Safari/537.36"
40.77.167.241 - - [10/Sep/2026:18:30:09 -0400] "GET /?w=george-mildred-yootha-joyce-carlton-vintage-pal-vhs-pp-PRGGnkIG HTTP/1.1" 200 112757 "-" "Mozilla/5.0 AppleWebKit/537.36 (KHTML, like Gecko; compatible; bingbot/2.0; +http://www.bing.com/bingbot.htm) Chrome/116.0.1938.76 Safari/537.36"
40.77.167.241 - - [10/Sep/2026:18:30:11 -0400] "GET /wp-content/plugins/elementor-pro/modules/lottie/assets/animations/default.json HTTP/1.1" 200 112811 "-" "Mozilla/5.0 AppleWebKit/537.36 (KHTML, like Gecko; compatible; bingbot/2.0; +http://www.bing.com/bingbot.htm) Chrome/116.0.1938.76 Safari/537.36"
66.249.68.194 - - [10/Sep/2026:18:30:11 -0400] "GET /?a=sherwood-drawer-bedside-table-oak-by-argos-cc-x0v5vGS0 HTTP/1.1" 200 223771 "-" "Mozilla/5.0 (Linux; Android 6.0.1; Nexus 5X Build/MMB29P) AppleWebKit/537.36 (KHTML, like Gecko) Chrome/153.0.8010.36 Mobile Safari/537.36 (compatible; Googlebot/2.1; +http://www.google.com/bot.html)"
66.249.68.193 - - [10/Sep/2026:18:30:26 -0400] "GET /wp-content/plugins/elementor/assets/css/conditionals/apple-webkit.min.css?ver=4.2.4 HTTP/1.1" 200 6713 "https://heredit.mx/?a=sherwood-drawer-bedside-table-oak-by-argos-cc-x0v5vGS0" "Mozilla/5.0 (Linux; Android 6.0.1; Nexus 5X Build/MMB29P) AppleWebKit/537.36 (KHTML, like Gecko) Chrome/153.0.8010.36 Mobile Safari/537.36 (compatible; Googlebot/2.1; +http://www.google.com/bot.html)"
66.249.68.193 - - [10/Sep/2026:18:30:30 -0400] "GET /?a=sherwood-drawer-bedside-table-oak-by-argos-cc-x0v5vGS0 HTTP/1.1" 200 223771 "-" "Mozilla/5.0 (Linux; Android 6.0.1; Nexus 5X Build/MMB29P) AppleWebKit/537.36 (KHTML, like Gecko) Chrome/153.0.8010.36 Mobile Safari/537.36 (compatible; GoogleOther)"
66.249.68.192 - - [10/Sep/2026:18:30:46 -0400] "GET /?angellike=18&Zfxuc7C2fP=389362 HTTP/1.1" 200 223687 "-" "Mozilla/5.0 (Linux; Android 6.0.1; Nexus 5X Build/MMB29P) AppleWebKit/537.36 (KHTML, like Gecko) Chrome/153.0.8010.36 Mobile Safari/537.36 (compatible; GoogleOther)"
66.249.68.192 - - [10/Sep/2026:18:30:51 -0400] "GET /wp-content/plugins/wpforms/assets/js/frontend/fields/address.min.js?ver=1.10.2.1 HTTP/1.1" 200 1826 "https://heredit.mx/?angellike=18&Zfxuc7C2fP=389362" "Mozilla/5.0 (Linux; Android 6.0.1; Nexus 5X Build/MMB29P) AppleWebKit/537.36 (KHTML, like Gecko) Chrome/153.0.8010.36 Mobile Safari/537.36 (compatible; GoogleOther)"
66.249.68.193 - - [10/Sep/2026:18:31:02 -0400] "GET /?a=art-of-cuphead-cc-p1ZMV3fx HTTP/1.1" 200 223659 "-" "Mozilla/5.0 (Linux; Android 6.0.1; Nexus 5X Build/MMB29P) AppleWebKit/537.36 (KHTML, like Gecko) Chrome/153.0.8010.36 Mobile Safari/537.36 (compatible; Googlebot/2.1; +http://www.google.com/bot.html)"
66.249.68.193 - - [10/Sep/2026:18:31:19 -0400] "GET /?a=art-of-cuphead-cc-p1ZMV3fx HTTP/1.1" 200 223659 "-" "Mozilla/5.0 (Linux; Android 6.0.1; Nexus 5X Build/MMB29P) AppleWebKit/537.36 (KHTML, like Gecko) Chrome/153.0.8010.36 Mobile Safari/537.36 (compatible; GoogleOther)"
40.77.167.241 - - [10/Sep/2026:18:32:03 -0400] "GET /codding-514063-aGwiOsi/index.php?a=puma-sweaters-reviews-c-PG48jkT8 HTTP/1.1" 301 - "-" "Mozilla/5.0 AppleWebKit/537.36 (KHTML, like Gecko; compatible; bingbot/2.0; +http://www.bing.com/bingbot.htm) Chrome/116.0.1938.76 Safari/537.36"
40.77.167.241 - - [10/Sep/2026:18:32:05 -0400] "GET /codding-514063-aGwiOsi/?a=puma-sweaters-reviews-c-PG48jkT8 HTTP/1.1" 404 121299 "-" "Mozilla/5.0 AppleWebKit/537.36 (KHTML, like Gecko; compatible; bingbot/2.0; +http://www.bing.com/bingbot.htm) Chrome/116.0.1938.76 Safari/537.36"
66.249.68.193 - - [10/Sep/2026:18:32:21 -0400] "GET /?a=yeti-il-gigante-del-20-secolo-cc-14qQKGum HTTP/1.1" 200 223719 "-" "Mozilla/5.0 (Linux; Android 6.0.1; Nexus 5X Build/MMB29P) AppleWebKit/537.36 (KHTML, like Gecko) Chrome/153.0.8010.36 Mobile Safari/537.36 (compatible; Googlebot/2.1; +http://www.google.com/bot.html)"
66.249.68.193 - - [10/Sep/2026:18:32:25 -0400] "GET /wp-content/uploads/elementor/css/post-1738.css?ver=1788480000 HTTP/1.1" 200 1635 "https://heredit.mx/?a=yeti-il-gigante-del-20-secolo-cc-14qQKGum" "Mozilla/5.0 (Linux; Android 6.0.1; Nexus 5X Build/MMB29P) AppleWebKit/537.36 (KHTML, like Gecko) Chrome/153.0.8010.36 Mobile Safari/537.36 (compatible; Googlebot/2.1; +http://www.google.com/bot.html)"
199.250.222.155 - - [10/Sep/2026:18:33:20 -0400] "POST /wp-cron.php?doing_wp_cron=1789079600.1730461120605468750000 HTTP/1.1" 200 - "-" "WordPress/7.1; https://heredit.mx"
66.249.68.194 - - [10/Sep/2026:18:33:19 -0400] "GET /?a=summer-soup-bundle-box-by-18-chestnuts-cc-dGLYePF2 HTTP/1.1" 200 223755 "-" "Mozilla/5.0 (Linux; Android 6.0.1; Nexus 5X Build/MMB29P) AppleWebKit/537.36 (KHTML, like Gecko) Chrome/153.0.8010.36 Mobile Safari/537.36 (compatible; Googlebot/2.1; +http://www.google.com/bot.html)"
66.249.68.193 - - [10/Sep/2026:18:33:28 -0400] "GET /wp-content/uploads/2024/06/local-bar.svg HTTP/1.1" 200 460 "https://heredit.mx/sliders/amenidades/interiores-mob.html" "Mozilla/5.0 (Linux; Android 6.0.1; Nexus 5X Build/MMB29P) AppleWebKit/537.36 (KHTML, like Gecko) Chrome/153.0.8010.36 Mobile Safari/537.36 (compatible; Googlebot/2.1; +http://www.google.com/bot.html)"
199.250.222.155 - - [10/Sep/2026:18:34:00 -0400] "POST /wp-cron.php?doing_wp_cron=1789079640.9206180572509765625000 HTTP/1.1" 200 - "-" "WordPress/7.1; https://heredit.mx"
66.249.68.192 - - [10/Sep/2026:18:34:00 -0400] "GET /hinderlands=457826373&oSAHt9V=471565/?a=tampon-en-caoutchouc-de-silicone-transparent-mot-italien-feuille-cc-1QJ1jwTm HTTP/1.1" 404 121299 "-" "Mozilla/5.0 (Linux; Android 6.0.1; Nexus 5X Build/MMB29P) AppleWebKit/537.36 (KHTML, like Gecko) Chrome/153.0.8010.36 Mobile Safari/537.36 (compatible; GoogleOther)"
66.249.68.192 - - [10/Sep/2026:18:34:28 -0400] "GET /?choroiditis=69674&vZHYr=68872 HTTP/1.1" 200 223683 "-" "Mozilla/5.0 (Linux; Android 6.0.1; Nexus 5X Build/MMB29P) AppleWebKit/537.36 (KHTML, like Gecko) Chrome/153.0.8010.36 Mobile Safari/537.36 (compatible; GoogleOther)"
66.249.68.192 - - [10/Sep/2026:18:34:41 -0400] "GET /?a=rppc-thorne-confectioner-store-pitlochry-perth-and-kinross-scotland-cc-E3opq5sD HTTP/1.1" 200 223871 "-" "Mozilla/5.0 (Linux; Android 6.0.1; Nexus 5X Build/MMB29P) AppleWebKit/537.36 (KHTML, like Gecko) Chrome/153.0.8010.36 Mobile Safari/537.36 (compatible; GoogleOther)"
66.249.68.192 - - [10/Sep/2026:18:34:59 -0400] "GET /?a=traje-de-buceo-profesional-de-neopreno-de-mm-para-cc-3My2DwuV HTTP/1.1" 200 223799 "-" "Mozilla/5.0 (Linux; Android 6.0.1; Nexus 5X Build/MMB29P) AppleWebKit/537.36 (KHTML, like Gecko) Chrome/153.0.8010.36 Mobile Safari/537.36 (compatible; Googlebot/2.1; +http://www.google.com/bot.html)"
66.249.68.192 - - [10/Sep/2026:18:35:04 -0400] "GET /wp-content/plugins/elementor/assets/css/conditionals/e-swiper.min.css?ver=4.2.4 HTTP/1.1" 200 5486 "https://heredit.mx/?a=traje-de-buceo-profesional-de-neopreno-de-mm-para-cc-3My2DwuV" "Mozilla/5.0 (Linux; Android 6.0.1; Nexus 5X Build/MMB29P) AppleWebKit/537.36 (KHTML, like Gecko) Chrome/153.0.8010.36 Mobile Safari/537.36 (compatible; Googlebot/2.1; +http://www.google.com/bot.html)"
66.249.68.192 - - [10/Sep/2026:18:35:08 -0400] "GET /?a=traje-de-buceo-profesional-de-neopreno-de-mm-para-cc-3My2DwuV HTTP/1.1" 200 223799 "-" "Mozilla/5.0 (Linux; Android 6.0.1; Nexus 5X Build/MMB29P) AppleWebKit/537.36 (KHTML, like Gecko) Chrome/153.0.8010.36 Mobile Safari/537.36 (compatible; GoogleOther)"
66.249.68.192 - - [10/Sep/2026:18:35:16 -0400] "GET /?a=artstation-mole-creature-and-burrow-zenith-project-cc-RegayYC7 HTTP/1.1" 200 223803 "-" "Mozilla/5.0 (Linux; Android 6.0.1; Nexus 5X Build/MMB29P) AppleWebKit/537.36 (KHTML, like Gecko) Chrome/153.0.8010.36 Mobile Safari/537.36 (compatible; GoogleOther)"
66.249.68.192 - - [10/Sep/2026:18:35:21 -0400] "GET /wp-content/uploads/premium-addons-elementor/pafe-1208.css?ver=1788480000 HTTP/1.1" 200 53544 "https://heredit.mx/?a=artstation-mole-creature-and-burrow-zenith-project-cc-RegayYC7" "Mozilla/5.0 (Linux; Android 6.0.1; Nexus 5X Build/MMB29P) AppleWebKit/537.36 (KHTML, like Gecko) Chrome/153.0.8010.36 Mobile Safari/537.36 (compatible; GoogleOther)"
40.77.167.7 - - [10/Sep/2026:18:35:21 -0400] "GET /costumier-128314-NnmECcpg/?a=tangas-con-hueco-c-qyxA0wid HTTP/1.1" 404 121299 "-" "Mozilla/5.0 AppleWebKit/537.36 (KHTML, like Gecko; compatible; bingbot/2.0; +http://www.bing.com/bingbot.htm) Chrome/116.0.1938.76 Safari/537.36"
66.249.68.192 - - [10/Sep/2026:18:35:26 -0400] "GET /?a=terra-nova-in-the-from-scott-s-last-expedition-cc-daABK2t2 HTTP/1.1" 200 223787 "-" "Mozilla/5.0 (Linux; Android 6.0.1; Nexus 5X Build/MMB29P) AppleWebKit/537.36 (KHTML, like Gecko) Chrome/153.0.8010.36 Mobile Safari/537.36 (compatible; GoogleOther)"
199.250.222.155 - - [10/Sep/2026:18:35:51 -0400] "POST /wp-cron.php?doing_wp_cron=1789079751.1622838973999023437500 HTTP/1.1" 200 - "-" "WordPress/7.1; https://heredit.mx"
66.249.68.192 - - [10/Sep/2026:18:35:50 -0400] "GET /?a=terra-nova-in-the-from-scott-s-last-expedition-cc-daABK2t2 HTTP/1.1" 200 223787 "-" "Mozilla/5.0 (Linux; Android 6.0.1; Nexus 5X Build/MMB29P) AppleWebKit/537.36 (KHTML, like Gecko) Chrome/153.0.8010.36 Mobile Safari/537.36 (compatible; Googlebot/2.1; +http://www.google.com/bot.html)"
95.108.213.129 - - [10/Sep/2026:18:35:58 -0400] "GET /robots.txt HTTP/1.1" 200 267 "-" "Mozilla/5.0 (compatible; YandexBot/3.0; +http://yandex.com/bots)"
87.250.224.110 - - [10/Sep/2026:18:36:00 -0400] "GET /?a=how-to-watch-and-stream-the-flash-is-the-cc-v8LzMPiP HTTP/1.1" 200 223763 "-" "Mozilla/5.0 (compatible; YandexBot/3.0; +http://yandex.com/bots)"
66.249.68.193 - - [10/Sep/2026:18:36:01 -0400] "GET /?a=artstation-mole-creature-and-burrow-zenith-project-cc-RegayYC7 HTTP/1.1" 200 223803 "-" "Mozilla/5.0 (Linux; Android 6.0.1; Nexus 5X Build/MMB29P) AppleWebKit/537.36 (KHTML, like Gecko) Chrome/153.0.8010.36 Mobile Safari/537.36 (compatible; Googlebot/2.1; +http://www.google.com/bot.html)"
66.249.68.192 - - [10/Sep/2026:18:36:18 -0400] "GET /?a=gr%C3%A1fico-de-papagaio-cc-PNyaZBc8 HTTP/1.1" 200 223691 "-" "Mozilla/5.0 (Linux; Android 6.0.1; Nexus 5X Build/MMB29P) AppleWebKit/537.36 (KHTML, like Gecko) Chrome/153.0.8010.36 Mobile Safari/537.36 (compatible; GoogleOther)"
66.249.68.192 - - [10/Sep/2026:18:36:29 -0400] "GET /wp-content/uploads/2024/06/facebook.svg HTTP/1.1" 200 567 "https://heredit.mx/?a=terra-nova-in-the-from-scott-s-last-expedition-cc-daABK2t2" "Mozilla/5.0 (Linux; Android 6.0.1; Nexus 5X Build/MMB29P) AppleWebKit/537.36 (KHTML, like Gecko) Chrome/153.0.8010.36 Mobile Safari/537.36 (compatible; GoogleOther)"
66.249.68.192 - - [10/Sep/2026:18:36:39 -0400] "GET /wp-includes/css/dashicons.min.css?ver=7.1 HTTP/1.1" 200 59004 "https://heredit.mx/?a=terra-nova-in-the-from-scott-s-last-expedition-cc-daABK2t2" "Mozilla/5.0 (Linux; Android 6.0.1; Nexus 5X Build/MMB29P) AppleWebKit/537.36 (KHTML, like Gecko) Chrome/153.0.8010.36 Mobile Safari/537.36 (compatible; GoogleOther)"
199.250.222.155 - - [10/Sep/2026:18:36:44 -0400] "POST /wp-cron.php?doing_wp_cron=1789079804.4727289676666259765625 HTTP/1.1" 200 - "-" "WordPress/7.1; https://heredit.mx"
66.249.68.192 - - [10/Sep/2026:18:36:43 -0400] "GET /?a=gr%C3%A1fico-de-papagaio-cc-PNyaZBc8 HTTP/1.1" 200 223691 "-" "Mozilla/5.0 (Linux; Android 6.0.1; Nexus 5X Build/MMB29P) AppleWebKit/537.36 (KHTML, like Gecko) Chrome/153.0.8010.36 Mobile Safari/537.36 (compatible; Googlebot/2.1; +http://www.google.com/bot.html)"
66.249.68.192 - - [10/Sep/2026:18:36:45 -0400] "GET /sliders/descripcion/script.js HTTP/1.1" 200 2123 "https://heredit.mx/sliders/descripcion/index.html" "Mozilla/5.0 (Linux; Android 6.0.1; Nexus 5X Build/MMB29P) AppleWebKit/537.36 (KHTML, like Gecko) Chrome/153.0.8010.36 Mobile Safari/537.36 (compatible; GoogleOther)"
66.249.68.192 - - [10/Sep/2026:18:36:53 -0400] "GET /?a=acoustic-acoustic-150-guitar-amp-1973-reverb-cc-nnV4RgI3 HTTP/1.1" 200 223779 "-" "Mozilla/5.0 (Linux; Android 6.0.1; Nexus 5X Build/MMB29P) AppleWebKit/537.36 (KHTML, like Gecko) Chrome/153.0.8010.36 Mobile Safari/537.36 (compatible; Googlebot/2.1; +http://www.google.com/bot.html)"
66.249.68.193 - - [10/Sep/2026:18:37:11 -0400] "GET /?a=electronic-organ-keyboard-closeup-of-an-electronic-organ-keyboard-cc-yLzj5zSo HTTP/1.1" 200 223863 "-" "Mozilla/5.0 (Linux; Android 6.0.1; Nexus 5X Build/MMB29P) AppleWebKit/537.36 (KHTML, like Gecko) Chrome/153.0.8010.36 Mobile Safari/537.36 (compatible; GoogleOther)"
66.249.68.192 - - [10/Sep/2026:18:37:16 -0400] "GET /wp-content/plugins/elementor/assets/lib/swiper/v8/css/swiper.min.css?ver=8.4.5 HTTP/1.1" 200 16471 "https://heredit.mx/?a=electronic-organ-keyboard-closeup-of-an-electronic-organ-keyboard-cc-yLzj5zSo" "Mozilla/5.0 (Linux; Android 6.0.1; Nexus 5X Build/MMB29P) AppleWebKit/537.36 (KHTML, like Gecko) Chrome/153.0.8010.36 Mobile Safari/537.36 (compatible; GoogleOther)"
