207.46.13.64 - - [11/Sep/2026:04:41:29 -0400] "GET /kuskite-3484-ssiTb/?a=sony-139-cm-55-inches-a80k-4k-ultra-hd-cc-P66gVbu8 HTTP/1.1" 404 121299 "-" "Mozilla/5.0 AppleWebKit/537.36 (KHTML, like Gecko; compatible; bingbot/2.0; +http://www.bing.com/bingbot.htm) Chrome/116.0.1938.76 Safari/537.36"
207.46.13.64 - - [11/Sep/2026:04:41:29 -0400] "GET /?w=kits-de-inicio-de-coche-robot-inteligente-para-programaci%C3%B3n-pp-JmEj8dSj HTTP/1.1" 200 112757 "-" "Mozilla/5.0 AppleWebKit/537.36 (KHTML, like Gecko; compatible; bingbot/2.0; +http://www.bing.com/bingbot.htm) Chrome/116.0.1938.76 Safari/537.36"
66.249.68.194 - - [11/Sep/2026:04:42:07 -0400] "GET /?a=rv-folding-table-furniture-by-owner-sale-cc-6yvrQjio HTTP/1.1" 200 223763 "-" "Mozilla/5.0 (Linux; Android 6.0.1; Nexus 5X Build/MMB29P) AppleWebKit/537.36 (KHTML, like Gecko) Chrome/153.0.8010.36 Mobile Safari/537.36 (compatible; GoogleOther)"
66.249.68.192 - - [11/Sep/2026:04:42:18 -0400] "GET /sliders/cercanias/style.css HTTP/1.1" 200 3132 "https://heredit.mx/sliders/cercanias/index.html" "Mozilla/5.0 (Linux; Android 6.0.1; Nexus 5X Build/MMB29P) AppleWebKit/537.36 (KHTML, like Gecko) Chrome/153.0.8010.36 Mobile Safari/537.36 (compatible; GoogleOther)"
66.249.68.192 - - [11/Sep/2026:04:42:19 -0400] "GET /sliders/amenidades/interiores-mob.html HTTP/1.1" 200 3463 "https://heredit.mx/?a=rv-folding-table-furniture-by-owner-sale-cc-6yvrQjio" "Mozilla/5.0 (Linux; Android 6.0.1; Nexus 5X Build/MMB29P) AppleWebKit/537.36 (KHTML, like Gecko) Chrome/153.0.8010.36 Mobile Safari/537.36 (compatible; GoogleOther)"
66.249.68.194 - - [11/Sep/2026:04:44:09 -0400] "GET /?a=charvel-randy-flying-v-610-rr-mod-black-cc-EMRaywcD HTTP/1.1" 200 223759 "-" "Mozilla/5.0 (Linux; Android 6.0.1; Nexus 5X Build/MMB29P) AppleWebKit/537.36 (KHTML, like Gecko) Chrome/153.0.8010.36 Mobile Safari/537.36 (compatible; GoogleOther)"
66.249.68.192 - - [11/Sep/2026:04:44:14 -0400] "GET /wp-content/uploads/elementor/css/post-1208.css?ver=1788480000 HTTP/1.1" 200 38297 "https://heredit.mx/?a=charvel-randy-flying-v-610-rr-mod-black-cc-EMRaywcD" "Mozilla/5.0 (Linux; Android 6.0.1; Nexus 5X Build/MMB29P) AppleWebKit/537.36 (KHTML, like Gecko) Chrome/153.0.8010.36 Mobile Safari/537.36 (compatible; GoogleOther)"
66.249.68.192 - - [11/Sep/2026:04:44:14 -0400] "GET /wp-content/plugins/elementor/assets/js/webpack.runtime.min.js?ver=4.2.4 HTTP/1.1" 200 5819 "https://heredit.mx/?a=charvel-randy-flying-v-610-rr-mod-black-cc-EMRaywcD" "Mozilla/5.0 (Linux; Android 6.0.1; Nexus 5X Build/MMB29P) AppleWebKit/537.36 (KHTML, like Gecko) Chrome/153.0.8010.36 Mobile Safari/537.36 (compatible; GoogleOther)"
66.249.68.193 - - [11/Sep/2026:04:44:16 -0400] "GET /sliders/cards/style.css HTTP/1.1" 200 5055 "https://heredit.mx/sliders/cards/index.html" "Mozilla/5.0 (Linux; Android 6.0.1; Nexus 5X Build/MMB29P) AppleWebKit/537.36 (KHTML, like Gecko) Chrome/153.0.8010.36 Mobile Safari/537.36 (compatible; GoogleOther)"
66.249.68.192 - - [11/Sep/2026:04:46:10 -0400] "GET /?consociation%2F291265 HTTP/1.1" 200 223623 "-" "Mozilla/5.0 (Linux; Android 6.0.1; Nexus 5X Build/MMB29P) AppleWebKit/537.36 (KHTML, like Gecko) Chrome/153.0.8010.36 Mobile Safari/537.36 (compatible; Googlebot/2.1; +http://www.google.com/bot.html)"
66.249.68.194 - - [11/Sep/2026:04:48:10 -0400] "GET /?a=glass-showcase-price-denmark-save-48%25-cc-2Rm8pgfw HTTP/1.1" 200 223755 "-" "Mozilla/5.0 (Linux; Android 6.0.1; Nexus 5X Build/MMB29P) AppleWebKit/537.36 (KHTML, like Gecko) Chrome/153.0.8010.36 Mobile Safari/537.36 (compatible; Googlebot/2.1; +http://www.google.com/bot.html)"
114.119.128.40 - - [11/Sep/2026:04:49:09 -0400] "GET /?quadricovariant%2Fcoelomic198273_html HTTP/1.1" 200 223795 "http://heredit.mx/?quadricovariant/coelomic198273.html" "Mozilla/5.0 (Linux; Android 7.0;) AppleWebKit/537.36 (HTML, like Gecko) Mobile Safari/537.36 (compatible; PetalBot;+https://webmaster.petalsearch.com/site/petalbot)"
199.250.222.155 - - [11/Sep/2026:04:50:15 -0400] "POST /wp-cron.php?doing_wp_cron=1789116615.0677359104156494140625 HTTP/1.1" 200 - "-" "WordPress/7.1; https://heredit.mx"
66.249.68.193 - - [11/Sep/2026:04:50:14 -0400] "GET /?a=kitten-for-sale-helga-maine-coon-female-black-tortie-cc-Yj4AQzsM HTTP/1.1" 200 223811 "-" "Mozilla/5.0 (Linux; Android 6.0.1; Nexus 5X Build/MMB29P) AppleWebKit/537.36 (KHTML, like Gecko) Chrome/153.0.8010.36 Mobile Safari/537.36 (compatible; GoogleOther)"
66.249.68.192 - - [11/Sep/2026:04:50:19 -0400] "GET /sliders/descripcion/script.js HTTP/1.1" 200 2123 "https://heredit.mx/sliders/descripcion/index.html" "Mozilla/5.0 (Linux; Android 6.0.1; Nexus 5X Build/MMB29P) AppleWebKit/537.36 (KHTML, like Gecko) Chrome/153.0.8010.36 Mobile Safari/537.36 (compatible; GoogleOther)"
199.250.222.155 - - [11/Sep/2026:04:52:59 -0400] "POST /wp-cron.php?doing_wp_cron=1789116779.9112699031829833984375 HTTP/1.1" 200 - "-" "WordPress/7.1; https://heredit.mx"
207.46.13.102 - - [11/Sep/2026:04:52:59 -0400] "GET /?w=cable-hdmi-a-tipoc-c-solo-samsung-%E2%80%93-almayor-pp-KyxOPLha HTTP/1.1" 301 - "-" "Mozilla/5.0 AppleWebKit/537.36 (KHTML, like Gecko; compatible; bingbot/2.0; +http://www.bing.com/bingbot.htm) Chrome/116.0.1938.76 Safari/537.36"
52.167.144.211 - - [11/Sep/2026:04:53:00 -0400] "GET /?a=cable-hdmi-a-tipoc-c-solo-samsung-%E2%80%93-almayor-cc-mZOgw1I2 HTTP/1.1" 200 223795 "-" "Mozilla/5.0 AppleWebKit/537.36 (KHTML, like Gecko; compatible; bingbot/2.0; +http://www.bing.com/bingbot.htm) Chrome/116.0.1938.76 Safari/537.36"
66.249.68.193 - - [11/Sep/2026:04:53:29 -0400] "GET /?a=glass-showcase-price-denmark-save-48%25-cc-2Rm8pgfw HTTP/1.1" 200 223755 "-" "Mozilla/5.0 (Linux; Android 6.0.1; Nexus 5X Build/MMB29P) AppleWebKit/537.36 (KHTML, like Gecko) Chrome/153.0.8010.36 Mobile Safari/537.36 (compatible; GoogleOther)"
66.249.68.192 - - [11/Sep/2026:04:53:37 -0400] "GET /wp-includes/css/dashicons.min.css?ver=7.1 HTTP/1.1" 200 59004 "https://heredit.mx/?a=glass-showcase-price-denmark-save-48%25-cc-2Rm8pgfw" "Mozilla/5.0 (Linux; Android 6.0.1; Nexus 5X Build/MMB29P) AppleWebKit/537.36 (KHTML, like Gecko) Chrome/153.0.8010.36 Mobile Safari/537.36 (compatible; GoogleOther)"
66.249.68.192 - - [11/Sep/2026:04:53:45 -0400] "GET /wp-content/plugins/wpforms/assets/lib/punycode.min.js?ver=1.0.0 HTTP/1.1" 200 1713 "https://heredit.mx/?a=glass-showcase-price-denmark-save-48%25-cc-2Rm8pgfw" "Mozilla/5.0 (Linux; Android 6.0.1; Nexus 5X Build/MMB29P) AppleWebKit/537.36 (KHTML, like Gecko) Chrome/153.0.8010.36 Mobile Safari/537.36 (compatible; GoogleOther)"
66.249.68.192 - - [11/Sep/2026:04:53:54 -0400] "GET /wp-content/uploads/elementor/css/post-1208.css?ver=1788480000 HTTP/1.1" 200 38297 "https://heredit.mx/?a=glass-showcase-price-denmark-save-48%25-cc-2Rm8pgfw" "Mozilla/5.0 (Linux; Android 6.0.1; Nexus 5X Build/MMB29P) AppleWebKit/537.36 (KHTML, like Gecko) Chrome/153.0.8010.36 Mobile Safari/537.36 (compatible; GoogleOther)"
199.250.222.155 - - [11/Sep/2026:04:55:31 -0400] "POST /wp-cron.php?doing_wp_cron=1789116931.2797040939331054687500 HTTP/1.1" 200 - "-" "WordPress/7.1; https://heredit.mx"
207.46.13.64 - - [11/Sep/2026:04:55:31 -0400] "GET /?w=cheap-%3Etransit-custom-l1-length-big-sale-off-74%25-pp-Rxeem1TA HTTP/1.1" 301 - "-" "Mozilla/5.0 AppleWebKit/537.36 (KHTML, like Gecko; compatible; bingbot/2.0; +http://www.bing.com/bingbot.htm) Chrome/116.0.1938.76 Safari/537.36"
207.46.13.127 - - [11/Sep/2026:04:55:41 -0400] "GET /?w=cheap-%3Etransit-custom-l1-length-big-sale-off-74%25-pp-Rxeem1TA HTTP/1.1" 200 112757 "-" "Mozilla/5.0 AppleWebKit/537.36 (KHTML, like Gecko; compatible; bingbot/2.0; +http://www.bing.com/bingbot.htm) Chrome/116.0.1938.76 Safari/537.36"
199.250.222.155 - - [11/Sep/2026:04:56:47 -0400] "POST /wp-cron.php?doing_wp_cron=1789117007.4478349685668945312500 HTTP/1.1" 200 - "-" "WordPress/7.1; https://heredit.mx"
66.249.68.192 - - [11/Sep/2026:04:56:47 -0400] "GET /?a=kitten-for-sale-helga-maine-coon-female-black-tortie-cc-Yj4AQzsM HTTP/1.1" 200 223811 "-" "Mozilla/5.0 (Linux; Android 6.0.1; Nexus 5X Build/MMB29P) AppleWebKit/537.36 (KHTML, like Gecko) Chrome/153.0.8010.36 Mobile Safari/537.36 (compatible; Googlebot/2.1; +http://www.google.com/bot.html)"
66.249.68.193 - - [11/Sep/2026:04:57:12 -0400] "GET /wp-content/plugins/wpforms/assets/js/integrations/elementor/frontend.min.js?ver=1.10.2.1 HTTP/1.1" 200 1485 "https://heredit.mx/?a=kitten-for-sale-helga-maine-coon-female-black-tortie-cc-Yj4AQzsM" "Mozilla/5.0 (Linux; Android 6.0.1; Nexus 5X Build/MMB29P) AppleWebKit/537.36 (KHTML, like Gecko) Chrome/153.0.8010.36 Mobile Safari/537.36 (compatible; Googlebot/2.1; +http://www.google.com/bot.html)"
66.249.79.230 - - [11/Sep/2026:04:57:23 -0400] "GET / HTTP/1.1" 301 - "-" "Mozilla/5.0 (Linux; Android 6.0.1; Nexus 5X Build/MMB29P) AppleWebKit/537.36 (KHTML, like Gecko) Chrome/153.0.8010.36 Mobile Safari/537.36 (compatible; Googlebot/2.1; +http://www.google.com/bot.html)"
66.249.68.193 - - [11/Sep/2026:04:57:25 -0400] "GET /wp-content/cache/min/1/wp-content/uploads/elementor/css/post-1738.css?ver=1788480000 HTTP/1.1" 200 1603 "https://heredit.mx/" "Mozilla/5.0 (Linux; Android 6.0.1; Nexus 5X Build/MMB29P) AppleWebKit/537.36 (KHTML, like Gecko) Chrome/153.0.8010.36 Mobile Safari/537.36 (compatible; Googlebot/2.1; +http://www.google.com/bot.html)"
66.249.68.192 - - [11/Sep/2026:04:57:25 -0400] "GET /wp-content/cache/min/1/wp-content/uploads/elementor/css/post-48.css?ver=1788480000 HTTP/1.1" 200 44617 "https://heredit.mx/" "Mozilla/5.0 (Linux; Android 6.0.1; Nexus 5X Build/MMB29P) AppleWebKit/537.36 (KHTML, like Gecko) Chrome/153.0.8010.36 Mobile Safari/537.36 (compatible; Googlebot/2.1; +http://www.google.com/bot.html)"
66.249.68.194 - - [11/Sep/2026:04:57:27 -0400] "GET /wp-content/cache/min/1/wp-content/uploads/premium-addons-elementor/pafe-1208.css?ver=1788480000 HTTP/1.1" 200 53538 "https://heredit.mx/" "Mozilla/5.0 (Linux; Android 6.0.1; Nexus 5X Build/MMB29P) AppleWebKit/537.36 (KHTML, like Gecko) Chrome/153.0.8010.36 Mobile Safari/537.36 (compatible; Googlebot/2.1; +http://www.google.com/bot.html)"
66.249.68.194 - - [11/Sep/2026:04:57:27 -0400] "GET /wp-content/uploads/2024/06/instagram.svg HTTP/1.1" 200 3561 "https://heredit.mx/" "Mozilla/5.0 (Linux; Android 6.0.1; Nexus 5X Build/MMB29P) AppleWebKit/537.36 (KHTML, like Gecko) Chrome/153.0.8010.36 Mobile Safari/537.36 (compatible; Googlebot/2.1; +http://www.google.com/bot.html)"
199.250.222.155 - - [11/Sep/2026:05:03:23 -0400] "POST /wp-cron.php?doing_wp_cron=1789117403.1292479038238525390625 HTTP/1.1" 200 - "-" "WordPress/7.1; https://heredit.mx"
66.249.68.194 - - [11/Sep/2026:05:03:22 -0400] "GET /?a=seafood-dinner-in-altitude-rooftop-bar-at-sheraton-nha-cc-EOAzZYID HTTP/1.1" 200 223819 "-" "Mozilla/5.0 (Linux; Android 6.0.1; Nexus 5X Build/MMB29P) AppleWebKit/537.36 (KHTML, like Gecko) Chrome/153.0.8010.36 Mobile Safari/537.36 (compatible; Googlebot/2.1; +http://www.google.com/bot.html)"
66.249.68.193 - - [11/Sep/2026:05:03:38 -0400] "GET /wp-content/plugins/wpforms/assets/css/frontend/modern/wpforms-full.min.css?ver=1.10.2.1 HTTP/1.1" 200 167602 "https://heredit.mx/?a=seafood-dinner-in-altitude-rooftop-bar-at-sheraton-nha-cc-EOAzZYID" "Mozilla/5.0 (Linux; Android 6.0.1; Nexus 5X Build/MMB29P) AppleWebKit/537.36 (KHTML, like Gecko) Chrome/153.0.8010.36 Mobile Safari/537.36 (compatible; Googlebot/2.1; +http://www.google.com/bot.html)"
199.250.222.155 - - [11/Sep/2026:05:05:37 -0400] "POST /wp-cron.php?doing_wp_cron=1789117537.5269110202789306640625 HTTP/1.1" 200 - "-" "WordPress/7.1; https://heredit.mx"
114.119.152.50 - - [11/Sep/2026:05:05:37 -0400] "GET /?angellike/354492 HTTP/1.1" 301 - "https://heredit.mx/?angellike/354492" "Mozilla/5.0 (Linux; Android 7.0;) AppleWebKit/537.36 (HTML, like Gecko) Mobile Safari/537.36 (compatible; PetalBot;+https://webmaster.petalsearch.com/site/petalbot)"
114.119.152.50 - - [11/Sep/2026:05:05:38 -0400] "GET /?angellike%2F354492 HTTP/1.1" 200 223683 "https://heredit.mx/?angellike/354492" "Mozilla/5.0 (Linux; Android 7.0;) AppleWebKit/537.36 (HTML, like Gecko) Mobile Safari/537.36 (compatible; PetalBot;+https://webmaster.petalsearch.com/site/petalbot)"
159.65.24.22 - - [11/Sep/2026:05:10:03 -0400] "GET / HTTP/1.1" 200 59619 "-" "Mozilla/5.0 (compatible; PublicWWWBot/1.0; +https://publicwww.com/bot.html)"
146.103.110.101 - - [11/Sep/2026:05:10:05 -0400] "GET / HTTP/1.0" 200 391369 "https://heredit.mx/" "Mozilla/5.0 (Windows NT 10.0; Win64; x64) AppleWebKit/537.36 (KHTML, like Gecko) Chrome/130.0.0.0 Safari/537.36"
146.103.110.101 - - [11/Sep/2026:05:10:14 -0400] "POST /wp-admin/admin-ajax.php HTTP/1.0" 200 666 "https://heredit.mx/" "Mozilla/5.0 (Windows NT 10.0; Win64; x64) AppleWebKit/537.36 (KHTML, like Gecko) Chrome/130.0.0.0 Safari/537.36"
66.249.68.193 - - [11/Sep/2026:05:11:37 -0400] "GET /?a=charvel-randy-flying-v-610-rr-mod-black-cc-EMRaywcD HTTP/1.1" 200 223759 "-" "Mozilla/5.0 (Linux; Android 6.0.1; Nexus 5X Build/MMB29P) AppleWebKit/537.36 (KHTML, like Gecko) Chrome/153.0.8010.36 Mobile Safari/537.36 (compatible; Googlebot/2.1; +http://www.google.com/bot.html)"
66.249.68.192 - - [11/Sep/2026:05:12:21 -0400] "GET /wp-content/plugins/elementor/assets/lib/animations/styles/e-animation-grow.min.css?ver=4.2.4 HTTP/1.1" 200 198 "https://heredit.mx/?a=charvel-randy-flying-v-610-rr-mod-black-cc-EMRaywcD" "Mozilla/5.0 (Linux; Android 6.0.1; Nexus 5X Build/MMB29P) AppleWebKit/537.36 (KHTML, like Gecko) Chrome/153.0.8010.36 Mobile Safari/537.36 (compatible; Googlebot/2.1; +http://www.google.com/bot.html)"
66.249.68.192 - - [11/Sep/2026:05:12:21 -0400] "GET /wp-content/uploads/2024/06/linkedin.svg HTTP/1.1" 200 850 "https://heredit.mx/?a=charvel-randy-flying-v-610-rr-mod-black-cc-EMRaywcD" "Mozilla/5.0 (Linux; Android 6.0.1; Nexus 5X Build/MMB29P) AppleWebKit/537.36 (KHTML, like Gecko) Chrome/153.0.8010.36 Mobile Safari/537.36 (compatible; Googlebot/2.1; +http://www.google.com/bot.html)"
66.249.68.193 - - [11/Sep/2026:05:12:21 -0400] "GET /wp-content/plugins/elementor/assets/lib/font-awesome/css/all.min.css?ver=4.11.102 HTTP/1.1" 200 59344 "https://heredit.mx/?a=charvel-randy-flying-v-610-rr-mod-black-cc-EMRaywcD" "Mozilla/5.0 (Linux; Android 6.0.1; Nexus 5X Build/MMB29P) AppleWebKit/537.36 (KHTML, like Gecko) Chrome/153.0.8010.36 Mobile Safari/537.36 (compatible; Googlebot/2.1; +http://www.google.com/bot.html)"
66.249.68.192 - - [11/Sep/2026:05:12:21 -0400] "GET /wp-content/plugins/elementor/assets/js/frontend.min.js?ver=4.2.4 HTTP/1.1" 200 32098 "https://heredit.mx/?a=charvel-randy-flying-v-610-rr-mod-black-cc-EMRaywcD" "Mozilla/5.0 (Linux; Android 6.0.1; Nexus 5X Build/MMB29P) AppleWebKit/537.36 (KHTML, like Gecko) Chrome/153.0.8010.36 Mobile Safari/537.36 (compatible; Googlebot/2.1; +http://www.google.com/bot.html)"
66.249.68.192 - - [11/Sep/2026:05:12:23 -0400] "GET /wp-content/plugins/wpforms/assets/lib/jquery.inputmask.min.js?ver=5.0.9 HTTP/1.1" 200 117412 "https://heredit.mx/?a=charvel-randy-flying-v-610-rr-mod-black-cc-EMRaywcD" "Mozilla/5.0 (Linux; Android 6.0.1; Nexus 5X Build/MMB29P) AppleWebKit/537.36 (KHTML, like Gecko) Chrome/153.0.8010.36 Mobile Safari/537.36 (compatible; Googlebot/2.1; +http://www.google.com/bot.html)"
199.250.222.155 - - [11/Sep/2026:05:12:34 -0400] "POST /wp-cron.php?doing_wp_cron=1789117954.8025159835815429687500 HTTP/1.1" 200 - "-" "WordPress/7.1; https://heredit.mx"
157.55.39.222 - - [11/Sep/2026:05:12:34 -0400] "GET /robots.txt HTTP/1.1" 200 267 "-" "Mozilla/5.0 AppleWebKit/537.36 (KHTML, like Gecko; compatible; bingbot/2.0; +http://www.bing.com/bingbot.htm) Chrome/116.0.1938.76 Safari/537.36"
40.77.167.72 - - [11/Sep/2026:05:12:43 -0400] "GET /?u=png-7738-b%E1%BB%99-100-png-v%E1%BA%A7ng-h%C3%A0o-quang-gh%C3%A9p-zz-kGlKpBcm HTTP/1.1" 301 - "-" "Mozilla/5.0 AppleWebKit/537.36 (KHTML, like Gecko; compatible; bingbot/2.0; +http://www.bing.com/bingbot.htm) Chrome/116.0.1938.76 Safari/537.36"
40.77.167.10 - - [11/Sep/2026:05:12:54 -0400] "GET /?u=png-7738-b%E1%BB%99-100-png-v%E1%BA%A7ng-h%C3%A0o-quang-gh%C3%A9p-zz-kGlKpBcm HTTP/1.1" 200 223823 "-" "Mozilla/5.0 AppleWebKit/537.36 (KHTML, like Gecko; compatible; bingbot/2.0; +http://www.bing.com/bingbot.htm) Chrome/116.0.1938.76 Safari/537.36"
40.77.167.24 - - [11/Sep/2026:05:13:14 -0400] "GET /?w=tambour-%C3%A0-sons-en-bois-pour-enfant-pp-RG24O5HA HTTP/1.1" 301 - "-" "Mozilla/5.0 AppleWebKit/537.36 (KHTML, like Gecko; compatible; bingbot/2.0; +http://www.bing.com/bingbot.htm) Chrome/116.0.1938.76 Safari/537.36"
52.167.144.16 - - [11/Sep/2026:05:13:16 -0400] "GET /?w=tambour-%C3%A0-sons-en-bois-pour-enfant-pp-RG24O5HA HTTP/1.1" 200 112757 "-" "Mozilla/5.0 AppleWebKit/537.36 (KHTML, like Gecko; compatible; bingbot/2.0; +http://www.bing.com/bingbot.htm) Chrome/116.0.1938.76 Safari/537.36"
66.249.68.194 - - [11/Sep/2026:05:13:18 -0400] "GET /?a=porcelain-tea-pot-china-tongzhi-19th-century-bidamountlive-cc-862RynHx HTTP/1.1" 200 223835 "-" "Mozilla/5.0 (Linux; Android 6.0.1; Nexus 5X Build/MMB29P) AppleWebKit/537.36 (KHTML, like Gecko) Chrome/153.0.8010.36 Mobile Safari/537.36 (compatible; GoogleOther)"
199.250.222.155 - - [11/Sep/2026:05:15:51 -0400] "POST /wp-cron.php?doing_wp_cron=1789118151.7325780391693115234375 HTTP/1.1" 200 - "-" "WordPress/7.1; https://heredit.mx"
52.167.144.16 - - [11/Sep/2026:05:15:51 -0400] "GET /jyIgP/kuskite602434/2BUdUmyIlRy HTTP/1.1" 404 123212 "-" "Mozilla/5.0 AppleWebKit/537.36 (KHTML, like Gecko; compatible; bingbot/2.0; +http://www.bing.com/bingbot.htm) Chrome/116.0.1938.76 Safari/537.36"
40.77.167.10 - - [11/Sep/2026:05:16:05 -0400] "GET /choroiditis-573882-FiKuCDxOCT/?w=nike-surfers-paradise-p-WqOOdec7 HTTP/1.1" 404 121299 "-" "Mozilla/5.0 AppleWebKit/537.36 (KHTML, like Gecko; compatible; bingbot/2.0; +http://www.bing.com/bingbot.htm) Chrome/116.0.1938.76 Safari/537.36"
199.250.222.155 - - [11/Sep/2026:05:16:34 -0400] "POST /wp-cron.php?doing_wp_cron=1789118194.1976459026336669921875 HTTP/1.1" 200 - "-" "WordPress/7.1; https://heredit.mx"
66.249.68.194 - - [11/Sep/2026:05:16:33 -0400] "GET /?a=cafe-pastora-tarrazu-340g-medio-grano-tostadora-cc-wdNen7FM HTTP/1.1" 200 223791 "-" "Mozilla/5.0 (Linux; Android 6.0.1; Nexus 5X Build/MMB29P) AppleWebKit/537.36 (KHTML, like Gecko) Chrome/153.0.8010.36 Mobile Safari/537.36 (compatible; Googlebot/2.1; +http://www.google.com/bot.html)"
52.167.144.21 - - [11/Sep/2026:05:17:05 -0400] "GET /?a=explore-old-dubai-al-fahidi-district-museums-markets-foods-cc-GKJKLKHN HTTP/1.1" 200 223835 "-" "Mozilla/5.0 AppleWebKit/537.36 (KHTML, like Gecko; compatible; bingbot/2.0; +http://www.bing.com/bingbot.htm) Chrome/116.0.1938.76 Safari/537.36"
66.249.68.192 - - [11/Sep/2026:05:17:09 -0400] "GET /sliders/cercanias/script.js HTTP/1.1" 200 2513 "https://heredit.mx/sliders/cercanias/index.html" "Mozilla/5.0 (Linux; Android 6.0.1; Nexus 5X Build/MMB29P) AppleWebKit/537.36 (KHTML, like Gecko) Chrome/153.0.8010.36 Mobile Safari/537.36 (compatible; Googlebot/2.1; +http://www.google.com/bot.html)"
66.249.68.194 - - [11/Sep/2026:05:17:09 -0400] "GET /sliders/cercanias/script.js HTTP/1.1" 200 2513 "https://heredit.mx/sliders/cercanias/index-mob.html" "Mozilla/5.0 (Linux; Android 6.0.1; Nexus 5X Build/MMB29P) AppleWebKit/537.36 (KHTML, like Gecko) Chrome/153.0.8010.36 Mobile Safari/537.36 (compatible; Googlebot/2.1; +http://www.google.com/bot.html)"
199.250.222.155 - - [11/Sep/2026:05:19:52 -0400] "POST /wp-cron.php?doing_wp_cron=1789118391.9993600845336914062500 HTTP/1.1" 200 - "-" "WordPress/7.1; https://heredit.mx"
66.249.68.193 - - [11/Sep/2026:05:19:51 -0400] "GET /?a=porcelain-tea-pot-china-tongzhi-19th-century-bidamountlive-cc-862RynHx HTTP/1.1" 200 223835 "-" "Mozilla/5.0 (Linux; Android 6.0.1; Nexus 5X Build/MMB29P) AppleWebKit/537.36 (KHTML, like Gecko) Chrome/153.0.8010.36 Mobile Safari/537.36 (compatible; Googlebot/2.1; +http://www.google.com/bot.html)"
52.167.144.192 - - [11/Sep/2026:05:22:46 -0400] "GET /Hilarymas-560841-Ealwr/?a=transparent-lacoste-logo-c-zyPLMJcG HTTP/1.1" 301 - "-" "Mozilla/5.0 AppleWebKit/537.36 (KHTML, like Gecko; compatible; bingbot/2.0; +http://www.bing.com/bingbot.htm) Chrome/116.0.1938.76 Safari/537.36"
66.249.68.194 - - [11/Sep/2026:05:23:11 -0400] "GET /?a=cornered-at-o2-academy-oxford-south-east-cc-NL0QnLu7 HTTP/1.1" 200 223763 "-" "Mozilla/5.0 (Linux; Android 6.0.1; Nexus 5X Build/MMB29P) AppleWebKit/537.36 (KHTML, like Gecko) Chrome/153.0.8010.36 Mobile Safari/537.36 (compatible; Googlebot/2.1; +http://www.google.com/bot.html)"
199.250.222.155 - - [11/Sep/2026:05:24:24 -0400] "POST /wp-cron.php?doing_wp_cron=1789118664.5958418846130371093750 HTTP/1.1" 200 - "-" "WordPress/7.1; https://heredit.mx"
40.77.167.76 - - [11/Sep/2026:05:24:24 -0400] "GET /?w=buy-small-silver-mjolnir-rams-head-thors-hammer-cremation-pp-qwAEefa HTTP/1.1" 301 - "-" "Mozilla/5.0 AppleWebKit/537.36 (KHTML, like Gecko; compatible; bingbot/2.0; +http://www.bing.com/bingbot.htm) Chrome/116.0.1938.76 Safari/537.36"
199.250.222.155 - - [11/Sep/2026:05:24:34 -0400] "POST /wp-cron.php?doing_wp_cron=1789118674.0204091072082519531250 HTTP/1.1" 200 - "-" "WordPress/7.1; https://heredit.mx"
40.77.167.7 - - [11/Sep/2026:05:24:33 -0400] "GET /?w=buy-small-silver-mjolnir-rams-head-thors-hammer-cremation-pp-qwAEefa HTTP/1.1" 200 112757 "-" "Mozilla/5.0 AppleWebKit/537.36 (KHTML, like Gecko; compatible; bingbot/2.0; +http://www.bing.com/bingbot.htm) Chrome/116.0.1938.76 Safari/537.36"
40.77.167.7 - - [11/Sep/2026:05:24:34 -0400] "GET /kral-575764-oDqiEP/?a=e66-fitness-tracker-ip68-waterproof-rated-heart-rate-blood-cc-625nz5io HTTP/1.1" 404 121299 "-" "Mozilla/5.0 AppleWebKit/537.36 (KHTML, like Gecko; compatible; bingbot/2.0; +http://www.bing.com/bingbot.htm) Chrome/116.0.1938.76 Safari/537.36"
199.250.222.155 - - [11/Sep/2026:05:28:21 -0400] "POST /wp-cron.php?doing_wp_cron=1789118901.3441441059112548828125 HTTP/1.1" 200 - "-" "WordPress/7.1; https://heredit.mx"
207.46.13.64 - - [11/Sep/2026:05:28:20 -0400] "GET /?a=giao-ho%E1%BA%A2-t%E1%BB%90c-h%C3%80ng-mihoko-ch%C3%8Dnh-h%C3%83ng-b%E1%BB%88m-t%C3%83-cc-JrA84zs5 HTTP/1.1" 200 223879 "-" "Mozilla/5.0 AppleWebKit/537.36 (KHTML, like Gecko; compatible; bingbot/2.0; +http://www.bing.com/bingbot.htm) Chrome/116.0.1938.76 Safari/537.36"
207.46.13.64 - - [11/Sep/2026:05:28:22 -0400] "GET /dipnoan-27002-LmuAep/ HTTP/1.1" 404 123212 "-" "Mozilla/5.0 AppleWebKit/537.36 (KHTML, like Gecko; compatible; bingbot/2.0; +http://www.bing.com/bingbot.htm) Chrome/116.0.1938.76 Safari/537.36"
207.46.13.64 - - [11/Sep/2026:05:28:22 -0400] "GET /uOxyw/dotted303095/9T4RLL HTTP/1.1" 404 123212 "-" "Mozilla/5.0 AppleWebKit/537.36 (KHTML, like Gecko; compatible; bingbot/2.0; +http://www.bing.com/bingbot.htm) Chrome/116.0.1938.76 Safari/537.36"
207.46.13.64 - - [11/Sep/2026:05:28:23 -0400] "GET /uOxyw/dotted303095/9T4RLL HTTP/1.1" 404 123212 "-" "Mozilla/5.0 AppleWebKit/537.36 (KHTML, like Gecko; compatible; bingbot/2.0; +http://www.bing.com/bingbot.htm) Chrome/116.0.1938.76 Safari/537.36"
199.250.222.155 - - [11/Sep/2026:05:28:53 -0400] "POST /wp-cron.php?doing_wp_cron=1789118933.7027089595794677734375 HTTP/1.1" 200 - "-" "WordPress/7.1; https://heredit.mx"
40.77.167.7 - - [11/Sep/2026:05:28:53 -0400] "GET /?a=chen-long-china-returns-shot-anders-antonsen-denmark-semifinal-cc-jGbOgZTO HTTP/1.1" 200 223851 "-" "Mozilla/5.0 AppleWebKit/537.36 (KHTML, like Gecko; compatible; bingbot/2.0; +http://www.bing.com/bingbot.htm) Chrome/116.0.1938.76 Safari/537.36"
199.250.222.155 - - [11/Sep/2026:05:31:05 -0400] "POST /wp-cron.php?doing_wp_cron=1789119065.8535850048065185546875 HTTP/1.1" 200 - "-" "WordPress/7.1; https://heredit.mx"
157.55.39.14 - - [11/Sep/2026:05:31:05 -0400] "GET /marshlike-604542-kpzSHaXUNI/?a=new-balance-009-v1-tenis-para-hombre-06-c-VVD2gqCD HTTP/1.1" 301 - "-" "Mozilla/5.0 AppleWebKit/537.36 (KHTML, like Gecko; compatible; bingbot/2.0; +http://www.bing.com/bingbot.htm) Chrome/116.0.1938.76 Safari/537.36"
66.249.68.192 - - [11/Sep/2026:05:36:21 -0400] "GET /?a=cornered-at-o2-academy-oxford-south-east-cc-NL0QnLu7 HTTP/1.1" 200 223763 "-" "Mozilla/5.0 (Linux; Android 6.0.1; Nexus 5X Build/MMB29P) AppleWebKit/537.36 (KHTML, like Gecko) Chrome/153.0.8010.36 Mobile Safari/537.36 (compatible; GoogleOther)"
66.249.68.193 - - [11/Sep/2026:05:36:27 -0400] "GET /wp-content/uploads/2024/06/icon-wine.svg HTTP/1.1" 200 525 "https://heredit.mx/sliders/amenidades/interiores-mob.html" "Mozilla/5.0 (Linux; Android 6.0.1; Nexus 5X Build/MMB29P) AppleWebKit/537.36 (KHTML, like Gecko) Chrome/153.0.8010.36 Mobile Safari/537.36 (compatible; GoogleOther)"
66.249.68.192 - - [11/Sep/2026:05:36:28 -0400] "GET /wp-content/uploads/2024/06/icon-wine.svg HTTP/1.1" 200 525 "https://heredit.mx/sliders/amenidades/interiores.html" "Mozilla/5.0 (Linux; Android 6.0.1; Nexus 5X Build/MMB29P) AppleWebKit/537.36 (KHTML, like Gecko) Chrome/153.0.8010.36 Mobile Safari/537.36 (compatible; GoogleOther)"
199.250.222.155 - - [11/Sep/2026:05:38:03 -0400] "POST /wp-cron.php?doing_wp_cron=1789119483.6588480472564697265625 HTTP/1.1" 200 - "-" "WordPress/7.1; https://heredit.mx"
66.249.68.194 - - [11/Sep/2026:05:38:03 -0400] "GET /?a=3-night-suite-stay-at-the-fairmont-sonoma-mission-cc-qoqmMeFd HTTP/1.1" 200 223799 "-" "Mozilla/5.0 (Linux; Android 6.0.1; Nexus 5X Build/MMB29P) AppleWebKit/537.36 (KHTML, like Gecko) Chrome/153.0.8010.36 Mobile Safari/537.36 (compatible; GoogleOther)"
66.249.68.193 - - [11/Sep/2026:05:38:08 -0400] "GET /wp-content/plugins/elementor/assets/css/widget-divider.min.css?ver=4.2.4 HTTP/1.1" 200 4258 "https://heredit.mx/?a=3-night-suite-stay-at-the-fairmont-sonoma-mission-cc-qoqmMeFd" "Mozilla/5.0 (Linux; Android 6.0.1; Nexus 5X Build/MMB29P) AppleWebKit/537.36 (KHTML, like Gecko) Chrome/153.0.8010.36 Mobile Safari/537.36 (compatible; GoogleOther)"
66.249.68.192 - - [11/Sep/2026:05:38:08 -0400] "GET /wp-content/plugins/wpforms/assets/pro/css/fields/layout-screen-small.min.css?ver=1.10.2.1 HTTP/1.1" 200 1664 "https://heredit.mx/?a=3-night-suite-stay-at-the-fairmont-sonoma-mission-cc-qoqmMeFd" "Mozilla/5.0 (Linux; Android 6.0.1; Nexus 5X Build/MMB29P) AppleWebKit/537.36 (KHTML, like Gecko) Chrome/153.0.8010.36 Mobile Safari/537.36 (compatible; GoogleOther)"
66.249.68.192 - - [11/Sep/2026:05:38:09 -0400] "GET /wp-includes/js/jquery/ui/core.min.js?ver=1.14.2 HTTP/1.1" 200 18674 "https://heredit.mx/?a=3-night-suite-stay-at-the-fairmont-sonoma-mission-cc-qoqmMeFd" "Mozilla/5.0 (Linux; Android 6.0.1; Nexus 5X Build/MMB29P) AppleWebKit/537.36 (KHTML, like Gecko) Chrome/153.0.8010.36 Mobile Safari/537.36 (compatible; GoogleOther)"
199.250.222.155 - - [11/Sep/2026:05:38:51 -0400] "POST /wp-cron.php?doing_wp_cron=1789119531.7910869121551513671875 HTTP/1.1" 200 - "-" "WordPress/7.1; https://heredit.mx"
52.167.144.16 - - [11/Sep/2026:05:38:51 -0400] "GET /?w=oakdale-9-piece-dining-set-costco-pp-6Bz7LDHX HTTP/1.1" 200 112757 "-" "Mozilla/5.0 AppleWebKit/537.36 (KHTML, like Gecko; compatible; bingbot/2.0; +http://www.bing.com/bingbot.htm) Chrome/116.0.1938.76 Safari/537.36"
199.250.222.155 - - [11/Sep/2026:05:39:41 -0400] "POST /wp-cron.php?doing_wp_cron=1789119581.2385048866271972656250 HTTP/1.1" 200 - "-" "WordPress/7.1; https://heredit.mx"
66.249.68.192 - - [11/Sep/2026:05:39:40 -0400] "GET /?a=used-2010-toyota-rav4-ltd-in-columbus-ga-cc-3RMYjvCV HTTP/1.1" 200 223763 "-" "Mozilla/5.0 (Linux; Android 6.0.1; Nexus 5X Build/MMB29P) AppleWebKit/537.36 (KHTML, like Gecko) Chrome/153.0.8010.36 Mobile Safari/537.36 (compatible; GoogleOther)"
66.249.68.194 - - [11/Sep/2026:05:40:22 -0400] "GET /wp-login.php HTTP/1.1" 200 10789 "-" "Mozilla/5.0 (Linux; Android 6.0.1; Nexus 5X Build/MMB29P) AppleWebKit/537.36 (KHTML, like Gecko) Chrome/153.0.8010.36 Mobile Safari/537.36 (compatible; Googlebot/2.1; +http://www.google.com/bot.html)"
199.250.222.155 - - [11/Sep/2026:05:41:36 -0400] "POST /wp-cron.php?doing_wp_cron=1789119696.6934690475463867187500 HTTP/1.1" 200 - "-" "WordPress/7.1; https://heredit.mx"
114.119.147.42 - - [11/Sep/2026:05:41:36 -0400] "GET /?cliffless/countertheme89053_html HTTP/1.1" 301 - "http://heredit.mx/?cliffless/countertheme89053.html" "Mozilla/5.0 (Linux; Android 7.0;) AppleWebKit/537.36 (HTML, like Gecko) Mobile Safari/537.36 (compatible; PetalBot;+https://webmaster.petalsearch.com/site/petalbot)"
114.119.147.42 - - [11/Sep/2026:05:41:37 -0400] "GET /?cliffless%2Fcountertheme89053_html HTTP/1.1" 200 223777 "http://heredit.mx/?cliffless/countertheme89053.html" "Mozilla/5.0 (Linux; Android 7.0;) AppleWebKit/537.36 (HTML, like Gecko) Mobile Safari/537.36 (compatible; PetalBot;+https://webmaster.petalsearch.com/site/petalbot)"
66.249.68.192 - - [11/Sep/2026:05:42:59 -0400] "GET /?a=potassium-acetate-crystalline-powder-usp-cc-LVJqqjs8 HTTP/1.1" 200 223763 "-" "Mozilla/5.0 (Linux; Android 6.0.1; Nexus 5X Build/MMB29P) AppleWebKit/537.36 (KHTML, like Gecko) Chrome/153.0.8010.36 Mobile Safari/537.36 (compatible; GoogleOther)"
199.250.222.155 - - [11/Sep/2026:05:47:12 -0400] "POST /wp-cron.php?doing_wp_cron=1789120032.1766009330749511718750 HTTP/1.1" 200 - "-" "WordPress/7.1; https://heredit.mx"
54.159.18.27 - - [11/Sep/2026:05:47:11 -0400] "GET /?a=cushman-78-truckster-completely-custom-for-sale-in-hallandale-cc-76Q65QTw HTTP/1.1" 200 223847 "-" "Mozilla/5.0 AppleWebKit/537.36 (KHTML, like Gecko; compatible; Amazonbot/0.1; +https://developer.amazon.com/support/amazonbot) Chrome/119.0.6045.214 Safari/537.36"
199.250.222.155 - - [11/Sep/2026:05:49:03 -0400] "POST /wp-cron.php?doing_wp_cron=1789120143.2426149845123291015625 HTTP/1.1" 200 - "-" "WordPress/7.1; https://heredit.mx"
66.249.68.193 - - [11/Sep/2026:05:49:02 -0400] "GET /?a=days-at-savoy-hotel-in-sharm-el-sheikh-2023-cc-LL13owC8 HTTP/1.1" 200 223775 "-" "Mozilla/5.0 (Linux; Android 6.0.1; Nexus 5X Build/MMB29P) AppleWebKit/537.36 (KHTML, like Gecko) Chrome/153.0.8010.36 Mobile Safari/537.36 (compatible; Googlebot/2.1; +http://www.google.com/bot.html)"
66.249.68.192 - - [11/Sep/2026:05:49:35 -0400] "GET /wp-content/plugins/elementor/assets/css/widget-heading.min.css?ver=4.2.4 HTTP/1.1" 200 560 "https://heredit.mx/?a=used-2010-toyota-rav4-ltd-in-columbus-ga-cc-3RMYjvCV" "Mozilla/5.0 (Linux; Android 6.0.1; Nexus 5X Build/MMB29P) AppleWebKit/537.36 (KHTML, like Gecko) Chrome/153.0.8010.36 Mobile Safari/537.36 (compatible; GoogleOther)"
66.249.68.193 - - [11/Sep/2026:05:49:36 -0400] "GET /wp-content/plugins/elementor-pro/assets/js/elements-handlers.min.js?ver=4.2.3 HTTP/1.1" 200 43922 "https://heredit.mx/?a=used-2010-toyota-rav4-ltd-in-columbus-ga-cc-3RMYjvCV" "Mozilla/5.0 (Linux; Android 6.0.1; Nexus 5X Build/MMB29P) AppleWebKit/537.36 (KHTML, like Gecko) Chrome/153.0.8010.36 Mobile Safari/537.36 (compatible; GoogleOther)"
52.167.144.222 - - [11/Sep/2026:05:50:15 -0400] "GET /?w=cheap-%3Emet-gala-meat-dress-big-sale-off-78%25-pp-xPoP91Ha HTTP/1.1" 200 112757 "-" "Mozilla/5.0 AppleWebKit/537.36 (KHTML, like Gecko; compatible; bingbot/2.0; +http://www.bing.com/bingbot.htm) Chrome/116.0.1938.76 Safari/537.36"