66.249.68.192 - - [10/Sep/2026:20:26:22 -0400] "GET /wp-includes/js/dist/hooks.min.js?ver=f0f188028580e8dc1255 HTTP/1.1" 200 5107 "https://heredit.mx/?a=2021-2022-camiseta-de-casa-uniformes-de-hombre-camisetas-cc-5oLgKLFn" "Mozilla/5.0 (Linux; Android 6.0.1; Nexus 5X Build/MMB29P) AppleWebKit/537.36 (KHTML, like Gecko) Chrome/153.0.8010.36 Mobile Safari/537.36 (compatible; Googlebot/2.1; +http://www.google.com/bot.html)"
66.249.68.192 - - [10/Sep/2026:20:26:34 -0400] "GET /wp-content/plugins/premium-addons-for-elementor/assets/frontend/min-js/elements-handler.min.js?ver=4.11.102 HTTP/1.1" 200 179 "https://heredit.mx/?a=puma-rs-x-trophy-black-rose-greece-save-31%25-cc-pEGaRBIx" "Mozilla/5.0 (Linux; Android 6.0.1; Nexus 5X Build/MMB29P) AppleWebKit/537.36 (KHTML, like Gecko) Chrome/153.0.8010.36 Mobile Safari/537.36 (compatible; GoogleOther)"
66.249.68.192 - - [10/Sep/2026:20:26:36 -0400] "GET /wp-content/themes/hello-elementor/assets/css/header-footer.css?ver=3.5.1 HTTP/1.1" 200 7534 "https://heredit.mx/?a=puma-rs-x-trophy-black-rose-greece-save-31%25-cc-pEGaRBIx" "Mozilla/5.0 (Linux; Android 6.0.1; Nexus 5X Build/MMB29P) AppleWebKit/537.36 (KHTML, like Gecko) Chrome/153.0.8010.36 Mobile Safari/537.36 (compatible; GoogleOther)"
66.249.68.192 - - [10/Sep/2026:20:26:37 -0400] "GET /wp-content/plugins/elementor/assets/lib/swiper/v8/css/swiper.min.css?ver=8.4.5 HTTP/1.1" 200 16471 "https://heredit.mx/?a=puma-rs-x-trophy-black-rose-greece-save-31%25-cc-pEGaRBIx" "Mozilla/5.0 (Linux; Android 6.0.1; Nexus 5X Build/MMB29P) AppleWebKit/537.36 (KHTML, like Gecko) Chrome/153.0.8010.36 Mobile Safari/537.36 (compatible; GoogleOther)"
66.249.68.192 - - [10/Sep/2026:20:26:39 -0400] "GET /wp-content/plugins/elementor-pro/assets/js/elements-handlers.min.js?ver=4.2.3 HTTP/1.1" 200 43922 "https://heredit.mx/?a=puma-rs-x-trophy-black-rose-greece-save-31%25-cc-pEGaRBIx" "Mozilla/5.0 (Linux; Android 6.0.1; Nexus 5X Build/MMB29P) AppleWebKit/537.36 (KHTML, like Gecko) Chrome/153.0.8010.36 Mobile Safari/537.36 (compatible; GoogleOther)"
66.249.68.192 - - [10/Sep/2026:20:26:40 -0400] "GET /wp-content/plugins/wpforms/assets/pro/lib/intl-tel-input/intlTelInputWithUtils.min.js?ver=28.0.4 HTTP/1.1" 200 311657 "https://heredit.mx/?a=puma-rs-x-trophy-black-rose-greece-save-31%25-cc-pEGaRBIx" "Mozilla/5.0 (Linux; Android 6.0.1; Nexus 5X Build/MMB29P) AppleWebKit/537.36 (KHTML, like Gecko) Chrome/153.0.8010.36 Mobile Safari/537.36 (compatible; GoogleOther)"
66.249.68.192 - - [10/Sep/2026:20:26:42 -0400] "GET /sliders/amenidades/style.css HTTP/1.1" 200 3139 "https://heredit.mx/sliders/amenidades/interiores.html" "Mozilla/5.0 (Linux; Android 6.0.1; Nexus 5X Build/MMB29P) AppleWebKit/537.36 (KHTML, like Gecko) Chrome/153.0.8010.36 Mobile Safari/537.36 (compatible; Googlebot/2.1; +http://www.google.com/bot.html)"
66.249.68.192 - - [10/Sep/2026:20:26:42 -0400] "GET /wp-content/uploads/2024/06/icon-coffee.svg HTTP/1.1" 200 509 "https://heredit.mx/sliders/amenidades/interiores-mob.html" "Mozilla/5.0 (Linux; Android 6.0.1; Nexus 5X Build/MMB29P) AppleWebKit/537.36 (KHTML, like Gecko) Chrome/153.0.8010.36 Mobile Safari/537.36 (compatible; GoogleOther)"
66.249.68.192 - - [10/Sep/2026:20:26:44 -0400] "GET /wp-content/uploads/2024/06/icon-coffee.svg HTTP/1.1" 200 509 "https://heredit.mx/sliders/amenidades/interiores.html" "Mozilla/5.0 (Linux; Android 6.0.1; Nexus 5X Build/MMB29P) AppleWebKit/537.36 (KHTML, like Gecko) Chrome/153.0.8010.36 Mobile Safari/537.36 (compatible; GoogleOther)"
66.249.68.194 - - [10/Sep/2026:20:27:15 -0400] "GET /?a=livingston-bed-wooden-beds-pottery-barn-cc-qPL63eUd HTTP/1.1" 200 223759 "-" "Mozilla/5.0 (Linux; Android 6.0.1; Nexus 5X Build/MMB29P) AppleWebKit/537.36 (KHTML, like Gecko) Chrome/153.0.8010.36 Mobile Safari/537.36 (compatible; GoogleOther)"
66.249.68.193 - - [10/Sep/2026:20:27:20 -0400] "GET /wp-content/plugins/elementor-pro/assets/js/slides.8e9b74f1b31471377df8.bundle.min.js HTTP/1.1" 200 3918 "https://heredit.mx/?a=livingston-bed-wooden-beds-pottery-barn-cc-qPL63eUd" "Mozilla/5.0 (Linux; Android 6.0.1; Nexus 5X Build/MMB29P) AppleWebKit/537.36 (KHTML, like Gecko) Chrome/153.0.8010.36 Mobile Safari/537.36 (compatible; GoogleOther)"
66.249.68.192 - - [10/Sep/2026:20:28:09 -0400] "GET /?a=egypt-sculpture-egypt-cat-statue-egypt-statue-egypt-cc-27jYGVFw HTTP/1.1" 200 223807 "-" "Mozilla/5.0 (Linux; Android 6.0.1; Nexus 5X Build/MMB29P) AppleWebKit/537.36 (KHTML, like Gecko) Chrome/153.0.8010.36 Mobile Safari/537.36 (compatible; GoogleOther)"
201.182.92.126 - - [10/Sep/2026:20:28:12 -0400] "GET /wp-json/wp/v2/users HTTP/1.1" 200 1073 "-" "Mozilla/4.0 (compatible; Win32; WinHttp.WinHttpRequest.5)"
199.250.222.155 - - [10/Sep/2026:20:28:42 -0400] "POST /wp-cron.php?doing_wp_cron=1789086522.9347879886627197265625 HTTP/1.1" 200 - "-" "WordPress/7.1; https://heredit.mx"
201.182.92.126 - - [10/Sep/2026:20:28:42 -0400] "POST /xmlrpc.php HTTP/1.1" 200 415 "-" "Mozilla/5.0 (Windows NT 6.3; x86) AppleWebKit/537.36 (KHTML, like Gecko) Opera/66.0.0.0 Safari/537.36"
66.249.68.193 - - [10/Sep/2026:20:28:43 -0400] "GET /?a=livingston-bed-wooden-beds-pottery-barn-cc-qPL63eUd HTTP/1.1" 200 223759 "-" "Mozilla/5.0 (Linux; Android 6.0.1; Nexus 5X Build/MMB29P) AppleWebKit/537.36 (KHTML, like Gecko) Chrome/153.0.8010.36 Mobile Safari/537.36 (compatible; Googlebot/2.1; +http://www.google.com/bot.html)"
201.182.92.126 - - [10/Sep/2026:20:29:06 -0400] "POST /xmlrpc.php HTTP/1.1" 200 415 "-" "Mozilla/5.0 (Windows NT 10.0; arm64) AppleWebKit/537.36 (KHTML, like Gecko) Edge/87.0.0.0 Safari/537.36"
66.249.68.192 - - [10/Sep/2026:20:29:25 -0400] "GET /?a=cat-cowering-dog-photograph-by-gregory-smith-fine-art-cc-7v4Q5dIw HTTP/1.1" 200 223815 "-" "Mozilla/5.0 (Linux; Android 6.0.1; Nexus 5X Build/MMB29P) AppleWebKit/537.36 (KHTML, like Gecko) Chrome/153.0.8010.36 Mobile Safari/537.36 (compatible; Googlebot/2.1; +http://www.google.com/bot.html)"
66.249.68.192 - - [10/Sep/2026:20:29:29 -0400] "GET /sliders/amenidades/script.js HTTP/1.1" 200 2513 "https://heredit.mx/sliders/amenidades/interiores.html" "Mozilla/5.0 (Linux; Android 6.0.1; Nexus 5X Build/MMB29P) AppleWebKit/537.36 (KHTML, like Gecko) Chrome/153.0.8010.36 Mobile Safari/537.36 (compatible; Googlebot/2.1; +http://www.google.com/bot.html)"
201.182.92.126 - - [10/Sep/2026:20:29:30 -0400] "POST /xmlrpc.php HTTP/1.1" 406 300 "-" "Mozilla/5.0 (Windows NT 10.0; arm64) AppleWebKit/537.36 (KHTML, like Gecko) Safari/13.0.0.0 Safari/537.36"
201.182.92.126 - - [10/Sep/2026:20:29:58 -0400] "POST /xmlrpc.php HTTP/1.1" 200 415 "-" "Mozilla/5.0 (Linux; Android 10; arm64) AppleWebKit/537.36 (KHTML, like Gecko) Opera/78.0.0.0 Safari/537.36"
66.249.68.194 - - [10/Sep/2026:20:30:14 -0400] "GET /?a=womens-scrunch-butt-leggings-ruched-booty-lifting-buttery-soft-cc-K5p64ruQ HTTP/1.1" 200 223851 "-" "Mozilla/5.0 (Linux; Android 6.0.1; Nexus 5X Build/MMB29P) AppleWebKit/537.36 (KHTML, like Gecko) Chrome/153.0.8010.36 Mobile Safari/537.36 (compatible; Googlebot/2.1; +http://www.google.com/bot.html)"
199.250.222.155 - - [10/Sep/2026:20:30:30 -0400] "POST /wp-cron.php?doing_wp_cron=1789086630.3611450195312500000000 HTTP/1.1" 200 - "-" "WordPress/7.1; https://heredit.mx"
201.182.92.126 - - [10/Sep/2026:20:30:30 -0400] "POST /xmlrpc.php HTTP/1.1" 200 415 "-" "Mozilla/5.0 (Windows NT 6.3; x64) AppleWebKit/537.36 (KHTML, like Gecko) Edge/99.0.0.0 Safari/537.36"
66.249.68.193 - - [10/Sep/2026:20:30:53 -0400] "GET /?a=womens-scrunch-butt-leggings-ruched-booty-lifting-buttery-soft-cc-K5p64ruQ HTTP/1.1" 200 223851 "-" "Mozilla/5.0 (Linux; Android 6.0.1; Nexus 5X Build/MMB29P) AppleWebKit/537.36 (KHTML, like Gecko) Chrome/153.0.8010.36 Mobile Safari/537.36 (compatible; GoogleOther)"
201.182.92.126 - - [10/Sep/2026:20:31:00 -0400] "POST /xmlrpc.php HTTP/1.1" 200 415 "-" "Mozilla/5.0 (X11; Ubuntu; Linux x86_64; arm64) AppleWebKit/537.36 (KHTML, like Gecko) Chrome/108.0.0.0 Safari/537.36"
201.182.92.126 - - [10/Sep/2026:20:31:33 -0400] "POST /xmlrpc.php HTTP/1.1" 406 300 "-" "Mozilla/5.0 (Windows NT 6.2; arm64) AppleWebKit/537.36 (KHTML, like Gecko) Opera/68.0.0.0 Safari/537.36"
199.250.222.155 - - [10/Sep/2026:20:31:37 -0400] "POST /wp-cron.php?doing_wp_cron=1789086697.6423759460449218750000 HTTP/1.1" 200 - "-" "WordPress/7.1; https://heredit.mx"
66.249.68.193 - - [10/Sep/2026:20:31:37 -0400] "GET /?a=womens-scrunch-butt-leggings-ruched-booty-lifting-buttery-soft-cc-K5p64ruQ HTTP/1.1" 200 223851 "-" "Mozilla/5.0 (Linux; Android 6.0.1; Nexus 5X Build/MMB29P) AppleWebKit/537.36 (KHTML, like Gecko) Chrome/153.0.8010.36 Mobile Safari/537.36 (compatible; GoogleOther)"
201.182.92.126 - - [10/Sep/2026:20:32:05 -0400] "POST /xmlrpc.php HTTP/1.1" 200 415 "-" "Mozilla/5.0 (X11; Ubuntu; Linux x86_64; arm64) AppleWebKit/537.36 (KHTML, like Gecko) Chrome/111.0.0.0 Safari/537.36"
66.249.68.192 - - [10/Sep/2026:20:32:22 -0400] "GET /?a=artstation-the-good-place-cc-03Kod6U1 HTTP/1.1" 200 223703 "-" "Mozilla/5.0 (Linux; Android 6.0.1; Nexus 5X Build/MMB29P) AppleWebKit/537.36 (KHTML, like Gecko) Chrome/153.0.8010.36 Mobile Safari/537.36 (compatible; GoogleOther)"
199.250.222.155 - - [10/Sep/2026:20:32:38 -0400] "POST /wp-cron.php?doing_wp_cron=1789086758.2160770893096923828125 HTTP/1.1" 200 - "-" "WordPress/7.1; https://heredit.mx"
201.182.92.126 - - [10/Sep/2026:20:32:37 -0400] "POST /xmlrpc.php HTTP/1.1" 200 415 "-" "Mozilla/5.0 (Windows NT 6.3; arm64) AppleWebKit/537.36 (KHTML, like Gecko) Safari/10.0.0.0 Safari/537.36"
66.249.68.192 - - [10/Sep/2026:20:32:43 -0400] "GET /wp-content/plugin= HTTP/1.1" 404 123212 "-" "Mozilla/5.0 (Linux; Android 6.0.1; Nexus 5X Build/MMB29P) AppleWebKit/537.36 (KHTML, like Gecko) Chrome/153.0.8010.36 Mobile Safari/537.36 (compatible; Googlebot/2.1; +http://www.google.com/bot.html)"
201.182.92.126 - - [10/Sep/2026:20:33:08 -0400] "POST /xmlrpc.php HTTP/1.1" 200 415 "-" "Mozilla/5.0 (Windows NT 10.0; x86) AppleWebKit/537.36 (KHTML, like Gecko) Safari/10.0.0.0 Safari/537.36"
66.249.68.192 - - [10/Sep/2026:20:33:17 -0400] "GET /?a=artstation-the-good-place-cc-03Kod6U1 HTTP/1.1" 200 223703 "-" "Mozilla/5.0 (Linux; Android 6.0.1; Nexus 5X Build/MMB29P) AppleWebKit/537.36 (KHTML, like Gecko) Chrome/153.0.8010.36 Mobile Safari/537.36 (compatible; Googlebot/2.1; +http://www.google.com/bot.html)"
201.182.92.126 - - [10/Sep/2026:20:33:41 -0400] "POST /xmlrpc.php HTTP/1.1" 406 300 "-" "Mozilla/5.0 (Windows NT 6.3; arm64) AppleWebKit/537.36 (KHTML, like Gecko) Firefox/70.0.0.0 Safari/537.36"
199.250.222.155 - - [10/Sep/2026:20:33:49 -0400] "POST /wp-cron.php?doing_wp_cron=1789086829.2519230842590332031250 HTTP/1.1" 200 - "-" "WordPress/7.1; https://heredit.mx"
66.249.68.192 - - [10/Sep/2026:20:33:48 -0400] "GET /?a=1086-dorchester-street-rock-hill-sc-29732-mls-3939968-cc-3RNqywFV HTTP/1.1" 200 223815 "-" "Mozilla/5.0 (Linux; Android 6.0.1; Nexus 5X Build/MMB29P) AppleWebKit/537.36 (KHTML, like Gecko) Chrome/153.0.8010.36 Mobile Safari/537.36 (compatible; Googlebot/2.1; +http://www.google.com/bot.html)"
199.250.222.155 - - [10/Sep/2026:20:33:53 -0400] "POST /wp-cron.php?doing_wp_cron=1789086833.1271879673004150390625 HTTP/1.1" 200 - "-" "WordPress/7.1; https://heredit.mx"
52.167.144.206 - - [10/Sep/2026:20:33:52 -0400] "GET /?w=magol-kend%C5%91zetlen-cs%C3%A9ke-electrolux-ultraone-porsz%C3%ADv%C3%B3-alkatr%C3%A9szek-nagy%C3%A9r-szil%C3%A1zs-pp-38E9DJHz HTTP/1.1" 200 112757 "-" "Mozilla/5.0 AppleWebKit/537.36 (KHTML, like Gecko; compatible; bingbot/2.0; +http://www.bing.com/bingbot.htm) Chrome/116.0.1938.76 Safari/537.36"
201.182.92.126 - - [10/Sep/2026:20:34:14 -0400] "POST /xmlrpc.php HTTP/1.1" 200 415 "-" "Mozilla/5.0 (Windows NT 6.2; arm64) AppleWebKit/537.36 (KHTML, like Gecko) Chrome/100.0.0.0 Safari/537.36"
199.250.222.155 - - [10/Sep/2026:20:34:33 -0400] "POST /wp-cron.php?doing_wp_cron=1789086873.0397360324859619140625 HTTP/1.1" 200 - "-" "WordPress/7.1; https://heredit.mx"
66.249.68.192 - - [10/Sep/2026:20:34:32 -0400] "GET /?a=witch-and-carved-pumpkin-by-csa-images-cc-erO8N7HQ HTTP/1.1" 200 223755 "-" "Mozilla/5.0 (Linux; Android 6.0.1; Nexus 5X Build/MMB29P) AppleWebKit/537.36 (KHTML, like Gecko) Chrome/153.0.8010.36 Mobile Safari/537.36 (compatible; Googlebot/2.1; +http://www.google.com/bot.html)"
66.249.68.192 - - [10/Sep/2026:20:34:39 -0400] "GET /wp-content/plugins/elementor-pro/assets/css/modules/sticky.min.css?ver=4.2.3 HTTP/1.1" 200 162 "https://heredit.mx/?a=witch-and-carved-pumpkin-by-csa-images-cc-erO8N7HQ" "Mozilla/5.0 (Linux; Android 6.0.1; Nexus 5X Build/MMB29P) AppleWebKit/537.36 (KHTML, like Gecko) Chrome/153.0.8010.36 Mobile Safari/537.36 (compatible; Googlebot/2.1; +http://www.google.com/bot.html)"
66.249.68.192 - - [10/Sep/2026:20:34:39 -0400] "GET /wp-content/plugins/wpforms/assets/js/integrations/elementor/frontend.min.js?ver=1.10.2.1 HTTP/1.1" 200 1485 "https://heredit.mx/?a=witch-and-carved-pumpkin-by-csa-images-cc-erO8N7HQ" "Mozilla/5.0 (Linux; Android 6.0.1; Nexus 5X Build/MMB29P) AppleWebKit/537.36 (KHTML, like Gecko) Chrome/153.0.8010.36 Mobile Safari/537.36 (compatible; Googlebot/2.1; +http://www.google.com/bot.html)"
201.182.92.126 - - [10/Sep/2026:20:34:45 -0400] "POST /xmlrpc.php HTTP/1.1" 200 415 "-" "Mozilla/5.0 (X11; Ubuntu; Linux x86_64; x64) AppleWebKit/537.36 (KHTML, like Gecko) Edge/87.0.0.0 Safari/537.36"
201.182.92.126 - - [10/Sep/2026:20:35:19 -0400] "POST /xmlrpc.php HTTP/1.1" 200 415 "-" "Mozilla/5.0 (Windows NT 10.0; arm64) AppleWebKit/537.36 (KHTML, like Gecko) Opera/77.0.0.0 Safari/537.36"
66.249.68.194 - - [10/Sep/2026:20:35:24 -0400] "GET /?a=witch-and-carved-pumpkin-by-csa-images-cc-erO8N7HQ HTTP/1.1" 200 223755 "-" "Mozilla/5.0 (Linux; Android 6.0.1; Nexus 5X Build/MMB29P) AppleWebKit/537.36 (KHTML, like Gecko) Chrome/153.0.8010.36 Mobile Safari/537.36 (compatible; GoogleOther)"
201.182.92.126 - - [10/Sep/2026:20:35:46 -0400] "POST /xmlrpc.php HTTP/1.1" 406 300 "-" "Mozilla/5.0 (Windows NT 6.3; arm64) AppleWebKit/537.36 (KHTML, like Gecko) Edge/100.0.0.0 Safari/537.36"
66.249.68.193 - - [10/Sep/2026:20:36:00 -0400] "GET /?a=western-bulldogs-svg-vectorency-cc-8mrQKaCx HTTP/1.1" 200 223727 "-" "Mozilla/5.0 (Linux; Android 6.0.1; Nexus 5X Build/MMB29P) AppleWebKit/537.36 (KHTML, like Gecko) Chrome/153.0.8010.36 Mobile Safari/537.36 (compatible; Googlebot/2.1; +http://www.google.com/bot.html)"
66.249.68.192 - - [10/Sep/2026:20:36:04 -0400] "GET /wp-includes/js/dist/i18n.min.js?ver=1dfe7db3940c23ea9216 HTTP/1.1" 200 5791 "https://heredit.mx/?a=western-bulldogs-svg-vectorency-cc-8mrQKaCx" "Mozilla/5.0 (Linux; Android 6.0.1; Nexus 5X Build/MMB29P) AppleWebKit/537.36 (KHTML, like Gecko) Chrome/153.0.8010.36 Mobile Safari/537.36 (compatible; Googlebot/2.1; +http://www.google.com/bot.html)"
201.182.92.126 - - [10/Sep/2026:20:36:09 -0400] "POST /xmlrpc.php HTTP/1.1" 200 415 "-" "Mozilla/5.0 (Windows NT 6.3; arm64) AppleWebKit/537.36 (KHTML, like Gecko) Edge/83.0.0.0 Safari/537.36"
199.250.222.155 - - [10/Sep/2026:20:36:33 -0400] "POST /wp-cron.php?doing_wp_cron=1789086993.4664030075073242187500 HTTP/1.1" 200 - "-" "WordPress/7.1; https://heredit.mx"
52.167.144.18 - - [10/Sep/2026:20:36:33 -0400] "GET /GsNw/eggler397802/?a=jam-termahal-di-dunia-c-qwEPBaId HTTP/1.1" 404 121299 "-" "Mozilla/5.0 AppleWebKit/537.36 (KHTML, like Gecko; compatible; bingbot/2.0; +http://www.bing.com/bingbot.htm) Chrome/116.0.1938.76 Safari/537.36"
201.182.92.126 - - [10/Sep/2026:20:36:35 -0400] "POST /xmlrpc.php HTTP/1.1" 200 415 "-" "Mozilla/5.0 (Windows NT 6.3; x86) AppleWebKit/537.36 (KHTML, like Gecko) Opera/74.0.0.0 Safari/537.36"
66.249.68.193 - - [10/Sep/2026:20:36:44 -0400] "GET /?a=western-bulldogs-svg-vectorency-cc-8mrQKaCx HTTP/1.1" 200 223727 "-" "Mozilla/5.0 (Linux; Android 6.0.1; Nexus 5X Build/MMB29P) AppleWebKit/537.36 (KHTML, like Gecko) Chrome/153.0.8010.36 Mobile Safari/537.36 (compatible; GoogleOther)"
201.182.92.126 - - [10/Sep/2026:20:36:57 -0400] "POST /xmlrpc.php HTTP/1.1" 200 415 "-" "Mozilla/5.0 (Windows NT 6.3; x86) AppleWebKit/537.36 (KHTML, like Gecko) Edge/90.0.0.0 Safari/537.36"
201.182.92.126 - - [10/Sep/2026:20:37:19 -0400] "POST /xmlrpc.php HTTP/1.1" 200 415 "-" "Mozilla/5.0 (Macintosh; Intel Mac OS X 10_15_7; x64) AppleWebKit/537.36 (KHTML, like Gecko) Safari/11.0.0.0 Safari/537.36"
199.250.222.155 - - [10/Sep/2026:20:37:30 -0400] "POST /wp-cron.php?doing_wp_cron=1789087050.6946489810943603515625 HTTP/1.1" 200 - "-" "WordPress/7.1; https://heredit.mx"
66.249.68.193 - - [10/Sep/2026:20:37:30 -0400] "GET /?a=hublot-mp-05-la-ferrari-cc-YPaexjsM HTTP/1.1" 200 223695 "-" "Mozilla/5.0 (Linux; Android 6.0.1; Nexus 5X Build/MMB29P) AppleWebKit/537.36 (KHTML, like Gecko) Chrome/153.0.8010.36 Mobile Safari/537.36 (compatible; GoogleOther)"
201.182.92.126 - - [10/Sep/2026:20:37:39 -0400] "POST /xmlrpc.php HTTP/1.1" 200 415 "-" "Mozilla/5.0 (Windows NT 6.2; x64) AppleWebKit/537.36 (KHTML, like Gecko) Firefox/96.0.0.0 Safari/537.36"
201.182.92.126 - - [10/Sep/2026:20:38:00 -0400] "POST /xmlrpc.php HTTP/1.1" 200 415 "-" "Mozilla/5.0 (Windows NT 6.2; x86) AppleWebKit/537.36 (KHTML, like Gecko) Firefox/75.0.0.0 Safari/537.36"
52.167.144.206 - - [10/Sep/2026:20:38:05 -0400] "GET /?w=air-pump-control-moduel-relay-oem-182800-3450-honda-pp-OJEoPaTv HTTP/1.1" 200 112757 "-" "Mozilla/5.0 AppleWebKit/537.36 (KHTML, like Gecko; compatible; bingbot/2.0; +http://www.bing.com/bingbot.htm) Chrome/116.0.1938.76 Safari/537.36"
66.249.68.193 - - [10/Sep/2026:20:38:19 -0400] "GET /?a=hublot-mp-05-la-ferrari-cc-YPaexjsM HTTP/1.1" 200 223695 "-" "Mozilla/5.0 (Linux; Android 6.0.1; Nexus 5X Build/MMB29P) AppleWebKit/537.36 (KHTML, like Gecko) Chrome/153.0.8010.36 Mobile Safari/537.36 (compatible; GoogleOther)"
201.182.92.126 - - [10/Sep/2026:20:38:21 -0400] "POST /xmlrpc.php HTTP/1.1" 406 300 "-" "Mozilla/5.0 (Windows NT 6.2; arm64) AppleWebKit/537.36 (KHTML, like Gecko) Firefox/91.0.0.0 Safari/537.36"
199.250.222.155 - - [10/Sep/2026:20:38:39 -0400] "POST /wp-cron.php?doing_wp_cron=1789087119.6862049102783203125000 HTTP/1.1" 200 - "-" "WordPress/7.1; https://heredit.mx"
52.167.144.16 - - [10/Sep/2026:20:38:39 -0400] "GET /coelomic-81494-cFlvNOFRwN/ HTTP/1.1" 301 - "-" "Mozilla/5.0 AppleWebKit/537.36 (KHTML, like Gecko; compatible; bingbot/2.0; +http://www.bing.com/bingbot.htm) Chrome/116.0.1938.76 Safari/537.36"
201.182.92.126 - - [10/Sep/2026:20:38:41 -0400] "POST /xmlrpc.php HTTP/1.1" 200 415 "-" "Mozilla/5.0 (Windows NT 6.2; x86) AppleWebKit/537.36 (KHTML, like Gecko) Chrome/100.0.0.0 Safari/537.36"
66.249.68.192 - - [10/Sep/2026:20:38:55 -0400] "GET /?a=hublot-mp-05-la-ferrari-cc-YPaexjsM HTTP/1.1" 200 223695 "-" "Mozilla/5.0 (Linux; Android 6.0.1; Nexus 5X Build/MMB29P) AppleWebKit/537.36 (KHTML, like Gecko) Chrome/153.0.8010.36 Mobile Safari/537.36 (compatible; Googlebot/2.1; +http://www.google.com/bot.html)"
201.182.92.126 - - [10/Sep/2026:20:39:01 -0400] "POST /xmlrpc.php HTTP/1.1" 200 415 "-" "Mozilla/5.0 (Windows NT 6.2; x64) AppleWebKit/537.36 (KHTML, like Gecko) Chrome/98.0.0.0 Safari/537.36"
52.167.144.161 - - [10/Sep/2026:20:39:13 -0400] "GET /?w=hold-preston-thompson-dbs-ba-billy-strings-signature-brazilian-pp-lYkYREue HTTP/1.1" 301 - "-" "Mozilla/5.0 AppleWebKit/537.36 (KHTML, like Gecko; compatible; bingbot/2.0; +http://www.bing.com/bingbot.htm) Chrome/116.0.1938.76 Safari/537.36"
52.167.144.206 - - [10/Sep/2026:20:39:24 -0400] "GET /?w=hold-preston-thompson-dbs-ba-billy-strings-signature-brazilian-pp-lYkYREue HTTP/1.1" 200 112757 "-" "Mozilla/5.0 AppleWebKit/537.36 (KHTML, like Gecko; compatible; bingbot/2.0; +http://www.bing.com/bingbot.htm) Chrome/116.0.1938.76 Safari/537.36"
201.182.92.126 - - [10/Sep/2026:20:39:25 -0400] "POST /xmlrpc.php HTTP/1.1" 406 300 "-" "Mozilla/5.0 (Windows NT 6.2; arm64) AppleWebKit/537.36 (KHTML, like Gecko) Safari/10.0.0.0 Safari/537.36"
199.250.222.155 - - [10/Sep/2026:20:39:41 -0400] "POST /wp-cron.php?doing_wp_cron=1789087181.9169690608978271484375 HTTP/1.1" 200 - "-" "WordPress/7.1; https://heredit.mx"
66.249.68.194 - - [10/Sep/2026:20:39:41 -0400] "GET /?a=bright-time-buddies-unicorn-c-MAoOr1c2 HTTP/1.1" 200 223707 "-" "Mozilla/5.0 (Linux; Android 6.0.1; Nexus 5X Build/MMB29P) AppleWebKit/537.36 (KHTML, like Gecko) Chrome/153.0.8010.36 Mobile Safari/537.36 (compatible; GoogleOther)"
201.182.92.126 - - [10/Sep/2026:20:39:45 -0400] "POST /xmlrpc.php HTTP/1.1" 200 415 "-" "Mozilla/5.0 (Windows NT 10.0; x86) AppleWebKit/537.36 (KHTML, like Gecko) Chrome/88.0.0.0 Safari/537.36"
66.249.68.193 - - [10/Sep/2026:20:39:47 -0400] "GET /wp-content/uploads/elementor/css/post-7.css?ver=1788480000 HTTP/1.1" 200 4160 "https://heredit.mx/?a=bright-time-buddies-unicorn-c-MAoOr1c2" "Mozilla/5.0 (Linux; Android 6.0.1; Nexus 5X Build/MMB29P) AppleWebKit/537.36 (KHTML, like Gecko) Chrome/153.0.8010.36 Mobile Safari/537.36 (compatible; GoogleOther)"
201.182.92.126 - - [10/Sep/2026:20:40:05 -0400] "POST /xmlrpc.php HTTP/1.1" 406 300 "-" "Mozilla/5.0 (Linux; Android 10; x86) AppleWebKit/537.36 (KHTML, like Gecko) Safari/15.0.0.0 Safari/537.36"
201.182.92.126 - - [10/Sep/2026:20:40:27 -0400] "POST /xmlrpc.php HTTP/1.1" 406 300 "-" "Mozilla/5.0 (Linux; Android 10; arm64) AppleWebKit/537.36 (KHTML, like Gecko) Safari/14.0.0.0 Safari/537.36"
199.250.222.155 - - [10/Sep/2026:20:40:48 -0400] "POST /wp-cron.php?doing_wp_cron=1789087248.5420699119567871093750 HTTP/1.1" 200 - "-" "WordPress/7.1; https://heredit.mx"
201.182.92.126 - - [10/Sep/2026:20:40:48 -0400] "POST /xmlrpc.php HTTP/1.1" 200 415 "-" "Mozilla/5.0 (Macintosh; Intel Mac OS X 10_15_7; x86) AppleWebKit/537.36 (KHTML, like Gecko) Opera/66.0.0.0 Safari/537.36"
66.249.68.193 - - [10/Sep/2026:20:41:07 -0400] "GET /?a=bright-time-buddies-unicorn-c-MAoOr1c2 HTTP/1.1" 200 223707 "-" "Mozilla/5.0 (Linux; Android 6.0.1; Nexus 5X Build/MMB29P) AppleWebKit/537.36 (KHTML, like Gecko) Chrome/153.0.8010.36 Mobile Safari/537.36 (compatible; Googlebot/2.1; +http://www.google.com/bot.html)"
66.249.68.193 - - [10/Sep/2026:20:41:11 -0400] "GET /wp-content/uploads/premium-addons-elementor/pafe-1208.css?ver=1788480000 HTTP/1.1" 200 53544 "https://heredit.mx/?a=bright-time-buddies-unicorn-c-MAoOr1c2" "Mozilla/5.0 (Linux; Android 6.0.1; Nexus 5X Build/MMB29P) AppleWebKit/537.36 (KHTML, like Gecko) Chrome/153.0.8010.36 Mobile Safari/537.36 (compatible; Googlebot/2.1; +http://www.google.com/bot.html)"
66.249.68.192 - - [10/Sep/2026:20:41:13 -0400] "GET /sliders/desarrollos/index.html HTTP/1.1" 200 4010 "https://heredit.mx/?a=bright-time-buddies-unicorn-c-MAoOr1c2" "Mozilla/5.0 (Linux; Android 6.0.1; Nexus 5X Build/MMB29P) AppleWebKit/537.36 (KHTML, like Gecko) Chrome/153.0.8010.36 Mobile Safari/537.36 (compatible; Googlebot/2.1; +http://www.google.com/bot.html)"
201.182.92.126 - - [10/Sep/2026:20:41:13 -0400] "POST /xmlrpc.php HTTP/1.1" 200 415 "-" "Mozilla/5.0 (Windows NT 6.2; x64) AppleWebKit/537.36 (KHTML, like Gecko) Firefox/86.0.0.0 Safari/537.36"
201.182.92.126 - - [10/Sep/2026:20:41:38 -0400] "POST /xmlrpc.php HTTP/1.1" 200 415 "-" "Mozilla/5.0 (Windows NT 6.2; x64) AppleWebKit/537.36 (KHTML, like Gecko) Safari/11.0.0.0 Safari/537.36"
66.249.68.192 - - [10/Sep/2026:20:41:51 -0400] "GET /?a=deli-e7146-502-super-glue-3gm-%E2%80%93-sunmart-cc-gDpnRdH8 HTTP/1.1" 200 223779 "-" "Mozilla/5.0 (Linux; Android 6.0.1; Nexus 5X Build/MMB29P) AppleWebKit/537.36 (KHTML, like Gecko) Chrome/153.0.8010.36 Mobile Safari/537.36 (compatible; Googlebot/2.1; +http://www.google.com/bot.html)"
52.167.144.161 - - [10/Sep/2026:20:41:52 -0400] "GET /consociation-552405-ATpjxIjExi/47884078 HTTP/1.1" 301 - "-" "Mozilla/5.0 AppleWebKit/537.36 (KHTML, like Gecko; compatible; bingbot/2.0; +http://www.bing.com/bingbot.htm) Chrome/116.0.1938.76 Safari/537.36"
201.182.92.126 - - [10/Sep/2026:20:42:00 -0400] "POST /xmlrpc.php HTTP/1.1" 406 300 "-" "Mozilla/5.0 (Linux; Android 10; x86) AppleWebKit/537.36 (KHTML, like Gecko) Chrome/84.0.0.0 Safari/537.36"
201.182.92.126 - - [10/Sep/2026:20:42:21 -0400] "POST /xmlrpc.php HTTP/1.1" 406 300 "-" "Mozilla/5.0 (Linux; Android 10; arm64) AppleWebKit/537.36 (KHTML, like Gecko) Firefox/80.0.0.0 Safari/537.36"
199.250.222.155 - - [10/Sep/2026:20:42:41 -0400] "POST /wp-cron.php?doing_wp_cron=1789087361.2394421100616455078125 HTTP/1.1" 200 - "-" "WordPress/7.1; https://heredit.mx"
201.182.92.126 - - [10/Sep/2026:20:42:41 -0400] "POST /xmlrpc.php HTTP/1.1" 200 415 "-" "Mozilla/5.0 (Windows NT 6.3; x64) AppleWebKit/537.36 (KHTML, like Gecko) Opera/70.0.0.0 Safari/537.36"
66.249.68.194 - - [10/Sep/2026:20:42:41 -0400] "GET /?a=27-products-that-are-so-perfect-they-must-have-cc-14L0vyum HTTP/1.1" 200 223787 "-" "Mozilla/5.0 (Linux; Android 6.0.1; Nexus 5X Build/MMB29P) AppleWebKit/537.36 (KHTML, like Gecko) Chrome/153.0.8010.36 Mobile Safari/537.36 (compatible; GoogleOther)"
66.249.68.192 - - [10/Sep/2026:20:42:48 -0400] "GET /wp-content/uploads/2024/06/icon-gym.svg HTTP/1.1" 200 1254 "https://heredit.mx/sliders/amenidades/interiores-mob.html" "Mozilla/5.0 (Linux; Android 6.0.1; Nexus 5X Build/MMB29P) AppleWebKit/537.36 (KHTML, like Gecko) Chrome/153.0.8010.36 Mobile Safari/537.36 (compatible; GoogleOther)"
52.167.144.206 - - [10/Sep/2026:20:42:49 -0400] "GET /menorrhoeic=7499801556&xK7t6unspM=76531/?a=ltte-uniform-for-sale-c-PnVBMbu8 HTTP/1.1" 404 121299 "-" "Mozilla/5.0 AppleWebKit/537.36 (KHTML, like Gecko; compatible; bingbot/2.0; +http://www.bing.com/bingbot.htm) Chrome/116.0.1938.76 Safari/537.36"
201.182.92.126 - - [10/Sep/2026:20:43:01 -0400] "POST /xmlrpc.php HTTP/1.1" 200 415 "-" "Mozilla/5.0 (Windows NT 6.3; x64) AppleWebKit/537.36 (KHTML, like Gecko) Edge/89.0.0.0 Safari/537.36"
66.249.68.193 - - [10/Sep/2026:20:43:19 -0400] "GET /?a=27-products-that-are-so-perfect-they-must-have-cc-14L0vyum HTTP/1.1" 200 223787 "-" "Mozilla/5.0 (Linux; Android 6.0.1; Nexus 5X Build/MMB29P) AppleWebKit/537.36 (KHTML, like Gecko) Chrome/153.0.8010.36 Mobile Safari/537.36 (compatible; Googlebot/2.1; +http://www.google.com/bot.html)"
201.182.92.126 - - [10/Sep/2026:20:43:20 -0400] "POST /xmlrpc.php HTTP/1.1" 406 300 "-" "Mozilla/5.0 (Windows NT 6.2; arm64) AppleWebKit/537.36 (KHTML, like Gecko) Chrome/113.0.0.0 Safari/537.36"
199.250.222.155 - - [10/Sep/2026:20:43:40 -0400] "POST /wp-cron.php?doing_wp_cron=1789087420.3444440364837646484375 HTTP/1.1" 200 - "-" "WordPress/7.1; https://heredit.mx"
201.182.92.126 - - [10/Sep/2026:20:43:40 -0400] "POST /xmlrpc.php HTTP/1.1" 200 415 "-" "Mozilla/5.0 (Windows NT 10.0; x64) AppleWebKit/537.36 (KHTML, like Gecko) Firefox/96.0.0.0 Safari/537.36"
201.182.92.126 - - [10/Sep/2026:20:44:00 -0400] "POST /xmlrpc.php HTTP/1.1" 200 415 "-" "Mozilla/5.0 (Windows NT 10.0; x64) AppleWebKit/537.36 (KHTML, like Gecko) Chrome/96.0.0.0 Safari/537.36"
201.182.92.126 - - [10/Sep/2026:20:44:19 -0400] "POST /xmlrpc.php HTTP/1.1" 200 415 "-" "Mozilla/5.0 (X11; Ubuntu; Linux x86_64; x86) AppleWebKit/537.36 (KHTML, like Gecko) Opera/75.0.0.0 Safari/537.36"
199.250.222.155 - - [10/Sep/2026:20:44:40 -0400] "POST /wp-cron.php?doing_wp_cron=1789087480.1463460922241210937500 HTTP/1.1" 200 - "-" "WordPress/7.1; https://heredit.mx"
201.182.92.126 - - [10/Sep/2026:20:44:39 -0400] "POST /xmlrpc.php HTTP/1.1" 200 415 "-" "Mozilla/5.0 (X11; Ubuntu; Linux x86_64; x86) AppleWebKit/537.36 (KHTML, like Gecko) Opera/77.0.0.0 Safari/537.36"
66.249.68.192 - - [10/Sep/2026:20:44:48 -0400] "GET /?a=deli-e7146-502-super-glue-3gm-%E2%80%93-sunmart-cc-gDpnRdH8 HTTP/1.1" 200 223779 "-" "Mozilla/5.0 (Linux; Android 6.0.1; Nexus 5X Build/MMB29P) AppleWebKit/537.36 (KHTML, like Gecko) Chrome/153.0.8010.36 Mobile Safari/537.36 (compatible; GoogleOther)"
201.182.92.126 - - [10/Sep/2026:20:45:01 -0400] "POST /xmlrpc.php HTTP/1.1" 406 300 "-" "Mozilla/5.0 (Windows NT 10.0; arm64) AppleWebKit/537.36 (KHTML, like Gecko) Edge/95.0.0.0 Safari/537.36"
201.182.92.126 - - [10/Sep/2026:20:45:22 -0400] "POST /xmlrpc.php HTTP/1.1" 200 415 "-" "Mozilla/5.0 (Windows NT 6.2; x86) AppleWebKit/537.36 (KHTML, like Gecko) Opera/63.0.0.0 Safari/537.36"
199.250.222.155 - - [10/Sep/2026:20:45:42 -0400] "POST /wp-cron.php?doing_wp_cron=1789087542.6677510738372802734375 HTTP/1.1" 200 - "-" "WordPress/7.1; https://heredit.mx"
66.249.68.193 - - [10/Sep/2026:20:45:42 -0400] "GET /?a=ge%C3%A7ici-d%C3%B6vme-%C5%9Eablonu-k%C4%B1na-kal%C4%B1plar%C4%B1-cc-537Q7pcn HTTP/1.1" 200 223815 "-" "Mozilla/5.0 (Linux; Android 6.0.1; Nexus 5X Build/MMB29P) AppleWebKit/537.36 (KHTML, like Gecko) Chrome/153.0.8010.36 Mobile Safari/537.36 (compatible; GoogleOther)"
201.182.92.126 - - [10/Sep/2026:20:45:43 -0400] "POST /xmlrpc.php HTTP/1.1" 406 300 "-" "Mozilla/5.0 (X11; Ubuntu; Linux x86_64; arm64) AppleWebKit/537.36 (KHTML, like Gecko) Chrome/107.0.0.0 Safari/537.36"
201.182.92.126 - - [10/Sep/2026:20:46:03 -0400] "POST /xmlrpc.php HTTP/1.1" 200 415 "-" "Mozilla/5.0 (Macintosh; Intel Mac OS X 10_15_7; x64) AppleWebKit/537.36 (KHTML, like Gecko) Opera/79.0.0.0 Safari/537.36"
66.249.68.193 - - [10/Sep/2026:20:46:14 -0400] "GET /?a=ge%C3%A7ici-d%C3%B6vme-%C5%9Eablonu-k%C4%B1na-kal%C4%B1plar%C4%B1-cc-537Q7pcn HTTP/1.1" 200 223815 "-" "Mozilla/5.0 (Linux; Android 6.0.1; Nexus 5X Build/MMB29P) AppleWebKit/537.36 (KHTML, like Gecko) Chrome/153.0.8010.36 Mobile Safari/537.36 (compatible; Googlebot/2.1; +http://www.google.com/bot.html)"
201.182.92.126 - - [10/Sep/2026:20:46:23 -0400] "POST /xmlrpc.php HTTP/1.1" 406 300 "-" "Mozilla/5.0 (Macintosh; Intel Mac OS X 10_15_7; arm64) AppleWebKit/537.36 (KHTML, like Gecko) Chrome/101.0.0.0 Safari/537.36"
201.182.92.126 - - [10/Sep/2026:20:46:43 -0400] "POST /xmlrpc.php HTTP/1.1" 406 300 "-" "Mozilla/5.0 (Macintosh; Intel Mac OS X 10_15_7; arm64) AppleWebKit/537.36 (KHTML, like Gecko) Safari/10.0.0.0 Safari/537.36"
199.250.222.155 - - [10/Sep/2026:20:46:58 -0400] "POST /wp-cron.php?doing_wp_cron=1789087618.4020159244537353515625 HTTP/1.1" 200 - "-" "WordPress/7.1; https://heredit.mx"
66.249.68.193 - - [10/Sep/2026:20:46:57 -0400] "GET /?a=footlol-crazy-soccer-premium-latest-version-for-android-cc-4VAnyPsE HTTP/1.1" 200 223823 "-" "Mozilla/5.0 (Linux; Android 6.0.1; Nexus 5X Build/MMB29P) AppleWebKit/537.36 (KHTML, like Gecko) Chrome/153.0.8010.36 Mobile Safari/537.36 (compatible; Googlebot/2.1; +http://www.google.com/bot.html)"
201.182.92.126 - - [10/Sep/2026:20:47:03 -0400] "POST /xmlrpc.php HTTP/1.1" 200 415 "-" "Mozilla/5.0 (X11; Ubuntu; Linux x86_64; x86) AppleWebKit/537.36 (KHTML, like Gecko) Safari/10.0.0.0 Safari/537.36"
66.249.68.192 - - [10/Sep/2026:20:47:05 -0400] "GET /wp-content/uploads/2024/06/icon-bath.svg HTTP/1.1" 200 1635 "https://heredit.mx/sliders/cards/index.html" "Mozilla/5.0 (Linux; Android 6.0.1; Nexus 5X Build/MMB29P) AppleWebKit/537.36 (KHTML, like Gecko) Chrome/153.0.8010.36 Mobile Safari/537.36 (compatible; Googlebot/2.1; +http://www.google.com/bot.html)"
66.249.68.194 - - [10/Sep/2026:20:47:05 -0400] "GET /sliders/descripcion/script.js HTTP/1.1" 200 2123 "https://heredit.mx/sliders/descripcion/index.html" "Mozilla/5.0 (Linux; Android 6.0.1; Nexus 5X Build/MMB29P) AppleWebKit/537.36 (KHTML, like Gecko) Chrome/153.0.8010.36 Mobile Safari/537.36 (compatible; Googlebot/2.1; +http://www.google.com/bot.html)"
201.182.92.126 - - [10/Sep/2026:20:47:25 -0400] "POST /xmlrpc.php HTTP/1.1" 200 415 "-" "Mozilla/5.0 (Windows NT 6.3; x86) AppleWebKit/537.36 (KHTML, like Gecko) Edge/90.0.0.0 Safari/537.36"
66.249.68.192 - - [10/Sep/2026:20:47:33 -0400] "GET /wp-content/uploads/2024/06/icon-gym.svg HTTP/1.1" 200 1254 "https://heredit.mx/sliders/amenidades/interiores-mob.html" "Mozilla/5.0 (Linux; Android 6.0.1; Nexus 5X Build/MMB29P) AppleWebKit/537.36 (KHTML, like Gecko) Chrome/153.0.8010.36 Mobile Safari/537.36 (compatible; GoogleOther)"
199.250.222.155 - - [10/Sep/2026:20:47:34 -0400] "POST /wp-cron.php?doing_wp_cron=1789087654.9761469364166259765625 HTTP/1.1" 200 - "-" "WordPress/7.1; https://heredit.mx"
40.77.167.62 - - [10/Sep/2026:20:47:34 -0400] "GET /dotted-571660-sQqtudcxkj/?a=unesco-gran-canaria-artenara-sacred-mountains-local-lunch-cc-zkKPZKHG HTTP/1.1" 404 121299 "-" "Mozilla/5.0 AppleWebKit/537.36 (KHTML, like Gecko; compatible; bingbot/2.0; +http://www.bing.com/bingbot.htm) Chrome/116.0.1938.76 Safari/537.36"
66.249.68.192 - - [10/Sep/2026:20:47:37 -0400] "GET /wp-content/plugins/elementor-pro/assets/js/nav-menu.dc8790fd04afa5b6c0a3.bundle.min.js HTTP/1.1" 200 5038 "https://heredit.mx/?a=ge%C3%A7ici-d%C3%B6vme-%C5%9Eablonu-k%C4%B1na-kal%C4%B1plar%C4%B1-cc-537Q7pcn" "Mozilla/5.0 (Linux; Android 6.0.1; Nexus 5X Build/MMB29P) AppleWebKit/537.36 (KHTML, like Gecko) Chrome/153.0.8010.36 Mobile Safari/537.36 (compatible; GoogleOther)"
66.249.68.192 - - [10/Sep/2026:20:47:43 -0400] "GET /?a=footlol-crazy-soccer-premium-latest-version-for-android-cc-4VAnyPsE HTTP/1.1" 200 223823 "-" "Mozilla/5.0 (Linux; Android 6.0.1; Nexus 5X Build/MMB29P) AppleWebKit/537.36 (KHTML, like Gecko) Chrome/153.0.8010.36 Mobile Safari/537.36 (compatible; GoogleOther)"
201.182.92.126 - - [10/Sep/2026:20:47:45 -0400] "POST /xmlrpc.php HTTP/1.1" 406 300 "-" "Mozilla/5.0 (X11; Ubuntu; Linux x86_64; arm64) AppleWebKit/537.36 (KHTML, like Gecko) Chrome/115.0.0.0 Safari/537.36"
201.182.92.126 - - [10/Sep/2026:20:48:05 -0400] "POST /xmlrpc.php HTTP/1.1" 200 415 "-" "Mozilla/5.0 (Windows NT 6.2; x64) AppleWebKit/537.36 (KHTML, like Gecko) Edge/99.0.0.0 Safari/537.36"
201.182.92.126 - - [10/Sep/2026:20:48:27 -0400] "POST /xmlrpc.php HTTP/1.1" 406 300 "-" "Mozilla/5.0 (Windows NT 6.2; arm64) AppleWebKit/537.36 (KHTML, like Gecko) Firefox/77.0.0.0 Safari/537.36"
199.250.222.155 - - [10/Sep/2026:20:48:35 -0400] "POST /wp-cron.php?doing_wp_cron=1789087715.4425818920135498046875 HTTP/1.1" 200 - "-" "WordPress/7.1; https://heredit.mx"
66.249.68.193 - - [10/Sep/2026:20:48:35 -0400] "GET /?a=rc-metal-car-1-16-4wd-rc-drift-racing-cc-porELRIx HTTP/1.1" 200 223751 "-" "Mozilla/5.0 (Linux; Android 6.0.1; Nexus 5X Build/MMB29P) AppleWebKit/537.36 (KHTML, like Gecko) Chrome/153.0.8010.36 Mobile Safari/537.36 (compatible; Googlebot/2.1; +http://www.google.com/bot.html)"
66.249.68.194 - - [10/Sep/2026:20:48:37 -0400] "GET /wp-content/uploads/2024/06/linkedin.svg HTTP/1.1" 200 850 "https://heredit.mx/?a=rc-metal-car-1-16-4wd-rc-drift-racing-cc-porELRIx" "Mozilla/5.0 (Linux; Android 6.0.1; Nexus 5X Build/MMB29P) AppleWebKit/537.36 (KHTML, like Gecko) Chrome/153.0.8010.36 Mobile Safari/537.36 (compatible; Googlebot/2.1; +http://www.google.com/bot.html)"
66.249.68.194 - - [10/Sep/2026:20:48:38 -0400] "GET /wp-content/plugins/elementor/assets/css/frontend.min.css?ver=4.2.4 HTTP/1.1" 200 54666 "https://heredit.mx/?a=rc-metal-car-1-16-4wd-rc-drift-racing-cc-porELRIx" "Mozilla/5.0 (Linux; Android 6.0.1; Nexus 5X Build/MMB29P) AppleWebKit/537.36 (KHTML, like Gecko) Chrome/153.0.8010.36 Mobile Safari/537.36 (compatible; Googlebot/2.1; +http://www.google.com/bot.html)"
66.249.68.192 - - [10/Sep/2026:20:48:38 -0400] "GET /wp-content/uploads/elementor/css/post-7.css?ver=1788480000 HTTP/1.1" 200 4160 "https://heredit.mx/?a=rc-metal-car-1-16-4wd-rc-drift-racing-cc-porELRIx" "Mozilla/5.0 (Linux; Android 6.0.1; Nexus 5X Build/MMB29P) AppleWebKit/537.36 (KHTML, like Gecko) Chrome/153.0.8010.36 Mobile Safari/537.36 (compatible; Googlebot/2.1; +http://www.google.com/bot.html)"
66.249.68.193 - - [10/Sep/2026:20:48:38 -0400] "GET /wp-content/plugins/elementor/assets/css/widget-image.min.css?ver=4.2.4 HTTP/1.1" 200 214 "https://heredit.mx/?a=rc-metal-car-1-16-4wd-rc-drift-racing-cc-porELRIx" "Mozilla/5.0 (Linux; Android 6.0.1; Nexus 5X Build/MMB29P) AppleWebKit/537.36 (KHTML, like Gecko) Chrome/153.0.8010.36 Mobile Safari/537.36 (compatible; Googlebot/2.1; +http://www.google.com/bot.html)"
66.249.68.192 - - [10/Sep/2026:20:48:39 -0400] "GET /wp-content/plugins/elementor-pro/assets/css/widget-testimonial-carousel.min.css?ver=4.2.3 HTTP/1.1" 200 19691 "https://heredit.mx/?a=rc-metal-car-1-16-4wd-rc-drift-racing-cc-porELRIx" "Mozilla/5.0 (Linux; Android 6.0.1; Nexus 5X Build/MMB29P) AppleWebKit/537.36 (KHTML, like Gecko) Chrome/153.0.8010.36 Mobile Safari/537.36 (compatible; Googlebot/2.1; +http://www.google.com/bot.html)"
66.249.68.192 - - [10/Sep/2026:20:48:39 -0400] "GET /wp-includes/js/jquery/ui/core.min.js?ver=1.14.2 HTTP/1.1" 200 18674 "https://heredit.mx/?a=rc-metal-car-1-16-4wd-rc-drift-racing-cc-porELRIx" "Mozilla/5.0 (Linux; Android 6.0.1; Nexus 5X Build/MMB29P) AppleWebKit/537.36 (KHTML, like Gecko) Chrome/153.0.8010.36 Mobile Safari/537.36 (compatible; Googlebot/2.1; +http://www.google.com/bot.html)"
66.249.68.192 - - [10/Sep/2026:20:48:39 -0400] "GET /wp-content/plugins/wpforms/assets/css/frontend/modern/wpforms-full.min.css?ver=1.10.2.1 HTTP/1.1" 200 167602 "https://heredit.mx/?a=rc-metal-car-1-16-4wd-rc-drift-racing-cc-porELRIx" "Mozilla/5.0 (Linux; Android 6.0.1; Nexus 5X Build/MMB29P) AppleWebKit/537.36 (KHTML, like Gecko) Chrome/153.0.8010.36 Mobile Safari/537.36 (compatible; Googlebot/2.1; +http://www.google.com/bot.html)"
66.249.68.193 - - [10/Sep/2026:20:48:40 -0400] "GET /wp-content/plugins/premium-addons-for-elementor/assets/frontend/min-js/elements-handler.min.js?ver=4.11.102 HTTP/1.1" 200 179 "https://heredit.mx/?a=rc-metal-car-1-16-4wd-rc-drift-racing-cc-porELRIx" "Mozilla/5.0 (Linux; Android 6.0.1; Nexus 5X Build/MMB29P) AppleWebKit/537.36 (KHTML, like Gecko) Chrome/153.0.8010.36 Mobile Safari/537.36 (compatible; Googlebot/2.1; +http://www.google.com/bot.html)"
66.249.68.193 - - [10/Sep/2026:20:48:40 -0400] "GET /wp-content/plugins/elementor/assets/lib/animations/styles/e-animation-grow.min.css?ver=4.2.4 HTTP/1.1" 200 198 "https://heredit.mx/?a=rc-metal-car-1-16-4wd-rc-drift-racing-cc-porELRIx" "Mozilla/5.0 (Linux; Android 6.0.1; Nexus 5X Build/MMB29P) AppleWebKit/537.36 (KHTML, like Gecko) Chrome/153.0.8010.36 Mobile Safari/537.36 (compatible; Googlebot/2.1; +http://www.google.com/bot.html)"
66.249.68.193 - - [10/Sep/2026:20:48:40 -0400] "GET /wp-content/plugins/elementor/assets/css/conditionals/apple-webkit.min.css?ver=4.2.4 HTTP/1.1" 200 6713 "https://heredit.mx/?a=rc-metal-car-1-16-4wd-rc-drift-racing-cc-porELRIx" "Mozilla/5.0 (Linux; Android 6.0.1; Nexus 5X Build/MMB29P) AppleWebKit/537.36 (KHTML, like Gecko) Chrome/153.0.8010.36 Mobile Safari/537.36 (compatible; Googlebot/2.1; +http://www.google.com/bot.html)"
66.249.68.192 - - [10/Sep/2026:20:48:42 -0400] "GET /wp-content/plugins/premium-addons-for-elementor/assets/frontend/min-js/premium-wrap-link.min.js?ver=4.11.102 HTTP/1.1" 200 689 "https://heredit.mx/?a=rc-metal-car-1-16-4wd-rc-drift-racing-cc-porELRIx" "Mozilla/5.0 (Linux; Android 6.0.1; Nexus 5X Build/MMB29P) AppleWebKit/537.36 (KHTML, like Gecko) Chrome/153.0.8010.36 Mobile Safari/537.36 (compatible; Googlebot/2.1; +http://www.google.com/bot.html)"
66.249.68.192 - - [10/Sep/2026:20:48:42 -0400] "GET /wp-content/plugins/elementor-pro/assets/js/webpack-pro.runtime.min.js?ver=4.2.3 HTTP/1.1" 200 6242 "https://heredit.mx/?a=rc-metal-car-1-16-4wd-rc-drift-racing-cc-porELRIx" "Mozilla/5.0 (Linux; Android 6.0.1; Nexus 5X Build/MMB29P) AppleWebKit/537.36 (KHTML, like Gecko) Chrome/153.0.8010.36 Mobile Safari/537.36 (compatible; Googlebot/2.1; +http://www.google.com/bot.html)"
66.249.68.192 - - [10/Sep/2026:20:48:42 -0400] "GET /wp-content/plugins/elementor-pro/assets/css/modules/sticky.min.css?ver=4.2.3 HTTP/1.1" 200 162 "https://heredit.mx/?a=rc-metal-car-1-16-4wd-rc-drift-racing-cc-porELRIx" "Mozilla/5.0 (Linux; Android 6.0.1; Nexus 5X Build/MMB29P) AppleWebKit/537.36 (KHTML, like Gecko) Chrome/153.0.8010.36 Mobile Safari/537.36 (compatible; Googlebot/2.1; +http://www.google.com/bot.html)"
66.249.68.192 - - [10/Sep/2026:20:48:43 -0400] "GET /sliders/descripcion/index.html HTTP/1.1" 200 1413 "https://heredit.mx/?a=rc-metal-car-1-16-4wd-rc-drift-racing-cc-porELRIx" "Mozilla/5.0 (Linux; Android 6.0.1; Nexus 5X Build/MMB29P) AppleWebKit/537.36 (KHTML, like Gecko) Chrome/153.0.8010.36 Mobile Safari/537.36 (compatible; Googlebot/2.1; +http://www.google.com/bot.html)"
66.249.68.192 - - [10/Sep/2026:20:48:43 -0400] "GET /sliders/desarrollos/index.html HTTP/1.1" 200 4010 "https://heredit.mx/?a=rc-metal-car-1-16-4wd-rc-drift-racing-cc-porELRIx" "Mozilla/5.0 (Linux; Android 6.0.1; Nexus 5X Build/MMB29P) AppleWebKit/537.36 (KHTML, like Gecko) Chrome/153.0.8010.36 Mobile Safari/537.36 (compatible; Googlebot/2.1; +http://www.google.com/bot.html)"
66.249.68.192 - - [10/Sep/2026:20:48:43 -0400] "GET /wp-includes/js/dist/i18n.min.js?ver=1dfe7db3940c23ea9216 HTTP/1.1" 200 5791 "https://heredit.mx/?a=rc-metal-car-1-16-4wd-rc-drift-racing-cc-porELRIx" "Mozilla/5.0 (Linux; Android 6.0.1; Nexus 5X Build/MMB29P) AppleWebKit/537.36 (KHTML, like Gecko) Chrome/153.0.8010.36 Mobile Safari/537.36 (compatible; Googlebot/2.1; +http://www.google.com/bot.html)"
66.249.68.192 - - [10/Sep/2026:20:48:44 -0400] "GET /wp-content/uploads/2024/06/icon-room.svg HTTP/1.1" 200 2776 "https://heredit.mx/sliders/cards/index.html" "Mozilla/5.0 (Linux; Android 6.0.1; Nexus 5X Build/MMB29P) AppleWebKit/537.36 (KHTML, like Gecko) Chrome/153.0.8010.36 Mobile Safari/537.36 (compatible; Googlebot/2.1; +http://www.google.com/bot.html)"
66.249.68.192 - - [10/Sep/2026:20:48:44 -0400] "GET /wp-content/uploads/2024/06/icon-room.svg HTTP/1.1" 200 2776 "https://heredit.mx/sliders/cards/index.html" "Mozilla/5.0 (Linux; Android 6.0.1; Nexus 5X Build/MMB29P) AppleWebKit/537.36 (KHTML, like Gecko) Chrome/153.0.8010.36 Mobile Safari/537.36 (compatible; Googlebot/2.1; +http://www.google.com/bot.html)"
66.249.68.192 - - [10/Sep/2026:20:48:44 -0400] "GET /sliders/cards/style.css HTTP/1.1" 200 5055 "https://heredit.mx/sliders/cards/index.html" "Mozilla/5.0 (Linux; Android 6.0.1; Nexus 5X Build/MMB29P) AppleWebKit/537.36 (KHTML, like Gecko) Chrome/153.0.8010.36 Mobile Safari/537.36 (compatible; Googlebot/2.1; +http://www.google.com/bot.html)"
66.249.68.192 - - [10/Sep/2026:20:48:46 -0400] "GET /sliders/desarrollos/index.html HTTP/1.1" 200 4010 "https://heredit.mx/?a=rc-metal-car-1-16-4wd-rc-drift-racing-cc-porELRIx" "Mozilla/5.0 (Linux; Android 6.0.1; Nexus 5X Build/MMB29P) AppleWebKit/537.36 (KHTML, like Gecko) Chrome/153.0.8010.36 Mobile Safari/537.36 (compatible; Googlebot/2.1; +http://www.google.com/bot.html)"
201.182.92.126 - - [10/Sep/2026:20:48:47 -0400] "POST /xmlrpc.php HTTP/1.1" 200 415 "-" "Mozilla/5.0 (Macintosh; Intel Mac OS X 10_15_7; x64) AppleWebKit/537.36 (KHTML, like Gecko) Safari/14.0.0.0 Safari/537.36"
66.249.68.192 - - [10/Sep/2026:20:48:48 -0400] "GET /wp-content/plugins/elementor/assets/lib/dialog/dialog.min.js?ver=4.9.3 HTTP/1.1" 200 11622 "https://heredit.mx/?a=rc-metal-car-1-16-4wd-rc-drift-racing-cc-porELRIx" "Mozilla/5.0 (Linux; Android 6.0.1; Nexus 5X Build/MMB29P) AppleWebKit/537.36 (KHTML, like Gecko) Chrome/153.0.8010.36 Mobile Safari/537.36 (compatible; Googlebot/2.1; +http://www.google.com/bot.html)"
66.249.68.192 - - [10/Sep/2026:20:48:49 -0400] "GET /wp-content/plugins/elementor/assets/css/conditionals/dialog.min.css?ver=4.2.4 HTTP/1.1" 200 16528 "https://heredit.mx/?a=rc-metal-car-1-16-4wd-rc-drift-racing-cc-porELRIx" "Mozilla/5.0 (Linux; Android 6.0.1; Nexus 5X Build/MMB29P) AppleWebKit/537.36 (KHTML, like Gecko) Chrome/153.0.8010.36 Mobile Safari/537.36 (compatible; Googlebot/2.1; +http://www.google.com/bot.html)"
201.182.92.126 - - [10/Sep/2026:20:49:06 -0400] "POST /xmlrpc.php HTTP/1.1" 200 415 "-" "Mozilla/5.0 (Windows NT 10.0; x64) AppleWebKit/537.36 (KHTML, like Gecko) Opera/64.0.0.0 Safari/537.36"
52.167.144.17 - - [10/Sep/2026:20:49:10 -0400] "GET /coelomic-328279-hzUxNaAe/?a=utaha-kasumigaoka-dakimakura-c-GkJL0efN HTTP/1.1" 404 121299 "-" "Mozilla/5.0 AppleWebKit/537.36 (KHTML, like Gecko; compatible; bingbot/2.0; +http://www.bing.com/bingbot.htm) Chrome/116.0.1938.76 Safari/537.36"
201.182.92.126 - - [10/Sep/2026:20:49:26 -0400] "POST /xmlrpc.php HTTP/1.1" 200 415 "-" "Mozilla/5.0 (Windows NT 6.2; x86) AppleWebKit/537.36 (KHTML, like Gecko) Chrome/96.0.0.0 Safari/537.36"
201.182.92.126 - - [10/Sep/2026:20:49:46 -0400] "POST /xmlrpc.php HTTP/1.1" 406 300 "-" "Mozilla/5.0 (Windows NT 10.0; arm64) AppleWebKit/537.36 (KHTML, like Gecko) Opera/62.0.0.0 Safari/537.36"
201.182.92.126 - - [10/Sep/2026:20:50:06 -0400] "POST /xmlrpc.php HTTP/1.1" 406 300 "-" "Mozilla/5.0 (X11; Ubuntu; Linux x86_64; arm64) AppleWebKit/537.36 (KHTML, like Gecko) Opera/74.0.0.0 Safari/537.36"
201.182.92.126 - - [10/Sep/2026:20:50:27 -0400] "POST /xmlrpc.php HTTP/1.1" 200 415 "-" "Mozilla/5.0 (X11; Ubuntu; Linux x86_64; x86) AppleWebKit/537.36 (KHTML, like Gecko) Firefox/100.0.0.0 Safari/537.36"
201.182.92.126 - - [10/Sep/2026:20:50:48 -0400] "POST /xmlrpc.php HTTP/1.1" 200 415 "-" "Mozilla/5.0 (X11; Ubuntu; Linux x86_64; x86) AppleWebKit/537.36 (KHTML, like Gecko) Safari/14.0.0.0 Safari/537.36"
201.182.92.126 - - [10/Sep/2026:20:51:07 -0400] "POST /xmlrpc.php HTTP/1.1" 200 415 "-" "Mozilla/5.0 (Windows NT 10.0; x86) AppleWebKit/537.36 (KHTML, like Gecko) Safari/11.0.0.0 Safari/537.36"
201.182.92.126 - - [10/Sep/2026:20:51:26 -0400] "POST /xmlrpc.php HTTP/1.1" 406 300 "-" "Mozilla/5.0 (Linux; Android 10; arm64) AppleWebKit/537.36 (KHTML, like Gecko) Edge/88.0.0.0 Safari/537.36"
201.182.92.126 - - [10/Sep/2026:20:51:45 -0400] "POST /xmlrpc.php HTTP/1.1" 406 300 "-" "Mozilla/5.0 (Windows NT 10.0; arm64) AppleWebKit/537.36 (KHTML, like Gecko) Safari/10.0.0.0 Safari/537.36"
201.182.92.126 - - [10/Sep/2026:20:52:06 -0400] "POST /xmlrpc.php HTTP/1.1" 406 300 "-" "Mozilla/5.0 (Linux; Android 10; x86) AppleWebKit/537.36 (KHTML, like Gecko) Safari/14.0.0.0 Safari/537.36"
199.250.222.155 - - [10/Sep/2026:20:52:26 -0400] "POST /wp-cron.php?doing_wp_cron=1789087946.3612940311431884765625 HTTP/1.1" 200 - "-" "WordPress/7.1; https://heredit.mx"
201.182.92.126 - - [10/Sep/2026:20:52:26 -0400] "POST /xmlrpc.php HTTP/1.1" 200 415 "-" "Mozilla/5.0 (Windows NT 6.2; x86) AppleWebKit/537.36 (KHTML, like Gecko) Opera/62.0.0.0 Safari/537.36"
199.250.222.155 - - [10/Sep/2026:20:52:45 -0400] "POST /wp-cron.php?doing_wp_cron=1789087965.4337060451507568359375 HTTP/1.1" 200 - "-" "WordPress/7.1; https://heredit.mx"
201.182.92.126 - - [10/Sep/2026:20:52:45 -0400] "POST /xmlrpc.php HTTP/1.1" 200 415 "-" "Mozilla/5.0 (Macintosh; Intel Mac OS X 10_15_7; x64) AppleWebKit/537.36 (KHTML, like Gecko) Edge/100.0.0.0 Safari/537.36"
201.182.92.126 - - [10/Sep/2026:20:53:04 -0400] "POST /xmlrpc.php HTTP/1.1" 406 300 "-" "Mozilla/5.0 (Linux; Android 10; arm64) AppleWebKit/537.36 (KHTML, like Gecko) Edge/87.0.0.0 Safari/537.36"
201.182.92.126 - - [10/Sep/2026:20:53:23 -0400] "POST /xmlrpc.php HTTP/1.1" 200 415 "-" "Mozilla/5.0 (X11; Ubuntu; Linux x86_64; x86) AppleWebKit/537.36 (KHTML, like Gecko) Chrome/96.0.0.0 Safari/537.36"
199.250.222.155 - - [10/Sep/2026:20:53:42 -0400] "POST /wp-cron.php?doing_wp_cron=1789088022.3097510337829589843750 HTTP/1.1" 200 - "-" "WordPress/7.1; https://heredit.mx"
201.182.92.126 - - [10/Sep/2026:20:53:42 -0400] "POST /xmlrpc.php HTTP/1.1" 200 415 "-" "Mozilla/5.0 (Windows NT 6.2; x86) AppleWebKit/537.36 (KHTML, like Gecko) Edge/97.0.0.0 Safari/537.36"
201.182.92.126 - - [10/Sep/2026:20:54:02 -0400] "POST /xmlrpc.php HTTP/1.1" 200 415 "-" "Mozilla/5.0 (Macintosh; Intel Mac OS X 10_15_7; x64) AppleWebKit/537.36 (KHTML, like Gecko) Safari/11.0.0.0 Safari/537.36"
201.182.92.126 - - [10/Sep/2026:20:54:23 -0400] "POST /xmlrpc.php HTTP/1.1" 200 415 "-" "Mozilla/5.0 (Windows NT 6.3; x64) AppleWebKit/537.36 (KHTML, like Gecko) Opera/78.0.0.0 Safari/537.36"
201.182.92.126 - - [10/Sep/2026:20:54:43 -0400] "POST /xmlrpc.php HTTP/1.1" 406 300 "-" "Mozilla/5.0 (Linux; Android 10; arm64) AppleWebKit/537.36 (KHTML, like Gecko) Opera/68.0.0.0 Safari/537.36"
201.182.92.126 - - [10/Sep/2026:20:55:01 -0400] "POST /xmlrpc.php HTTP/1.1" 406 300 "-" "Mozilla/5.0 (Macintosh; Intel Mac OS X 10_15_7; arm64) AppleWebKit/537.36 (KHTML, like Gecko) Opera/65.0.0.0 Safari/537.36"
201.182.92.126 - - [10/Sep/2026:20:55:20 -0400] "POST /xmlrpc.php HTTP/1.1" 406 300 "-" "Mozilla/5.0 (Linux; Android 10; x86) AppleWebKit/537.36 (KHTML, like Gecko) Safari/13.0.0.0 Safari/537.36"
201.182.92.126 - - [10/Sep/2026:20:55:37 -0400] "POST /xmlrpc.php HTTP/1.1" 406 300 "-" "Mozilla/5.0 (Macintosh; Intel Mac OS X 10_15_7; arm64) AppleWebKit/537.36 (KHTML, like Gecko) Edge/97.0.0.0 Safari/537.36"
201.182.92.126 - - [10/Sep/2026:20:55:54 -0400] "POST /xmlrpc.php HTTP/1.1" 406 300 "-" "Mozilla/5.0 (Windows NT 10.0; arm64) AppleWebKit/537.36 (KHTML, like Gecko) Firefox/72.0.0.0 Safari/537.36"
199.250.222.155 - - [10/Sep/2026:20:56:12 -0400] "POST /wp-cron.php?doing_wp_cron=1789088172.3681828975677490234375 HTTP/1.1" 200 - "-" "WordPress/7.1; https://heredit.mx"
201.182.92.126 - - [10/Sep/2026:20:56:12 -0400] "POST /xmlrpc.php HTTP/1.1" 200 415 "-" "Mozilla/5.0 (Windows NT 6.3; x64) AppleWebKit/537.36 (KHTML, like Gecko) Safari/10.0.0.0 Safari/537.36"
201.182.92.126 - - [10/Sep/2026:20:56:29 -0400] "POST /xmlrpc.php HTTP/1.1" 406 300 "-" "Mozilla/5.0 (Linux; Android 10; x86) AppleWebKit/537.36 (KHTML, like Gecko) Safari/10.0.0.0 Safari/537.36"
201.182.92.126 - - [10/Sep/2026:20:56:46 -0400] "POST /xmlrpc.php HTTP/1.1" 406 300 "-" "Mozilla/5.0 (Windows NT 6.3; arm64) AppleWebKit/537.36 (KHTML, like Gecko) Firefox/98.0.0.0 Safari/537.36"
201.182.92.126 - - [10/Sep/2026:20:57:04 -0400] "POST /xmlrpc.php HTTP/1.1" 406 300 "-" "Mozilla/5.0 (Windows NT 10.0; arm64) AppleWebKit/537.36 (KHTML, like Gecko) Safari/13.0.0.0 Safari/537.36"
201.182.92.126 - - [10/Sep/2026:20:57:23 -0400] "POST /xmlrpc.php HTTP/1.1" 406 300 "-" "Mozilla/5.0 (Macintosh; Intel Mac OS X 10_15_7; arm64) AppleWebKit/537.36 (KHTML, like Gecko) Chrome/103.0.0.0 Safari/537.36"
201.182.92.126 - - [10/Sep/2026:20:57:41 -0400] "POST /xmlrpc.php HTTP/1.1" 406 300 "-" "Mozilla/5.0 (Linux; Android 10; x64) AppleWebKit/537.36 (KHTML, like Gecko) Edge/84.0.0.0 Safari/537.36"
201.182.92.126 - - [10/Sep/2026:20:57:58 -0400] "POST /xmlrpc.php HTTP/1.1" 406 300 "-" "Mozilla/5.0 (Macintosh; Intel Mac OS X 10_15_7; arm64) AppleWebKit/537.36 (KHTML, like Gecko) Chrome/82.0.0.0 Safari/537.36"
