192.178.15.193 - - [10/Sep/2026:16:29:13 -0400] "GET /wp-content/plugins/elementor/assets/lib/animations/styles/slideInRight.min.css?ver=4.2.4 HTTP/1.1" 200 155 "https://heredit.mx/" "Mozilla/5.0 (Macintosh; Intel Mac OS X 10_15_7) AppleWebKit/537.36 (KHTML, like Gecko) Chrome/136.0.0.0 Safari/537.36 Chrome-Lighthouse"
192.178.15.192 - - [10/Sep/2026:16:29:13 -0400] "GET /wp-content/cache/min/1/wp-content/uploads/premium-addons-elementor/pafe-1208.css?ver=1789063679 HTTP/1.1" 200 53538 "https://heredit.mx/" "Mozilla/5.0 (Macintosh; Intel Mac OS X 10_15_7) AppleWebKit/537.36 (KHTML, like Gecko) Chrome/136.0.0.0 Safari/537.36 Chrome-Lighthouse"
192.178.15.192 - - [10/Sep/2026:16:29:13 -0400] "GET /wp-content/cache/min/1/wp-content/uploads/elementor/css/post-7.css?ver=1789063679 HTTP/1.1" 200 3652 "https://heredit.mx/" "Mozilla/5.0 (Macintosh; Intel Mac OS X 10_15_7) AppleWebKit/537.36 (KHTML, like Gecko) Chrome/136.0.0.0 Safari/537.36 Chrome-Lighthouse"
192.178.15.193 - - [10/Sep/2026:16:29:13 -0400] "GET /wp-content/plugins/essential-addons-for-elementor-lite/assets/front-end/css/view/general.min.css?ver=6.8.3 HTTP/1.1" 200 7746 "https://heredit.mx/" "Mozilla/5.0 (Macintosh; Intel Mac OS X 10_15_7) AppleWebKit/537.36 (KHTML, like Gecko) Chrome/136.0.0.0 Safari/537.36 Chrome-Lighthouse"
192.178.15.193 - - [10/Sep/2026:16:29:13 -0400] "GET /wp-content/plugins/wpforms/assets/pro/css/fields/layout-screen-big.min.css?ver=1.10.2.1 HTTP/1.1" 200 4213 "https://heredit.mx/" "Mozilla/5.0 (Macintosh; Intel Mac OS X 10_15_7) AppleWebKit/537.36 (KHTML, like Gecko) Chrome/136.0.0.0 Safari/537.36 Chrome-Lighthouse"
192.178.15.194 - - [10/Sep/2026:16:29:13 -0400] "GET /wp-content/cache/min/1/wp-content/themes/hello-elementor/assets/css/theme.css?ver=1789063679 HTTP/1.1" 200 5814 "https://heredit.mx/" "Mozilla/5.0 (Macintosh; Intel Mac OS X 10_15_7) AppleWebKit/537.36 (KHTML, like Gecko) Chrome/136.0.0.0 Safari/537.36 Chrome-Lighthouse"
192.178.15.193 - - [10/Sep/2026:16:29:13 -0400] "GET /wp-content/plugins/elementor/assets/css/frontend.min.css?ver=4.2.4 HTTP/1.1" 200 54666 "https://heredit.mx/" "Mozilla/5.0 (Macintosh; Intel Mac OS X 10_15_7) AppleWebKit/537.36 (KHTML, like Gecko) Chrome/136.0.0.0 Safari/537.36 Chrome-Lighthouse"
192.178.15.194 - - [10/Sep/2026:16:29:13 -0400] "GET /wp-content/plugins/elementor/assets/css/conditionals/e-swiper.min.css?ver=4.2.4 HTTP/1.1" 200 5486 "https://heredit.mx/" "Mozilla/5.0 (Macintosh; Intel Mac OS X 10_15_7) AppleWebKit/537.36 (KHTML, like Gecko) Chrome/136.0.0.0 Safari/537.36 Chrome-Lighthouse"
192.178.15.193 - - [10/Sep/2026:16:29:13 -0400] "GET /wp-content/plugins/elementor-pro/assets/css/widget-carousel-module-base.min.css?ver=4.2.3 HTTP/1.1" 200 3846 "https://heredit.mx/" "Mozilla/5.0 (Macintosh; Intel Mac OS X 10_15_7) AppleWebKit/537.36 (KHTML, like Gecko) Chrome/136.0.0.0 Safari/537.36 Chrome-Lighthouse"
192.178.15.194 - - [10/Sep/2026:16:29:13 -0400] "GET /wp-content/cache/min/1/wp-includes/css/dashicons.min.css?ver=1789063679 HTTP/1.1" 200 59097 "https://heredit.mx/" "Mozilla/5.0 (Macintosh; Intel Mac OS X 10_15_7) AppleWebKit/537.36 (KHTML, like Gecko) Chrome/136.0.0.0 Safari/537.36 Chrome-Lighthouse"
192.178.15.194 - - [10/Sep/2026:16:29:13 -0400] "GET /wp-content/cache/min/1/wp-content/plugins/elementor/assets/lib/font-awesome/css/all.min.css?ver=1789063679 HTTP/1.1" 200 60583 "https://heredit.mx/" "Mozilla/5.0 (Macintosh; Intel Mac OS X 10_15_7) AppleWebKit/537.36 (KHTML, like Gecko) Chrome/136.0.0.0 Safari/537.36 Chrome-Lighthouse"
192.178.15.193 - - [10/Sep/2026:16:29:13 -0400] "GET /wp-content/plugins/elementor-pro/assets/css/modules/motion-fx.min.css?ver=4.2.3 HTTP/1.1" 200 778 "https://heredit.mx/" "Mozilla/5.0 (Macintosh; Intel Mac OS X 10_15_7) AppleWebKit/537.36 (KHTML, like Gecko) Chrome/136.0.0.0 Safari/537.36 Chrome-Lighthouse"
192.178.15.194 - - [10/Sep/2026:16:29:13 -0400] "GET /wp-content/uploads/2024/05/GothamMedium.ttf HTTP/1.1" 200 55980 "https://heredit.mx/" "Mozilla/5.0 (Macintosh; Intel Mac OS X 10_15_7) AppleWebKit/537.36 (KHTML, like Gecko) Chrome/136.0.0.0 Safari/537.36 Chrome-Lighthouse"
192.178.15.194 - - [10/Sep/2026:16:29:13 -0400] "GET /wp-content/plugins/elementor/assets/css/widget-image.min.css?ver=4.2.4 HTTP/1.1" 200 214 "https://heredit.mx/" "Mozilla/5.0 (Macintosh; Intel Mac OS X 10_15_7) AppleWebKit/537.36 (KHTML, like Gecko) Chrome/136.0.0.0 Safari/537.36 Chrome-Lighthouse"
192.178.15.192 - - [10/Sep/2026:16:29:13 -0400] "GET /wp-content/plugins/wpforms/assets/pro/css/fields/phone/intl-tel-input.min.css?ver=28.0.4 HTTP/1.1" 200 85534 "https://heredit.mx/" "Mozilla/5.0 (Macintosh; Intel Mac OS X 10_15_7) AppleWebKit/537.36 (KHTML, like Gecko) Chrome/136.0.0.0 Safari/537.36 Chrome-Lighthouse"
192.178.15.192 - - [10/Sep/2026:16:29:13 -0400] "GET /wp-content/plugins/elementor/assets/lib/animations/styles/fadeInDown.min.css?ver=4.2.4 HTTP/1.1" 200 137 "https://heredit.mx/" "Mozilla/5.0 (Macintosh; Intel Mac OS X 10_15_7) AppleWebKit/537.36 (KHTML, like Gecko) Chrome/136.0.0.0 Safari/537.36 Chrome-Lighthouse"
192.178.15.192 - - [10/Sep/2026:16:29:13 -0400] "GET /wp-content/plugins/wpforms/assets/css/frontend/modern/wpforms-full.min.css?ver=1.10.2.1 HTTP/1.1" 200 167602 "https://heredit.mx/" "Mozilla/5.0 (Macintosh; Intel Mac OS X 10_15_7) AppleWebKit/537.36 (KHTML, like Gecko) Chrome/136.0.0.0 Safari/537.36 Chrome-Lighthouse"
192.178.15.193 - - [10/Sep/2026:16:29:13 -0400] "GET /wp-content/cache/min/1/wp-content/uploads/elementor/css/post-298.css?ver=1789063679 HTTP/1.1" 200 91218 "https://heredit.mx/" "Mozilla/5.0 (Macintosh; Intel Mac OS X 10_15_7) AppleWebKit/537.36 (KHTML, like Gecko) Chrome/136.0.0.0 Safari/537.36 Chrome-Lighthouse"
192.178.15.193 - - [10/Sep/2026:16:29:13 -0400] "GET /wp-content/uploads/2024/06/ProximaNova-Regular.ttf HTTP/1.1" 200 130636 "https://heredit.mx/" "Mozilla/5.0 (Macintosh; Intel Mac OS X 10_15_7) AppleWebKit/537.36 (KHTML, like Gecko) Chrome/136.0.0.0 Safari/537.36 Chrome-Lighthouse"
192.178.15.194 - - [10/Sep/2026:16:29:13 -0400] "GET /wp-content/plugins/elementor/assets/css/widget-heading.min.css?ver=4.2.4 HTTP/1.1" 200 560 "https://heredit.mx/" "Mozilla/5.0 (Macintosh; Intel Mac OS X 10_15_7) AppleWebKit/537.36 (KHTML, like Gecko) Chrome/136.0.0.0 Safari/537.36 Chrome-Lighthouse"
192.178.15.194 - - [10/Sep/2026:16:29:13 -0400] "GET /wp-content/plugins/wpforms/assets/pro/css/frontend/modern/wpforms-full.min.css?ver=1.10.2.1 HTTP/1.1" 200 87485 "https://heredit.mx/" "Mozilla/5.0 (Macintosh; Intel Mac OS X 10_15_7) AppleWebKit/537.36 (KHTML, like Gecko) Chrome/136.0.0.0 Safari/537.36 Chrome-Lighthouse"
192.178.15.192 - - [10/Sep/2026:16:29:14 -0400] "GET /wp-content/uploads/2024/06/SFProDisplay-Medium.ttf HTTP/1.1" 200 433584 "https://heredit.mx/" "Mozilla/5.0 (Macintosh; Intel Mac OS X 10_15_7) AppleWebKit/537.36 (KHTML, like Gecko) Chrome/136.0.0.0 Safari/537.36 Chrome-Lighthouse"
192.178.15.192 - - [10/Sep/2026:16:29:14 -0400] "GET /wp-content/uploads/2024/11/FondoEcommerce.webp HTTP/1.1" 200 58442 "https://heredit.mx/wp-content/cache/min/1/wp-content/uploads/elementor/css/post-298.css?ver=1789063679" "Mozilla/5.0 (Macintosh; Intel Mac OS X 10_15_7) AppleWebKit/537.36 (KHTML, like Gecko) Chrome/136.0.0.0 Safari/537.36 Chrome-Lighthouse"
192.178.15.193 - - [10/Sep/2026:16:29:14 -0400] "GET /wp-content/uploads/2024/06/FondoEcommerce.png HTTP/1.1" 200 1264 "https://heredit.mx/wp-content/cache/min/1/wp-content/uploads/elementor/css/post-298.css?ver=1789063679" "Mozilla/5.0 (Macintosh; Intel Mac OS X 10_15_7) AppleWebKit/537.36 (KHTML, like Gecko) Chrome/136.0.0.0 Safari/537.36 Chrome-Lighthouse"
192.178.15.194 - - [10/Sep/2026:16:29:14 -0400] "GET /wp-content/uploads/2024/06/OPTIDiode.ttf HTTP/1.1" 200 36436 "https://heredit.mx/" "Mozilla/5.0 (Macintosh; Intel Mac OS X 10_15_7) AppleWebKit/537.36 (KHTML, like Gecko) Chrome/136.0.0.0 Safari/537.36 Chrome-Lighthouse"
192.178.15.192 - - [10/Sep/2026:16:29:14 -0400] "GET /wp-content/uploads/2024/05/Didot-Regular.ttf HTTP/1.1" 200 131276 "https://heredit.mx/" "Mozilla/5.0 (Macintosh; Intel Mac OS X 10_15_7) AppleWebKit/537.36 (KHTML, like Gecko) Chrome/136.0.0.0 Safari/537.36 Chrome-Lighthouse"
192.178.15.193 - - [10/Sep/2026:16:29:14 -0400] "GET /wp-content/uploads/2024/06/SFProDisplay-Bold.ttf HTTP/1.1" 200 435904 "https://heredit.mx/" "Mozilla/5.0 (Macintosh; Intel Mac OS X 10_15_7) AppleWebKit/537.36 (KHTML, like Gecko) Chrome/136.0.0.0 Safari/537.36 Chrome-Lighthouse"
192.178.15.193 - - [10/Sep/2026:16:29:14 -0400] "GET /wp-content/uploads/2024/06/FondoBlueprint.png HTTP/1.1" 200 366480 "https://heredit.mx/wp-content/cache/min/1/wp-content/uploads/elementor/css/post-298.css?ver=1789063679" "Mozilla/5.0 (Macintosh; Intel Mac OS X 10_15_7) AppleWebKit/537.36 (KHTML, like Gecko) Chrome/136.0.0.0 Safari/537.36 Chrome-Lighthouse"
192.178.15.194 - - [10/Sep/2026:16:29:14 -0400] "GET /wp-content/uploads/2024/06/SFProDisplay-Regular.ttf HTTP/1.1" 200 413924 "https://heredit.mx/" "Mozilla/5.0 (Macintosh; Intel Mac OS X 10_15_7) AppleWebKit/537.36 (KHTML, like Gecko) Chrome/136.0.0.0 Safari/537.36 Chrome-Lighthouse"
192.178.15.193 - - [10/Sep/2026:16:29:14 -0400] "GET /wp-content/uploads/2026/09/1920x1080-heredit.jpg HTTP/1.1" 200 819644 "https://heredit.mx/wp-content/cache/min/1/wp-content/uploads/elementor/css/post-298.css?ver=1789063679" "Mozilla/5.0 (Macintosh; Intel Mac OS X 10_15_7) AppleWebKit/537.36 (KHTML, like Gecko) Chrome/136.0.0.0 Safari/537.36 Chrome-Lighthouse"
192.178.15.194 - - [10/Sep/2026:16:29:14 -0400] "GET /wp-content/uploads/2024/06/ProximaNova-Bold.ttf HTTP/1.1" 200 129556 "https://heredit.mx/" "Mozilla/5.0 (Macintosh; Intel Mac OS X 10_15_7) AppleWebKit/537.36 (KHTML, like Gecko) Chrome/136.0.0.0 Safari/537.36 Chrome-Lighthouse"
192.178.15.193 - - [10/Sep/2026:16:29:14 -0400] "GET /wp-content/uploads/2024/06/ProximaNova-Semibold.ttf HTTP/1.1" 200 130760 "https://heredit.mx/" "Mozilla/5.0 (Macintosh; Intel Mac OS X 10_15_7) AppleWebKit/537.36 (KHTML, like Gecko) Chrome/136.0.0.0 Safari/537.36 Chrome-Lighthouse"
192.178.15.193 - - [10/Sep/2026:16:29:14 -0400] "GET /wp-content/uploads/2024/06/ProximaNova-Light.ttf HTTP/1.1" 200 132104 "https://heredit.mx/" "Mozilla/5.0 (Macintosh; Intel Mac OS X 10_15_7) AppleWebKit/537.36 (KHTML, like Gecko) Chrome/136.0.0.0 Safari/537.36 Chrome-Lighthouse"
192.178.15.194 - - [10/Sep/2026:16:29:14 -0400] "GET /wp-content/uploads/2024/11/FachadaPart.webp HTTP/1.1" 200 64908 "https://heredit.mx/" "Mozilla/5.0 (Macintosh; Intel Mac OS X 10_15_7) AppleWebKit/537.36 (KHTML, like Gecko) Chrome/136.0.0.0 Safari/537.36 Chrome-Lighthouse"
192.178.15.192 - - [10/Sep/2026:16:29:14 -0400] "GET /wp-content/uploads/2024/05/LogoHereditColor.png HTTP/1.1" 200 5133 "https://heredit.mx/" "Mozilla/5.0 (Macintosh; Intel Mac OS X 10_15_7) AppleWebKit/537.36 (KHTML, like Gecko) Chrome/136.0.0.0 Safari/537.36 Chrome-Lighthouse"
199.250.222.155 - - [10/Sep/2026:16:29:18 -0400] "POST /wp-cron.php?doing_wp_cron=1789072158.5068619251251220703125 HTTP/1.1" 200 - "-" "WordPress/7.1; https://heredit.mx"
40.77.167.61 - - [10/Sep/2026:16:29:18 -0400] "GET /?w=cheap-%3Emet-gala-meat-dress-big-sale-off-78%25-pp-xPoP91Ha HTTP/1.1" 301 - "-" "Mozilla/5.0 AppleWebKit/537.36 (KHTML, like Gecko; compatible; bingbot/2.0; +http://www.bing.com/bingbot.htm) Chrome/116.0.1938.76 Safari/537.36"
192.178.15.193 - - [10/Sep/2026:16:29:20 -0400] "GET / HTTP/1.1" 200 59614 "-" "Mozilla/5.0 (Macintosh; Intel Mac OS X 10_15_7) AppleWebKit/537.36 (KHTML, like Gecko) Chrome/136.0.0.0 Safari/537.36 Chrome-Lighthouse"
192.178.15.192 - - [10/Sep/2026:16:29:24 -0400] "GET /wp-content/uploads/2024/11/HeroHeredit1.webp HTTP/1.1" 200 88492 "https://heredit.mx/" "Mozilla/5.0 (Macintosh; Intel Mac OS X 10_15_7) AppleWebKit/537.36 (KHTML, like Gecko) Chrome/136.0.0.0 Safari/537.36 Chrome-Lighthouse"
192.178.15.194 - - [10/Sep/2026:16:29:25 -0400] "GET /robots.txt HTTP/1.1" 200 267 "http://ghost-rider/" "Mozilla/5.0 (Macintosh; Intel Mac OS X 10_15_7) AppleWebKit/537.36 (KHTML, like Gecko) Chrome/136.0.0.0 Safari/537.36 Chrome-Lighthouse"
74.125.209.192 - - [10/Sep/2026:16:29:27 -0400] "GET / HTTP/1.1" 200 59614 "-" "Mozilla/5.0 (Macintosh; Intel Mac OS X 10_15_7) AppleWebKit/537.36 (KHTML, like Gecko) Chrome/136.0.0.0 Safari/537.36 Chrome-Lighthouse"
192.178.15.192 - - [10/Sep/2026:16:29:27 -0400] "GET /sliders/desarrollos/index.html HTTP/1.1" 200 4010 "https://heredit.mx/" "Mozilla/5.0 (Macintosh; Intel Mac OS X 10_15_7) AppleWebKit/537.36 (KHTML, like Gecko) Chrome/136.0.0.0 Safari/537.36 Chrome-Lighthouse"
74.125.209.192 - - [10/Sep/2026:16:29:27 -0400] "GET /wp-content/uploads/2024/06/ProximaNova-Regular.ttf HTTP/1.1" 200 130636 "https://heredit.mx/" "Mozilla/5.0 (Macintosh; Intel Mac OS X 10_15_7) AppleWebKit/537.36 (KHTML, like Gecko) Chrome/136.0.0.0 Safari/537.36 Chrome-Lighthouse"
192.178.15.194 - - [10/Sep/2026:16:29:27 -0400] "GET /sliders/cards/index.html HTTP/1.1" 200 9233 "https://heredit.mx/" "Mozilla/5.0 (Macintosh; Intel Mac OS X 10_15_7) AppleWebKit/537.36 (KHTML, like Gecko) Chrome/136.0.0.0 Safari/537.36 Chrome-Lighthouse"
74.125.209.192 - - [10/Sep/2026:16:29:27 -0400] "GET /wp-content/plugins/wp-rocket/assets/js/lazyload/16.1/lazyload.min.js HTTP/1.1" 200 7890 "https://heredit.mx/" "Mozilla/5.0 (Macintosh; Intel Mac OS X 10_15_7) AppleWebKit/537.36 (KHTML, like Gecko) Chrome/136.0.0.0 Safari/537.36 Chrome-Lighthouse"
74.125.209.194 - - [10/Sep/2026:16:29:27 -0400] "GET /wp-content/plugins/elementor/assets/css/widget-google_maps.min.css?ver=4.2.4 HTTP/1.1" 200 261 "https://heredit.mx/" "Mozilla/5.0 (Macintosh; Intel Mac OS X 10_15_7) AppleWebKit/537.36 (KHTML, like Gecko) Chrome/136.0.0.0 Safari/537.36 Chrome-Lighthouse"
74.125.209.194 - - [10/Sep/2026:16:29:27 -0400] "GET /wp-content/plugins/elementor/assets/css/widget-social-icons.min.css?ver=4.2.4 HTTP/1.1" 200 5110 "https://heredit.mx/" "Mozilla/5.0 (Macintosh; Intel Mac OS X 10_15_7) AppleWebKit/537.36 (KHTML, like Gecko) Chrome/136.0.0.0 Safari/537.36 Chrome-Lighthouse"
74.125.209.194 - - [10/Sep/2026:16:29:27 -0400] "GET /wp-content/cache/min/1/wp-content/themes/hello-elementor/assets/css/theme.css?ver=1789063679 HTTP/1.1" 200 5814 "https://heredit.mx/" "Mozilla/5.0 (Macintosh; Intel Mac OS X 10_15_7) AppleWebKit/537.36 (KHTML, like Gecko) Chrome/136.0.0.0 Safari/537.36 Chrome-Lighthouse"
74.125.209.193 - - [10/Sep/2026:16:29:27 -0400] "GET /wp-content/plugins/elementor/assets/css/conditionals/apple-webkit.min.css?ver=4.2.4 HTTP/1.1" 200 6713 "https://heredit.mx/" "Mozilla/5.0 (Macintosh; Intel Mac OS X 10_15_7) AppleWebKit/537.36 (KHTML, like Gecko) Chrome/136.0.0.0 Safari/537.36 Chrome-Lighthouse"
74.125.209.194 - - [10/Sep/2026:16:29:27 -0400] "GET /wp-content/cache/min/1/wp-includes/css/dashicons.min.css?ver=1789063679 HTTP/1.1" 200 59097 "https://heredit.mx/" "Mozilla/5.0 (Macintosh; Intel Mac OS X 10_15_7) AppleWebKit/537.36 (KHTML, like Gecko) Chrome/136.0.0.0 Safari/537.36 Chrome-Lighthouse"
74.125.209.194 - - [10/Sep/2026:16:29:27 -0400] "GET /wp-content/cache/min/1/wp-content/themes/hello-elementor/assets/css/reset.css?ver=1789063679 HTTP/1.1" 200 5828 "https://heredit.mx/" "Mozilla/5.0 (Macintosh; Intel Mac OS X 10_15_7) AppleWebKit/537.36 (KHTML, like Gecko) Chrome/136.0.0.0 Safari/537.36 Chrome-Lighthouse"
74.125.209.194 - - [10/Sep/2026:16:29:27 -0400] "GET /wp-content/cache/min/1/wp-content/uploads/elementor/css/post-1738.css?ver=1789063679 HTTP/1.1" 200 1603 "https://heredit.mx/" "Mozilla/5.0 (Macintosh; Intel Mac OS X 10_15_7) AppleWebKit/537.36 (KHTML, like Gecko) Chrome/136.0.0.0 Safari/537.36 Chrome-Lighthouse"
74.125.209.193 - - [10/Sep/2026:16:29:27 -0400] "GET /wp-content/plugins/wpforms/assets/pro/css/fields/layout-screen-big.min.css?ver=1.10.2.1 HTTP/1.1" 200 4213 "https://heredit.mx/" "Mozilla/5.0 (Macintosh; Intel Mac OS X 10_15_7) AppleWebKit/537.36 (KHTML, like Gecko) Chrome/136.0.0.0 Safari/537.36 Chrome-Lighthouse"
74.125.209.193 - - [10/Sep/2026:16:29:27 -0400] "GET /wp-content/cache/min/1/wp-content/plugins/elementor/assets/lib/swiper/v8/css/swiper.min.css?ver=1789063679 HTTP/1.1" 200 16223 "https://heredit.mx/" "Mozilla/5.0 (Macintosh; Intel Mac OS X 10_15_7) AppleWebKit/537.36 (KHTML, like Gecko) Chrome/136.0.0.0 Safari/537.36 Chrome-Lighthouse"
74.125.209.194 - - [10/Sep/2026:16:29:27 -0400] "GET /wp-content/plugins/elementor-pro/assets/css/conditionals/popup.min.css?ver=4.2.3 HTTP/1.1" 200 995 "https://heredit.mx/" "Mozilla/5.0 (Macintosh; Intel Mac OS X 10_15_7) AppleWebKit/537.36 (KHTML, like Gecko) Chrome/136.0.0.0 Safari/537.36 Chrome-Lighthouse"
74.125.209.192 - - [10/Sep/2026:16:29:27 -0400] "GET /wp-content/plugins/elementor/assets/lib/animations/styles/slideInRight.min.css?ver=4.2.4 HTTP/1.1" 200 155 "https://heredit.mx/" "Mozilla/5.0 (Macintosh; Intel Mac OS X 10_15_7) AppleWebKit/537.36 (KHTML, like Gecko) Chrome/136.0.0.0 Safari/537.36 Chrome-Lighthouse"
74.125.209.193 - - [10/Sep/2026:16:29:27 -0400] "GET /wp-content/plugins/essential-addons-for-elementor-lite/assets/front-end/css/view/general.min.css?ver=6.8.3 HTTP/1.1" 200 7746 "https://heredit.mx/" "Mozilla/5.0 (Macintosh; Intel Mac OS X 10_15_7) AppleWebKit/537.36 (KHTML, like Gecko) Chrome/136.0.0.0 Safari/537.36 Chrome-Lighthouse"
74.125.209.192 - - [10/Sep/2026:16:29:27 -0400] "GET /wp-content/plugins/elementor-pro/assets/css/widget-carousel-module-base.min.css?ver=4.2.3 HTTP/1.1" 200 3846 "https://heredit.mx/" "Mozilla/5.0 (Macintosh; Intel Mac OS X 10_15_7) AppleWebKit/537.36 (KHTML, like Gecko) Chrome/136.0.0.0 Safari/537.36 Chrome-Lighthouse"
74.125.209.193 - - [10/Sep/2026:16:29:27 -0400] "GET /wp-content/cache/min/1/wp-content/uploads/premium-addons-elementor/pafe-1208.css?ver=1789063679 HTTP/1.1" 200 53538 "https://heredit.mx/" "Mozilla/5.0 (Macintosh; Intel Mac OS X 10_15_7) AppleWebKit/537.36 (KHTML, like Gecko) Chrome/136.0.0.0 Safari/537.36 Chrome-Lighthouse"
74.125.209.194 - - [10/Sep/2026:16:29:27 -0400] "GET /wp-content/plugins/elementor-pro/assets/css/modules/sticky.min.css?ver=4.2.3 HTTP/1.1" 200 162 "https://heredit.mx/" "Mozilla/5.0 (Macintosh; Intel Mac OS X 10_15_7) AppleWebKit/537.36 (KHTML, like Gecko) Chrome/136.0.0.0 Safari/537.36 Chrome-Lighthouse"
74.125.209.193 - - [10/Sep/2026:16:29:27 -0400] "GET /wp-content/cache/min/1/wp-content/uploads/elementor/css/post-7.css?ver=1789063679 HTTP/1.1" 200 3652 "https://heredit.mx/" "Mozilla/5.0 (Macintosh; Intel Mac OS X 10_15_7) AppleWebKit/537.36 (KHTML, like Gecko) Chrome/136.0.0.0 Safari/537.36 Chrome-Lighthouse"
74.125.209.194 - - [10/Sep/2026:16:29:27 -0400] "GET /wp-content/plugins/elementor/assets/css/widget-heading.min.css?ver=4.2.4 HTTP/1.1" 200 560 "https://heredit.mx/" "Mozilla/5.0 (Macintosh; Intel Mac OS X 10_15_7) AppleWebKit/537.36 (KHTML, like Gecko) Chrome/136.0.0.0 Safari/537.36 Chrome-Lighthouse"
74.125.209.192 - - [10/Sep/2026:16:29:27 -0400] "GET /wp-content/plugins/elementor/assets/css/widget-spacer.min.css?ver=4.2.4 HTTP/1.1" 200 1793 "https://heredit.mx/" "Mozilla/5.0 (Macintosh; Intel Mac OS X 10_15_7) AppleWebKit/537.36 (KHTML, like Gecko) Chrome/136.0.0.0 Safari/537.36 Chrome-Lighthouse"
74.125.209.193 - - [10/Sep/2026:16:29:27 -0400] "GET /wp-content/plugins/elementor-pro/assets/css/widget-testimonial-carousel.min.css?ver=4.2.3 HTTP/1.1" 200 19691 "https://heredit.mx/" "Mozilla/5.0 (Macintosh; Intel Mac OS X 10_15_7) AppleWebKit/537.36 (KHTML, like Gecko) Chrome/136.0.0.0 Safari/537.36 Chrome-Lighthouse"
74.125.209.193 - - [10/Sep/2026:16:29:27 -0400] "GET /wp-content/plugins/elementor-pro/assets/css/widget-slides.min.css?ver=4.2.3 HTTP/1.1" 200 2341 "https://heredit.mx/" "Mozilla/5.0 (Macintosh; Intel Mac OS X 10_15_7) AppleWebKit/537.36 (KHTML, like Gecko) Chrome/136.0.0.0 Safari/537.36 Chrome-Lighthouse"
192.178.15.192 - - [10/Sep/2026:16:29:27 -0400] "GET /sliders/cercanias/index.html HTTP/1.1" 200 2926 "https://heredit.mx/" "Mozilla/5.0 (Macintosh; Intel Mac OS X 10_15_7) AppleWebKit/537.36 (KHTML, like Gecko) Chrome/136.0.0.0 Safari/537.36 Chrome-Lighthouse"
74.125.209.194 - - [10/Sep/2026:16:29:27 -0400] "GET /wp-content/plugins/elementor/assets/css/frontend.min.css?ver=4.2.4 HTTP/1.1" 200 54666 "https://heredit.mx/" "Mozilla/5.0 (Macintosh; Intel Mac OS X 10_15_7) AppleWebKit/537.36 (KHTML, like Gecko) Chrome/136.0.0.0 Safari/537.36 Chrome-Lighthouse"
74.125.209.192 - - [10/Sep/2026:16:29:27 -0400] "GET /wp-content/cache/min/1/wp-content/plugins/elementor/assets/lib/font-awesome/css/all.min.css?ver=1789063679 HTTP/1.1" 200 60583 "https://heredit.mx/" "Mozilla/5.0 (Macintosh; Intel Mac OS X 10_15_7) AppleWebKit/537.36 (KHTML, like Gecko) Chrome/136.0.0.0 Safari/537.36 Chrome-Lighthouse"
74.125.209.194 - - [10/Sep/2026:16:29:27 -0400] "GET /wp-content/plugins/elementor/assets/css/widget-image.min.css?ver=4.2.4 HTTP/1.1" 200 214 "https://heredit.mx/" "Mozilla/5.0 (Macintosh; Intel Mac OS X 10_15_7) AppleWebKit/537.36 (KHTML, like Gecko) Chrome/136.0.0.0 Safari/537.36 Chrome-Lighthouse"
74.125.209.193 - - [10/Sep/2026:16:29:27 -0400] "GET /wp-content/plugins/elementor/assets/lib/animations/styles/fadeIn.min.css?ver=4.2.4 HTTP/1.1" 200 77 "https://heredit.mx/" "Mozilla/5.0 (Macintosh; Intel Mac OS X 10_15_7) AppleWebKit/537.36 (KHTML, like Gecko) Chrome/136.0.0.0 Safari/537.36 Chrome-Lighthouse"
74.125.209.194 - - [10/Sep/2026:16:29:27 -0400] "GET /wp-content/uploads/2024/05/Didot-Bold.ttf HTTP/1.1" 200 53944 "https://heredit.mx/" "Mozilla/5.0 (Macintosh; Intel Mac OS X 10_15_7) AppleWebKit/537.36 (KHTML, like Gecko) Chrome/136.0.0.0 Safari/537.36 Chrome-Lighthouse"
74.125.209.194 - - [10/Sep/2026:16:29:27 -0400] "GET /wp-content/cache/min/1/wp-content/uploads/elementor/css/post-1208.css?ver=1789063679 HTTP/1.1" 200 36816 "https://heredit.mx/" "Mozilla/5.0 (Macintosh; Intel Mac OS X 10_15_7) AppleWebKit/537.36 (KHTML, like Gecko) Chrome/136.0.0.0 Safari/537.36 Chrome-Lighthouse"
74.125.209.194 - - [10/Sep/2026:16:29:27 -0400] "GET /wp-content/cache/min/1/wp-content/uploads/elementor/css/post-48.css?ver=1789063679 HTTP/1.1" 200 44617 "https://heredit.mx/" "Mozilla/5.0 (Macintosh; Intel Mac OS X 10_15_7) AppleWebKit/537.36 (KHTML, like Gecko) Chrome/136.0.0.0 Safari/537.36 Chrome-Lighthouse"
74.125.209.194 - - [10/Sep/2026:16:29:27 -0400] "GET /wp-content/plugins/elementor/assets/lib/animations/styles/e-animation-grow.min.css?ver=4.2.4 HTTP/1.1" 200 198 "https://heredit.mx/" "Mozilla/5.0 (Macintosh; Intel Mac OS X 10_15_7) AppleWebKit/537.36 (KHTML, like Gecko) Chrome/136.0.0.0 Safari/537.36 Chrome-Lighthouse"
74.125.209.192 - - [10/Sep/2026:16:29:27 -0400] "GET /wp-content/plugins/elementor/assets/css/widget-divider.min.css?ver=4.2.4 HTTP/1.1" 200 4258 "https://heredit.mx/" "Mozilla/5.0 (Macintosh; Intel Mac OS X 10_15_7) AppleWebKit/537.36 (KHTML, like Gecko) Chrome/136.0.0.0 Safari/537.36 Chrome-Lighthouse"
74.125.209.192 - - [10/Sep/2026:16:29:27 -0400] "GET /wp-content/plugins/wpforms/assets/pro/css/fields/layout.min.css?ver=1.10.2.1 HTTP/1.1" 200 41126 "https://heredit.mx/" "Mozilla/5.0 (Macintosh; Intel Mac OS X 10_15_7) AppleWebKit/537.36 (KHTML, like Gecko) Chrome/136.0.0.0 Safari/537.36 Chrome-Lighthouse"
74.125.209.192 - - [10/Sep/2026:16:29:27 -0400] "GET /wp-content/plugins/premium-addons-for-elementor/assets/frontend/min-css/liquid-glass.min.css?ver=4.11.102 HTTP/1.1" 200 8405 "https://heredit.mx/" "Mozilla/5.0 (Macintosh; Intel Mac OS X 10_15_7) AppleWebKit/537.36 (KHTML, like Gecko) Chrome/136.0.0.0 Safari/537.36 Chrome-Lighthouse"
74.125.209.193 - - [10/Sep/2026:16:29:27 -0400] "GET /wp-content/cache/min/1/wp-content/themes/hello-elementor/assets/css/header-footer.css?ver=1789063679 HTTP/1.1" 200 7533 "https://heredit.mx/" "Mozilla/5.0 (Macintosh; Intel Mac OS X 10_15_7) AppleWebKit/537.36 (KHTML, like Gecko) Chrome/136.0.0.0 Safari/537.36 Chrome-Lighthouse"
74.125.209.192 - - [10/Sep/2026:16:29:27 -0400] "GET /wp-content/uploads/2024/05/GothamLight.ttf HTTP/1.1" 200 56508 "https://heredit.mx/" "Mozilla/5.0 (Macintosh; Intel Mac OS X 10_15_7) AppleWebKit/537.36 (KHTML, like Gecko) Chrome/136.0.0.0 Safari/537.36 Chrome-Lighthouse"
74.125.209.194 - - [10/Sep/2026:16:29:27 -0400] "GET /wp-content/plugins/elementor-pro/assets/css/modules/motion-fx.min.css?ver=4.2.3 HTTP/1.1" 200 778 "https://heredit.mx/" "Mozilla/5.0 (Macintosh; Intel Mac OS X 10_15_7) AppleWebKit/537.36 (KHTML, like Gecko) Chrome/136.0.0.0 Safari/537.36 Chrome-Lighthouse"
74.125.209.192 - - [10/Sep/2026:16:29:27 -0400] "GET /wp-content/cache/min/1/wp-content/uploads/essential-addons-elementor/eael-298.css?ver=1789063679 HTTP/1.1" 200 14412 "https://heredit.mx/" "Mozilla/5.0 (Macintosh; Intel Mac OS X 10_15_7) AppleWebKit/537.36 (KHTML, like Gecko) Chrome/136.0.0.0 Safari/537.36 Chrome-Lighthouse"
74.125.209.192 - - [10/Sep/2026:16:29:27 -0400] "GET /wp-content/plugins/elementor/assets/css/conditionals/e-swiper.min.css?ver=4.2.4 HTTP/1.1" 200 5486 "https://heredit.mx/" "Mozilla/5.0 (Macintosh; Intel Mac OS X 10_15_7) AppleWebKit/537.36 (KHTML, like Gecko) Chrome/136.0.0.0 Safari/537.36 Chrome-Lighthouse"
74.125.209.192 - - [10/Sep/2026:16:29:27 -0400] "GET /wp-content/plugins/elementor/assets/lib/animations/styles/fadeInDown.min.css?ver=4.2.4 HTTP/1.1" 200 137 "https://heredit.mx/" "Mozilla/5.0 (Macintosh; Intel Mac OS X 10_15_7) AppleWebKit/537.36 (KHTML, like Gecko) Chrome/136.0.0.0 Safari/537.36 Chrome-Lighthouse"
192.178.15.192 - - [10/Sep/2026:16:29:27 -0400] "GET /wp-content/uploads/2024/06/BannerLogo.png HTTP/1.1" 200 9989 "https://heredit.mx/" "Mozilla/5.0 (Macintosh; Intel Mac OS X 10_15_7) AppleWebKit/537.36 (KHTML, like Gecko) Chrome/136.0.0.0 Safari/537.36 Chrome-Lighthouse"
74.125.209.194 - - [10/Sep/2026:16:29:27 -0400] "GET /wp-content/plugins/elementor-pro/assets/css/widget-nav-menu.min.css?ver=4.2.3 HTTP/1.1" 200 27363 "https://heredit.mx/" "Mozilla/5.0 (Macintosh; Intel Mac OS X 10_15_7) AppleWebKit/537.36 (KHTML, like Gecko) Chrome/136.0.0.0 Safari/537.36 Chrome-Lighthouse"
192.178.15.192 - - [10/Sep/2026:16:29:27 -0400] "GET /wp-content/uploads/2024/11/GaleriaAndares.webp HTTP/1.1" 200 97052 "https://heredit.mx/" "Mozilla/5.0 (Macintosh; Intel Mac OS X 10_15_7) AppleWebKit/537.36 (KHTML, like Gecko) Chrome/136.0.0.0 Safari/537.36 Chrome-Lighthouse"
192.178.15.194 - - [10/Sep/2026:16:29:27 -0400] "GET /wp-content/uploads/2024/06/Logo-Peninsula-300x45.png HTTP/1.1" 200 5480 "https://heredit.mx/" "Mozilla/5.0 (Macintosh; Intel Mac OS X 10_15_7) AppleWebKit/537.36 (KHTML, like Gecko) Chrome/136.0.0.0 Safari/537.36 Chrome-Lighthouse"
192.178.15.193 - - [10/Sep/2026:16:29:27 -0400] "GET /wp-content/uploads/2024/06/BannerVector.png HTTP/1.1" 200 55311 "https://heredit.mx/" "Mozilla/5.0 (Macintosh; Intel Mac OS X 10_15_7) AppleWebKit/537.36 (KHTML, like Gecko) Chrome/136.0.0.0 Safari/537.36 Chrome-Lighthouse"
192.178.15.194 - - [10/Sep/2026:16:29:27 -0400] "GET /sliders/desarrollos/style.css HTTP/1.1" 200 5112 "https://heredit.mx/sliders/desarrollos/index.html" "Mozilla/5.0 (Macintosh; Intel Mac OS X 10_15_7) AppleWebKit/537.36 (KHTML, like Gecko) Chrome/136.0.0.0 Safari/537.36 Chrome-Lighthouse"
192.178.15.194 - - [10/Sep/2026:16:29:27 -0400] "GET /wp-content/uploads/2024/11/GaleriaColomos.webp HTTP/1.1" 200 138692 "https://heredit.mx/" "Mozilla/5.0 (Macintosh; Intel Mac OS X 10_15_7) AppleWebKit/537.36 (KHTML, like Gecko) Chrome/136.0.0.0 Safari/537.36 Chrome-Lighthouse"
192.178.15.192 - - [10/Sep/2026:16:29:27 -0400] "GET /wp-content/uploads/2024/11/CercaniaAndares.webp HTTP/1.1" 200 15092 "https://heredit.mx/sliders/cercanias/index.html" "Mozilla/5.0 (Macintosh; Intel Mac OS X 10_15_7) AppleWebKit/537.36 (KHTML, like Gecko) Chrome/136.0.0.0 Safari/537.36 Chrome-Lighthouse"
192.178.15.192 - - [10/Sep/2026:16:29:27 -0400] "GET /wp-content/uploads/2024/11/CercaniaColomos.webp HTTP/1.1" 200 22374 "https://heredit.mx/sliders/cercanias/index.html" "Mozilla/5.0 (Macintosh; Intel Mac OS X 10_15_7) AppleWebKit/537.36 (KHTML, like Gecko) Chrome/136.0.0.0 Safari/537.36 Chrome-Lighthouse"
192.178.15.193 - - [10/Sep/2026:16:29:27 -0400] "GET /wp-content/uploads/2024/11/GaleriaPuerta.webp HTTP/1.1" 200 77370 "https://heredit.mx/" "Mozilla/5.0 (Macintosh; Intel Mac OS X 10_15_7) AppleWebKit/537.36 (KHTML, like Gecko) Chrome/136.0.0.0 Safari/537.36 Chrome-Lighthouse"
192.178.15.194 - - [10/Sep/2026:16:29:27 -0400] "GET /wp-content/uploads/2024/11/LogoDitella.webp HTTP/1.1" 200 1982 "https://heredit.mx/sliders/desarrollos/index.html" "Mozilla/5.0 (Macintosh; Intel Mac OS X 10_15_7) AppleWebKit/537.36 (KHTML, like Gecko) Chrome/136.0.0.0 Safari/537.36 Chrome-Lighthouse"
192.178.15.194 - - [10/Sep/2026:16:29:27 -0400] "GET /wp-content/uploads/2024/11/LogoAmancay.webp HTTP/1.1" 200 3060 "https://heredit.mx/sliders/desarrollos/index.html" "Mozilla/5.0 (Macintosh; Intel Mac OS X 10_15_7) AppleWebKit/537.36 (KHTML, like Gecko) Chrome/136.0.0.0 Safari/537.36 Chrome-Lighthouse"
74.125.209.193 - - [10/Sep/2026:16:29:27 -0400] "GET /wp-content/uploads/2024/05/GothamMedium.ttf HTTP/1.1" 200 55980 "https://heredit.mx/" "Mozilla/5.0 (Macintosh; Intel Mac OS X 10_15_7) AppleWebKit/537.36 (KHTML, like Gecko) Chrome/136.0.0.0 Safari/537.36 Chrome-Lighthouse"
192.178.15.192 - - [10/Sep/2026:16:29:28 -0400] "GET /wp-content/uploads/2024/11/Prototipo809.webp HTTP/1.1" 200 13588 "https://heredit.mx/sliders/cards/index.html" "Mozilla/5.0 (Macintosh; Intel Mac OS X 10_15_7) AppleWebKit/537.36 (KHTML, like Gecko) Chrome/136.0.0.0 Safari/537.36 Chrome-Lighthouse"
192.178.15.192 - - [10/Sep/2026:16:29:28 -0400] "GET /sliders/desarrollos/script.js HTTP/1.1" 200 2537 "https://heredit.mx/sliders/desarrollos/index.html" "Mozilla/5.0 (Macintosh; Intel Mac OS X 10_15_7) AppleWebKit/537.36 (KHTML, like Gecko) Chrome/136.0.0.0 Safari/537.36 Chrome-Lighthouse"
74.125.209.194 - - [10/Sep/2026:16:29:27 -0400] "GET /wp-content/plugins/wpforms/assets/pro/css/fields/phone/intl-tel-input.min.css?ver=28.0.4 HTTP/1.1" 200 85534 "https://heredit.mx/" "Mozilla/5.0 (Macintosh; Intel Mac OS X 10_15_7) AppleWebKit/537.36 (KHTML, like Gecko) Chrome/136.0.0.0 Safari/537.36 Chrome-Lighthouse"
74.125.209.194 - - [10/Sep/2026:16:29:27 -0400] "GET /wp-content/plugins/wpforms/assets/css/frontend/modern/wpforms-full.min.css?ver=1.10.2.1 HTTP/1.1" 200 167602 "https://heredit.mx/" "Mozilla/5.0 (Macintosh; Intel Mac OS X 10_15_7) AppleWebKit/537.36 (KHTML, like Gecko) Chrome/136.0.0.0 Safari/537.36 Chrome-Lighthouse"
74.125.209.194 - - [10/Sep/2026:16:29:27 -0400] "GET /wp-content/cache/min/1/wp-content/uploads/elementor/css/post-298.css?ver=1789063679 HTTP/1.1" 200 91218 "https://heredit.mx/" "Mozilla/5.0 (Macintosh; Intel Mac OS X 10_15_7) AppleWebKit/537.36 (KHTML, like Gecko) Chrome/136.0.0.0 Safari/537.36 Chrome-Lighthouse"
74.125.209.192 - - [10/Sep/2026:16:29:27 -0400] "GET /wp-content/plugins/wpforms/assets/pro/css/frontend/modern/wpforms-full.min.css?ver=1.10.2.1 HTTP/1.1" 200 87485 "https://heredit.mx/" "Mozilla/5.0 (Macintosh; Intel Mac OS X 10_15_7) AppleWebKit/537.36 (KHTML, like Gecko) Chrome/136.0.0.0 Safari/537.36 Chrome-Lighthouse"
192.178.15.193 - - [10/Sep/2026:16:29:28 -0400] "GET /sliders/cercanias/script.js HTTP/1.1" 200 2513 "https://heredit.mx/sliders/cercanias/index.html" "Mozilla/5.0 (Macintosh; Intel Mac OS X 10_15_7) AppleWebKit/537.36 (KHTML, like Gecko) Chrome/136.0.0.0 Safari/537.36 Chrome-Lighthouse"
192.178.15.192 - - [10/Sep/2026:16:29:28 -0400] "GET /wp-content/uploads/2024/11/LogoNautico.webp HTTP/1.1" 200 1242 "https://heredit.mx/sliders/desarrollos/index.html" "Mozilla/5.0 (Macintosh; Intel Mac OS X 10_15_7) AppleWebKit/537.36 (KHTML, like Gecko) Chrome/136.0.0.0 Safari/537.36 Chrome-Lighthouse"
192.178.15.193 - - [10/Sep/2026:16:29:28 -0400] "GET /wp-content/uploads/2024/11/Prototipo1705.webp HTTP/1.1" 200 11722 "https://heredit.mx/sliders/cards/index.html" "Mozilla/5.0 (Macintosh; Intel Mac OS X 10_15_7) AppleWebKit/537.36 (KHTML, like Gecko) Chrome/136.0.0.0 Safari/537.36 Chrome-Lighthouse"
192.178.15.193 - - [10/Sep/2026:16:29:28 -0400] "GET /wp-content/uploads/2024/11/Prototipo1201.webp HTTP/1.1" 200 13686 "https://heredit.mx/sliders/cards/index.html" "Mozilla/5.0 (Macintosh; Intel Mac OS X 10_15_7) AppleWebKit/537.36 (KHTML, like Gecko) Chrome/136.0.0.0 Safari/537.36 Chrome-Lighthouse"
192.178.15.194 - - [10/Sep/2026:16:29:28 -0400] "GET /wp-content/uploads/2024/11/DesarrollosNautico.webp HTTP/1.1" 200 45244 "https://heredit.mx/sliders/desarrollos/style.css" "Mozilla/5.0 (Macintosh; Intel Mac OS X 10_15_7) AppleWebKit/537.36 (KHTML, like Gecko) Chrome/136.0.0.0 Safari/537.36 Chrome-Lighthouse"
192.178.15.193 - - [10/Sep/2026:16:29:28 -0400] "GET /wp-content/uploads/2024/11/LogoAzur.webp HTTP/1.1" 200 2642 "https://heredit.mx/sliders/desarrollos/index.html" "Mozilla/5.0 (Macintosh; Intel Mac OS X 10_15_7) AppleWebKit/537.36 (KHTML, like Gecko) Chrome/136.0.0.0 Safari/537.36 Chrome-Lighthouse"
192.178.15.194 - - [10/Sep/2026:16:29:28 -0400] "GET /wp-content/uploads/2024/11/CercaniaLiceo.webp HTTP/1.1" 200 17168 "https://heredit.mx/sliders/cercanias/index.html" "Mozilla/5.0 (Macintosh; Intel Mac OS X 10_15_7) AppleWebKit/537.36 (KHTML, like Gecko) Chrome/136.0.0.0 Safari/537.36 Chrome-Lighthouse"
192.178.15.192 - - [10/Sep/2026:16:29:28 -0400] "GET /wp-content/uploads/2024/06/icon-bath.svg HTTP/1.1" 200 1635 "https://heredit.mx/sliders/cards/index.html" "Mozilla/5.0 (Macintosh; Intel Mac OS X 10_15_7) AppleWebKit/537.36 (KHTML, like Gecko) Chrome/136.0.0.0 Safari/537.36 Chrome-Lighthouse"
192.178.15.194 - - [10/Sep/2026:16:29:28 -0400] "GET /wp-content/uploads/2024/11/CercaniaAtlas.webp HTTP/1.1" 200 15026 "https://heredit.mx/sliders/cercanias/index.html" "Mozilla/5.0 (Macintosh; Intel Mac OS X 10_15_7) AppleWebKit/537.36 (KHTML, like Gecko) Chrome/136.0.0.0 Safari/537.36 Chrome-Lighthouse"
192.178.15.192 - - [10/Sep/2026:16:29:28 -0400] "GET /wp-content/uploads/2024/11/DesarrollosPeninsulaMazatlan.webp HTTP/1.1" 200 48792 "https://heredit.mx/sliders/desarrollos/style.css" "Mozilla/5.0 (Macintosh; Intel Mac OS X 10_15_7) AppleWebKit/537.36 (KHTML, like Gecko) Chrome/136.0.0.0 Safari/537.36 Chrome-Lighthouse"
192.178.15.193 - - [10/Sep/2026:16:29:28 -0400] "GET /wp-content/uploads/2024/11/LogoLimu.webp HTTP/1.1" 200 1122 "https://heredit.mx/sliders/desarrollos/index.html" "Mozilla/5.0 (Macintosh; Intel Mac OS X 10_15_7) AppleWebKit/537.36 (KHTML, like Gecko) Chrome/136.0.0.0 Safari/537.36 Chrome-Lighthouse"
192.178.15.194 - - [10/Sep/2026:16:29:28 -0400] "GET /wp-content/uploads/2024/11/Prototipo1207.webp HTTP/1.1" 200 11252 "https://heredit.mx/sliders/cards/index.html" "Mozilla/5.0 (Macintosh; Intel Mac OS X 10_15_7) AppleWebKit/537.36 (KHTML, like Gecko) Chrome/136.0.0.0 Safari/537.36 Chrome-Lighthouse"
192.178.15.192 - - [10/Sep/2026:16:29:28 -0400] "GET /wp-content/uploads/2024/06/icon-room.svg HTTP/1.1" 200 2776 "https://heredit.mx/sliders/cards/index.html" "Mozilla/5.0 (Macintosh; Intel Mac OS X 10_15_7) AppleWebKit/537.36 (KHTML, like Gecko) Chrome/136.0.0.0 Safari/537.36 Chrome-Lighthouse"
192.178.15.192 - - [10/Sep/2026:16:29:28 -0400] "GET /wp-content/uploads/2024/11/DesarrollosLimu.webp HTTP/1.1" 200 49880 "https://heredit.mx/sliders/desarrollos/style.css" "Mozilla/5.0 (Macintosh; Intel Mac OS X 10_15_7) AppleWebKit/537.36 (KHTML, like Gecko) Chrome/136.0.0.0 Safari/537.36 Chrome-Lighthouse"
192.178.15.194 - - [10/Sep/2026:16:29:28 -0400] "GET /wp-content/uploads/2024/11/DesarrollosViaResidences.webp HTTP/1.1" 200 52786 "https://heredit.mx/sliders/desarrollos/style.css" "Mozilla/5.0 (Macintosh; Intel Mac OS X 10_15_7) AppleWebKit/537.36 (KHTML, like Gecko) Chrome/136.0.0.0 Safari/537.36 Chrome-Lighthouse"
192.178.15.192 - - [10/Sep/2026:16:29:28 -0400] "GET /wp-content/uploads/2024/11/LogoVianto.webp HTTP/1.1" 200 2140 "https://heredit.mx/sliders/desarrollos/index.html" "Mozilla/5.0 (Macintosh; Intel Mac OS X 10_15_7) AppleWebKit/537.36 (KHTML, like Gecko) Chrome/136.0.0.0 Safari/537.36 Chrome-Lighthouse"
192.178.15.194 - - [10/Sep/2026:16:29:28 -0400] "GET /sliders/cercanias/style.css HTTP/1.1" 200 3132 "https://heredit.mx/sliders/cercanias/index.html" "Mozilla/5.0 (Macintosh; Intel Mac OS X 10_15_7) AppleWebKit/537.36 (KHTML, like Gecko) Chrome/136.0.0.0 Safari/537.36 Chrome-Lighthouse"
192.178.15.194 - - [10/Sep/2026:16:29:28 -0400] "GET /wp-content/uploads/2024/11/DesarrollosDitella.webp HTTP/1.1" 200 50980 "https://heredit.mx/sliders/desarrollos/style.css" "Mozilla/5.0 (Macintosh; Intel Mac OS X 10_15_7) AppleWebKit/537.36 (KHTML, like Gecko) Chrome/136.0.0.0 Safari/537.36 Chrome-Lighthouse"
192.178.15.193 - - [10/Sep/2026:16:29:28 -0400] "GET /sliders/cards/script.js HTTP/1.1" 200 2513 "https://heredit.mx/sliders/cards/index.html" "Mozilla/5.0 (Macintosh; Intel Mac OS X 10_15_7) AppleWebKit/537.36 (KHTML, like Gecko) Chrome/136.0.0.0 Safari/537.36 Chrome-Lighthouse"
192.178.15.194 - - [10/Sep/2026:16:29:28 -0400] "GET /wp-content/uploads/2024/11/DesarrollosBrelia.webp HTTP/1.1" 200 37928 "https://heredit.mx/sliders/desarrollos/style.css" "Mozilla/5.0 (Macintosh; Intel Mac OS X 10_15_7) AppleWebKit/537.36 (KHTML, like Gecko) Chrome/136.0.0.0 Safari/537.36 Chrome-Lighthouse"
192.178.15.192 - - [10/Sep/2026:16:29:28 -0400] "GET /wp-content/uploads/2024/11/LogoPeninsulaMazatlan.webp HTTP/1.1" 200 3524 "https://heredit.mx/sliders/desarrollos/index.html" "Mozilla/5.0 (Macintosh; Intel Mac OS X 10_15_7) AppleWebKit/537.36 (KHTML, like Gecko) Chrome/136.0.0.0 Safari/537.36 Chrome-Lighthouse"
192.178.15.194 - - [10/Sep/2026:16:29:27 -0400] "GET /wp-content/uploads/2024/11/MapaSatelite-1536x785.webp HTTP/1.1" 200 535358 "https://heredit.mx/" "Mozilla/5.0 (Macintosh; Intel Mac OS X 10_15_7) AppleWebKit/537.36 (KHTML, like Gecko) Chrome/136.0.0.0 Safari/537.36 Chrome-Lighthouse"
192.178.15.193 - - [10/Sep/2026:16:29:28 -0400] "GET /sliders/cards/style.css HTTP/1.1" 200 5055 "https://heredit.mx/sliders/cards/index.html" "Mozilla/5.0 (Macintosh; Intel Mac OS X 10_15_7) AppleWebKit/537.36 (KHTML, like Gecko) Chrome/136.0.0.0 Safari/537.36 Chrome-Lighthouse"
192.178.15.194 - - [10/Sep/2026:16:29:28 -0400] "GET /wp-content/uploads/2024/06/icon-washed.svg HTTP/1.1" 200 2936 "https://heredit.mx/sliders/cards/index.html" "Mozilla/5.0 (Macintosh; Intel Mac OS X 10_15_7) AppleWebKit/537.36 (KHTML, like Gecko) Chrome/136.0.0.0 Safari/537.36 Chrome-Lighthouse"
192.178.15.194 - - [10/Sep/2026:16:29:28 -0400] "GET /wp-content/uploads/2024/11/DesarrollosTizate.webp HTTP/1.1" 200 55830 "https://heredit.mx/sliders/desarrollos/style.css" "Mozilla/5.0 (Macintosh; Intel Mac OS X 10_15_7) AppleWebKit/537.36 (KHTML, like Gecko) Chrome/136.0.0.0 Safari/537.36 Chrome-Lighthouse"
192.178.15.194 - - [10/Sep/2026:16:29:28 -0400] "GET /wp-content/uploads/2024/06/cuarto-de-servicio.svg HTTP/1.1" 200 1902 "https://heredit.mx/sliders/cards/index.html" "Mozilla/5.0 (Macintosh; Intel Mac OS X 10_15_7) AppleWebKit/537.36 (KHTML, like Gecko) Chrome/136.0.0.0 Safari/537.36 Chrome-Lighthouse"
192.178.15.194 - - [10/Sep/2026:16:29:28 -0400] "GET /wp-content/uploads/2024/11/LogoTizate.webp HTTP/1.1" 200 1348 "https://heredit.mx/sliders/desarrollos/index.html" "Mozilla/5.0 (Macintosh; Intel Mac OS X 10_15_7) AppleWebKit/537.36 (KHTML, like Gecko) Chrome/136.0.0.0 Safari/537.36 Chrome-Lighthouse"
192.178.15.193 - - [10/Sep/2026:16:29:28 -0400] "GET /wp-content/uploads/2024/11/Prototipo1306.webp HTTP/1.1" 200 12126 "https://heredit.mx/sliders/cards/index.html" "Mozilla/5.0 (Macintosh; Intel Mac OS X 10_15_7) AppleWebKit/537.36 (KHTML, like Gecko) Chrome/136.0.0.0 Safari/537.36 Chrome-Lighthouse"
192.178.15.193 - - [10/Sep/2026:16:29:28 -0400] "GET /wp-content/uploads/2024/11/DesarrollosAzur.webp HTTP/1.1" 200 45664 "https://heredit.mx/sliders/desarrollos/style.css" "Mozilla/5.0 (Macintosh; Intel Mac OS X 10_15_7) AppleWebKit/537.36 (KHTML, like Gecko) Chrome/136.0.0.0 Safari/537.36 Chrome-Lighthouse"
192.178.15.193 - - [10/Sep/2026:16:29:28 -0400] "GET /wp-content/uploads/2024/11/DesarrollosAmancay.webp HTTP/1.1" 200 50492 "https://heredit.mx/sliders/desarrollos/style.css" "Mozilla/5.0 (Macintosh; Intel Mac OS X 10_15_7) AppleWebKit/537.36 (KHTML, like Gecko) Chrome/136.0.0.0 Safari/537.36 Chrome-Lighthouse"
192.178.15.194 - - [10/Sep/2026:16:29:28 -0400] "GET /wp-content/uploads/2024/11/CercaniaSanJavier.webp HTTP/1.1" 200 16414 "https://heredit.mx/sliders/cercanias/index.html" "Mozilla/5.0 (Macintosh; Intel Mac OS X 10_15_7) AppleWebKit/537.36 (KHTML, like Gecko) Chrome/136.0.0.0 Safari/537.36 Chrome-Lighthouse"
192.178.15.194 - - [10/Sep/2026:16:29:28 -0400] "GET /wp-content/uploads/2024/11/LogoViaResidences.webp HTTP/1.1" 200 1446 "https://heredit.mx/sliders/desarrollos/index.html" "Mozilla/5.0 (Macintosh; Intel Mac OS X 10_15_7) AppleWebKit/537.36 (KHTML, like Gecko) Chrome/136.0.0.0 Safari/537.36 Chrome-Lighthouse"
192.178.15.194 - - [10/Sep/2026:16:29:28 -0400] "GET /wp-content/uploads/2024/11/LogoMaroa.webp HTTP/1.1" 200 3140 "https://heredit.mx/sliders/desarrollos/index.html" "Mozilla/5.0 (Macintosh; Intel Mac OS X 10_15_7) AppleWebKit/537.36 (KHTML, like Gecko) Chrome/136.0.0.0 Safari/537.36 Chrome-Lighthouse"
192.178.15.194 - - [10/Sep/2026:16:29:28 -0400] "GET /wp-content/uploads/2024/11/LogoBrelia.webp HTTP/1.1" 200 1638 "https://heredit.mx/sliders/desarrollos/index.html" "Mozilla/5.0 (Macintosh; Intel Mac OS X 10_15_7) AppleWebKit/537.36 (KHTML, like Gecko) Chrome/136.0.0.0 Safari/537.36 Chrome-Lighthouse"
192.178.15.194 - - [10/Sep/2026:16:29:28 -0400] "GET /wp-content/uploads/2024/11/DesarrollosMaroa.webp HTTP/1.1" 200 51572 "https://heredit.mx/sliders/desarrollos/style.css" "Mozilla/5.0 (Macintosh; Intel Mac OS X 10_15_7) AppleWebKit/537.36 (KHTML, like Gecko) Chrome/136.0.0.0 Safari/537.36 Chrome-Lighthouse"
192.178.15.194 - - [10/Sep/2026:16:29:28 -0400] "GET /wp-content/uploads/2024/11/DesarrollosVianto.webp HTTP/1.1" 200 33094 "https://heredit.mx/sliders/desarrollos/style.css" "Mozilla/5.0 (Macintosh; Intel Mac OS X 10_15_7) AppleWebKit/537.36 (KHTML, like Gecko) Chrome/136.0.0.0 Safari/537.36 Chrome-Lighthouse"
192.178.15.193 - - [10/Sep/2026:16:29:27 -0400] "GET /wp-content/uploads/2024/05/image-heredit.png HTTP/1.1" 200 1972732 "https://heredit.mx/" "Mozilla/5.0 (Macintosh; Intel Mac OS X 10_15_7) AppleWebKit/537.36 (KHTML, like Gecko) Chrome/136.0.0.0 Safari/537.36 Chrome-Lighthouse"
74.125.209.194 - - [10/Sep/2026:16:29:28 -0400] "GET /wp-content/uploads/2024/06/ProximaNova-Semibold.ttf HTTP/1.1" 200 130760 "https://heredit.mx/" "Mozilla/5.0 (Macintosh; Intel Mac OS X 10_15_7) AppleWebKit/537.36 (KHTML, like Gecko) Chrome/136.0.0.0 Safari/537.36 Chrome-Lighthouse"
74.125.209.193 - - [10/Sep/2026:16:29:28 -0400] "GET /wp-content/uploads/2024/05/LogoHereditColor.png HTTP/1.1" 200 5133 "https://heredit.mx/" "Mozilla/5.0 (Macintosh; Intel Mac OS X 10_15_7) AppleWebKit/537.36 (KHTML, like Gecko) Chrome/136.0.0.0 Safari/537.36 Chrome-Lighthouse"
74.125.209.194 - - [10/Sep/2026:16:29:28 -0400] "GET /wp-content/uploads/2024/11/FachadaPart.webp HTTP/1.1" 200 64908 "https://heredit.mx/" "Mozilla/5.0 (Macintosh; Intel Mac OS X 10_15_7) AppleWebKit/537.36 (KHTML, like Gecko) Chrome/136.0.0.0 Safari/537.36 Chrome-Lighthouse"
74.125.209.194 - - [10/Sep/2026:16:29:28 -0400] "GET /wp-content/uploads/2024/06/SFProDisplay-Bold.ttf HTTP/1.1" 200 435904 "https://heredit.mx/" "Mozilla/5.0 (Macintosh; Intel Mac OS X 10_15_7) AppleWebKit/537.36 (KHTML, like Gecko) Chrome/136.0.0.0 Safari/537.36 Chrome-Lighthouse"
74.125.209.194 - - [10/Sep/2026:16:29:28 -0400] "GET /wp-content/uploads/2024/06/FondoEcommerce.png HTTP/1.1" 200 1264 "https://heredit.mx/wp-content/cache/min/1/wp-content/uploads/elementor/css/post-298.css?ver=1789063679" "Mozilla/5.0 (Macintosh; Intel Mac OS X 10_15_7) AppleWebKit/537.36 (KHTML, like Gecko) Chrome/136.0.0.0 Safari/537.36 Chrome-Lighthouse"
74.125.209.194 - - [10/Sep/2026:16:29:28 -0400] "GET /sliders/cards/index.html HTTP/1.1" 200 9233 "https://heredit.mx/" "Mozilla/5.0 (Macintosh; Intel Mac OS X 10_15_7) AppleWebKit/537.36 (KHTML, like Gecko) Chrome/136.0.0.0 Safari/537.36 Chrome-Lighthouse"
74.125.209.194 - - [10/Sep/2026:16:29:28 -0400] "GET /wp-content/uploads/2024/06/OPTIDiode.ttf HTTP/1.1" 200 36436 "https://heredit.mx/" "Mozilla/5.0 (Macintosh; Intel Mac OS X 10_15_7) AppleWebKit/537.36 (KHTML, like Gecko) Chrome/136.0.0.0 Safari/537.36 Chrome-Lighthouse"
74.125.209.192 - - [10/Sep/2026:16:29:28 -0400] "GET /wp-content/uploads/2024/11/FondoEcommerce.webp HTTP/1.1" 200 58442 "https://heredit.mx/wp-content/cache/min/1/wp-content/uploads/elementor/css/post-298.css?ver=1789063679" "Mozilla/5.0 (Macintosh; Intel Mac OS X 10_15_7) AppleWebKit/537.36 (KHTML, like Gecko) Chrome/136.0.0.0 Safari/537.36 Chrome-Lighthouse"
74.125.209.194 - - [10/Sep/2026:16:29:28 -0400] "GET /wp-content/uploads/2024/05/Didot-Regular.ttf HTTP/1.1" 200 131276 "https://heredit.mx/" "Mozilla/5.0 (Macintosh; Intel Mac OS X 10_15_7) AppleWebKit/537.36 (KHTML, like Gecko) Chrome/136.0.0.0 Safari/537.36 Chrome-Lighthouse"
74.125.209.193 - - [10/Sep/2026:16:29:28 -0400] "GET /sliders/cards/style.css HTTP/1.1" 200 5055 "https://heredit.mx/sliders/cards/index.html" "Mozilla/5.0 (Macintosh; Intel Mac OS X 10_15_7) AppleWebKit/537.36 (KHTML, like Gecko) Chrome/136.0.0.0 Safari/537.36 Chrome-Lighthouse"
74.125.209.193 - - [10/Sep/2026:16:29:28 -0400] "GET /wp-content/uploads/2024/06/ProximaNova-Bold.ttf HTTP/1.1" 200 129556 "https://heredit.mx/" "Mozilla/5.0 (Macintosh; Intel Mac OS X 10_15_7) AppleWebKit/537.36 (KHTML, like Gecko) Chrome/136.0.0.0 Safari/537.36 Chrome-Lighthouse"
74.125.209.193 - - [10/Sep/2026:16:29:28 -0400] "GET /wp-content/uploads/2024/06/icon-room.svg HTTP/1.1" 200 2776 "https://heredit.mx/sliders/cards/index.html" "Mozilla/5.0 (Macintosh; Intel Mac OS X 10_15_7) AppleWebKit/537.36 (KHTML, like Gecko) Chrome/136.0.0.0 Safari/537.36 Chrome-Lighthouse"
74.125.209.194 - - [10/Sep/2026:16:29:28 -0400] "GET /sliders/cards/script.js HTTP/1.1" 200 2513 "https://heredit.mx/sliders/cards/index.html" "Mozilla/5.0 (Macintosh; Intel Mac OS X 10_15_7) AppleWebKit/537.36 (KHTML, like Gecko) Chrome/136.0.0.0 Safari/537.36 Chrome-Lighthouse"
74.125.209.193 - - [10/Sep/2026:16:29:28 -0400] "GET /wp-content/uploads/2024/11/Prototipo809.webp HTTP/1.1" 200 13588 "https://heredit.mx/sliders/cards/index.html" "Mozilla/5.0 (Macintosh; Intel Mac OS X 10_15_7) AppleWebKit/537.36 (KHTML, like Gecko) Chrome/136.0.0.0 Safari/537.36 Chrome-Lighthouse"
74.125.209.194 - - [10/Sep/2026:16:29:28 -0400] "GET /wp-content/uploads/2024/06/ProximaNova-Light.ttf HTTP/1.1" 200 132104 "https://heredit.mx/" "Mozilla/5.0 (Macintosh; Intel Mac OS X 10_15_7) AppleWebKit/537.36 (KHTML, like Gecko) Chrome/136.0.0.0 Safari/537.36 Chrome-Lighthouse"
74.125.209.193 - - [10/Sep/2026:16:29:28 -0400] "GET /wp-content/uploads/2024/06/SFProDisplay-Medium.ttf HTTP/1.1" 200 433584 "https://heredit.mx/" "Mozilla/5.0 (Macintosh; Intel Mac OS X 10_15_7) AppleWebKit/537.36 (KHTML, like Gecko) Chrome/136.0.0.0 Safari/537.36 Chrome-Lighthouse"
74.125.209.192 - - [10/Sep/2026:16:29:28 -0400] "GET /wp-content/uploads/2026/09/1920x1080-heredit.jpg HTTP/1.1" 200 819644 "https://heredit.mx/wp-content/cache/min/1/wp-content/uploads/elementor/css/post-298.css?ver=1789063679" "Mozilla/5.0 (Macintosh; Intel Mac OS X 10_15_7) AppleWebKit/537.36 (KHTML, like Gecko) Chrome/136.0.0.0 Safari/537.36 Chrome-Lighthouse"
74.125.209.194 - - [10/Sep/2026:16:29:28 -0400] "GET /wp-content/uploads/2024/06/SFProDisplay-Regular.ttf HTTP/1.1" 200 413924 "https://heredit.mx/" "Mozilla/5.0 (Macintosh; Intel Mac OS X 10_15_7) AppleWebKit/537.36 (KHTML, like Gecko) Chrome/136.0.0.0 Safari/537.36 Chrome-Lighthouse"
74.125.209.192 - - [10/Sep/2026:16:29:28 -0400] "GET /wp-content/uploads/2024/06/FondoBlueprint.png HTTP/1.1" 200 366480 "https://heredit.mx/wp-content/cache/min/1/wp-content/uploads/elementor/css/post-298.css?ver=1789063679" "Mozilla/5.0 (Macintosh; Intel Mac OS X 10_15_7) AppleWebKit/537.36 (KHTML, like Gecko) Chrome/136.0.0.0 Safari/537.36 Chrome-Lighthouse"
74.125.209.192 - - [10/Sep/2026:16:29:28 -0400] "GET /wp-content/uploads/2024/11/Prototipo1705.webp HTTP/1.1" 200 11722 "https://heredit.mx/sliders/cards/index.html" "Mozilla/5.0 (Macintosh; Intel Mac OS X 10_15_7) AppleWebKit/537.36 (KHTML, like Gecko) Chrome/136.0.0.0 Safari/537.36 Chrome-Lighthouse"
74.125.209.193 - - [10/Sep/2026:16:29:28 -0400] "GET /wp-content/uploads/2024/06/icon-washed.svg HTTP/1.1" 200 2936 "https://heredit.mx/sliders/cards/index.html" "Mozilla/5.0 (Macintosh; Intel Mac OS X 10_15_7) AppleWebKit/537.36 (KHTML, like Gecko) Chrome/136.0.0.0 Safari/537.36 Chrome-Lighthouse"
74.125.209.192 - - [10/Sep/2026:16:29:28 -0400] "GET /wp-content/uploads/2024/11/Prototipo1306.webp HTTP/1.1" 200 12126 "https://heredit.mx/sliders/cards/index.html" "Mozilla/5.0 (Macintosh; Intel Mac OS X 10_15_7) AppleWebKit/537.36 (KHTML, like Gecko) Chrome/136.0.0.0 Safari/537.36 Chrome-Lighthouse"
74.125.209.193 - - [10/Sep/2026:16:29:28 -0400] "GET /wp-content/uploads/2024/11/Prototipo1207.webp HTTP/1.1" 200 11252 "https://heredit.mx/sliders/cards/index.html" "Mozilla/5.0 (Macintosh; Intel Mac OS X 10_15_7) AppleWebKit/537.36 (KHTML, like Gecko) Chrome/136.0.0.0 Safari/537.36 Chrome-Lighthouse"
74.125.209.192 - - [10/Sep/2026:16:29:28 -0400] "GET /wp-content/uploads/2024/06/icon-bath.svg HTTP/1.1" 200 1635 "https://heredit.mx/sliders/cards/index.html" "Mozilla/5.0 (Macintosh; Intel Mac OS X 10_15_7) AppleWebKit/537.36 (KHTML, like Gecko) Chrome/136.0.0.0 Safari/537.36 Chrome-Lighthouse"
74.125.209.194 - - [10/Sep/2026:16:29:28 -0400] "GET /wp-content/uploads/2024/06/cuarto-de-servicio.svg HTTP/1.1" 200 1902 "https://heredit.mx/sliders/cards/index.html" "Mozilla/5.0 (Macintosh; Intel Mac OS X 10_15_7) AppleWebKit/537.36 (KHTML, like Gecko) Chrome/136.0.0.0 Safari/537.36 Chrome-Lighthouse"
