199.250.222.155 - - [11/Sep/2026:00:36:25 -0400] "POST /wp-cron.php?doing_wp_cron=1789101385.3765110969543457031250 HTTP/1.1" 200 - "-" "WordPress/7.1; https://heredit.mx"
66.249.68.194 - - [11/Sep/2026:00:36:24 -0400] "GET /?a=2017-new-90l-high-capacity-outdoor-camping-backpack-men-cc-qAavV2Cd HTTP/1.1" 200 223823 "-" "Mozilla/5.0 (Linux; Android 6.0.1; Nexus 5X Build/MMB29P) AppleWebKit/537.36 (KHTML, like Gecko) Chrome/153.0.8010.36 Mobile Safari/537.36 (compatible; Googlebot/2.1; +http://www.google.com/bot.html)"
199.250.222.155 - - [11/Sep/2026:00:36:25 -0400] "POST /wp-cron.php?doing_wp_cron=1789101385.7613530158996582031250 HTTP/1.1" 200 - "-" "WordPress/7.1; https://heredit.mx"
207.46.13.141 - - [11/Sep/2026:00:36:25 -0400] "GET /?a=flarp-noise-putty-pdq-24-continuum-games-cc-e6nE50uQ HTTP/1.1" 200 223763 "-" "Mozilla/5.0 AppleWebKit/537.36 (KHTML, like Gecko; compatible; bingbot/2.0; +http://www.bing.com/bingbot.htm) Chrome/116.0.1938.76 Safari/537.36"
138.246.253.24 - - [11/Sep/2026:00:36:26 -0400] "GET /robots.txt HTTP/1.1" 200 - "-" "Mozilla/5.0 (Windows NT 10.0; Win64; x64) AppleWebKit/537.36 (KHTML, like Gecko) Chrome/103.0.5060.134 Safari/537.36"
66.249.68.192 - - [11/Sep/2026:00:36:32 -0400] "GET /wp-includes/js/imagesloaded.min.js?ver=5.0.0 HTTP/1.1" 200 5520 "https://heredit.mx/?a=2017-new-90l-high-capacity-outdoor-camping-backpack-men-cc-qAavV2Cd" "Mozilla/5.0 (Linux; Android 6.0.1; Nexus 5X Build/MMB29P) AppleWebKit/537.36 (KHTML, like Gecko) Chrome/153.0.8010.36 Mobile Safari/537.36 (compatible; Googlebot/2.1; +http://www.google.com/bot.html)"
207.46.13.141 - - [11/Sep/2026:00:37:21 -0400] "GET /?a=1105-verde-valley-school-rd-sedona-az-86351-533343-cc-pnw5r4ix HTTP/1.1" 200 223803 "-" "Mozilla/5.0 AppleWebKit/537.36 (KHTML, like Gecko; compatible; bingbot/2.0; +http://www.bing.com/bingbot.htm) Chrome/116.0.1938.76 Safari/537.36"
66.249.68.192 - - [11/Sep/2026:00:37:56 -0400] "GET /?a=petersburg-soviet-era-metro-station-walking-tour-2023-cc-MR16O4F2 HTTP/1.1" 200 223815 "-" "Mozilla/5.0 (Linux; Android 6.0.1; Nexus 5X Build/MMB29P) AppleWebKit/537.36 (KHTML, like Gecko) Chrome/153.0.8010.36 Mobile Safari/537.36 (compatible; Googlebot/2.1; +http://www.google.com/bot.html)"
66.249.68.192 - - [11/Sep/2026:00:38:00 -0400] "GET /wp-content/plugins/elementor-pro/assets/css/widget-carousel-module-base.min.css?ver=4.2.3 HTTP/1.1" 200 3846 "https://heredit.mx/?a=petersburg-soviet-era-metro-station-walking-tour-2023-cc-MR16O4F2" "Mozilla/5.0 (Linux; Android 6.0.1; Nexus 5X Build/MMB29P) AppleWebKit/537.36 (KHTML, like Gecko) Chrome/153.0.8010.36 Mobile Safari/537.36 (compatible; Googlebot/2.1; +http://www.google.com/bot.html)"
199.250.222.155 - - [11/Sep/2026:00:39:28 -0400] "POST /wp-cron.php?doing_wp_cron=1789101568.6355309486389160156250 HTTP/1.1" 200 - "-" "WordPress/7.1; https://heredit.mx"
66.249.68.192 - - [11/Sep/2026:00:39:28 -0400] "GET /?a=personalized-taco-lover-christmas-ornament-cc-45E87PuE HTTP/1.1" 200 223771 "-" "Mozilla/5.0 (Linux; Android 6.0.1; Nexus 5X Build/MMB29P) AppleWebKit/537.36 (KHTML, like Gecko) Chrome/153.0.8010.36 Mobile Safari/537.36 (compatible; GoogleOther)"
199.250.222.155 - - [11/Sep/2026:00:41:00 -0400] "POST /wp-cron.php?doing_wp_cron=1789101660.1512939929962158203125 HTTP/1.1" 200 - "-" "WordPress/7.1; https://heredit.mx"
66.249.68.192 - - [11/Sep/2026:00:40:59 -0400] "GET /?a=shop-facebook-cc-bRex5f7 HTTP/1.1" 200 223651 "-" "Mozilla/5.0 (Linux; Android 6.0.1; Nexus 5X Build/MMB29P) AppleWebKit/537.36 (KHTML, like Gecko) Chrome/153.0.8010.36 Mobile Safari/537.36 (compatible; Googlebot/2.1; +http://www.google.com/bot.html)"
66.249.68.193 - - [11/Sep/2026:00:42:31 -0400] "GET /?a=mapas-geogr%C3%A1ficas-mapa-de-espa%C3%91a-troquelado-nuevo-cc-beQxk4f7 HTTP/1.1" 200 223823 "-" "Mozilla/5.0 (Linux; Android 6.0.1; Nexus 5X Build/MMB29P) AppleWebKit/537.36 (KHTML, like Gecko) Chrome/153.0.8010.36 Mobile Safari/537.36 (compatible; GoogleOther)"
66.249.68.194 - - [11/Sep/2026:00:42:34 -0400] "GET /wp-content/plugins/wpforms/assets/pro/js/frontend/fields/phone.min.js?ver=1.10.2.1 HTTP/1.1" 200 4995 "https://heredit.mx/?a=mapas-geogr%C3%A1ficas-mapa-de-espa%C3%91a-troquelado-nuevo-cc-beQxk4f7" "Mozilla/5.0 (Linux; Android 6.0.1; Nexus 5X Build/MMB29P) AppleWebKit/537.36 (KHTML, like Gecko) Chrome/153.0.8010.36 Mobile Safari/537.36 (compatible; GoogleOther)"
207.46.13.141 - - [11/Sep/2026:00:43:54 -0400] "GET /?a=crvena-pudla-pudla-zrenjanin-in-98175-cc-ynBvgAio HTTP/1.1" 200 223751 "-" "Mozilla/5.0 AppleWebKit/537.36 (KHTML, like Gecko; compatible; bingbot/2.0; +http://www.bing.com/bingbot.htm) Chrome/116.0.1938.76 Safari/537.36"
66.249.68.193 - - [11/Sep/2026:00:45:34 -0400] "GET /?a=pin-on-leah-styles-cc-ynMdR8uo HTTP/1.1" 200 223675 "-" "Mozilla/5.0 (Linux; Android 6.0.1; Nexus 5X Build/MMB29P) AppleWebKit/537.36 (KHTML, like Gecko) Chrome/153.0.8010.36 Mobile Safari/537.36 (compatible; GoogleOther)"
172.235.142.152 - - [11/Sep/2026:00:47:26 -0400] "GET / HTTP/1.1" 200 59619 "-" "Mozilla/5.0 (Windows NT 10.0; Win64; x64) AppleWebKit/537.36 (KHTML, like Gecko) Chrome/120.0.0.0 Safari/537.36"
199.250.222.155 - - [11/Sep/2026:00:47:35 -0400] "POST /wp-cron.php?doing_wp_cron=1789102055.5166549682617187500000 HTTP/1.1" 200 - "-" "WordPress/7.1; https://heredit.mx"
66.249.68.192 - - [11/Sep/2026:00:47:35 -0400] "GET /?a=hd-print-5pcs-abstract-black-panther-canvas-painting-movie-cc-YJZbQjsM HTTP/1.1" 200 223835 "-" "Mozilla/5.0 (Linux; Android 6.0.1; Nexus 5X Build/MMB29P) AppleWebKit/537.36 (KHTML, like Gecko) Chrome/153.0.8010.36 Mobile Safari/537.36 (compatible; GoogleOther)"
66.249.68.192 - - [11/Sep/2026:00:47:40 -0400] "GET /sliders/desarrollos/style.css HTTP/1.1" 200 5112 "https://heredit.mx/sliders/desarrollos/index.html" "Mozilla/5.0 (Linux; Android 6.0.1; Nexus 5X Build/MMB29P) AppleWebKit/537.36 (KHTML, like Gecko) Chrome/153.0.8010.36 Mobile Safari/537.36 (compatible; GoogleOther)"
66.249.68.193 - - [11/Sep/2026:00:48:15 -0400] "GET /?a=pin-on-leah-styles-cc-ynMdR8uo HTTP/1.1" 200 223675 "-" "Mozilla/5.0 (Linux; Android 6.0.1; Nexus 5X Build/MMB29P) AppleWebKit/537.36 (KHTML, like Gecko) Chrome/153.0.8010.36 Mobile Safari/537.36 (compatible; Googlebot/2.1; +http://www.google.com/bot.html)"
157.55.39.14 - - [11/Sep/2026:00:48:21 -0400] "GET /kuskite-572074-PemtfT/?w=mary-kate-and-ashley-dolls-school-style-giftset-olsen-pp-a0md7Nfp HTTP/1.1" 301 - "-" "Mozilla/5.0 AppleWebKit/537.36 (KHTML, like Gecko; compatible; bingbot/2.0; +http://www.bing.com/bingbot.htm) Chrome/116.0.1938.76 Safari/537.36"
199.250.222.155 - - [11/Sep/2026:00:48:32 -0400] "POST /wp-cron.php?doing_wp_cron=1789102112.4150869846343994140625 HTTP/1.1" 200 - "-" "WordPress/7.1; https://heredit.mx"
157.55.39.14 - - [11/Sep/2026:00:48:32 -0400] "GET /?w=%D0%9D%D0%B0%D0%BC%D0%B8%D1%81%D1%82%D0%BE-%C2%AB%D0%94%D0%B5%D1%80%D0%B5%D0%B2%D0%BE-%D0%96%D0%B8%D1%82%D1%82%D1%8F%C2%BB-%D0%B7-%D0%B2%D0%BE%D0%B3%D0%BD%D0%B5%D0%BD%D0%BD%D0%B8%D0%BC-%D0%BE%D0%BF%D0%B0%D0%BB%D0%BE%D0%BC-%D1%96-%D1%80%D0%BE%D0%B6%D0%B5%D0%B2%D0%B8%D0%BC-%D0%B7%D0%BE%D0%BB%D0%BE%D1%82%D0%B8%D0%BC-pp-kmdz9lin HTTP/1.1" 301 - "-" "Mozilla/5.0 AppleWebKit/537.36 (KHTML, like Gecko; compatible; bingbot/2.0; +http://www.bing.com/bingbot.htm) Chrome/116.0.1938.76 Safari/537.36"
157.55.39.60 - - [11/Sep/2026:00:48:42 -0400] "GET /?w=%D0%9D%D0%B0%D0%BC%D0%B8%D1%81%D1%82%D0%BE-%C2%AB%D0%94%D0%B5%D1%80%D0%B5%D0%B2%D0%BE-%D0%96%D0%B8%D1%82%D1%82%D1%8F%C2%BB-%D0%B7-%D0%B2%D0%BE%D0%B3%D0%BD%D0%B5%D0%BD%D0%BD%D0%B8%D0%BC-%D0%BE%D0%BF%D0%B0%D0%BB%D0%BE%D0%BC-%D1%96-%D1%80%D0%BE%D0%B6%D0%B5%D0%B2%D0%B8%D0%BC-%D0%B7%D0%BE%D0%BB%D0%BE%D1%82%D0%B8%D0%BC-pp-kmdz9lin HTTP/1.1" 200 112757 "-" "Mozilla/5.0 AppleWebKit/537.36 (KHTML, like Gecko; compatible; bingbot/2.0; +http://www.bing.com/bingbot.htm) Chrome/116.0.1938.76 Safari/537.36"
157.55.39.60 - - [11/Sep/2026:00:48:44 -0400] "GET /costumier-128314-NnmECcpg/?a=sentry-wormx-ds-liquid-wormer-dog-0000006761-runnings-cc-JD1rKQs5 HTTP/1.1" 404 121299 "-" "Mozilla/5.0 AppleWebKit/537.36 (KHTML, like Gecko; compatible; bingbot/2.0; +http://www.bing.com/bingbot.htm) Chrome/116.0.1938.76 Safari/537.36"
66.249.68.192 - - [11/Sep/2026:00:48:55 -0400] "GET /?yQeDug%2Fdrove695614%2F4251lW HTTP/1.1" 200 223647 "-" "Mozilla/5.0 (Linux; Android 6.0.1; Nexus 5X Build/MMB29P) AppleWebKit/537.36 (KHTML, like Gecko) Chrome/153.0.8010.36 Mobile Safari/537.36 (compatible; Googlebot/2.1; +http://www.google.com/bot.html)"
66.249.68.192 - - [11/Sep/2026:00:49:00 -0400] "GET /wp-content/plugins/elementor/assets/css/widget-google_maps.min.css?ver=4.2.4 HTTP/1.1" 200 261 "https://heredit.mx/?yQeDug%2Fdrove695614%2F4251lW" "Mozilla/5.0 (Linux; Android 6.0.1; Nexus 5X Build/MMB29P) AppleWebKit/537.36 (KHTML, like Gecko) Chrome/153.0.8010.36 Mobile Safari/537.36 (compatible; Googlebot/2.1; +http://www.google.com/bot.html)"
66.249.68.192 - - [11/Sep/2026:00:49:00 -0400] "GET /wp-content/plugins/wpforms/assets/lib/punycode.min.js?ver=1.0.0 HTTP/1.1" 200 1713 "https://heredit.mx/?yQeDug%2Fdrove695614%2F4251lW" "Mozilla/5.0 (Linux; Android 6.0.1; Nexus 5X Build/MMB29P) AppleWebKit/537.36 (KHTML, like Gecko) Chrome/153.0.8010.36 Mobile Safari/537.36 (compatible; Googlebot/2.1; +http://www.google.com/bot.html)"
199.250.222.155 - - [11/Sep/2026:00:49:35 -0400] "POST /wp-cron.php?doing_wp_cron=1789102175.8658730983734130859375 HTTP/1.1" 200 - "-" "WordPress/7.1; https://heredit.mx"
66.249.68.192 - - [11/Sep/2026:00:49:35 -0400] "GET /Aequi=850573376&9bJz1N7otm=671339/?a=veste-cama%C3%AFeu-taille-xl-mode-femme-rakuten-cc-mDDNn0I2 HTTP/1.1" 404 121299 "-" "Mozilla/5.0 (Linux; Android 6.0.1; Nexus 5X Build/MMB29P) AppleWebKit/537.36 (KHTML, like Gecko) Chrome/153.0.8010.36 Mobile Safari/537.36 (compatible; Googlebot/2.1; +http://www.google.com/bot.html)"
66.249.68.193 - - [11/Sep/2026:00:50:33 -0400] "GET /?a=danelectro-59m-nos-orange-metalflake-cc-RpAOJAU7 HTTP/1.1" 200 223747 "-" "Mozilla/5.0 (Linux; Android 6.0.1; Nexus 5X Build/MMB29P) AppleWebKit/537.36 (KHTML, like Gecko) Chrome/153.0.8010.36 Mobile Safari/537.36 (compatible; Googlebot/2.1; +http://www.google.com/bot.html)"
66.249.68.192 - - [11/Sep/2026:00:50:38 -0400] "GET /wp-content/plugins/elementor/assets/css/widget-social-icons.min.css?ver=4.2.4 HTTP/1.1" 200 5110 "https://heredit.mx/?a=danelectro-59m-nos-orange-metalflake-cc-RpAOJAU7" "Mozilla/5.0 (Linux; Android 6.0.1; Nexus 5X Build/MMB29P) AppleWebKit/537.36 (KHTML, like Gecko) Chrome/153.0.8010.36 Mobile Safari/537.36 (compatible; Googlebot/2.1; +http://www.google.com/bot.html)"
66.249.68.192 - - [11/Sep/2026:00:50:38 -0400] "GET /wp-content/plugins/essential-addons-for-elementor-lite/assets/front-end/css/view/general.min.css?ver=6.8.3 HTTP/1.1" 200 7746 "https://heredit.mx/?a=danelectro-59m-nos-orange-metalflake-cc-RpAOJAU7" "Mozilla/5.0 (Linux; Android 6.0.1; Nexus 5X Build/MMB29P) AppleWebKit/537.36 (KHTML, like Gecko) Chrome/153.0.8010.36 Mobile Safari/537.36 (compatible; Googlebot/2.1; +http://www.google.com/bot.html)"
66.249.68.192 - - [11/Sep/2026:00:50:42 -0400] "GET /wp-content/uploads/2024/06/icon-coffee.svg HTTP/1.1" 200 509 "https://heredit.mx/sliders/amenidades/interiores.html" "Mozilla/5.0 (Linux; Android 6.0.1; Nexus 5X Build/MMB29P) AppleWebKit/537.36 (KHTML, like Gecko) Chrome/153.0.8010.36 Mobile Safari/537.36 (compatible; Googlebot/2.1; +http://www.google.com/bot.html)"
66.249.68.192 - - [11/Sep/2026:00:50:43 -0400] "GET /wp-content/uploads/2024/06/icon-coffee.svg HTTP/1.1" 200 509 "https://heredit.mx/sliders/amenidades/interiores-mob.html" "Mozilla/5.0 (Linux; Android 6.0.1; Nexus 5X Build/MMB29P) AppleWebKit/537.36 (KHTML, like Gecko) Chrome/153.0.8010.36 Mobile Safari/537.36 (compatible; Googlebot/2.1; +http://www.google.com/bot.html)"
199.250.222.155 - - [11/Sep/2026:00:51:54 -0400] "POST /wp-cron.php?doing_wp_cron=1789102314.1376869678497314453125 HTTP/1.1" 200 - "-" "WordPress/7.1; https://heredit.mx"
66.249.68.194 - - [11/Sep/2026:00:51:53 -0400] "GET /?a=what-are-green-product-examples-16-common-green-products-cc-pNnYMGhx HTTP/1.1" 200 223827 "-" "Mozilla/5.0 (Linux; Android 6.0.1; Nexus 5X Build/MMB29P) AppleWebKit/537.36 (KHTML, like Gecko) Chrome/153.0.8010.36 Mobile Safari/537.36 (compatible; GoogleOther)"
66.249.68.192 - - [11/Sep/2026:00:52:04 -0400] "GET /sliders/amenidades/script.js HTTP/1.1" 200 2513 "https://heredit.mx/sliders/amenidades/interiores-mob.html" "Mozilla/5.0 (Linux; Android 6.0.1; Nexus 5X Build/MMB29P) AppleWebKit/537.36 (KHTML, like Gecko) Chrome/153.0.8010.36 Mobile Safari/537.36 (compatible; GoogleOther)"
66.249.68.192 - - [11/Sep/2026:00:52:05 -0400] "GET /sliders/amenidades/script.js HTTP/1.1" 200 2513 "https://heredit.mx/sliders/amenidades/interiores.html" "Mozilla/5.0 (Linux; Android 6.0.1; Nexus 5X Build/MMB29P) AppleWebKit/537.36 (KHTML, like Gecko) Chrome/153.0.8010.36 Mobile Safari/537.36 (compatible; GoogleOther)"
66.249.68.192 - - [11/Sep/2026:00:52:09 -0400] "GET /wp-content/plugins/elementor-pro/assets/js/carousel.e2af910b095554625156.bundle.min.js HTTP/1.1" 200 5001 "https://heredit.mx/?a=what-are-green-product-examples-16-common-green-products-cc-pNnYMGhx" "Mozilla/5.0 (Linux; Android 6.0.1; Nexus 5X Build/MMB29P) AppleWebKit/537.36 (KHTML, like Gecko) Chrome/153.0.8010.36 Mobile Safari/537.36 (compatible; GoogleOther)"
199.250.222.155 - - [11/Sep/2026:00:52:42 -0400] "POST /wp-cron.php?doing_wp_cron=1789102362.9595770835876464843750 HTTP/1.1" 200 - "-" "WordPress/7.1; https://heredit.mx"
52.167.144.236 - - [11/Sep/2026:00:52:42 -0400] "GET /?a=tesco-nescafe-dolce-gusto-machine-off-51%25-%3Efree-delivery-cc-PrDmzkH8 HTTP/1.1" 200 223833 "-" "Mozilla/5.0 AppleWebKit/537.36 (KHTML, like Gecko; compatible; bingbot/2.0; +http://www.bing.com/bingbot.htm) Chrome/116.0.1938.76 Safari/537.36"
66.249.68.193 - - [11/Sep/2026:00:53:22 -0400] "GET /?a=fox-social-shelter-cc-mD58wgC2 HTTP/1.1" 200 223675 "-" "Mozilla/5.0 (Linux; Android 6.0.1; Nexus 5X Build/MMB29P) AppleWebKit/537.36 (KHTML, like Gecko) Chrome/153.0.8010.36 Mobile Safari/537.36 (compatible; Googlebot/2.1; +http://www.google.com/bot.html)"
199.250.222.155 - - [11/Sep/2026:00:55:55 -0400] "POST /wp-cron.php?doing_wp_cron=1789102555.1695020198822021484375 HTTP/1.1" 200 - "-" "WordPress/7.1; https://heredit.mx"
66.249.68.192 - - [11/Sep/2026:00:55:54 -0400] "GET /?a=editable-business-card-hair-braiding-business-card-hair-salon-cc-0xk4mYC1 HTTP/1.1" 200 223847 "-" "Mozilla/5.0 (Linux; Android 6.0.1; Nexus 5X Build/MMB29P) AppleWebKit/537.36 (KHTML, like Gecko) Chrome/153.0.8010.36 Mobile Safari/537.36 (compatible; Googlebot/2.1; +http://www.google.com/bot.html)"
66.249.68.192 - - [11/Sep/2026:00:56:01 -0400] "GET /wp-content/plugins/elementor/assets/lib/animations/styles/fadeIn.min.css?ver=4.2.4 HTTP/1.1" 200 77 "https://heredit.mx/?a=editable-business-card-hair-braiding-business-card-hair-salon-cc-0xk4mYC1" "Mozilla/5.0 (Linux; Android 6.0.1; Nexus 5X Build/MMB29P) AppleWebKit/537.36 (KHTML, like Gecko) Chrome/153.0.8010.36 Mobile Safari/537.36 (compatible; Googlebot/2.1; +http://www.google.com/bot.html)"
199.250.222.155 - - [11/Sep/2026:00:57:15 -0400] "POST /wp-cron.php?doing_wp_cron=1789102635.5320870876312255859375 HTTP/1.1" 200 - "-" "WordPress/7.1; https://heredit.mx"
66.249.68.192 - - [11/Sep/2026:00:57:15 -0400] "GET /?a=beauty-and-mystery-of-a-fantasy-femme-fa-digital-cc-PQnwdzt8 HTTP/1.1" 200 223795 "-" "Mozilla/5.0 (Linux; Android 6.0.1; Nexus 5X Build/MMB29P) AppleWebKit/537.36 (KHTML, like Gecko) Chrome/153.0.8010.36 Mobile Safari/537.36 (compatible; Googlebot/2.1; +http://www.google.com/bot.html)"
66.249.68.192 - - [11/Sep/2026:00:57:29 -0400] "GET /wp-content/themes/hello-elementor/assets/css/reset.css?ver=3.5.1 HTTP/1.1" 200 5829 "https://heredit.mx/?a=beauty-and-mystery-of-a-fantasy-femme-fa-digital-cc-PQnwdzt8" "Mozilla/5.0 (Linux; Android 6.0.1; Nexus 5X Build/MMB29P) AppleWebKit/537.36 (KHTML, like Gecko) Chrome/153.0.8010.36 Mobile Safari/537.36 (compatible; Googlebot/2.1; +http://www.google.com/bot.html)"
66.249.68.192 - - [11/Sep/2026:00:57:33 -0400] "GET /wp-content/plugins/elementor-pro/assets/js/slides.8e9b74f1b31471377df8.bundle.min.js HTTP/1.1" 200 3918 "https://heredit.mx/?a=beauty-and-mystery-of-a-fantasy-femme-fa-digital-cc-PQnwdzt8" "Mozilla/5.0 (Linux; Android 6.0.1; Nexus 5X Build/MMB29P) AppleWebKit/537.36 (KHTML, like Gecko) Chrome/153.0.8010.36 Mobile Safari/537.36 (compatible; Googlebot/2.1; +http://www.google.com/bot.html)"
36.255.97.182 - - [11/Sep/2026:00:57:48 -0400] "GET / HTTP/1.1" 200 391369 "-" "Mozlila/5.0 (Linux; Android 7.0; SM-G892A Bulid/NRD90M; wv) AppleWebKit/537.36 (KHTML, like Gecko) Version/4.0 Chrome/60.0.3112.107 Moblie Safari/537.36"
36.255.97.182 - - [11/Sep/2026:00:57:49 -0400] "GET /wp-content/plugins/apikey/apikey.php?test=hello HTTP/1.1" 404 121299 "-" "Mozlila/5.0 (Linux; Android 7.0; SM-G892A Bulid/NRD90M; wv) AppleWebKit/537.36 (KHTML, like Gecko) Version/4.0 Chrome/60.0.3112.107 Moblie Safari/537.36"
36.255.97.182 - - [11/Sep/2026:00:57:49 -0400] "GET /wp-content/themes/seotheme/db.php?u HTTP/1.1" 404 121299 "www.google.com" "Mozlila/5.0 (Linux; Android 7.0; SM-G892A Bulid/NRD90M; wv) AppleWebKit/537.36 (KHTML, like Gecko) Version/4.0 Chrome/60.0.3112.107 Moblie Safari/537.36"
36.255.97.182 - - [11/Sep/2026:00:57:49 -0400] "POST /wp-plain.php HTTP/1.1" 404 121299 "www.google.com" "Mozilla/5.0 (Linux; Android 7.0; SM-G892A Bulid/NRD90M; wv) AppleWebKit/537.36 (KHTML, like Gecko) Version/4.0 Chrome/60.0.3112.107 Moblie Safari/537.36"
36.255.97.182 - - [11/Sep/2026:00:57:50 -0400] "GET /plugins/content/apismtp/apismtp.php?test=hello HTTP/1.1" 404 121299 "-" "Mozlila/5.0 (Linux; Android 7.0; SM-G892A Bulid/NRD90M; wv) AppleWebKit/537.36 (KHTML, like Gecko) Version/4.0 Chrome/60.0.3112.107 Moblie Safari/537.36"
36.255.97.182 - - [11/Sep/2026:00:57:50 -0400] "GET /gfvutlbs.php?Fox=d3wL7 HTTP/1.1" 406 300 "www.google.com" "Mozilla/5.0 (Linux; Android 7.0; SM-G892A Bulid/NRD90M; wv) AppleWebKit/537.36 (KHTML, like Gecko) Version/4.0 Chrome/60.0.3112.107 Moblie Safari/537.36"
36.255.97.182 - - [11/Sep/2026:00:57:51 -0400] "GET /wp-content/plugins/apikey/apikey.php.suspected?test=hello HTTP/1.1" 404 121299 "-" "Mozlila/5.0 (Linux; Android 7.0; SM-G892A Bulid/NRD90M; wv) AppleWebKit/537.36 (KHTML, like Gecko) Version/4.0 Chrome/60.0.3112.107 Moblie Safari/537.36"
36.255.97.182 - - [11/Sep/2026:00:57:52 -0400] "GET /plugins/content/apismtp/apismtp.php.suspected?test=hello HTTP/1.1" 404 121299 "-" "Mozlila/5.0 (Linux; Android 7.0; SM-G892A Bulid/NRD90M; wv) AppleWebKit/537.36 (KHTML, like Gecko) Version/4.0 Chrome/60.0.3112.107 Moblie Safari/537.36"
199.250.222.155 - - [11/Sep/2026:01:00:55 -0400] "POST /wp-cron.php?doing_wp_cron=1789102855.4301989078521728515625 HTTP/1.1" 200 - "-" "WordPress/7.1; https://heredit.mx"
157.55.39.13 - - [11/Sep/2026:01:00:55 -0400] "GET /?a=rampa-de-escalada-%40ramp-l-ferrepark-canarias-c%C3%A9sped-artificial-cc-mpEMYgC2 HTTP/1.1" 200 223867 "-" "Mozilla/5.0 AppleWebKit/537.36 (KHTML, like Gecko; compatible; bingbot/2.0; +http://www.bing.com/bingbot.htm) Chrome/116.0.1938.76 Safari/537.36"
199.250.222.155 - - [11/Sep/2026:01:02:57 -0400] "POST /wp-cron.php?doing_wp_cron=1789102977.1070780754089355468750 HTTP/1.1" 200 - "-" "WordPress/7.1; https://heredit.mx"
66.249.68.192 - - [11/Sep/2026:01:02:56 -0400] "GET /?a=western-background-with-cowboy-boots-and-vector-color-illustration-cc-q5DL5Vid HTTP/1.1" 200 223867 "-" "Mozilla/5.0 (Linux; Android 6.0.1; Nexus 5X Build/MMB29P) AppleWebKit/537.36 (KHTML, like Gecko) Chrome/153.0.8010.36 Mobile Safari/537.36 (compatible; Googlebot/2.1; +http://www.google.com/bot.html)"
95.108.213.89 - - [11/Sep/2026:01:06:17 -0400] "GET /robots.txt HTTP/1.1" 200 267 "-" "Mozilla/5.0 (compatible; YandexBot/3.0; +http://yandex.com/bots)"
66.249.68.192 - - [11/Sep/2026:01:06:18 -0400] "GET /?a=frank-n-furter-rocky-horror-tim-curry-celebrity-saint-cc-kRp7jocN HTTP/1.1" 200 223815 "-" "Mozilla/5.0 (Linux; Android 6.0.1; Nexus 5X Build/MMB29P) AppleWebKit/537.36 (KHTML, like Gecko) Chrome/153.0.8010.36 Mobile Safari/537.36 (compatible; GoogleOther)"
213.180.203.225 - - [11/Sep/2026:01:06:18 -0400] "GET /?a=detective-pikachu-values-mavin-cc-d25vG1c2 HTTP/1.1" 200 223723 "-" "Mozilla/5.0 (compatible; YandexBot/3.0; +http://yandex.com/bots)"
66.249.68.192 - - [11/Sep/2026:01:06:22 -0400] "GET /sliders/cards/script.js HTTP/1.1" 200 2513 "https://heredit.mx/sliders/cards/index.html" "Mozilla/5.0 (Linux; Android 6.0.1; Nexus 5X Build/MMB29P) AppleWebKit/537.36 (KHTML, like Gecko) Chrome/153.0.8010.36 Mobile Safari/537.36 (compatible; GoogleOther)"
199.250.222.155 - - [11/Sep/2026:01:06:51 -0400] "POST /wp-cron.php?doing_wp_cron=1789103211.5964679718017578125000 HTTP/1.1" 200 - "-" "WordPress/7.1; https://heredit.mx"
157.55.39.195 - - [11/Sep/2026:01:06:51 -0400] "GET /?w=magol-kend%C5%91zetlen-cs%C3%A9ke-electrolux-ultraone-porsz%C3%ADv%C3%B3-alkatr%C3%A9szek-nagy%C3%A9r-szil%C3%A1zs-pp-gv2lDlt9 HTTP/1.1" 301 - "-" "Mozilla/5.0 AppleWebKit/537.36 (KHTML, like Gecko; compatible; bingbot/2.0; +http://www.bing.com/bingbot.htm) Chrome/116.0.1938.76 Safari/537.36"
66.249.68.193 - - [11/Sep/2026:01:06:57 -0400] "GET /?a=ligon-bream-killer-fly-cc-DdqExDFn HTTP/1.1" 200 223691 "-" "Mozilla/5.0 (Linux; Android 6.0.1; Nexus 5X Build/MMB29P) AppleWebKit/537.36 (KHTML, like Gecko) Chrome/153.0.8010.36 Mobile Safari/537.36 (compatible; Googlebot/2.1; +http://www.google.com/bot.html)"
207.46.13.83 - - [11/Sep/2026:01:07:13 -0400] "GET /?w=magol-kend%C5%91zetlen-cs%C3%A9ke-electrolux-ultraone-porsz%C3%ADv%C3%B3-alkatr%C3%A9szek-nagy%C3%A9r-szil%C3%A1zs-pp-gv2lDlt9 HTTP/1.1" 200 112757 "-" "Mozilla/5.0 AppleWebKit/537.36 (KHTML, like Gecko; compatible; bingbot/2.0; +http://www.bing.com/bingbot.htm) Chrome/116.0.1938.76 Safari/537.36"
66.249.68.193 - - [11/Sep/2026:01:07:38 -0400] "GET /?a=frank-n-furter-rocky-horror-tim-curry-celebrity-saint-cc-kRp7jocN HTTP/1.1" 200 223815 "-" "Mozilla/5.0 (Linux; Android 6.0.1; Nexus 5X Build/MMB29P) AppleWebKit/537.36 (KHTML, like Gecko) Chrome/153.0.8010.36 Mobile Safari/537.36 (compatible; Googlebot/2.1; +http://www.google.com/bot.html)"
66.249.68.193 - - [11/Sep/2026:01:07:52 -0400] "GET /wp-content/plugins/wpforms/assets/pro/css/fields/layout-screen-small.min.css?ver=1.10.2.1 HTTP/1.1" 200 1664 "https://heredit.mx/?a=frank-n-furter-rocky-horror-tim-curry-celebrity-saint-cc-kRp7jocN" "Mozilla/5.0 (Linux; Android 6.0.1; Nexus 5X Build/MMB29P) AppleWebKit/537.36 (KHTML, like Gecko) Chrome/153.0.8010.36 Mobile Safari/537.36 (compatible; Googlebot/2.1; +http://www.google.com/bot.html)"
66.249.68.192 - - [11/Sep/2026:01:07:52 -0400] "GET /wp-content/uploads/elementor/css/post-1738.css?ver=1788480000 HTTP/1.1" 200 1635 "https://heredit.mx/?a=frank-n-furter-rocky-horror-tim-curry-celebrity-saint-cc-kRp7jocN" "Mozilla/5.0 (Linux; Android 6.0.1; Nexus 5X Build/MMB29P) AppleWebKit/537.36 (KHTML, like Gecko) Chrome/153.0.8010.36 Mobile Safari/537.36 (compatible; Googlebot/2.1; +http://www.google.com/bot.html)"
66.249.68.193 - - [11/Sep/2026:01:07:53 -0400] "GET /wp-content/plugins/elementor/assets/js/frontend.min.js?ver=4.2.4 HTTP/1.1" 200 32098 "https://heredit.mx/?a=frank-n-furter-rocky-horror-tim-curry-celebrity-saint-cc-kRp7jocN" "Mozilla/5.0 (Linux; Android 6.0.1; Nexus 5X Build/MMB29P) AppleWebKit/537.36 (KHTML, like Gecko) Chrome/153.0.8010.36 Mobile Safari/537.36 (compatible; Googlebot/2.1; +http://www.google.com/bot.html)"
66.249.68.192 - - [11/Sep/2026:01:07:55 -0400] "GET /wp-content/plugins/wpforms/assets/lib/jquery.inputmask.min.js?ver=5.0.9 HTTP/1.1" 200 117412 "https://heredit.mx/?a=frank-n-furter-rocky-horror-tim-curry-celebrity-saint-cc-kRp7jocN" "Mozilla/5.0 (Linux; Android 6.0.1; Nexus 5X Build/MMB29P) AppleWebKit/537.36 (KHTML, like Gecko) Chrome/153.0.8010.36 Mobile Safari/537.36 (compatible; Googlebot/2.1; +http://www.google.com/bot.html)"
66.249.68.192 - - [11/Sep/2026:01:07:57 -0400] "GET /sliders/cercanias/index-mob.html HTTP/1.1" 200 2734 "https://heredit.mx/?a=frank-n-furter-rocky-horror-tim-curry-celebrity-saint-cc-kRp7jocN" "Mozilla/5.0 (Linux; Android 6.0.1; Nexus 5X Build/MMB29P) AppleWebKit/537.36 (KHTML, like Gecko) Chrome/153.0.8010.36 Mobile Safari/537.36 (compatible; Googlebot/2.1; +http://www.google.com/bot.html)"
66.249.68.193 - - [11/Sep/2026:01:08:18 -0400] "GET /hinderlands=457826373&oSAHt9V=471565/?a=school-phonics-student-book-cc-y1R36OSo HTTP/1.1" 404 121299 "-" "Mozilla/5.0 (Linux; Android 6.0.1; Nexus 5X Build/MMB29P) AppleWebKit/537.36 (KHTML, like Gecko) Chrome/153.0.8010.36 Mobile Safari/537.36 (compatible; GoogleOther)"
66.249.68.193 - - [11/Sep/2026:01:08:23 -0400] "GET /wp-content/plugins/essential-addons-for-elementor-lite/assets/front-end/css/view/general.min.css?ver=6.8.3 HTTP/1.1" 200 7746 "https://heredit.mx/?a=ligon-bream-killer-fly-cc-DdqExDFn" "Mozilla/5.0 (Linux; Android 6.0.1; Nexus 5X Build/MMB29P) AppleWebKit/537.36 (KHTML, like Gecko) Chrome/153.0.8010.36 Mobile Safari/537.36 (compatible; Googlebot/2.1; +http://www.google.com/bot.html)"
66.249.68.193 - - [11/Sep/2026:01:08:23 -0400] "GET /wp-content/uploads/2024/06/instagram.svg HTTP/1.1" 200 3561 "https://heredit.mx/?a=ligon-bream-killer-fly-cc-DdqExDFn" "Mozilla/5.0 (Linux; Android 6.0.1; Nexus 5X Build/MMB29P) AppleWebKit/537.36 (KHTML, like Gecko) Chrome/153.0.8010.36 Mobile Safari/537.36 (compatible; Googlebot/2.1; +http://www.google.com/bot.html)"
66.249.68.192 - - [11/Sep/2026:01:08:23 -0400] "GET /wp-content/plugins/wpforms/assets/pro/css/fields/layout-screen-small.min.css?ver=1.10.2.1 HTTP/1.1" 200 1664 "https://heredit.mx/?a=ligon-bream-killer-fly-cc-DdqExDFn" "Mozilla/5.0 (Linux; Android 6.0.1; Nexus 5X Build/MMB29P) AppleWebKit/537.36 (KHTML, like Gecko) Chrome/153.0.8010.36 Mobile Safari/537.36 (compatible; Googlebot/2.1; +http://www.google.com/bot.html)"
66.249.68.193 - - [11/Sep/2026:01:08:24 -0400] "GET /wp-includes/js/jquery/ui/core.min.js?ver=1.14.2 HTTP/1.1" 200 18674 "https://heredit.mx/?a=ligon-bream-killer-fly-cc-DdqExDFn" "Mozilla/5.0 (Linux; Android 6.0.1; Nexus 5X Build/MMB29P) AppleWebKit/537.36 (KHTML, like Gecko) Chrome/153.0.8010.36 Mobile Safari/537.36 (compatible; Googlebot/2.1; +http://www.google.com/bot.html)"
66.249.68.193 - - [11/Sep/2026:01:08:25 -0400] "GET /sliders/cercanias/index-mob.html HTTP/1.1" 200 2734 "https://heredit.mx/?a=ligon-bream-killer-fly-cc-DdqExDFn" "Mozilla/5.0 (Linux; Android 6.0.1; Nexus 5X Build/MMB29P) AppleWebKit/537.36 (KHTML, like Gecko) Chrome/153.0.8010.36 Mobile Safari/537.36 (compatible; Googlebot/2.1; +http://www.google.com/bot.html)"
199.250.222.155 - - [11/Sep/2026:01:08:58 -0400] "POST /wp-cron.php?doing_wp_cron=1789103338.5767450332641601562500 HTTP/1.1" 200 - "-" "WordPress/7.1; https://heredit.mx"
66.249.68.192 - - [11/Sep/2026:01:08:58 -0400] "GET /Aequi=850573376&9bJz1N7otm=671339/?a=veste-cama%C3%AFeu-taille-xl-mode-femme-rakuten-cc-mDDNn0I2 HTTP/1.1" 404 121299 "-" "Mozilla/5.0 (Linux; Android 6.0.1; Nexus 5X Build/MMB29P) AppleWebKit/537.36 (KHTML, like Gecko) Chrome/153.0.8010.36 Mobile Safari/537.36 (compatible; GoogleOther)"
199.250.222.155 - - [11/Sep/2026:01:09:38 -0400] "POST /wp-cron.php?doing_wp_cron=1789103378.8855710029602050781250 HTTP/1.1" 200 - "-" "WordPress/7.1; https://heredit.mx"
66.249.68.192 - - [11/Sep/2026:01:09:38 -0400] "GET /?a=8360-greensboro-dr-218-mclean-va-22102-estately-mls-cc-PVp237S8 HTTP/1.1" 200 223807 "-" "Mozilla/5.0 (Linux; Android 6.0.1; Nexus 5X Build/MMB29P) AppleWebKit/537.36 (KHTML, like Gecko) Chrome/153.0.8010.36 Mobile Safari/537.36 (compatible; GoogleOther)"
66.249.68.193 - - [11/Sep/2026:01:10:59 -0400] "GET /?a=mapas-geogr%C3%A1ficas-mapa-de-espa%C3%91a-troquelado-nuevo-cc-beQxk4f7 HTTP/1.1" 200 223823 "-" "Mozilla/5.0 (Linux; Android 6.0.1; Nexus 5X Build/MMB29P) AppleWebKit/537.36 (KHTML, like Gecko) Chrome/153.0.8010.36 Mobile Safari/537.36 (compatible; Googlebot/2.1; +http://www.google.com/bot.html)"
66.249.68.194 - - [11/Sep/2026:01:11:04 -0400] "GET /wp-content/plugins/wpforms/assets/pro/css/frontend/modern/wpforms-full.min.css?ver=1.10.2.1 HTTP/1.1" 200 87485 "https://heredit.mx/?a=mapas-geogr%C3%A1ficas-mapa-de-espa%C3%91a-troquelado-nuevo-cc-beQxk4f7" "Mozilla/5.0 (Linux; Android 6.0.1; Nexus 5X Build/MMB29P) AppleWebKit/537.36 (KHTML, like Gecko) Chrome/153.0.8010.36 Mobile Safari/537.36 (compatible; Googlebot/2.1; +http://www.google.com/bot.html)"
66.249.68.193 - - [11/Sep/2026:01:11:05 -0400] "GET /sliders/amenidades/script.js HTTP/1.1" 200 2513 "https://heredit.mx/sliders/amenidades/interiores.html" "Mozilla/5.0 (Linux; Android 6.0.1; Nexus 5X Build/MMB29P) AppleWebKit/537.36 (KHTML, like Gecko) Chrome/153.0.8010.36 Mobile Safari/537.36 (compatible; Googlebot/2.1; +http://www.google.com/bot.html)"
40.77.167.158 - - [11/Sep/2026:01:11:14 -0400] "GET /?a=lokal-g%C3%A5r-f%C3%B6rbi-giorgio-armani-boutique-shanghai-juli-200-cc-z2azZbSG HTTP/1.1" 200 223855 "-" "Mozilla/5.0 AppleWebKit/537.36 (KHTML, like Gecko; compatible; bingbot/2.0; +http://www.bing.com/bingbot.htm) Chrome/116.0.1938.76 Safari/537.36"
199.250.222.155 - - [11/Sep/2026:01:12:19 -0400] "POST /wp-cron.php?doing_wp_cron=1789103539.5275781154632568359375 HTTP/1.1" 200 - "-" "WordPress/7.1; https://heredit.mx"
66.249.68.194 - - [11/Sep/2026:01:12:19 -0400] "GET /?a=ribbed-t-back-cc-D8r372Tn HTTP/1.1" 200 223655 "-" "Mozilla/5.0 (Linux; Android 6.0.1; Nexus 5X Build/MMB29P) AppleWebKit/537.36 (KHTML, like Gecko) Chrome/153.0.8010.36 Mobile Safari/537.36 (compatible; GoogleOther)"
66.249.68.193 - - [11/Sep/2026:01:12:31 -0400] "GET /wp-includes/js/underscore.min.js?ver=1.13.8 HTTP/1.1" 200 19012 "https://heredit.mx/?a=ribbed-t-back-cc-D8r372Tn" "Mozilla/5.0 (Linux; Android 6.0.1; Nexus 5X Build/MMB29P) AppleWebKit/537.36 (KHTML, like Gecko) Chrome/153.0.8010.36 Mobile Safari/537.36 (compatible; GoogleOther)"
199.250.222.155 - - [11/Sep/2026:01:15:00 -0400] "POST /wp-cron.php?doing_wp_cron=1789103700.1070311069488525390625 HTTP/1.1" 200 - "-" "WordPress/7.1; https://heredit.mx"
66.249.68.194 - - [11/Sep/2026:01:14:59 -0400] "GET /hinderlands=457826373&oSAHt9V=471565/?a=school-phonics-student-book-cc-y1R36OSo HTTP/1.1" 404 121299 "-" "Mozilla/5.0 (Linux; Android 6.0.1; Nexus 5X Build/MMB29P) AppleWebKit/537.36 (KHTML, like Gecko) Chrome/153.0.8010.36 Mobile Safari/537.36 (compatible; Googlebot/2.1; +http://www.google.com/bot.html)"
199.250.222.155 - - [11/Sep/2026:01:16:20 -0400] "POST /wp-cron.php?doing_wp_cron=1789103780.6399219036102294921875 HTTP/1.1" 200 - "-" "WordPress/7.1; https://heredit.mx"
66.249.68.193 - - [11/Sep/2026:01:16:20 -0400] "GET /?a=phoenix-for-sale-mini-truck-craigslist-cc-1dpvgrum HTTP/1.1" 200 223755 "-" "Mozilla/5.0 (Linux; Android 6.0.1; Nexus 5X Build/MMB29P) AppleWebKit/537.36 (KHTML, like Gecko) Chrome/153.0.8010.36 Mobile Safari/537.36 (compatible; Googlebot/2.1; +http://www.google.com/bot.html)"
66.249.68.193 - - [11/Sep/2026:01:16:26 -0400] "GET /wp-content/uploads/2024/06/icon-laptop.svg HTTP/1.1" 200 429 "https://heredit.mx/sliders/amenidades/interiores-mob.html" "Mozilla/5.0 (Linux; Android 6.0.1; Nexus 5X Build/MMB29P) AppleWebKit/537.36 (KHTML, like Gecko) Chrome/153.0.8010.36 Mobile Safari/537.36 (compatible; Googlebot/2.1; +http://www.google.com/bot.html)"
199.250.222.155 - - [11/Sep/2026:01:17:40 -0400] "POST /wp-cron.php?doing_wp_cron=1789103860.9438099861145019531250 HTTP/1.1" 200 - "-" "WordPress/7.1; https://heredit.mx"
66.249.68.192 - - [11/Sep/2026:01:17:40 -0400] "GET /?a=ribbed-t-back-cc-D8r372Tn HTTP/1.1" 200 223655 "-" "Mozilla/5.0 (Linux; Android 6.0.1; Nexus 5X Build/MMB29P) AppleWebKit/537.36 (KHTML, like Gecko) Chrome/153.0.8010.36 Mobile Safari/537.36 (compatible; Googlebot/2.1; +http://www.google.com/bot.html)"
199.250.222.155 - - [11/Sep/2026:01:20:00 -0400] "POST /wp-cron.php?doing_wp_cron=1789104000.2567179203033447265625 HTTP/1.1" 200 - "-" "WordPress/7.1; https://heredit.mx"
40.77.167.158 - - [11/Sep/2026:01:19:59 -0400] "GET /psMtod/haikai770200/1pl3pVT HTTP/1.1" 404 123212 "-" "Mozilla/5.0 AppleWebKit/537.36 (KHTML, like Gecko; compatible; bingbot/2.0; +http://www.bing.com/bingbot.htm) Chrome/116.0.1938.76 Safari/537.36"
199.250.222.155 - - [11/Sep/2026:01:21:26 -0400] "POST /wp-cron.php?doing_wp_cron=1789104086.2489778995513916015625 HTTP/1.1" 200 - "-" "WordPress/7.1; https://heredit.mx"
40.77.167.158 - - [11/Sep/2026:01:21:25 -0400] "GET /?w=buenos-aires-to-rio-de-janeiro-via-uruguay-travel-pp-EnK065c1 HTTP/1.1" 200 112757 "-" "Mozilla/5.0 AppleWebKit/537.36 (KHTML, like Gecko; compatible; bingbot/2.0; +http://www.bing.com/bingbot.htm) Chrome/116.0.1938.76 Safari/537.36"
199.250.222.155 - - [11/Sep/2026:01:22:21 -0400] "POST /wp-cron.php?doing_wp_cron=1789104141.6083090305328369140625 HTTP/1.1" 200 - "-" "WordPress/7.1; https://heredit.mx"
52.167.144.166 - - [11/Sep/2026:01:22:21 -0400] "GET /counterfeiter=0&CF9lnbIZyO=284563/?w=8-221-5 HTTP/1.1" 301 - "-" "Mozilla/5.0 AppleWebKit/537.36 (KHTML, like Gecko; compatible; bingbot/2.0; +http://www.bing.com/bingbot.htm) Chrome/116.0.1938.76 Safari/537.36"
66.249.68.193 - - [11/Sep/2026:01:22:27 -0400] "GET /?a=nike-sb-dri-fit-sb-logo-white-t-shirt-cc-aDmZxPIa HTTP/1.1" 200 223751 "-" "Mozilla/5.0 (Linux; Android 6.0.1; Nexus 5X Build/MMB29P) AppleWebKit/537.36 (KHTML, like Gecko) Chrome/153.0.8010.36 Mobile Safari/537.36 (compatible; Googlebot/2.1; +http://www.google.com/bot.html)"
199.250.222.155 - - [11/Sep/2026:01:22:28 -0400] "POST /wp-cron.php?doing_wp_cron=1789104148.3766078948974609375000 HTTP/1.1" 200 - "-" "WordPress/7.1; https://heredit.mx"
66.249.68.192 - - [11/Sep/2026:01:22:28 -0400] "GET /?a=beauty-and-mystery-of-a-fantasy-femme-fa-digital-cc-PQnwdzt8 HTTP/1.1" 200 223795 "-" "Mozilla/5.0 (Linux; Android 6.0.1; Nexus 5X Build/MMB29P) AppleWebKit/537.36 (KHTML, like Gecko) Chrome/153.0.8010.36 Mobile Safari/537.36 (compatible; GoogleOther)"
66.249.68.193 - - [11/Sep/2026:01:22:28 -0400] "GET /?countertheme-625674-bOMnch%2F3278043715 HTTP/1.1" 200 223695 "-" "Mozilla/5.0 (Linux; Android 6.0.1; Nexus 5X Build/MMB29P) AppleWebKit/537.36 (KHTML, like Gecko) Chrome/153.0.8010.36 Mobile Safari/537.36 (compatible; GoogleOther)"
66.249.68.193 - - [11/Sep/2026:01:22:35 -0400] "GET /wp-content/plugins/elementor/assets/css/widget-heading.min.css?ver=4.2.4 HTTP/1.1" 200 560 "https://heredit.mx/?a=nike-sb-dri-fit-sb-logo-white-t-shirt-cc-aDmZxPIa" "Mozilla/5.0 (Linux; Android 6.0.1; Nexus 5X Build/MMB29P) AppleWebKit/537.36 (KHTML, like Gecko) Chrome/153.0.8010.36 Mobile Safari/537.36 (compatible; Googlebot/2.1; +http://www.google.com/bot.html)"
66.249.68.192 - - [11/Sep/2026:01:22:35 -0400] "GET /wp-includes/js/imagesloaded.min.js?ver=5.0.0 HTTP/1.1" 200 5520 "https://heredit.mx/?a=nike-sb-dri-fit-sb-logo-white-t-shirt-cc-aDmZxPIa" "Mozilla/5.0 (Linux; Android 6.0.1; Nexus 5X Build/MMB29P) AppleWebKit/537.36 (KHTML, like Gecko) Chrome/153.0.8010.36 Mobile Safari/537.36 (compatible; Googlebot/2.1; +http://www.google.com/bot.html)"
66.249.68.192 - - [11/Sep/2026:01:22:47 -0400] "GET /sliders/amenidades/interiores.html HTTP/1.1" 200 3655 "https://heredit.mx/?countertheme-625674-bOMnch%2F3278043715" "Mozilla/5.0 (Linux; Android 6.0.1; Nexus 5X Build/MMB29P) AppleWebKit/537.36 (KHTML, like Gecko) Chrome/153.0.8010.36 Mobile Safari/537.36 (compatible; GoogleOther)"
66.249.68.192 - - [11/Sep/2026:01:23:09 -0400] "GET /?a=nike-sb-dri-fit-sb-logo-white-t-shirt-cc-aDmZxPIa HTTP/1.1" 200 223751 "-" "Mozilla/5.0 (Linux; Android 6.0.1; Nexus 5X Build/MMB29P) AppleWebKit/537.36 (KHTML, like Gecko) Chrome/153.0.8010.36 Mobile Safari/537.36 (compatible; GoogleOther)"
199.250.222.155 - - [11/Sep/2026:01:23:34 -0400] "POST /wp-cron.php?doing_wp_cron=1789104214.0190958976745605468750 HTTP/1.1" 200 - "-" "WordPress/7.1; https://heredit.mx"
52.167.144.166 - - [11/Sep/2026:01:23:33 -0400] "GET /?w=vestido-sin-espalda-de-geometr%C3%ADa-bodycon-celeste-delgado-moda-pp-XgL2mDtE HTTP/1.1" 301 - "-" "Mozilla/5.0 AppleWebKit/537.36 (KHTML, like Gecko; compatible; bingbot/2.0; +http://www.bing.com/bingbot.htm) Chrome/116.0.1938.76 Safari/537.36"
40.77.167.76 - - [11/Sep/2026:01:23:55 -0400] "GET /?w=vestido-sin-espalda-de-geometr%C3%ADa-bodycon-celeste-delgado-moda-pp-XgL2mDtE HTTP/1.1" 200 112757 "-" "Mozilla/5.0 AppleWebKit/537.36 (KHTML, like Gecko; compatible; bingbot/2.0; +http://www.bing.com/bingbot.htm) Chrome/116.0.1938.76 Safari/537.36"
52.167.144.166 - - [11/Sep/2026:01:24:09 -0400] "GET /?w=15-bulk-wholesale-backpacks-in-blue-item-number-ews-pp-wprwY4Tj HTTP/1.1" 301 - "-" "Mozilla/5.0 AppleWebKit/537.36 (KHTML, like Gecko; compatible; bingbot/2.0; +http://www.bing.com/bingbot.htm) Chrome/116.0.1938.76 Safari/537.36"
52.167.144.166 - - [11/Sep/2026:01:24:10 -0400] "GET /?w=bmw-e39-528i-530-545i-5-series-m5-ews-pp-KNmPjLha HTTP/1.1" 301 - "-" "Mozilla/5.0 AppleWebKit/537.36 (KHTML, like Gecko; compatible; bingbot/2.0; +http://www.bing.com/bingbot.htm) Chrome/116.0.1938.76 Safari/537.36"
66.249.68.193 - - [11/Sep/2026:01:24:22 -0400] "GET /?a=akita-inu-stock-photo-by-%C2%A9f8grapher-35230969-cc-5yLJpqsn HTTP/1.1" 200 223791 "-" "Mozilla/5.0 (Linux; Android 6.0.1; Nexus 5X Build/MMB29P) AppleWebKit/537.36 (KHTML, like Gecko) Chrome/153.0.8010.36 Mobile Safari/537.36 (compatible; GoogleOther)"
66.249.68.192 - - [11/Sep/2026:01:25:01 -0400] "GET /wp-content/plugins/elementor/assets/lib/font-awesome/css/all.min.css?ver=4.11.102 HTTP/1.1" 200 59344 "https://heredit.mx/?a=akita-inu-stock-photo-by-%C2%A9f8grapher-35230969-cc-5yLJpqsn" "Mozilla/5.0 (Linux; Android 6.0.1; Nexus 5X Build/MMB29P) AppleWebKit/537.36 (KHTML, like Gecko) Chrome/153.0.8010.36 Mobile Safari/537.36 (compatible; GoogleOther)"
66.249.68.194 - - [11/Sep/2026:01:25:02 -0400] "GET /wp-content/plugins/elementor-pro/assets/lib/smartmenus/jquery.smartmenus.min.js?ver=1.2.1 HTTP/1.1" 200 24109 "https://heredit.mx/?a=akita-inu-stock-photo-by-%C2%A9f8grapher-35230969-cc-5yLJpqsn" "Mozilla/5.0 (Linux; Android 6.0.1; Nexus 5X Build/MMB29P) AppleWebKit/537.36 (KHTML, like Gecko) Chrome/153.0.8010.36 Mobile Safari/537.36 (compatible; GoogleOther)"
66.249.68.192 - - [11/Sep/2026:01:25:05 -0400] "GET /wp-content/uploads/2024/06/icon-gym.svg HTTP/1.1" 200 1254 "https://heredit.mx/sliders/amenidades/interiores-mob.html" "Mozilla/5.0 (Linux; Android 6.0.1; Nexus 5X Build/MMB29P) AppleWebKit/537.36 (KHTML, like Gecko) Chrome/153.0.8010.36 Mobile Safari/537.36 (compatible; GoogleOther)"
66.249.68.192 - - [11/Sep/2026:01:25:06 -0400] "GET /sliders/desarrollos/style.css HTTP/1.1" 200 5112 "https://heredit.mx/sliders/desarrollos/index.html" "Mozilla/5.0 (Linux; Android 6.0.1; Nexus 5X Build/MMB29P) AppleWebKit/537.36 (KHTML, like Gecko) Chrome/153.0.8010.36 Mobile Safari/537.36 (compatible; GoogleOther)"
66.249.68.192 - - [11/Sep/2026:01:25:07 -0400] "GET /wp-content/uploads/2024/06/icon-washed.svg HTTP/1.1" 200 2936 "https://heredit.mx/sliders/cards/index.html" "Mozilla/5.0 (Linux; Android 6.0.1; Nexus 5X Build/MMB29P) AppleWebKit/537.36 (KHTML, like Gecko) Chrome/153.0.8010.36 Mobile Safari/537.36 (compatible; GoogleOther)"
66.249.68.193 - - [11/Sep/2026:01:25:08 -0400] "GET /wp-content/uploads/2024/06/icon-washed.svg HTTP/1.1" 200 2936 "https://heredit.mx/sliders/cards/index.html" "Mozilla/5.0 (Linux; Android 6.0.1; Nexus 5X Build/MMB29P) AppleWebKit/537.36 (KHTML, like Gecko) Chrome/153.0.8010.36 Mobile Safari/537.36 (compatible; GoogleOther)"
199.250.222.155 - - [11/Sep/2026:01:25:42 -0400] "POST /wp-cron.php?doing_wp_cron=1789104342.9519550800323486328125 HTTP/1.1" 200 - "-" "WordPress/7.1; https://heredit.mx"
66.249.68.192 - - [11/Sep/2026:01:25:42 -0400] "GET /?a=beaufort-wax-jacket-olive-%E2%80%93-goods-cc-Z3P18zfv HTTP/1.1" 200 223755 "-" "Mozilla/5.0 (Linux; Android 6.0.1; Nexus 5X Build/MMB29P) AppleWebKit/537.36 (KHTML, like Gecko) Chrome/153.0.8010.36 Mobile Safari/537.36 (compatible; Googlebot/2.1; +http://www.google.com/bot.html)"
199.250.222.155 - - [11/Sep/2026:01:27:17 -0400] "POST /wp-cron.php?doing_wp_cron=1789104437.8799231052398681640625 HTTP/1.1" 200 - "-" "WordPress/7.1; https://heredit.mx"
66.249.68.192 - - [11/Sep/2026:01:27:17 -0400] "GET /?a=akita-inu-stock-photo-by-%C2%A9f8grapher-35230969-cc-5yLJpqsn HTTP/1.1" 200 223791 "-" "Mozilla/5.0 (Linux; Android 6.0.1; Nexus 5X Build/MMB29P) AppleWebKit/537.36 (KHTML, like Gecko) Chrome/153.0.8010.36 Mobile Safari/537.36 (compatible; Googlebot/2.1; +http://www.google.com/bot.html)"
199.250.222.155 - - [11/Sep/2026:01:27:19 -0400] "POST /wp-cron.php?doing_wp_cron=1789104439.8022570610046386718750 HTTP/1.1" 200 - "-" "WordPress/7.1; https://heredit.mx"
199.250.222.155 - - [11/Sep/2026:01:27:19 -0400] "POST /wp-admin/admin-ajax.php?action=rocket_rucss_warmup_resource_fetcher&nonce=3a75654dd4 HTTP/1.1" 200 - "-" "WordPress/7.1; https://heredit.mx"
199.250.222.155 - - [11/Sep/2026:01:27:18 -0400] "POST /wp-admin/admin-ajax.php?action=rocket_saas_warmup&nonce=11c28fe67f HTTP/1.1" 200 - "-" "WordPress/7.1; https://heredit.mx"
199.250.222.155 - - [11/Sep/2026:01:27:18 -0400] "POST /wp-admin/admin-ajax.php?action=rocket_partial_preload&nonce=37cc92290b HTTP/1.1" 200 - "-" "WordPress/7.1; https://heredit.mx"
199.250.222.155 - - [11/Sep/2026:01:27:18 -0400] "GET /category/sin-categoria/ HTTP/1.1" 200 16384 "-" "WP Rocket/Preload"
199.250.222.155 - - [11/Sep/2026:01:28:23 -0400] "POST /wp-cron.php?doing_wp_cron=1789104503.6597850322723388671875 HTTP/1.1" 200 - "-" "WordPress/7.1; https://heredit.mx"
66.249.68.192 - - [11/Sep/2026:01:28:23 -0400] "GET /?a=beaufort-wax-jacket-olive-%E2%80%93-goods-cc-Z3P18zfv HTTP/1.1" 200 223755 "-" "Mozilla/5.0 (Linux; Android 6.0.1; Nexus 5X Build/MMB29P) AppleWebKit/537.36 (KHTML, like Gecko) Chrome/153.0.8010.36 Mobile Safari/537.36 (compatible; GoogleOther)"
66.249.68.192 - - [11/Sep/2026:01:29:00 -0400] "GET /wp-content/plugins/wpforms/assets/js/frontend/wpforms.min.js?ver=1.10.2.1 HTTP/1.1" 200 54683 "https://heredit.mx/?a=beaufort-wax-jacket-olive-%E2%80%93-goods-cc-Z3P18zfv" "Mozilla/5.0 (Linux; Android 6.0.1; Nexus 5X Build/MMB29P) AppleWebKit/537.36 (KHTML, like Gecko) Chrome/153.0.8010.36 Mobile Safari/537.36 (compatible; GoogleOther)"
66.249.68.193 - - [11/Sep/2026:01:29:01 -0400] "GET /wp-content/plugins/elementor/assets/css/conditionals/e-swiper.min.css?ver=4.2.4 HTTP/1.1" 200 5486 "https://heredit.mx/?a=beaufort-wax-jacket-olive-%E2%80%93-goods-cc-Z3P18zfv" "Mozilla/5.0 (Linux; Android 6.0.1; Nexus 5X Build/MMB29P) AppleWebKit/537.36 (KHTML, like Gecko) Chrome/153.0.8010.36 Mobile Safari/537.36 (compatible; GoogleOther)"
66.249.68.193 - - [11/Sep/2026:01:29:02 -0400] "GET /wp-content/plugins/elementor/assets/css/widget-heading.min.css?ver=4.2.4 HTTP/1.1" 200 560 "https://heredit.mx/?a=beaufort-wax-jacket-olive-%E2%80%93-goods-cc-Z3P18zfv" "Mozilla/5.0 (Linux; Android 6.0.1; Nexus 5X Build/MMB29P) AppleWebKit/537.36 (KHTML, like Gecko) Chrome/153.0.8010.36 Mobile Safari/537.36 (compatible; GoogleOther)"
199.250.222.155 - - [11/Sep/2026:01:29:44 -0400] "POST /wp-cron.php?doing_wp_cron=1789104584.0048050880432128906250 HTTP/1.1" 200 - "-" "WordPress/7.1; https://heredit.mx"
66.249.68.193 - - [11/Sep/2026:01:29:43 -0400] "GET /?a=brista-ankle-wrap-heel-cc-1PJMwwim HTTP/1.1" 200 223691 "-" "Mozilla/5.0 (Linux; Android 6.0.1; Nexus 5X Build/MMB29P) AppleWebKit/537.36 (KHTML, like Gecko) Chrome/153.0.8010.36 Mobile Safari/537.36 (compatible; Googlebot/2.1; +http://www.google.com/bot.html)"
66.249.68.193 - - [11/Sep/2026:01:29:47 -0400] "GET /wp-content/plugins/elementor/assets/lib/animations/styles/e-animation-grow.min.css?ver=4.2.4 HTTP/1.1" 200 198 "https://heredit.mx/?a=brista-ankle-wrap-heel-cc-1PJMwwim" "Mozilla/5.0 (Linux; Android 6.0.1; Nexus 5X Build/MMB29P) AppleWebKit/537.36 (KHTML, like Gecko) Chrome/153.0.8010.36 Mobile Safari/537.36 (compatible; Googlebot/2.1; +http://www.google.com/bot.html)"
199.250.222.155 - - [11/Sep/2026:01:31:04 -0400] "POST /wp-cron.php?doing_wp_cron=1789104664.3492989540100097656250 HTTP/1.1" 200 - "-" "WordPress/7.1; https://heredit.mx"
66.249.68.193 - - [11/Sep/2026:01:31:03 -0400] "GET /?a=web-design-gr%C3%A1fico-criativo-ilustrador-caneta-tablet-fotos-imagens-cc-RMKYD2T7 HTTP/1.1" 200 223879 "-" "Mozilla/5.0 (Linux; Android 6.0.1; Nexus 5X Build/MMB29P) AppleWebKit/537.36 (KHTML, like Gecko) Chrome/153.0.8010.36 Mobile Safari/537.36 (compatible; Googlebot/2.1; +http://www.google.com/bot.html)"
66.249.68.193 - - [11/Sep/2026:01:33:45 -0400] "GET /?a=peter-gabriel-s-fairlight-cmi-whatgear%E2%84%A2-cc-npOOyYC3 HTTP/1.1" 200 223779 "-" "Mozilla/5.0 (Linux; Android 6.0.1; Nexus 5X Build/MMB29P) AppleWebKit/537.36 (KHTML, like Gecko) Chrome/153.0.8010.36 Mobile Safari/537.36 (compatible; GoogleOther)"
66.249.68.194 - - [11/Sep/2026:01:34:45 -0400] "GET /wp-content/plugins/elementor/assets/css/conditionals/e-swiper.min.css?ver=4.2.4 HTTP/1.1" 200 5486 "https://heredit.mx/?a=peter-gabriel-s-fairlight-cmi-whatgear%E2%84%A2-cc-npOOyYC3" "Mozilla/5.0 (Linux; Android 6.0.1; Nexus 5X Build/MMB29P) AppleWebKit/537.36 (KHTML, like Gecko) Chrome/153.0.8010.36 Mobile Safari/537.36 (compatible; GoogleOther)"
66.249.68.192 - - [11/Sep/2026:01:34:46 -0400] "GET /wp-content/plugins/elementor/assets/css/widget-heading.min.css?ver=4.2.4 HTTP/1.1" 200 560 "https://heredit.mx/?a=peter-gabriel-s-fairlight-cmi-whatgear%E2%84%A2-cc-npOOyYC3" "Mozilla/5.0 (Linux; Android 6.0.1; Nexus 5X Build/MMB29P) AppleWebKit/537.36 (KHTML, like Gecko) Chrome/153.0.8010.36 Mobile Safari/537.36 (compatible; GoogleOther)"
66.249.68.192 - - [11/Sep/2026:01:34:48 -0400] "GET /wp-content/plugins/elementor/assets/js/text-editor.45609661e409413f1cef.bundle.min.js HTTP/1.1" 200 1348 "https://heredit.mx/?a=peter-gabriel-s-fairlight-cmi-whatgear%E2%84%A2-cc-npOOyYC3" "Mozilla/5.0 (Linux; Android 6.0.1; Nexus 5X Build/MMB29P) AppleWebKit/537.36 (KHTML, like Gecko) Chrome/153.0.8010.36 Mobile Safari/537.36 (compatible; GoogleOther)"
199.250.222.155 - - [11/Sep/2026:01:35:05 -0400] "POST /wp-cron.php?doing_wp_cron=1789104905.5673348903656005859375 HTTP/1.1" 200 - "-" "WordPress/7.1; https://heredit.mx"
66.249.68.192 - - [11/Sep/2026:01:35:05 -0400] "GET /?a=peter-gabriel-s-fairlight-cmi-whatgear%E2%84%A2-cc-npOOyYC3 HTTP/1.1" 200 223779 "-" "Mozilla/5.0 (Linux; Android 6.0.1; Nexus 5X Build/MMB29P) AppleWebKit/537.36 (KHTML, like Gecko) Chrome/153.0.8010.36 Mobile Safari/537.36 (compatible; GoogleOther)"
52.167.144.20 - - [11/Sep/2026:01:36:16 -0400] "GET /?a=the-ranch-at-moorpark-apartments-in-moorpark-ca-westside-cc-Md0zxMT2 HTTP/1.1" 200 223827 "-" "Mozilla/5.0 AppleWebKit/537.36 (KHTML, like Gecko; compatible; bingbot/2.0; +http://www.bing.com/bingbot.htm) Chrome/116.0.1938.76 Safari/537.36"
40.77.167.30 - - [11/Sep/2026:01:36:20 -0400] "GET /?w=d%C3%BCsseldorf-30-pfennig-1920-pp-AJ0Dr0sB HTTP/1.1" 301 - "-" "Mozilla/5.0 AppleWebKit/537.36 (KHTML, like Gecko; compatible; bingbot/2.0; +http://www.bing.com/bingbot.htm) Chrome/116.0.1938.76 Safari/537.36"
66.249.68.192 - - [11/Sep/2026:01:36:25 -0400] "GET /?a=discount-price-nylon-spandex-stretchy-silver-and-golden-flowers-cc-z6Av78uG HTTP/1.1" 200 223855 "-" "Mozilla/5.0 (Linux; Android 6.0.1; Nexus 5X Build/MMB29P) AppleWebKit/537.36 (KHTML, like Gecko) Chrome/153.0.8010.36 Mobile Safari/537.36 (compatible; Googlebot/2.1; +http://www.google.com/bot.html)"
66.249.68.192 - - [11/Sep/2026:01:36:29 -0400] "GET /wp-content/plugins/elementor/assets/lib/animations/styles/e-animation-grow.min.css?ver=4.2.4 HTTP/1.1" 200 198 "https://heredit.mx/?a=discount-price-nylon-spandex-stretchy-silver-and-golden-flowers-cc-z6Av78uG" "Mozilla/5.0 (Linux; Android 6.0.1; Nexus 5X Build/MMB29P) AppleWebKit/537.36 (KHTML, like Gecko) Chrome/153.0.8010.36 Mobile Safari/537.36 (compatible; Googlebot/2.1; +http://www.google.com/bot.html)"
66.249.68.193 - - [11/Sep/2026:01:36:29 -0400] "GET /wp-content/plugins/elementor/assets/css/widget-social-icons.min.css?ver=4.2.4 HTTP/1.1" 200 5110 "https://heredit.mx/?a=discount-price-nylon-spandex-stretchy-silver-and-golden-flowers-cc-z6Av78uG" "Mozilla/5.0 (Linux; Android 6.0.1; Nexus 5X Build/MMB29P) AppleWebKit/537.36 (KHTML, like Gecko) Chrome/153.0.8010.36 Mobile Safari/537.36 (compatible; Googlebot/2.1; +http://www.google.com/bot.html)"
66.249.68.192 - - [11/Sep/2026:01:36:30 -0400] "GET /sliders/amenidades/interiores.html HTTP/1.1" 200 3655 "https://heredit.mx/?a=discount-price-nylon-spandex-stretchy-silver-and-golden-flowers-cc-z6Av78uG" "Mozilla/5.0 (Linux; Android 6.0.1; Nexus 5X Build/MMB29P) AppleWebKit/537.36 (KHTML, like Gecko) Chrome/153.0.8010.36 Mobile Safari/537.36 (compatible; Googlebot/2.1; +http://www.google.com/bot.html)"
199.250.222.155 - - [11/Sep/2026:01:36:31 -0400] "POST /wp-cron.php?doing_wp_cron=1789104991.0263168811798095703125 HTTP/1.1" 200 - "-" "WordPress/7.1; https://heredit.mx"
52.167.144.20 - - [11/Sep/2026:01:36:30 -0400] "GET /?w=d%C3%BCsseldorf-30-pfennig-1920-pp-AJ0Dr0sB HTTP/1.1" 200 112757 "-" "Mozilla/5.0 AppleWebKit/537.36 (KHTML, like Gecko; compatible; bingbot/2.0; +http://www.bing.com/bingbot.htm) Chrome/116.0.1938.76 Safari/537.36"
66.249.68.194 - - [11/Sep/2026:01:37:46 -0400] "GET /?a=peter-gabriel-s-fairlight-cmi-whatgear%E2%84%A2-cc-npOOyYC3 HTTP/1.1" 200 223779 "-" "Mozilla/5.0 (Linux; Android 6.0.1; Nexus 5X Build/MMB29P) AppleWebKit/537.36 (KHTML, like Gecko) Chrome/153.0.8010.36 Mobile Safari/537.36 (compatible; Googlebot/2.1; +http://www.google.com/bot.html)"
66.249.68.193 - - [11/Sep/2026:01:38:20 -0400] "GET /wp-content/plugins/wpforms/assets/pro/css/frontend/modern/wpforms-full.min.css?ver=1.10.2.1 HTTP/1.1" 200 87485 "https://heredit.mx/?a=peter-gabriel-s-fairlight-cmi-whatgear%E2%84%A2-cc-npOOyYC3" "Mozilla/5.0 (Linux; Android 6.0.1; Nexus 5X Build/MMB29P) AppleWebKit/537.36 (KHTML, like Gecko) Chrome/153.0.8010.36 Mobile Safari/537.36 (compatible; Googlebot/2.1; +http://www.google.com/bot.html)"
