34.18.199.12 - - [11/Sep/2026:02:12:42 -0400] "GET /logs/.env HTTP/1.1" 406 300 "-" "Mozilla/5.0 (X11; Linux x86_64) AppleWebKit/537.36 (KHTML, like Gecko) Chrome/131.0.0.0 Safari/537.36"
34.18.199.12 - - [11/Sep/2026:02:12:42 -0400] "GET /cache/.env HTTP/1.1" 406 300 "-" "Mozilla/5.0 (X11; Linux x86_64) AppleWebKit/537.36 (KHTML, like Gecko) Chrome/131.0.0.0 Safari/537.36"
34.18.199.12 - - [11/Sep/2026:02:12:43 -0400] "GET /mailer/.env HTTP/1.1" 406 300 "-" "Mozilla/5.0 (X11; Linux x86_64) AppleWebKit/537.36 (KHTML, like Gecko) Chrome/131.0.0.0 Safari/537.36"
34.18.199.12 - - [11/Sep/2026:02:12:43 -0400] "GET /mail/.env HTTP/1.1" 406 300 "-" "Mozilla/5.0 (X11; Linux x86_64) AppleWebKit/537.36 (KHTML, like Gecko) Chrome/131.0.0.0 Safari/537.36"
34.18.199.12 - - [11/Sep/2026:02:12:44 -0400] "GET /email/.env HTTP/1.1" 406 300 "-" "Mozilla/5.0 (X11; Linux x86_64) AppleWebKit/537.36 (KHTML, like Gecko) Chrome/131.0.0.0 Safari/537.36"
34.18.199.12 - - [11/Sep/2026:02:12:44 -0400] "GET /mailing/.env HTTP/1.1" 406 300 "-" "Mozilla/5.0 (X11; Linux x86_64) AppleWebKit/537.36 (KHTML, like Gecko) Chrome/131.0.0.0 Safari/537.36"
34.18.199.12 - - [11/Sep/2026:02:12:45 -0400] "GET /notifications/.env HTTP/1.1" 406 300 "-" "Mozilla/5.0 (X11; Linux x86_64) AppleWebKit/537.36 (KHTML, like Gecko) Chrome/131.0.0.0 Safari/537.36"
34.18.199.12 - - [11/Sep/2026:02:12:45 -0400] "GET /notify/.env HTTP/1.1" 406 300 "-" "Mozilla/5.0 (X11; Linux x86_64) AppleWebKit/537.36 (KHTML, like Gecko) Chrome/131.0.0.0 Safari/537.36"
34.18.199.12 - - [11/Sep/2026:02:12:46 -0400] "GET /sender/.env HTTP/1.1" 406 300 "-" "Mozilla/5.0 (X11; Linux x86_64) AppleWebKit/537.36 (KHTML, like Gecko) Chrome/131.0.0.0 Safari/537.36"
34.18.199.12 - - [11/Sep/2026:02:12:46 -0400] "GET /campaign/.env HTTP/1.1" 406 300 "-" "Mozilla/5.0 (X11; Linux x86_64) AppleWebKit/537.36 (KHTML, like Gecko) Chrome/131.0.0.0 Safari/537.36"
34.18.199.12 - - [11/Sep/2026:02:12:47 -0400] "GET /newsletter/.env HTTP/1.1" 406 300 "-" "Mozilla/5.0 (X11; Linux x86_64) AppleWebKit/537.36 (KHTML, like Gecko) Chrome/131.0.0.0 Safari/537.36"
34.18.199.12 - - [11/Sep/2026:02:12:47 -0400] "GET /ses/.env HTTP/1.1" 406 300 "-" "Mozilla/5.0 (X11; Linux x86_64) AppleWebKit/537.36 (KHTML, like Gecko) Chrome/131.0.0.0 Safari/537.36"
34.18.199.12 - - [11/Sep/2026:02:12:48 -0400] "GET /sendgrid/.env HTTP/1.1" 406 300 "-" "Mozilla/5.0 (X11; Linux x86_64) AppleWebKit/537.36 (KHTML, like Gecko) Chrome/131.0.0.0 Safari/537.36"
34.18.199.12 - - [11/Sep/2026:02:12:48 -0400] "GET /sparkpost/.env HTTP/1.1" 406 300 "-" "Mozilla/5.0 (X11; Linux x86_64) AppleWebKit/537.36 (KHTML, like Gecko) Chrome/131.0.0.0 Safari/537.36"
34.18.199.12 - - [11/Sep/2026:02:12:49 -0400] "GET /postmark/.env HTTP/1.1" 406 300 "-" "Mozilla/5.0 (X11; Linux x86_64) AppleWebKit/537.36 (KHTML, like Gecko) Chrome/131.0.0.0 Safari/537.36"
34.18.199.12 - - [11/Sep/2026:02:12:50 -0400] "GET /mailgun/.env HTTP/1.1" 406 300 "-" "Mozilla/5.0 (X11; Linux x86_64) AppleWebKit/537.36 (KHTML, like Gecko) Chrome/131.0.0.0 Safari/537.36"
34.18.199.12 - - [11/Sep/2026:02:12:50 -0400] "GET /mandrill/.env HTTP/1.1" 406 300 "-" "Mozilla/5.0 (X11; Linux x86_64) AppleWebKit/537.36 (KHTML, like Gecko) Chrome/131.0.0.0 Safari/537.36"
34.18.199.12 - - [11/Sep/2026:02:12:51 -0400] "GET /mailjet/.env HTTP/1.1" 406 300 "-" "Mozilla/5.0 (X11; Linux x86_64) AppleWebKit/537.36 (KHTML, like Gecko) Chrome/131.0.0.0 Safari/537.36"
34.18.199.12 - - [11/Sep/2026:02:12:51 -0400] "GET /brevo/.env HTTP/1.1" 406 300 "-" "Mozilla/5.0 (X11; Linux x86_64) AppleWebKit/537.36 (KHTML, like Gecko) Chrome/131.0.0.0 Safari/537.36"
34.18.199.12 - - [11/Sep/2026:02:12:52 -0400] "GET /transactional/.env HTTP/1.1" 406 300 "-" "Mozilla/5.0 (X11; Linux x86_64) AppleWebKit/537.36 (KHTML, like Gecko) Chrome/131.0.0.0 Safari/537.36"
34.18.199.12 - - [11/Sep/2026:02:12:52 -0400] "GET /bulk/.env HTTP/1.1" 406 300 "-" "Mozilla/5.0 (X11; Linux x86_64) AppleWebKit/537.36 (KHTML, like Gecko) Chrome/131.0.0.0 Safari/537.36"
34.18.199.12 - - [11/Sep/2026:02:12:53 -0400] "GET /aws/.env HTTP/1.1" 406 300 "-" "Mozilla/5.0 (X11; Linux x86_64) AppleWebKit/537.36 (KHTML, like Gecko) Chrome/131.0.0.0 Safari/537.36"
34.18.199.12 - - [11/Sep/2026:02:12:53 -0400] "GET /azure/.env HTTP/1.1" 406 300 "-" "Mozilla/5.0 (X11; Linux x86_64) AppleWebKit/537.36 (KHTML, like Gecko) Chrome/131.0.0.0 Safari/537.36"
34.18.199.12 - - [11/Sep/2026:02:12:54 -0400] "GET /gcp/.env HTTP/1.1" 406 300 "-" "Mozilla/5.0 (X11; Linux x86_64) AppleWebKit/537.36 (KHTML, like Gecko) Chrome/131.0.0.0 Safari/537.36"
34.18.199.12 - - [11/Sep/2026:02:12:54 -0400] "GET /cloud/.env HTTP/1.1" 406 300 "-" "Mozilla/5.0 (X11; Linux x86_64) AppleWebKit/537.36 (KHTML, like Gecko) Chrome/131.0.0.0 Safari/537.36"
34.18.199.12 - - [11/Sep/2026:02:12:55 -0400] "GET /infrastructure/.env HTTP/1.1" 406 300 "-" "Mozilla/5.0 (X11; Linux x86_64) AppleWebKit/537.36 (KHTML, like Gecko) Chrome/131.0.0.0 Safari/537.36"
34.18.199.12 - - [11/Sep/2026:02:12:55 -0400] "GET /docker/.env HTTP/1.1" 406 300 "-" "Mozilla/5.0 (X11; Linux x86_64) AppleWebKit/537.36 (KHTML, like Gecko) Chrome/131.0.0.0 Safari/537.36"
34.18.199.12 - - [11/Sep/2026:02:12:56 -0400] "GET /k8s/.env HTTP/1.1" 406 300 "-" "Mozilla/5.0 (X11; Linux x86_64) AppleWebKit/537.36 (KHTML, like Gecko) Chrome/131.0.0.0 Safari/537.36"
34.18.199.12 - - [11/Sep/2026:02:12:56 -0400] "GET /kubernetes/.env HTTP/1.1" 406 300 "-" "Mozilla/5.0 (X11; Linux x86_64) AppleWebKit/537.36 (KHTML, like Gecko) Chrome/131.0.0.0 Safari/537.36"
34.18.199.12 - - [11/Sep/2026:02:12:57 -0400] "GET /terraform/.env HTTP/1.1" 406 300 "-" "Mozilla/5.0 (X11; Linux x86_64) AppleWebKit/537.36 (KHTML, like Gecko) Chrome/131.0.0.0 Safari/537.36"
34.18.199.12 - - [11/Sep/2026:02:12:57 -0400] "GET /ansible/.env HTTP/1.1" 406 300 "-" "Mozilla/5.0 (X11; Linux x86_64) AppleWebKit/537.36 (KHTML, like Gecko) Chrome/131.0.0.0 Safari/537.36"
34.18.199.12 - - [11/Sep/2026:02:12:58 -0400] "GET /.git/.env HTTP/1.1" 406 300 "-" "Mozilla/5.0 (X11; Linux x86_64) AppleWebKit/537.36 (KHTML, like Gecko) Chrome/131.0.0.0 Safari/537.36"
34.18.199.12 - - [11/Sep/2026:02:12:58 -0400] "GET /ci/.env HTTP/1.1" 406 300 "-" "Mozilla/5.0 (X11; Linux x86_64) AppleWebKit/537.36 (KHTML, like Gecko) Chrome/131.0.0.0 Safari/537.36"
34.18.199.12 - - [11/Sep/2026:02:12:59 -0400] "GET /cd/.env HTTP/1.1" 406 300 "-" "Mozilla/5.0 (X11; Linux x86_64) AppleWebKit/537.36 (KHTML, like Gecko) Chrome/131.0.0.0 Safari/537.36"
34.18.199.12 - - [11/Sep/2026:02:12:59 -0400] "GET /jenkins/.env HTTP/1.1" 406 300 "-" "Mozilla/5.0 (X11; Linux x86_64) AppleWebKit/537.36 (KHTML, like Gecko) Chrome/131.0.0.0 Safari/537.36"
34.18.199.12 - - [11/Sep/2026:02:13:00 -0400] "GET /gitlab/.env HTTP/1.1" 406 300 "-" "Mozilla/5.0 (X11; Linux x86_64) AppleWebKit/537.36 (KHTML, like Gecko) Chrome/131.0.0.0 Safari/537.36"
34.18.199.12 - - [11/Sep/2026:02:13:00 -0400] "GET /github/.env HTTP/1.1" 406 300 "-" "Mozilla/5.0 (X11; Linux x86_64) AppleWebKit/537.36 (KHTML, like Gecko) Chrome/131.0.0.0 Safari/537.36"
34.18.199.12 - - [11/Sep/2026:02:13:01 -0400] "GET /actions/.env HTTP/1.1" 406 300 "-" "Mozilla/5.0 (X11; Linux x86_64) AppleWebKit/537.36 (KHTML, like Gecko) Chrome/131.0.0.0 Safari/537.36"
34.18.199.12 - - [11/Sep/2026:02:13:01 -0400] "GET /circleci/.env HTTP/1.1" 406 300 "-" "Mozilla/5.0 (X11; Linux x86_64) AppleWebKit/537.36 (KHTML, like Gecko) Chrome/131.0.0.0 Safari/537.36"
34.18.199.12 - - [11/Sep/2026:02:13:02 -0400] "GET /travis/.env HTTP/1.1" 406 300 "-" "Mozilla/5.0 (X11; Linux x86_64) AppleWebKit/537.36 (KHTML, like Gecko) Chrome/131.0.0.0 Safari/537.36"
34.18.199.12 - - [11/Sep/2026:02:13:02 -0400] "GET /buildkite/.env HTTP/1.1" 406 300 "-" "Mozilla/5.0 (X11; Linux x86_64) AppleWebKit/537.36 (KHTML, like Gecko) Chrome/131.0.0.0 Safari/537.36"
34.18.199.12 - - [11/Sep/2026:02:13:03 -0400] "GET /mysql/.env HTTP/1.1" 406 300 "-" "Mozilla/5.0 (X11; Linux x86_64) AppleWebKit/537.36 (KHTML, like Gecko) Chrome/131.0.0.0 Safari/537.36"
34.18.199.12 - - [11/Sep/2026:02:13:03 -0400] "GET /postgres/.env HTTP/1.1" 406 300 "-" "Mozilla/5.0 (X11; Linux x86_64) AppleWebKit/537.36 (KHTML, like Gecko) Chrome/131.0.0.0 Safari/537.36"
34.18.199.12 - - [11/Sep/2026:02:13:04 -0400] "GET /mongodb/.env HTTP/1.1" 406 300 "-" "Mozilla/5.0 (X11; Linux x86_64) AppleWebKit/537.36 (KHTML, like Gecko) Chrome/131.0.0.0 Safari/537.36"
34.18.199.12 - - [11/Sep/2026:02:13:04 -0400] "GET /redis/.env HTTP/1.1" 406 300 "-" "Mozilla/5.0 (X11; Linux x86_64) AppleWebKit/537.36 (KHTML, like Gecko) Chrome/131.0.0.0 Safari/537.36"
34.18.199.12 - - [11/Sep/2026:02:13:05 -0400] "GET /rabbitmq/.env HTTP/1.1" 406 300 "-" "Mozilla/5.0 (X11; Linux x86_64) AppleWebKit/537.36 (KHTML, like Gecko) Chrome/131.0.0.0 Safari/537.36"
34.18.199.12 - - [11/Sep/2026:02:13:05 -0400] "GET /kafka/.env HTTP/1.1" 406 300 "-" "Mozilla/5.0 (X11; Linux x86_64) AppleWebKit/537.36 (KHTML, like Gecko) Chrome/131.0.0.0 Safari/537.36"
34.18.199.12 - - [11/Sep/2026:02:13:06 -0400] "GET /queue/.env HTTP/1.1" 406 300 "-" "Mozilla/5.0 (X11; Linux x86_64) AppleWebKit/537.36 (KHTML, like Gecko) Chrome/131.0.0.0 Safari/537.36"
34.18.199.12 - - [11/Sep/2026:02:13:06 -0400] "GET /worker/.env HTTP/1.1" 406 300 "-" "Mozilla/5.0 (X11; Linux x86_64) AppleWebKit/537.36 (KHTML, like Gecko) Chrome/131.0.0.0 Safari/537.36"
34.18.199.12 - - [11/Sep/2026:02:13:07 -0400] "GET /job/.env HTTP/1.1" 406 300 "-" "Mozilla/5.0 (X11; Linux x86_64) AppleWebKit/537.36 (KHTML, like Gecko) Chrome/131.0.0.0 Safari/537.36"
34.18.199.12 - - [11/Sep/2026:02:13:07 -0400] "GET /test/.env HTTP/1.1" 406 300 "-" "Mozilla/5.0 (X11; Linux x86_64) AppleWebKit/537.36 (KHTML, like Gecko) Chrome/131.0.0.0 Safari/537.36"
34.18.199.12 - - [11/Sep/2026:02:13:08 -0400] "GET /qa/.env HTTP/1.1" 406 300 "-" "Mozilla/5.0 (X11; Linux x86_64) AppleWebKit/537.36 (KHTML, like Gecko) Chrome/131.0.0.0 Safari/537.36"
34.18.199.12 - - [11/Sep/2026:02:13:08 -0400] "GET /preview/.env HTTP/1.1" 406 300 "-" "Mozilla/5.0 (X11; Linux x86_64) AppleWebKit/537.36 (KHTML, like Gecko) Chrome/131.0.0.0 Safari/537.36"
34.18.199.12 - - [11/Sep/2026:02:13:09 -0400] "GET /beta/.env HTTP/1.1" 406 300 "-" "Mozilla/5.0 (X11; Linux x86_64) AppleWebKit/537.36 (KHTML, like Gecko) Chrome/131.0.0.0 Safari/537.36"
34.18.199.12 - - [11/Sep/2026:02:13:09 -0400] "GET /uat/.env HTTP/1.1" 406 300 "-" "Mozilla/5.0 (X11; Linux x86_64) AppleWebKit/537.36 (KHTML, like Gecko) Chrome/131.0.0.0 Safari/537.36"
34.18.199.12 - - [11/Sep/2026:02:13:10 -0400] "GET /stage/.env HTTP/1.1" 406 300 "-" "Mozilla/5.0 (X11; Linux x86_64) AppleWebKit/537.36 (KHTML, like Gecko) Chrome/131.0.0.0 Safari/537.36"
34.18.199.12 - - [11/Sep/2026:02:13:10 -0400] "GET /development/.env HTTP/1.1" 406 300 "-" "Mozilla/5.0 (X11; Linux x86_64) AppleWebKit/537.36 (KHTML, like Gecko) Chrome/131.0.0.0 Safari/537.36"
34.18.199.12 - - [11/Sep/2026:02:13:11 -0400] "GET /production/.env HTTP/1.1" 406 300 "-" "Mozilla/5.0 (X11; Linux x86_64) AppleWebKit/537.36 (KHTML, like Gecko) Chrome/131.0.0.0 Safari/537.36"
34.18.199.12 - - [11/Sep/2026:02:13:11 -0400] "GET /config/app/.env HTTP/1.1" 406 300 "-" "Mozilla/5.0 (X11; Linux x86_64) AppleWebKit/537.36 (KHTML, like Gecko) Chrome/131.0.0.0 Safari/537.36"
34.18.199.12 - - [11/Sep/2026:02:13:12 -0400] "GET /phpinfo.php HTTP/1.1" 404 121299 "-" "Mozilla/5.0 (X11; Linux x86_64) AppleWebKit/537.36 (KHTML, like Gecko) Chrome/131.0.0.0 Safari/537.36"
34.18.199.12 - - [11/Sep/2026:02:13:13 -0400] "GET /info.php HTTP/1.1" 404 121299 "-" "Mozilla/5.0 (X11; Linux x86_64) AppleWebKit/537.36 (KHTML, like Gecko) Chrome/131.0.0.0 Safari/537.36"
34.18.199.12 - - [11/Sep/2026:02:13:13 -0400] "GET /php.php HTTP/1.1" 404 121299 "-" "Mozilla/5.0 (X11; Linux x86_64) AppleWebKit/537.36 (KHTML, like Gecko) Chrome/131.0.0.0 Safari/537.36"
34.18.199.12 - - [11/Sep/2026:02:13:14 -0400] "GET /i.php HTTP/1.1" 404 121299 "-" "Mozilla/5.0 (X11; Linux x86_64) AppleWebKit/537.36 (KHTML, like Gecko) Chrome/131.0.0.0 Safari/537.36"
34.18.199.12 - - [11/Sep/2026:02:13:14 -0400] "GET /pi.php HTTP/1.1" 404 121299 "-" "Mozilla/5.0 (X11; Linux x86_64) AppleWebKit/537.36 (KHTML, like Gecko) Chrome/131.0.0.0 Safari/537.36"
34.18.199.12 - - [11/Sep/2026:02:13:15 -0400] "GET /pinfo.php HTTP/1.1" 404 121299 "-" "Mozilla/5.0 (X11; Linux x86_64) AppleWebKit/537.36 (KHTML, like Gecko) Chrome/131.0.0.0 Safari/537.36"
34.18.199.12 - - [11/Sep/2026:02:13:16 -0400] "GET /test.php HTTP/1.1" 404 121299 "-" "Mozilla/5.0 (X11; Linux x86_64) AppleWebKit/537.36 (KHTML, like Gecko) Chrome/131.0.0.0 Safari/537.36"
34.18.199.12 - - [11/Sep/2026:02:13:16 -0400] "GET /phpinfo HTTP/1.1" 404 123212 "-" "Mozilla/5.0 (X11; Linux x86_64) AppleWebKit/537.36 (KHTML, like Gecko) Chrome/131.0.0.0 Safari/537.36"
34.18.199.12 - - [11/Sep/2026:02:13:17 -0400] "GET /p.php HTTP/1.1" 404 121299 "-" "Mozilla/5.0 (X11; Linux x86_64) AppleWebKit/537.36 (KHTML, like Gecko) Chrome/131.0.0.0 Safari/537.36"
34.18.199.12 - - [11/Sep/2026:02:13:17 -0400] "GET /debug.php HTTP/1.1" 404 121299 "-" "Mozilla/5.0 (X11; Linux x86_64) AppleWebKit/537.36 (KHTML, like Gecko) Chrome/131.0.0.0 Safari/537.36"
34.18.199.12 - - [11/Sep/2026:02:13:18 -0400] "GET /admin/phpinfo.php HTTP/1.1" 404 121299 "-" "Mozilla/5.0 (X11; Linux x86_64) AppleWebKit/537.36 (KHTML, like Gecko) Chrome/131.0.0.0 Safari/537.36"
34.18.199.12 - - [11/Sep/2026:02:13:19 -0400] "GET /test/phpinfo.php HTTP/1.1" 404 121299 "-" "Mozilla/5.0 (X11; Linux x86_64) AppleWebKit/537.36 (KHTML, like Gecko) Chrome/131.0.0.0 Safari/537.36"
34.18.199.12 - - [11/Sep/2026:02:13:19 -0400] "GET /dev/phpinfo.php HTTP/1.1" 404 121299 "-" "Mozilla/5.0 (X11; Linux x86_64) AppleWebKit/537.36 (KHTML, like Gecko) Chrome/131.0.0.0 Safari/537.36"
34.18.199.12 - - [11/Sep/2026:02:13:20 -0400] "GET /old/phpinfo.php HTTP/1.1" 404 121299 "-" "Mozilla/5.0 (X11; Linux x86_64) AppleWebKit/537.36 (KHTML, like Gecko) Chrome/131.0.0.0 Safari/537.36"
34.18.199.12 - - [11/Sep/2026:02:13:20 -0400] "GET /tmp/phpinfo.php HTTP/1.1" 404 121299 "-" "Mozilla/5.0 (X11; Linux x86_64) AppleWebKit/537.36 (KHTML, like Gecko) Chrome/131.0.0.0 Safari/537.36"
34.18.199.12 - - [11/Sep/2026:02:13:21 -0400] "GET /public/phpinfo.php HTTP/1.1" 404 121299 "-" "Mozilla/5.0 (X11; Linux x86_64) AppleWebKit/537.36 (KHTML, like Gecko) Chrome/131.0.0.0 Safari/537.36"
34.18.199.12 - - [11/Sep/2026:02:13:21 -0400] "GET /info HTTP/1.1" 404 123212 "-" "Mozilla/5.0 (X11; Linux x86_64) AppleWebKit/537.36 (KHTML, like Gecko) Chrome/131.0.0.0 Safari/537.36"
34.18.199.12 - - [11/Sep/2026:02:13:22 -0400] "GET /php-info.php HTTP/1.1" 404 121299 "-" "Mozilla/5.0 (X11; Linux x86_64) AppleWebKit/537.36 (KHTML, like Gecko) Chrome/131.0.0.0 Safari/537.36"
34.18.199.12 - - [11/Sep/2026:02:13:23 -0400] "GET /phpversion.php HTTP/1.1" 404 121299 "-" "Mozilla/5.0 (X11; Linux x86_64) AppleWebKit/537.36 (KHTML, like Gecko) Chrome/131.0.0.0 Safari/537.36"
34.18.199.12 - - [11/Sep/2026:02:13:23 -0400] "GET /_phpinfo.php HTTP/1.1" 404 121299 "-" "Mozilla/5.0 (X11; Linux x86_64) AppleWebKit/537.36 (KHTML, like Gecko) Chrome/131.0.0.0 Safari/537.36"
34.18.199.12 - - [11/Sep/2026:02:13:24 -0400] "GET /old_phpinfo.php HTTP/1.1" 404 121299 "-" "Mozilla/5.0 (X11; Linux x86_64) AppleWebKit/537.36 (KHTML, like Gecko) Chrome/131.0.0.0 Safari/537.36"
34.18.199.12 - - [11/Sep/2026:02:13:24 -0400] "GET /server-info.php HTTP/1.1" 404 121299 "-" "Mozilla/5.0 (X11; Linux x86_64) AppleWebKit/537.36 (KHTML, like Gecko) Chrome/131.0.0.0 Safari/537.36"
34.18.199.12 - - [11/Sep/2026:02:13:25 -0400] "GET /server-status.php HTTP/1.1" 404 121299 "-" "Mozilla/5.0 (X11; Linux x86_64) AppleWebKit/537.36 (KHTML, like Gecko) Chrome/131.0.0.0 Safari/537.36"
34.18.199.12 - - [11/Sep/2026:02:13:25 -0400] "GET /_profiler/phpinfo HTTP/1.1" 404 123212 "-" "Mozilla/5.0 (X11; Linux x86_64) AppleWebKit/537.36 (KHTML, like Gecko) Chrome/131.0.0.0 Safari/537.36"
34.18.199.12 - - [11/Sep/2026:02:13:26 -0400] "GET /_environment HTTP/1.1" 404 123212 "-" "Mozilla/5.0 (X11; Linux x86_64) AppleWebKit/537.36 (KHTML, like Gecko) Chrome/131.0.0.0 Safari/537.36"
34.18.199.12 - - [11/Sep/2026:02:13:27 -0400] "GET /webroot/index.php/_environment HTTP/1.1" 301 - "-" "Mozilla/5.0 (X11; Linux x86_64) AppleWebKit/537.36 (KHTML, like Gecko) Chrome/131.0.0.0 Safari/537.36"
34.18.199.12 - - [11/Sep/2026:02:13:27 -0400] "GET /mail/phpinfo.php HTTP/1.1" 404 121299 "-" "Mozilla/5.0 (X11; Linux x86_64) AppleWebKit/537.36 (KHTML, like Gecko) Chrome/131.0.0.0 Safari/537.36"
199.250.222.155 - - [11/Sep/2026:02:13:28 -0400] "POST /wp-cron.php?doing_wp_cron=1789107208.2288808822631835937500 HTTP/1.1" 200 - "-" "WordPress/7.1; https://heredit.mx"
34.18.199.12 - - [11/Sep/2026:02:13:27 -0400] "GET /cpanel/phpinfo.php HTTP/1.1" 404 121299 "-" "Mozilla/5.0 (X11; Linux x86_64) AppleWebKit/537.36 (KHTML, like Gecko) Chrome/131.0.0.0 Safari/537.36"
34.18.199.12 - - [11/Sep/2026:02:13:28 -0400] "GET /hosting/phpinfo.php HTTP/1.1" 404 121299 "-" "Mozilla/5.0 (X11; Linux x86_64) AppleWebKit/537.36 (KHTML, like Gecko) Chrome/131.0.0.0 Safari/537.36"
34.18.199.12 - - [11/Sep/2026:02:13:29 -0400] "GET /webmail/phpinfo.php HTTP/1.1" 200 34788 "-" "Mozilla/5.0 (X11; Linux x86_64) AppleWebKit/537.36 (KHTML, like Gecko) Chrome/131.0.0.0 Safari/537.36"
34.18.199.12 - - [11/Sep/2026:02:13:29 -0400] "GET /smtp/phpinfo.php HTTP/1.1" 404 121299 "-" "Mozilla/5.0 (X11; Linux x86_64) AppleWebKit/537.36 (KHTML, like Gecko) Chrome/131.0.0.0 Safari/537.36"
34.18.199.12 - - [11/Sep/2026:02:13:30 -0400] "GET /phpinfo.php.bak HTTP/1.1" 404 123212 "-" "Mozilla/5.0 (X11; Linux x86_64) AppleWebKit/537.36 (KHTML, like Gecko) Chrome/131.0.0.0 Safari/537.36"
34.18.199.12 - - [11/Sep/2026:02:13:30 -0400] "GET /phpinfo.php.old HTTP/1.1" 404 123212 "-" "Mozilla/5.0 (X11; Linux x86_64) AppleWebKit/537.36 (KHTML, like Gecko) Chrome/131.0.0.0 Safari/537.36"
34.18.199.12 - - [11/Sep/2026:02:13:31 -0400] "GET /phpinfo.php~ HTTP/1.1" 404 123212 "-" "Mozilla/5.0 (X11; Linux x86_64) AppleWebKit/537.36 (KHTML, like Gecko) Chrome/131.0.0.0 Safari/537.36"
34.18.199.12 - - [11/Sep/2026:02:13:31 -0400] "GET /info.php.bak HTTP/1.1" 404 123212 "-" "Mozilla/5.0 (X11; Linux x86_64) AppleWebKit/537.36 (KHTML, like Gecko) Chrome/131.0.0.0 Safari/537.36"
34.18.199.12 - - [11/Sep/2026:02:13:32 -0400] "GET /phpinfo.php.save HTTP/1.1" 404 123212 "-" "Mozilla/5.0 (X11; Linux x86_64) AppleWebKit/537.36 (KHTML, like Gecko) Chrome/131.0.0.0 Safari/537.36"
34.18.199.12 - - [11/Sep/2026:02:13:32 -0400] "GET /staging/phpinfo.php HTTP/1.1" 404 121299 "-" "Mozilla/5.0 (X11; Linux x86_64) AppleWebKit/537.36 (KHTML, like Gecko) Chrome/131.0.0.0 Safari/537.36"
34.18.199.12 - - [11/Sep/2026:02:13:33 -0400] "GET /beta/phpinfo.php HTTP/1.1" 404 121299 "-" "Mozilla/5.0 (X11; Linux x86_64) AppleWebKit/537.36 (KHTML, like Gecko) Chrome/131.0.0.0 Safari/537.36"
34.18.199.12 - - [11/Sep/2026:02:13:34 -0400] "GET /uat/phpinfo.php HTTP/1.1" 404 121299 "-" "Mozilla/5.0 (X11; Linux x86_64) AppleWebKit/537.36 (KHTML, like Gecko) Chrome/131.0.0.0 Safari/537.36"
34.18.199.12 - - [11/Sep/2026:02:13:34 -0400] "GET /qa/phpinfo.php HTTP/1.1" 404 121299 "-" "Mozilla/5.0 (X11; Linux x86_64) AppleWebKit/537.36 (KHTML, like Gecko) Chrome/131.0.0.0 Safari/537.36"
34.18.199.12 - - [11/Sep/2026:02:13:35 -0400] "GET /preview/phpinfo.php HTTP/1.1" 404 121299 "-" "Mozilla/5.0 (X11; Linux x86_64) AppleWebKit/537.36 (KHTML, like Gecko) Chrome/131.0.0.0 Safari/537.36"
34.18.199.12 - - [11/Sep/2026:02:13:35 -0400] "GET /www/phpinfo.php HTTP/1.1" 404 121299 "-" "Mozilla/5.0 (X11; Linux x86_64) AppleWebKit/537.36 (KHTML, like Gecko) Chrome/131.0.0.0 Safari/537.36"
34.18.199.12 - - [11/Sep/2026:02:13:36 -0400] "GET /htdocs/phpinfo.php HTTP/1.1" 404 121299 "-" "Mozilla/5.0 (X11; Linux x86_64) AppleWebKit/537.36 (KHTML, like Gecko) Chrome/131.0.0.0 Safari/537.36"
34.18.199.12 - - [11/Sep/2026:02:13:37 -0400] "GET /public_html/phpinfo.php HTTP/1.1" 404 121299 "-" "Mozilla/5.0 (X11; Linux x86_64) AppleWebKit/537.36 (KHTML, like Gecko) Chrome/131.0.0.0 Safari/537.36"
34.18.199.12 - - [11/Sep/2026:02:13:37 -0400] "GET /site/phpinfo.php HTTP/1.1" 404 121299 "-" "Mozilla/5.0 (X11; Linux x86_64) AppleWebKit/537.36 (KHTML, like Gecko) Chrome/131.0.0.0 Safari/537.36"
34.18.199.12 - - [11/Sep/2026:02:13:38 -0400] "GET /docs/phpinfo.php HTTP/1.1" 404 121299 "-" "Mozilla/5.0 (X11; Linux x86_64) AppleWebKit/537.36 (KHTML, like Gecko) Chrome/131.0.0.0 Safari/537.36"
34.18.199.12 - - [11/Sep/2026:02:13:38 -0400] "GET /wp-admin/phpinfo.php HTTP/1.1" 404 121299 "-" "Mozilla/5.0 (X11; Linux x86_64) AppleWebKit/537.36 (KHTML, like Gecko) Chrome/131.0.0.0 Safari/537.36"
34.18.199.12 - - [11/Sep/2026:02:13:39 -0400] "GET /administrator/phpinfo.php HTTP/1.1" 404 121299 "-" "Mozilla/5.0 (X11; Linux x86_64) AppleWebKit/537.36 (KHTML, like Gecko) Chrome/131.0.0.0 Safari/537.36"
34.18.199.12 - - [11/Sep/2026:02:13:39 -0400] "GET /core/phpinfo.php HTTP/1.1" 404 121299 "-" "Mozilla/5.0 (X11; Linux x86_64) AppleWebKit/537.36 (KHTML, like Gecko) Chrome/131.0.0.0 Safari/537.36"
34.18.199.12 - - [11/Sep/2026:02:13:40 -0400] "GET /includes/phpinfo.php HTTP/1.1" 404 121299 "-" "Mozilla/5.0 (X11; Linux x86_64) AppleWebKit/537.36 (KHTML, like Gecko) Chrome/131.0.0.0 Safari/537.36"
34.18.199.12 - - [11/Sep/2026:02:13:41 -0400] "GET /service-account.json HTTP/1.1" 404 123212 "-" "Mozilla/5.0 (X11; Linux x86_64) AppleWebKit/537.36 (KHTML, like Gecko) Chrome/131.0.0.0 Safari/537.36"
34.18.199.12 - - [11/Sep/2026:02:13:41 -0400] "GET /sa.json HTTP/1.1" 404 123212 "-" "Mozilla/5.0 (X11; Linux x86_64) AppleWebKit/537.36 (KHTML, like Gecko) Chrome/131.0.0.0 Safari/537.36"
34.18.199.12 - - [11/Sep/2026:02:13:42 -0400] "GET /gcp-key.json HTTP/1.1" 404 123212 "-" "Mozilla/5.0 (X11; Linux x86_64) AppleWebKit/537.36 (KHTML, like Gecko) Chrome/131.0.0.0 Safari/537.36"
34.18.199.12 - - [11/Sep/2026:02:13:42 -0400] "GET /gcp-credentials.json HTTP/1.1" 404 123212 "-" "Mozilla/5.0 (X11; Linux x86_64) AppleWebKit/537.36 (KHTML, like Gecko) Chrome/131.0.0.0 Safari/537.36"
34.18.199.12 - - [11/Sep/2026:02:13:43 -0400] "GET /gcp-sa.json HTTP/1.1" 404 123212 "-" "Mozilla/5.0 (X11; Linux x86_64) AppleWebKit/537.36 (KHTML, like Gecko) Chrome/131.0.0.0 Safari/537.36"
34.18.199.12 - - [11/Sep/2026:02:13:44 -0400] "GET /credentials.json HTTP/1.1" 404 123212 "-" "Mozilla/5.0 (X11; Linux x86_64) AppleWebKit/537.36 (KHTML, like Gecko) Chrome/131.0.0.0 Safari/537.36"
34.18.199.12 - - [11/Sep/2026:02:13:44 -0400] "GET /google-credentials.json HTTP/1.1" 404 123212 "-" "Mozilla/5.0 (X11; Linux x86_64) AppleWebKit/537.36 (KHTML, like Gecko) Chrome/131.0.0.0 Safari/537.36"
34.18.199.12 - - [11/Sep/2026:02:13:45 -0400] "GET /google-key.json HTTP/1.1" 404 123212 "-" "Mozilla/5.0 (X11; Linux x86_64) AppleWebKit/537.36 (KHTML, like Gecko) Chrome/131.0.0.0 Safari/537.36"
34.18.199.12 - - [11/Sep/2026:02:13:45 -0400] "GET /.config/gcloud/application_default_credentials.json HTTP/1.1" 404 123212 "-" "Mozilla/5.0 (X11; Linux x86_64) AppleWebKit/537.36 (KHTML, like Gecko) Chrome/131.0.0.0 Safari/537.36"
34.18.199.12 - - [11/Sep/2026:02:13:46 -0400] "GET /application_default_credentials.json HTTP/1.1" 404 123212 "-" "Mozilla/5.0 (X11; Linux x86_64) AppleWebKit/537.36 (KHTML, like Gecko) Chrome/131.0.0.0 Safari/537.36"
34.18.199.12 - - [11/Sep/2026:02:13:46 -0400] "GET /key.json HTTP/1.1" 404 123212 "-" "Mozilla/5.0 (X11; Linux x86_64) AppleWebKit/537.36 (KHTML, like Gecko) Chrome/131.0.0.0 Safari/537.36"
34.18.199.12 - - [11/Sep/2026:02:13:47 -0400] "GET /keyfile.json HTTP/1.1" 404 123212 "-" "Mozilla/5.0 (X11; Linux x86_64) AppleWebKit/537.36 (KHTML, like Gecko) Chrome/131.0.0.0 Safari/537.36"
34.18.199.12 - - [11/Sep/2026:02:13:48 -0400] "GET /firebase-adminsdk.json HTTP/1.1" 404 123212 "-" "Mozilla/5.0 (X11; Linux x86_64) AppleWebKit/537.36 (KHTML, like Gecko) Chrome/131.0.0.0 Safari/537.36"
34.18.199.12 - - [11/Sep/2026:02:13:48 -0400] "GET /firebase-key.json HTTP/1.1" 404 123212 "-" "Mozilla/5.0 (X11; Linux x86_64) AppleWebKit/537.36 (KHTML, like Gecko) Chrome/131.0.0.0 Safari/537.36"
34.18.199.12 - - [11/Sep/2026:02:13:49 -0400] "GET / HTTP/1.1" 200 59619 "-" "Mozilla/5.0 (Windows NT 10.0; Win64; x64) AppleWebKit/537.36 (KHTML, like Gecko) Chrome/131.0.0.0 Safari/537.36"
66.249.68.192 - - [11/Sep/2026:02:14:16 -0400] "GET /?a=advertising-lighting-led-retail-display-light-box-flex-board-cc-YPy8ppTM HTTP/1.1" 200 223843 "-" "Mozilla/5.0 (Linux; Android 6.0.1; Nexus 5X Build/MMB29P) AppleWebKit/537.36 (KHTML, like Gecko) Chrome/153.0.8010.36 Mobile Safari/537.36 (compatible; GoogleOther)"
66.249.68.194 - - [11/Sep/2026:02:15:30 -0400] "GET /wp-content/uploads/2024/06/icon-kids.svg HTTP/1.1" 200 728 "https://heredit.mx/sliders/amenidades/interiores-mob.html" "Mozilla/5.0 (Linux; Android 6.0.1; Nexus 5X Build/MMB29P) AppleWebKit/537.36 (KHTML, like Gecko) Chrome/153.0.8010.36 Mobile Safari/537.36 (compatible; GoogleOther)"
199.250.222.155 - - [11/Sep/2026:02:15:51 -0400] "POST /wp-cron.php?doing_wp_cron=1789107351.4232540130615234375000 HTTP/1.1" 200 - "-" "WordPress/7.1; https://heredit.mx"
66.249.68.193 - - [11/Sep/2026:02:15:50 -0400] "GET /?a=tua-sumo-skis-with-bindings-and-poles-for-sale-cc-m1b8Qkc2 HTTP/1.1" 200 223787 "-" "Mozilla/5.0 (Linux; Android 6.0.1; Nexus 5X Build/MMB29P) AppleWebKit/537.36 (KHTML, like Gecko) Chrome/153.0.8010.36 Mobile Safari/537.36 (compatible; Googlebot/2.1; +http://www.google.com/bot.html)"
66.249.68.192 - - [11/Sep/2026:02:15:55 -0400] "GET /wp-content/plugins/elementor/assets/lib/animations/styles/slideInRight.min.css?ver=4.2.4 HTTP/1.1" 200 155 "https://heredit.mx/?a=tua-sumo-skis-with-bindings-and-poles-for-sale-cc-m1b8Qkc2" "Mozilla/5.0 (Linux; Android 6.0.1; Nexus 5X Build/MMB29P) AppleWebKit/537.36 (KHTML, like Gecko) Chrome/153.0.8010.36 Mobile Safari/537.36 (compatible; Googlebot/2.1; +http://www.google.com/bot.html)"
66.249.68.192 - - [11/Sep/2026:02:15:56 -0400] "GET /wp-content/plugins/premium-addons-for-elementor/assets/frontend/min-js/lottie.min.js?ver=4.11.102 HTTP/1.1" 200 257697 "https://heredit.mx/?a=tua-sumo-skis-with-bindings-and-poles-for-sale-cc-m1b8Qkc2" "Mozilla/5.0 (Linux; Android 6.0.1; Nexus 5X Build/MMB29P) AppleWebKit/537.36 (KHTML, like Gecko) Chrome/153.0.8010.36 Mobile Safari/537.36 (compatible; Googlebot/2.1; +http://www.google.com/bot.html)"
66.249.68.192 - - [11/Sep/2026:02:15:58 -0400] "GET /wp-content/plugins/elementor/assets/lib/swiper/v8/swiper.min.js?ver=8.4.5 HTTP/1.1" 200 143709 "https://heredit.mx/?a=tua-sumo-skis-with-bindings-and-poles-for-sale-cc-m1b8Qkc2" "Mozilla/5.0 (Linux; Android 6.0.1; Nexus 5X Build/MMB29P) AppleWebKit/537.36 (KHTML, like Gecko) Chrome/153.0.8010.36 Mobile Safari/537.36 (compatible; Googlebot/2.1; +http://www.google.com/bot.html)"
66.249.68.192 - - [11/Sep/2026:02:15:59 -0400] "GET /wp-content/plugins/elementor/assets/lib/animations/styles/e-animation-grow.min.css?ver=4.2.4 HTTP/1.1" 200 198 "https://heredit.mx/?a=tua-sumo-skis-with-bindings-and-poles-for-sale-cc-m1b8Qkc2" "Mozilla/5.0 (Linux; Android 6.0.1; Nexus 5X Build/MMB29P) AppleWebKit/537.36 (KHTML, like Gecko) Chrome/153.0.8010.36 Mobile Safari/537.36 (compatible; Googlebot/2.1; +http://www.google.com/bot.html)"
66.249.68.194 - - [11/Sep/2026:02:16:05 -0400] "GET /wp-content/uploads/2024/06/icon-laptop.svg HTTP/1.1" 200 429 "https://heredit.mx/sliders/amenidades/interiores-mob.html" "Mozilla/5.0 (Linux; Android 6.0.1; Nexus 5X Build/MMB29P) AppleWebKit/537.36 (KHTML, like Gecko) Chrome/153.0.8010.36 Mobile Safari/537.36 (compatible; Googlebot/2.1; +http://www.google.com/bot.html)"
66.249.68.193 - - [11/Sep/2026:02:16:08 -0400] "GET /wp-content/plugins/elementor/assets/js/text-editor.45609661e409413f1cef.bundle.min.js HTTP/1.1" 200 1348 "https://heredit.mx/?a=tua-sumo-skis-with-bindings-and-poles-for-sale-cc-m1b8Qkc2" "Mozilla/5.0 (Linux; Android 6.0.1; Nexus 5X Build/MMB29P) AppleWebKit/537.36 (KHTML, like Gecko) Chrome/153.0.8010.36 Mobile Safari/537.36 (compatible; Googlebot/2.1; +http://www.google.com/bot.html)"
199.250.222.155 - - [11/Sep/2026:02:17:26 -0400] "POST /wp-cron.php?doing_wp_cron=1789107446.3393480777740478515625 HTTP/1.1" 200 - "-" "WordPress/7.1; https://heredit.mx"
66.249.68.193 - - [11/Sep/2026:02:17:25 -0400] "GET /?a=phoenix-for-sale-mini-truck-craigslist-cc-1dpvgrum HTTP/1.1" 200 223755 "-" "Mozilla/5.0 (Linux; Android 6.0.1; Nexus 5X Build/MMB29P) AppleWebKit/537.36 (KHTML, like Gecko) Chrome/153.0.8010.36 Mobile Safari/537.36 (compatible; GoogleOther)"
66.249.68.192 - - [11/Sep/2026:02:17:35 -0400] "GET /wp-content/plugins/wpforms/assets/lib/punycode.min.js?ver=1.0.0 HTTP/1.1" 200 1713 "https://heredit.mx/?a=phoenix-for-sale-mini-truck-craigslist-cc-1dpvgrum" "Mozilla/5.0 (Linux; Android 6.0.1; Nexus 5X Build/MMB29P) AppleWebKit/537.36 (KHTML, like Gecko) Chrome/153.0.8010.36 Mobile Safari/537.36 (compatible; GoogleOther)"
66.249.68.192 - - [11/Sep/2026:02:17:36 -0400] "GET /wp-content/plugins/wpforms/assets/pro/lib/intl-tel-input/intlTelInputWithUtils.min.js?ver=28.0.4 HTTP/1.1" 200 311657 "https://heredit.mx/?a=phoenix-for-sale-mini-truck-craigslist-cc-1dpvgrum" "Mozilla/5.0 (Linux; Android 6.0.1; Nexus 5X Build/MMB29P) AppleWebKit/537.36 (KHTML, like Gecko) Chrome/153.0.8010.36 Mobile Safari/537.36 (compatible; GoogleOther)"
199.250.222.155 - - [11/Sep/2026:02:19:02 -0400] "POST /wp-cron.php?doing_wp_cron=1789107542.9009130001068115234375 HTTP/1.1" 200 - "-" "WordPress/7.1; https://heredit.mx"
40.77.167.255 - - [11/Sep/2026:02:19:02 -0400] "GET /bibliographically-68551-rSLfOVpCG/?a=accessoires-velo-electrique-kalkhoff-c-o3vLpSv HTTP/1.1" 404 121299 "-" "Mozilla/5.0 AppleWebKit/537.36 (KHTML, like Gecko; compatible; bingbot/2.0; +http://www.bing.com/bingbot.htm) Chrome/116.0.1938.76 Safari/537.36"
66.249.68.193 - - [11/Sep/2026:02:19:03 -0400] "GET /?a=phoenix-for-sale-mini-truck-craigslist-cc-1dpvgrum HTTP/1.1" 200 223755 "-" "Mozilla/5.0 (Linux; Android 6.0.1; Nexus 5X Build/MMB29P) AppleWebKit/537.36 (KHTML, like Gecko) Chrome/153.0.8010.36 Mobile Safari/537.36 (compatible; Googlebot/2.1; +http://www.google.com/bot.html)"
66.249.68.192 - - [11/Sep/2026:02:19:55 -0400] "GET /wp-content/plugins/elementor/assets/css/widget-social-icons.min.css?ver=4.2.4 HTTP/1.1" 200 5110 "https://heredit.mx/?a=phoenix-for-sale-mini-truck-craigslist-cc-1dpvgrum" "Mozilla/5.0 (Linux; Android 6.0.1; Nexus 5X Build/MMB29P) AppleWebKit/537.36 (KHTML, like Gecko) Chrome/153.0.8010.36 Mobile Safari/537.36 (compatible; Googlebot/2.1; +http://www.google.com/bot.html)"
66.249.68.192 - - [11/Sep/2026:02:19:56 -0400] "GET /wp-content/plugins/elementor-pro/assets/lib/sticky/jquery.sticky.min.js?ver=4.2.3 HTTP/1.1" 200 3721 "https://heredit.mx/?a=phoenix-for-sale-mini-truck-craigslist-cc-1dpvgrum" "Mozilla/5.0 (Linux; Android 6.0.1; Nexus 5X Build/MMB29P) AppleWebKit/537.36 (KHTML, like Gecko) Chrome/153.0.8010.36 Mobile Safari/537.36 (compatible; Googlebot/2.1; +http://www.google.com/bot.html)"
66.249.68.192 - - [11/Sep/2026:02:19:56 -0400] "GET /wp-content/uploads/2024/06/icon-coffee.svg HTTP/1.1" 200 509 "https://heredit.mx/sliders/amenidades/interiores.html" "Mozilla/5.0 (Linux; Android 6.0.1; Nexus 5X Build/MMB29P) AppleWebKit/537.36 (KHTML, like Gecko) Chrome/153.0.8010.36 Mobile Safari/537.36 (compatible; Googlebot/2.1; +http://www.google.com/bot.html)"
66.249.68.192 - - [11/Sep/2026:02:19:57 -0400] "GET /wp-content/uploads/2024/06/icon-coffee.svg HTTP/1.1" 200 509 "https://heredit.mx/sliders/amenidades/interiores-mob.html" "Mozilla/5.0 (Linux; Android 6.0.1; Nexus 5X Build/MMB29P) AppleWebKit/537.36 (KHTML, like Gecko) Chrome/153.0.8010.36 Mobile Safari/537.36 (compatible; Googlebot/2.1; +http://www.google.com/bot.html)"
66.249.68.193 - - [11/Sep/2026:02:19:57 -0400] "GET /wp-content/plugins/wpforms/assets/js/frontend/fields/address.min.js?ver=1.10.2.1 HTTP/1.1" 200 1826 "https://heredit.mx/?a=phoenix-for-sale-mini-truck-craigslist-cc-1dpvgrum" "Mozilla/5.0 (Linux; Android 6.0.1; Nexus 5X Build/MMB29P) AppleWebKit/537.36 (KHTML, like Gecko) Chrome/153.0.8010.36 Mobile Safari/537.36 (compatible; Googlebot/2.1; +http://www.google.com/bot.html)"
199.250.222.155 - - [11/Sep/2026:02:20:36 -0400] "POST /wp-cron.php?doing_wp_cron=1789107636.1919679641723632812500 HTTP/1.1" 200 - "-" "WordPress/7.1; https://heredit.mx"
66.249.68.194 - - [11/Sep/2026:02:20:35 -0400] "GET /?a=tua-sumo-skis-with-bindings-and-poles-for-sale-cc-m1b8Qkc2 HTTP/1.1" 200 223787 "-" "Mozilla/5.0 (Linux; Android 6.0.1; Nexus 5X Build/MMB29P) AppleWebKit/537.36 (KHTML, like Gecko) Chrome/153.0.8010.36 Mobile Safari/537.36 (compatible; GoogleOther)"
66.249.68.194 - - [11/Sep/2026:02:21:20 -0400] "GET /wp-content/uploads/elementor/css/post-298.css?ver=1788480000 HTTP/1.1" 200 95402 "https://heredit.mx/?a=tua-sumo-skis-with-bindings-and-poles-for-sale-cc-m1b8Qkc2" "Mozilla/5.0 (Linux; Android 6.0.1; Nexus 5X Build/MMB29P) AppleWebKit/537.36 (KHTML, like Gecko) Chrome/153.0.8010.36 Mobile Safari/537.36 (compatible; GoogleOther)"
199.250.222.155 - - [11/Sep/2026:02:22:39 -0400] "POST /wp-cron.php?doing_wp_cron=1789107759.8700599670410156250000 HTTP/1.1" 200 - "-" "WordPress/7.1; https://heredit.mx"
157.55.39.48 - - [11/Sep/2026:02:22:39 -0400] "GET /costumier-128314-BLasgG/?a=10-1189-1 HTTP/1.1" 404 121299 "-" "Mozilla/5.0 AppleWebKit/537.36 (KHTML, like Gecko; compatible; bingbot/2.0; +http://www.bing.com/bingbot.htm) Chrome/116.0.1938.76 Safari/537.36"
66.249.68.193 - - [11/Sep/2026:02:23:45 -0400] "GET /?a=yamaha-clavinova-csp-150pe-yamaha-pianos-of-princeton-cc-415vR0hE HTTP/1.1" 200 223815 "-" "Mozilla/5.0 (Linux; Android 6.0.1; Nexus 5X Build/MMB29P) AppleWebKit/537.36 (KHTML, like Gecko) Chrome/153.0.8010.36 Mobile Safari/537.36 (compatible; Googlebot/2.1; +http://www.google.com/bot.html)"
66.249.68.194 - - [11/Sep/2026:02:24:41 -0400] "GET /wp-content/plugins/elementor-pro/assets/js/frontend.min.js?ver=4.2.3 HTTP/1.1" 200 23939 "https://heredit.mx/?a=yamaha-clavinova-csp-150pe-yamaha-pianos-of-princeton-cc-415vR0hE" "Mozilla/5.0 (Linux; Android 6.0.1; Nexus 5X Build/MMB29P) AppleWebKit/537.36 (KHTML, like Gecko) Chrome/153.0.8010.36 Mobile Safari/537.36 (compatible; Googlebot/2.1; +http://www.google.com/bot.html)"
66.249.68.193 - - [11/Sep/2026:02:24:41 -0400] "GET /wp-content/plugins/elementor-pro/assets/css/modules/motion-fx.min.css?ver=4.2.3 HTTP/1.1" 200 778 "https://heredit.mx/?a=yamaha-clavinova-csp-150pe-yamaha-pianos-of-princeton-cc-415vR0hE" "Mozilla/5.0 (Linux; Android 6.0.1; Nexus 5X Build/MMB29P) AppleWebKit/537.36 (KHTML, like Gecko) Chrome/153.0.8010.36 Mobile Safari/537.36 (compatible; Googlebot/2.1; +http://www.google.com/bot.html)"
66.249.68.193 - - [11/Sep/2026:02:25:21 -0400] "GET /?a=advertising-lighting-led-retail-display-light-box-flex-board-cc-YPy8ppTM HTTP/1.1" 200 223843 "-" "Mozilla/5.0 (Linux; Android 6.0.1; Nexus 5X Build/MMB29P) AppleWebKit/537.36 (KHTML, like Gecko) Chrome/153.0.8010.36 Mobile Safari/537.36 (compatible; Googlebot/2.1; +http://www.google.com/bot.html)"
40.77.167.255 - - [11/Sep/2026:02:25:23 -0400] "GET /?a=mujhy-tum-say-muhabat-hu-gi-hay-%E2%80%93-romail-cc-AnLpDqtw HTTP/1.1" 200 223783 "-" "Mozilla/5.0 AppleWebKit/537.36 (KHTML, like Gecko; compatible; bingbot/2.0; +http://www.bing.com/bingbot.htm) Chrome/116.0.1938.76 Safari/537.36"
66.249.68.192 - - [11/Sep/2026:02:25:27 -0400] "GET /wp-includes/js/jquery/ui/core.min.js?ver=1.14.2 HTTP/1.1" 200 18674 "https://heredit.mx/?a=advertising-lighting-led-retail-display-light-box-flex-board-cc-YPy8ppTM" "Mozilla/5.0 (Linux; Android 6.0.1; Nexus 5X Build/MMB29P) AppleWebKit/537.36 (KHTML, like Gecko) Chrome/153.0.8010.36 Mobile Safari/537.36 (compatible; Googlebot/2.1; +http://www.google.com/bot.html)"
199.250.222.155 - - [11/Sep/2026:02:26:56 -0400] "POST /wp-cron.php?doing_wp_cron=1789108016.1513071060180664062500 HTTP/1.1" 200 - "-" "WordPress/7.1; https://heredit.mx"
66.249.68.192 - - [11/Sep/2026:02:26:55 -0400] "GET /?a=yamaha-clavinova-csp-150pe-yamaha-pianos-of-princeton-cc-415vR0hE HTTP/1.1" 200 223815 "-" "Mozilla/5.0 (Linux; Android 6.0.1; Nexus 5X Build/MMB29P) AppleWebKit/537.36 (KHTML, like Gecko) Chrome/153.0.8010.36 Mobile Safari/537.36 (compatible; GoogleOther)"
199.250.222.155 - - [11/Sep/2026:02:26:56 -0400] "POST /wp-admin/admin-ajax.php?action=rocket_rucss_warmup_resource_fetcher&nonce=3a75654dd4 HTTP/1.1" 200 - "-" "WordPress/7.1; https://heredit.mx"
199.250.222.155 - - [11/Sep/2026:02:26:56 -0400] "POST /wp-admin/admin-ajax.php?action=rocket_saas_warmup&nonce=11c28fe67f HTTP/1.1" 200 - "-" "WordPress/7.1; https://heredit.mx"
199.250.222.155 - - [11/Sep/2026:02:26:55 -0400] "POST /wp-admin/admin-ajax.php?action=rocket_partial_preload&nonce=37cc92290b HTTP/1.1" 200 - "-" "WordPress/7.1; https://heredit.mx"
66.249.68.194 - - [11/Sep/2026:02:27:00 -0400] "GET /wp-content/uploads/2024/06/icon-kids.svg HTTP/1.1" 200 728 "https://heredit.mx/sliders/amenidades/interiores-mob.html" "Mozilla/5.0 (Linux; Android 6.0.1; Nexus 5X Build/MMB29P) AppleWebKit/537.36 (KHTML, like Gecko) Chrome/153.0.8010.36 Mobile Safari/537.36 (compatible; GoogleOther)"
66.249.68.192 - - [11/Sep/2026:02:27:01 -0400] "GET /wp-content/uploads/2024/06/icon-kids.svg HTTP/1.1" 200 728 "https://heredit.mx/sliders/amenidades/interiores.html" "Mozilla/5.0 (Linux; Android 6.0.1; Nexus 5X Build/MMB29P) AppleWebKit/537.36 (KHTML, like Gecko) Chrome/153.0.8010.36 Mobile Safari/537.36 (compatible; GoogleOther)"
199.250.222.155 - - [11/Sep/2026:02:26:56 -0400] "GET /politica-privacidad/ HTTP/1.1" 200 16384 "-" "WP Rocket/Preload"
157.55.39.196 - - [11/Sep/2026:02:27:52 -0400] "GET /?a=jaeger-lecoultre-bumper-reserva-de-hora-for-%241-615-cc-Yr4LzjfM HTTP/1.1" 200 223807 "-" "Mozilla/5.0 AppleWebKit/537.36 (KHTML, like Gecko; compatible; bingbot/2.0; +http://www.bing.com/bingbot.htm) Chrome/116.0.1938.76 Safari/537.36"
199.250.222.155 - - [11/Sep/2026:02:28:30 -0400] "POST /wp-cron.php?doing_wp_cron=1789108110.7353930473327636718750 HTTP/1.1" 200 - "-" "WordPress/7.1; https://heredit.mx"
66.249.68.193 - - [11/Sep/2026:02:28:30 -0400] "GET /?a=ulysse-nardin-marine-chronometer-43mm-%E2%80%93-the-watch-pages-cc-nVMMm7F3 HTTP/1.1" 200 223843 "-" "Mozilla/5.0 (Linux; Android 6.0.1; Nexus 5X Build/MMB29P) AppleWebKit/537.36 (KHTML, like Gecko) Chrome/153.0.8010.36 Mobile Safari/537.36 (compatible; GoogleOther)"
66.249.68.192 - - [11/Sep/2026:02:28:36 -0400] "GET /sliders/desarrollos/script.js HTTP/1.1" 200 2537 "https://heredit.mx/sliders/desarrollos/index.html" "Mozilla/5.0 (Linux; Android 6.0.1; Nexus 5X Build/MMB29P) AppleWebKit/537.36 (KHTML, like Gecko) Chrome/153.0.8010.36 Mobile Safari/537.36 (compatible; GoogleOther)"
66.249.68.193 - - [11/Sep/2026:02:28:37 -0400] "GET /wp-content/uploads/2024/06/icon-gym.svg HTTP/1.1" 200 1254 "https://heredit.mx/sliders/amenidades/interiores-mob.html" "Mozilla/5.0 (Linux; Android 6.0.1; Nexus 5X Build/MMB29P) AppleWebKit/537.36 (KHTML, like Gecko) Chrome/153.0.8010.36 Mobile Safari/537.36 (compatible; GoogleOther)"
66.249.68.193 - - [11/Sep/2026:02:28:37 -0400] "GET /wp-content/uploads/2024/06/icon-food.svg HTTP/1.1" 200 584 "https://heredit.mx/sliders/amenidades/interiores.html" "Mozilla/5.0 (Linux; Android 6.0.1; Nexus 5X Build/MMB29P) AppleWebKit/537.36 (KHTML, like Gecko) Chrome/153.0.8010.36 Mobile Safari/537.36 (compatible; GoogleOther)"
66.249.68.193 - - [11/Sep/2026:02:28:38 -0400] "GET /wp-content/uploads/2024/06/icon-food.svg HTTP/1.1" 200 584 "https://heredit.mx/sliders/amenidades/interiores-mob.html" "Mozilla/5.0 (Linux; Android 6.0.1; Nexus 5X Build/MMB29P) AppleWebKit/537.36 (KHTML, like Gecko) Chrome/153.0.8010.36 Mobile Safari/537.36 (compatible; GoogleOther)"
66.249.68.193 - - [11/Sep/2026:02:28:39 -0400] "GET /wp-content/uploads/2024/06/icon-gym.svg HTTP/1.1" 200 1254 "https://heredit.mx/sliders/amenidades/interiores.html" "Mozilla/5.0 (Linux; Android 6.0.1; Nexus 5X Build/MMB29P) AppleWebKit/537.36 (KHTML, like Gecko) Chrome/153.0.8010.36 Mobile Safari/537.36 (compatible; GoogleOther)"
40.77.167.7 - - [11/Sep/2026:02:29:27 -0400] "GET /?w=not-a-guide-to-wirral-pp-bw5qjxhj HTTP/1.1" 301 - "-" "Mozilla/5.0 AppleWebKit/537.36 (KHTML, like Gecko; compatible; bingbot/2.0; +http://www.bing.com/bingbot.htm) Chrome/116.0.1938.76 Safari/537.36"
199.250.222.155 - - [11/Sep/2026:02:29:38 -0400] "POST /wp-cron.php?doing_wp_cron=1789108177.9741969108581542968750 HTTP/1.1" 200 - "-" "WordPress/7.1; https://heredit.mx"
40.77.167.79 - - [11/Sep/2026:02:29:37 -0400] "GET /?w=not-a-guide-to-wirral-pp-bw5qjxhj HTTP/1.1" 200 112757 "-" "Mozilla/5.0 AppleWebKit/537.36 (KHTML, like Gecko; compatible; bingbot/2.0; +http://www.bing.com/bingbot.htm) Chrome/116.0.1938.76 Safari/537.36"
66.249.68.194 - - [11/Sep/2026:02:30:05 -0400] "GET /?a=ulysse-nardin-marine-chronometer-43mm-%E2%80%93-the-watch-pages-cc-nVMMm7F3 HTTP/1.1" 200 223843 "-" "Mozilla/5.0 (Linux; Android 6.0.1; Nexus 5X Build/MMB29P) AppleWebKit/537.36 (KHTML, like Gecko) Chrome/153.0.8010.36 Mobile Safari/537.36 (compatible; Googlebot/2.1; +http://www.google.com/bot.html)"
129.146.188.65 - - [11/Sep/2026:02:30:23 -0400] "GET /wp-content/plugins/pods/readme.txt HTTP/1.1" 404 123212 "-" "Mozilla/5.0 (Macintosh; Intel Mac OS X 10_15_7) AppleWebKit/537.36 (KHTML, like Gecko) Chrome/124.0.0.0 Safari/537.36"
129.146.188.65 - - [11/Sep/2026:02:30:23 -0400] "GET /wp-content/plugins/pods/init.php HTTP/1.1" 404 121299 "-" "Mozilla/5.0 (Macintosh; Intel Mac OS X 10_15_7) AppleWebKit/537.36 (KHTML, like Gecko) Chrome/124.0.0.0 Safari/537.36"
199.250.222.155 - - [11/Sep/2026:02:31:40 -0400] "POST /wp-cron.php?doing_wp_cron=1789108300.6218879222869873046875 HTTP/1.1" 200 - "-" "WordPress/7.1; https://heredit.mx"
66.249.68.193 - - [11/Sep/2026:02:31:40 -0400] "GET /?a=miniature-toy-poodle-full-body-cartoon-from-photos-for-cc-bjwn2rf7 HTTP/1.1" 200 223819 "-" "Mozilla/5.0 (Linux; Android 6.0.1; Nexus 5X Build/MMB29P) AppleWebKit/537.36 (KHTML, like Gecko) Chrome/153.0.8010.36 Mobile Safari/537.36 (compatible; Googlebot/2.1; +http://www.google.com/bot.html)"
66.249.68.192 - - [11/Sep/2026:02:31:44 -0400] "GET /wp-content/plugins/elementor/assets/js/shared-frontend-handlers.03caa53373b56d3bab67.bundle.min.js HTTP/1.1" 200 8481 "https://heredit.mx/?a=miniature-toy-poodle-full-body-cartoon-from-photos-for-cc-bjwn2rf7" "Mozilla/5.0 (Linux; Android 6.0.1; Nexus 5X Build/MMB29P) AppleWebKit/537.36 (KHTML, like Gecko) Chrome/153.0.8010.36 Mobile Safari/537.36 (compatible; Googlebot/2.1; +http://www.google.com/bot.html)"
199.250.222.155 - - [11/Sep/2026:02:33:15 -0400] "POST /wp-cron.php?doing_wp_cron=1789108395.4536840915679931640625 HTTP/1.1" 200 - "-" "WordPress/7.1; https://heredit.mx"
66.249.68.194 - - [11/Sep/2026:02:33:15 -0400] "GET /?a=miniature-toy-poodle-full-body-cartoon-from-photos-for-cc-bjwn2rf7 HTTP/1.1" 200 223819 "-" "Mozilla/5.0 (Linux; Android 6.0.1; Nexus 5X Build/MMB29P) AppleWebKit/537.36 (KHTML, like Gecko) Chrome/153.0.8010.36 Mobile Safari/537.36 (compatible; GoogleOther)"
66.249.68.192 - - [11/Sep/2026:02:33:20 -0400] "GET /wp-content/plugins/elementor/assets/css/conditionals/e-swiper.min.css?ver=4.2.4 HTTP/1.1" 200 5486 "https://heredit.mx/?a=miniature-toy-poodle-full-body-cartoon-from-photos-for-cc-bjwn2rf7" "Mozilla/5.0 (Linux; Android 6.0.1; Nexus 5X Build/MMB29P) AppleWebKit/537.36 (KHTML, like Gecko) Chrome/153.0.8010.36 Mobile Safari/537.36 (compatible; GoogleOther)"
199.250.222.155 - - [11/Sep/2026:02:34:30 -0400] "POST /wp-cron.php?doing_wp_cron=1789108470.6519739627838134765625 HTTP/1.1" 200 - "-" "WordPress/7.1; https://heredit.mx"
40.77.167.62 - - [11/Sep/2026:02:34:30 -0400] "GET /concamerated-539025-LIYLVjLmSM/?a=fork-spares-spare-front-suspension-internals-right-rebound-damper-cc-JzPg1rF5 HTTP/1.1" 404 121299 "-" "Mozilla/5.0 AppleWebKit/537.36 (KHTML, like Gecko; compatible; bingbot/2.0; +http://www.bing.com/bingbot.htm) Chrome/116.0.1938.76 Safari/537.36"
66.249.68.193 - - [11/Sep/2026:02:34:49 -0400] "GET /?a=medium-sad-young-man-walking-and-looking-at-his-cc-emJpv6hQ HTTP/1.1" 200 223791 "-" "Mozilla/5.0 (Linux; Android 6.0.1; Nexus 5X Build/MMB29P) AppleWebKit/537.36 (KHTML, like Gecko) Chrome/153.0.8010.36 Mobile Safari/537.36 (compatible; Googlebot/2.1; +http://www.google.com/bot.html)"
199.250.222.155 - - [11/Sep/2026:02:35:47 -0400] "POST /wp-cron.php?doing_wp_cron=1789108547.2290830612182617187500 HTTP/1.1" 200 - "-" "WordPress/7.1; https://heredit.mx"
157.55.39.7 - - [11/Sep/2026:02:35:47 -0400] "GET /costumier-128314-BLasgG/?a=8-957-4 HTTP/1.1" 301 - "-" "Mozilla/5.0 AppleWebKit/537.36 (KHTML, like Gecko; compatible; bingbot/2.0; +http://www.bing.com/bingbot.htm) Chrome/116.0.1938.76 Safari/537.36"
157.55.39.7 - - [11/Sep/2026:02:36:12 -0400] "GET /?w=macbook-air-core-i7-ran-4gb-ssd-128gb-pin-pp-X4qprXsE HTTP/1.1" 301 - "-" "Mozilla/5.0 AppleWebKit/537.36 (KHTML, like Gecko; compatible; bingbot/2.0; +http://www.bing.com/bingbot.htm) Chrome/116.0.1938.76 Safari/537.36"
157.55.39.12 - - [11/Sep/2026:02:36:21 -0400] "GET /?w=macbook-air-core-i7-ran-4gb-ssd-128gb-pin-pp-X4qprXsE HTTP/1.1" 200 112757 "-" "Mozilla/5.0 AppleWebKit/537.36 (KHTML, like Gecko; compatible; bingbot/2.0; +http://www.bing.com/bingbot.htm) Chrome/116.0.1938.76 Safari/537.36"
199.250.222.155 - - [11/Sep/2026:02:37:32 -0400] "POST /wp-cron.php?doing_wp_cron=1789108652.7890720367431640625000 HTTP/1.1" 200 - "-" "WordPress/7.1; https://heredit.mx"
87.250.224.105 - - [11/Sep/2026:02:37:32 -0400] "GET /robots.txt HTTP/1.1" 200 267 "-" "Mozilla/5.0 (compatible; YandexBot/3.0; +http://yandex.com/bots)"
95.108.213.194 - - [11/Sep/2026:02:37:33 -0400] "GET /codding=8970462&bQGXJHEf=596783 HTTP/1.1" 404 123212 "-" "Mozilla/5.0 (compatible; YandexBot/3.0; +http://yandex.com/bots)"
199.250.222.155 - - [11/Sep/2026:02:39:35 -0400] "POST /wp-cron.php?doing_wp_cron=1789108775.1883609294891357421875 HTTP/1.1" 200 - "-" "WordPress/7.1; https://heredit.mx"
66.249.68.194 - - [11/Sep/2026:02:39:34 -0400] "GET /?a=ace-mock-neck-t-shirt-white-cc-oOvM1gFv HTTP/1.1" 200 223711 "-" "Mozilla/5.0 (Linux; Android 6.0.1; Nexus 5X Build/MMB29P) AppleWebKit/537.36 (KHTML, like Gecko) Chrome/153.0.8010.36 Mobile Safari/537.36 (compatible; GoogleOther)"
66.249.68.193 - - [11/Sep/2026:02:39:45 -0400] "GET /sliders/amenidades/interiores.html HTTP/1.1" 200 3655 "https://heredit.mx/?a=ace-mock-neck-t-shirt-white-cc-oOvM1gFv" "Mozilla/5.0 (Linux; Android 6.0.1; Nexus 5X Build/MMB29P) AppleWebKit/537.36 (KHTML, like Gecko) Chrome/153.0.8010.36 Mobile Safari/537.36 (compatible; GoogleOther)"
157.55.39.7 - - [11/Sep/2026:02:40:01 -0400] "GET /?w=standalone-villa-for-sale-in-dahiet-al-amir-rashid-pp-G5JmJJc2 HTTP/1.1" 301 - "-" "Mozilla/5.0 AppleWebKit/537.36 (KHTML, like Gecko; compatible; bingbot/2.0; +http://www.bing.com/bingbot.htm) Chrome/116.0.1938.76 Safari/537.36"
213.180.203.8 - - [11/Sep/2026:02:40:10 -0400] "GET /?a=bapy-bape-c-NNgvLPh7 HTTP/1.1" 200 223635 "-" "Mozilla/5.0 (compatible; YandexBot/3.0; +http://yandex.com/bots)"
157.55.39.12 - - [11/Sep/2026:02:40:12 -0400] "GET /?w=standalone-villa-for-sale-in-dahiet-al-amir-rashid-pp-G5JmJJc2 HTTP/1.1" 200 112757 "-" "Mozilla/5.0 AppleWebKit/537.36 (KHTML, like Gecko; compatible; bingbot/2.0; +http://www.bing.com/bingbot.htm) Chrome/116.0.1938.76 Safari/537.36"
5.255.231.23 - - [11/Sep/2026:02:40:44 -0400] "GET /?a=anello-a-fascia-pandora-c-KL10NBTQ HTTP/1.1" 200 223691 "-" "Mozilla/5.0 (compatible; YandexBot/3.0; +http://yandex.com/bots)"
66.249.68.194 - - [11/Sep/2026:02:41:11 -0400] "GET /?a=ace-mock-neck-t-shirt-white-cc-oOvM1gFv HTTP/1.1" 200 223711 "-" "Mozilla/5.0 (Linux; Android 6.0.1; Nexus 5X Build/MMB29P) AppleWebKit/537.36 (KHTML, like Gecko) Chrome/153.0.8010.36 Mobile Safari/537.36 (compatible; Googlebot/2.1; +http://www.google.com/bot.html)"
66.249.68.193 - - [11/Sep/2026:02:41:16 -0400] "GET /wp-includes/css/dashicons.min.css?ver=7.1 HTTP/1.1" 200 59004 "https://heredit.mx/?a=ace-mock-neck-t-shirt-white-cc-oOvM1gFv" "Mozilla/5.0 (Linux; Android 6.0.1; Nexus 5X Build/MMB29P) AppleWebKit/537.36 (KHTML, like Gecko) Chrome/153.0.8010.36 Mobile Safari/537.36 (compatible; Googlebot/2.1; +http://www.google.com/bot.html)"
66.249.68.192 - - [11/Sep/2026:02:41:19 -0400] "GET /wp-content/plugins/elementor/assets/js/text-editor.45609661e409413f1cef.bundle.min.js HTTP/1.1" 200 1348 "https://heredit.mx/?a=ace-mock-neck-t-shirt-white-cc-oOvM1gFv" "Mozilla/5.0 (Linux; Android 6.0.1; Nexus 5X Build/MMB29P) AppleWebKit/537.36 (KHTML, like Gecko) Chrome/153.0.8010.36 Mobile Safari/537.36 (compatible; Googlebot/2.1; +http://www.google.com/bot.html)"
199.250.222.155 - - [11/Sep/2026:02:42:45 -0400] "POST /wp-cron.php?doing_wp_cron=1789108965.1791288852691650390625 HTTP/1.1" 200 - "-" "WordPress/7.1; https://heredit.mx"
66.249.68.193 - - [11/Sep/2026:02:42:44 -0400] "GET /?a=ohio-premier-uniform-top-ch-top-cc-OxnMj5Hw HTTP/1.1" 200 223727 "-" "Mozilla/5.0 (Linux; Android 6.0.1; Nexus 5X Build/MMB29P) AppleWebKit/537.36 (KHTML, like Gecko) Chrome/153.0.8010.36 Mobile Safari/537.36 (compatible; Googlebot/2.1; +http://www.google.com/bot.html)"
195.178.110.48 - - [11/Sep/2026:02:42:48 -0400] "GET /api/session/properties HTTP/1.1" 404 3421 "-" "Mozilla/5.0 (Windows NT 10.0; Win64; x64) AppleWebKit/537.36 (KHTML, like Gecko) Chrome/127.0.0.0 Safari/537.36 Edg/127.0.0.0"
195.178.110.48 - - [11/Sep/2026:02:42:48 -0400] "GET /health/readiness HTTP/1.1" 404 3421 "-" "Mozilla/5.0 (iPhone; CPU iPhone OS 17_6 like Mac OS X) AppleWebKit/605.1.15 (KHTML, like Gecko) Version/17.6 Mobile/15E148 Safari/604.1"
66.249.68.193 - - [11/Sep/2026:02:43:23 -0400] "GET /wp-content/plugins/wpforms/assets/pro/css/fields/layout-screen-big.min.css?ver=1.10.2.1 HTTP/1.1" 200 4213 "https://heredit.mx/?a=ohio-premier-uniform-top-ch-top-cc-OxnMj5Hw" "Mozilla/5.0 (Linux; Android 6.0.1; Nexus 5X Build/MMB29P) AppleWebKit/537.36 (KHTML, like Gecko) Chrome/153.0.8010.36 Mobile Safari/537.36 (compatible; Googlebot/2.1; +http://www.google.com/bot.html)"
