/var/log/apache2/domlogs/vianto5
Edit: /var/log/apache2/domlogs/vianto5/hidalgoresidences.mx.ventaspeninsula.mx-ssl_log (874727B)
199.250.222.155 - - [10/Sep/2026:10:20:35 -0400] "POST /wp-cron.php?doing_wp_cron=1789050035.8060469627380371093750 HTTP/1.1" 200 - "-" "WordPress/7.1; https://hidalgoresidences.mx"
212.60.65.154 - - [10/Sep/2026:10:20:34 -0400] "POST /xmlrpc.php HTTP/1.1" 200 416 "-" "Jetpack by WordPress.com (Jetpack 13.0; WordPress 6.4)"
34.122.147.229 - - [10/Sep/2026:10:20:48 -0400] "GET / HTTP/1.1" 301 - "-" "Mozilla/5.0 (Windows NT 10.0; Win64; x64) AppleWebKit/537.36 (KHTML, like Gecko) Chrome/125.0.6422.60 Safari/537.36 Edge/12.246"
212.60.65.154 - - [10/Sep/2026:10:22:32 -0400] "POST /xmlrpc.php HTTP/1.1" 200 416 "-" "Jetpack/12.0; WordPress/6.1; http://site91298590.com"
212.60.65.154 - - [10/Sep/2026:10:22:47 -0400] "POST /xmlrpc.php HTTP/1.1" 200 416 "-" "Jetpack by WordPress.com"
212.60.65.154 - - [10/Sep/2026:10:23:40 -0400] "POST /xmlrpc.php HTTP/1.1" 406 300 "-" "WordPress.com; https://wordpress.com"
212.60.65.154 - - [10/Sep/2026:10:25:02 -0400] "POST /xmlrpc.php HTTP/1.1" 200 416 "-" "Jetpack/13.0; WordPress/6.4; http://site56350399.com"
199.250.222.155 - - [10/Sep/2026:10:27:10 -0400] "POST /wp-cron.php?doing_wp_cron=1789050430.1574010848999023437500 HTTP/1.1" 200 - "-" "WordPress/7.1; https://hidalgoresidences.mx"
212.60.65.154 - - [10/Sep/2026:10:27:08 -0400] "POST /xmlrpc.php HTTP/1.1" 200 416 "-" "Jetpack by WordPress.com (Jetpack 12.1; WordPress 6.1)"
199.250.222.155 - - [10/Sep/2026:10:40:17 -0400] "POST /wp-cron.php?doing_wp_cron=1789051216.9944639205932617187500 HTTP/1.1" 200 - "-" "WordPress/7.1; https://hidalgoresidences.mx"
212.60.65.154 - - [10/Sep/2026:10:40:15 -0400] "POST /xmlrpc.php HTTP/1.1" 200 416 "-" "Jetpack by WordPress.com"
212.60.65.154 - - [10/Sep/2026:10:40:39 -0400] "POST /xmlrpc.php HTTP/1.1" 200 416 "-" "Jetpack by WordPress.com (Jetpack 12.5; WordPress 6.3)"
212.60.65.154 - - [10/Sep/2026:10:40:57 -0400] "POST /xmlrpc.php HTTP/1.1" 406 300 "-" "Jetpack/12.5; WordPress/6.1; http://site97320715.com"
39.63.156.153 - - [10/Sep/2026:10:44:05 -0400] "POST /xmlrpc.php HTTP/1.1" 200 416 "-" "Jetpack by WordPress.com (Jetpack 13.0; WordPress 6.3)"
199.250.222.155 - - [10/Sep/2026:11:36:09 -0400] "POST /wp-cron.php?doing_wp_cron=1789054569.6101880073547363281250 HTTP/1.1" 200 - "-" "WordPress/7.1; https://hidalgoresidences.mx"
106.75.178.54 - - [10/Sep/2026:11:36:08 -0400] "GET / HTTP/1.1" 301 - "-" "Mozilla/5.0 (Windows NT 6.1) AppleWebKit/537.36 (KHTML, like Gecko) Chrome/49.0.2623.112 Safari/537.36"
199.250.222.155 - - [10/Sep/2026:11:44:29 -0400] "POST /wp-cron.php?doing_wp_cron=1789055068.9088399410247802734375 HTTP/1.1" 200 - "-" "WordPress/7.1; https://hidalgoresidences.mx"
87.106.32.6 - - [10/Sep/2026:11:44:27 -0400] "GET /wordpress/wp-login.php HTTP/1.1" 404 49817 "www.google.com" "Mozilla/5.0 (Windows NT 10.0; Win64; x64) AppleWebKit/537.36 (KHTML, like Gecko) Chrome/91.0.4472.124 Safari/537.36"
87.106.32.6 - - [10/Sep/2026:11:44:29 -0400] "GET /blog/wp-login.php HTTP/1.1" 404 49817 "www.google.com" "Mozilla/5.0 (Windows NT 10.0; Win64; x64) AppleWebKit/537.36 (KHTML, like Gecko) Chrome/91.0.4472.124 Safari/537.36"
87.106.32.6 - - [10/Sep/2026:11:44:30 -0400] "POST /wp-login.php HTTP/1.1" 200 10147 "https://hidalgoresidences.mx/wp-admin/" "Mozilla/5.0 (Windows NT 10.0; Win64; x64) AppleWebKit/537.36 (KHTML, like Gecko) Chrome/91.0.4472.124 Safari/537.36"
199.250.222.155 - - [10/Sep/2026:11:44:34 -0400] "GET /wp-json/wpml/v1/rest/status?test_get_parameter=1&cachebuster=1789055074 HTTP/1.1" 200 67 "-" "Mozilla/5.0 (Windows NT 10.0; Win64; x64) AppleWebKit/537.36 (KHTML, like Gecko) Chrome/120.0.0.0 Safari/537.36"
87.106.32.6 - - [10/Sep/2026:11:44:32 -0400] "GET /wp-admin/ HTTP/1.1" 200 495923 "www.google.com" "Mozilla/5.0 (Windows NT 10.0; Win64; x64) AppleWebKit/537.36 (KHTML, like Gecko) Chrome/91.0.4472.124 Safari/537.36"
87.106.32.6 - - [10/Sep/2026:11:44:42 -0400] "GET /wp-admin/plugin-install.php?tab=upload HTTP/1.1" 200 384687 "www.google.com" "Mozilla/5.0 (Windows NT 10.0; Win64; x64) AppleWebKit/537.36 (KHTML, like Gecko) Chrome/91.0.4472.124 Safari/537.36"
199.250.222.155 - - [10/Sep/2026:11:44:40 -0400] "POST /wp-admin/admin-ajax.php?action=as_async_request_queue_runner&nonce=a3d4e08931 HTTP/1.1" 200 - "-" "WordPress/7.1; https://hidalgoresidences.mx"
87.106.32.6 - - [10/Sep/2026:11:44:44 -0400] "POST /wp-admin/update.php?action=upload-plugin HTTP/1.1" 200 381167 "www.google.com" "Mozilla/5.0 (Windows NT 10.0; Win64; x64) AppleWebKit/537.36 (KHTML, like Gecko) Chrome/91.0.4472.124 Safari/537.36"
199.250.222.155 - - [10/Sep/2026:11:47:08 -0400] "POST /wp-cron.php?doing_wp_cron=1789055228.3346209526062011718750 HTTP/1.1" 200 - "-" "WordPress/7.1; https://hidalgoresidences.mx"
87.106.32.6 - - [10/Sep/2026:11:47:06 -0400] "GET /wp-admin/plugin-install.php?tab=upload HTTP/1.1" 200 384681 "www.google.com" "Mozilla/5.0 (Windows NT 10.0; Win64; x64) AppleWebKit/537.36 (KHTML, like Gecko) Chrome/91.0.4472.124 Safari/537.36"
87.106.32.6 - - [10/Sep/2026:11:47:11 -0400] "POST /wp-admin/update.php?action=upload-plugin HTTP/1.1" 500 2556 "www.google.com" "Mozilla/5.0 (Windows NT 10.0; Win64; x64) AppleWebKit/537.36 (KHTML, like Gecko) Chrome/91.0.4472.124 Safari/537.36"
87.106.32.6 - - [10/Sep/2026:11:47:33 -0400] "GET /wp-content/uploads/2026/09/irnshass.php HTTP/1.1" 404 49817 "www.google.com" "Mozilla/5.0 (Windows NT 10.0; Win64; x64) AppleWebKit/537.36 (KHTML, like Gecko) Chrome/91.0.4472.124 Safari/537.36"
199.250.222.155 - - [10/Sep/2026:11:49:02 -0400] "POST /wp-cron.php?doing_wp_cron=1789055342.2354528903961181640625 HTTP/1.1" 200 - "-" "WordPress/7.1; https://hidalgoresidences.mx"
87.106.32.6 - - [10/Sep/2026:11:49:00 -0400] "GET /wp-content/irnshass.php HTTP/1.1" 404 49817 "www.google.com" "Mozilla/5.0 (Windows NT 10.0; Win64; x64) AppleWebKit/537.36 (KHTML, like Gecko) Chrome/91.0.4472.124 Safari/537.36"
74.7.230.6 - - [10/Sep/2026:11:50:01 -0400] "GET /robots.txt HTTP/1.1" 200 277 "-" "Mozilla/5.0 (Macintosh; Intel Mac OS X 10_15_7) AppleWebKit/537.36 (KHTML, like Gecko) Chrome/131.0.0.0 Safari/537.36; compatible; OAI-SearchBot/1.4; robots.txt; +https://openai.com/searchbot"
199.250.222.155 - - [10/Sep/2026:11:52:59 -0400] "POST /wp-cron.php?doing_wp_cron=1789055579.6418559551239013671875 HTTP/1.1" 200 - "-" "WordPress/7.1; https://hidalgoresidences.mx"
87.106.32.6 - - [10/Sep/2026:11:52:58 -0400] "GET /new/wp-login.php HTTP/1.1" 404 49817 "www.google.com" "Mozilla/5.0 (Windows NT 10.0; Win64; x64) AppleWebKit/537.36 (KHTML, like Gecko) Chrome/91.0.4472.124 Safari/537.36"
87.106.32.6 - - [10/Sep/2026:11:52:59 -0400] "GET /wordpress/wp-login.php HTTP/1.1" 404 49817 "www.google.com" "Mozilla/5.0 (Windows NT 10.0; Win64; x64) AppleWebKit/537.36 (KHTML, like Gecko) Chrome/91.0.4472.124 Safari/537.36"
87.106.32.6 - - [10/Sep/2026:11:53:01 -0400] "GET /blog/wp-login.php HTTP/1.1" 404 49817 "www.google.com" "Mozilla/5.0 (Windows NT 10.0; Win64; x64) AppleWebKit/537.36 (KHTML, like Gecko) Chrome/91.0.4472.124 Safari/537.36"
87.106.32.6 - - [10/Sep/2026:11:53:03 -0400] "POST /wp-login.php HTTP/1.1" 200 10147 "https://hidalgoresidences.mx/wp-admin/" "Mozilla/5.0 (Windows NT 10.0; Win64; x64) AppleWebKit/537.36 (KHTML, like Gecko) Chrome/91.0.4472.124 Safari/537.36"
199.250.222.155 - - [10/Sep/2026:11:53:06 -0400] "POST /wp-cron.php?doing_wp_cron=1789055586.3622670173645019531250 HTTP/1.1" 200 - "-" "WordPress/7.1; https://hidalgoresidences.mx"
87.106.32.6 - - [10/Sep/2026:11:53:04 -0400] "GET /wp-admin/ HTTP/1.1" 200 495917 "www.google.com" "Mozilla/5.0 (Windows NT 10.0; Win64; x64) AppleWebKit/537.36 (KHTML, like Gecko) Chrome/91.0.4472.124 Safari/537.36"
87.106.32.6 - - [10/Sep/2026:11:53:09 -0400] "GET /wp-admin/plugin-install.php?tab=upload HTTP/1.1" 200 384681 "www.google.com" "Mozilla/5.0 (Windows NT 10.0; Win64; x64) AppleWebKit/537.36 (KHTML, like Gecko) Chrome/91.0.4472.124 Safari/537.36"
87.106.32.6 - - [10/Sep/2026:11:53:11 -0400] "POST /wp-admin/update.php?action=upload-plugin HTTP/1.1" 200 380048 "www.google.com" "Mozilla/5.0 (Windows NT 10.0; Win64; x64) AppleWebKit/537.36 (KHTML, like Gecko) Chrome/91.0.4472.124 Safari/537.36"
66.102.6.45 - - [10/Sep/2026:11:53:20 -0400] "GET /.well-known/traffic-advice HTTP/1.1" 404 49817 "-" "Chrome Privacy Preserving Prefetch Proxy"
87.106.32.6 - - [10/Sep/2026:11:53:57 -0400] "GET /wp-admin/plugin-install.php?s=File+Manager&tab=search&type=term HTTP/1.1" 200 488067 "www.google.com" "Mozilla/5.0 (Windows NT 10.0; Win64; x64) AppleWebKit/537.36 (KHTML, like Gecko) Chrome/91.0.4472.124 Safari/537.36"
87.106.32.6 - - [10/Sep/2026:11:53:59 -0400] "GET /wp-admin/update.php?action=install-plugin&plugin=wp-file-manager&_wpnonce=5c2370fcfc HTTP/1.1" 200 379561 "www.google.com" "Mozilla/5.0 (Windows NT 10.0; Win64; x64) AppleWebKit/537.36 (KHTML, like Gecko) Chrome/91.0.4472.124 Safari/537.36"
87.106.32.6 - - [10/Sep/2026:11:54:02 -0400] "GET /wp-admin/plugins.php?action=activate&plugin=wp-file-manager/file_folder_manager.php&_wpnonce=b583bfbc58 HTTP/1.1" 302 - "www.google.com" "Mozilla/5.0 (Windows NT 10.0; Win64; x64) AppleWebKit/537.36 (KHTML, like Gecko) Chrome/91.0.4472.124 Safari/537.36"
199.250.222.155 - - [10/Sep/2026:11:54:06 -0400] "POST /wp-cron.php?doing_wp_cron=1789055646.2295649051666259765625 HTTP/1.1" 200 - "-" "WordPress/7.1; https://hidalgoresidences.mx"
87.106.32.6 - - [10/Sep/2026:11:54:04 -0400] "GET /wp-admin/plugins.php?activate=true&plugin_status=all&paged=1&s= HTTP/1.1" 200 535487 "www.google.com" "Mozilla/5.0 (Windows NT 10.0; Win64; x64) AppleWebKit/537.36 (KHTML, like Gecko) Chrome/91.0.4472.124 Safari/537.36"
87.106.32.6 - - [10/Sep/2026:11:54:06 -0400] "GET /wp-admin/admin.php?page=wp_file_manager HTTP/1.1" 200 409807 "www.google.com" "Mozilla/5.0 (Windows NT 10.0; Win64; x64) AppleWebKit/537.36 (KHTML, like Gecko) Chrome/91.0.4472.124 Safari/537.36"
87.106.32.6 - - [10/Sep/2026:11:54:09 -0400] "POST /wp-admin/admin-ajax.php HTTP/1.1" 200 1531 "www.google.com" "Mozilla/5.0 (Windows NT 10.0; Win64; x64) AppleWebKit/537.36 (KHTML, like Gecko) Chrome/91.0.4472.124 Safari/537.36"
87.106.32.6 - - [10/Sep/2026:11:54:46 -0400] "GET /hyejtodw.php HTTP/1.1" 200 68 "www.google.com" "Mozilla/5.0 (Windows NT 10.0; Win64; x64) AppleWebKit/537.36 (KHTML, like Gecko) Chrome/91.0.4472.124 Safari/537.36"
199.250.222.155 - - [10/Sep/2026:12:09:24 -0400] "POST /wp-cron.php?doing_wp_cron=1789056564.3562428951263427734375 HTTP/1.1" 200 - "-" "WordPress/7.1; https://hidalgoresidences.mx"
87.106.32.6 - - [10/Sep/2026:12:09:23 -0400] "POST /wp-login.php HTTP/1.1" 200 10147 "https://hidalgoresidences.mx/wp-admin/" "Mozilla/5.0 (Windows NT 10.0; Win64; x64) AppleWebKit/537.36 (KHTML, like Gecko) Chrome/91.0.4472.124 Safari/537.36"
199.250.222.155 - - [10/Sep/2026:12:09:25 -0400] "GET /wp-json/wpml/v1/rest/status?test_get_parameter=1&cachebuster=1789056565 HTTP/1.1" 200 67 "-" "Mozilla/5.0 (Windows NT 10.0; Win64; x64) AppleWebKit/537.36 (KHTML, like Gecko) Chrome/120.0.0.0 Safari/537.36"
87.106.32.6 - - [10/Sep/2026:12:09:24 -0400] "GET /wp-admin/ HTTP/1.1" 200 498891 "www.google.com" "Mozilla/5.0 (Windows NT 10.0; Win64; x64) AppleWebKit/537.36 (KHTML, like Gecko) Chrome/91.0.4472.124 Safari/537.36"
87.106.32.6 - - [10/Sep/2026:12:09:47 -0400] "GET /wp-admin/plugin-install.php?tab=upload HTTP/1.1" 200 387655 "www.google.com" "Mozilla/5.0 (Windows NT 10.0; Win64; x64) AppleWebKit/537.36 (KHTML, like Gecko) Chrome/91.0.4472.124 Safari/537.36"
87.106.32.6 - - [10/Sep/2026:12:10:11 -0400] "POST /wp-admin/update.php?action=upload-plugin HTTP/1.1" 500 2765 "www.google.com" "Mozilla/5.0 (Windows NT 10.0; Win64; x64) AppleWebKit/537.36 (KHTML, like Gecko) Chrome/91.0.4472.124 Safari/537.36"
199.250.222.155 - - [10/Sep/2026:12:12:41 -0400] "POST /wp-cron.php?doing_wp_cron=1789056760.9333069324493408203125 HTTP/1.1" 200 - "-" "WordPress/7.1; https://hidalgoresidences.mx"
87.106.32.6 - - [10/Sep/2026:12:12:36 -0400] "GET /wp-admin/theme-editor.php?file=404.php HTTP/1.1" 200 779331 "www.google.com" "Mozilla/5.0 (Windows NT 10.0; Win64; x64) AppleWebKit/537.36 (KHTML, like Gecko) Chrome/91.0.4472.124 Safari/537.36"
199.250.222.155 - - [10/Sep/2026:12:16:16 -0400] "POST /wp-cron.php?doing_wp_cron=1789056976.2200839519500732421875 HTTP/1.1" 200 - "-" "WordPress/7.1; https://hidalgoresidences.mx"
87.106.32.6 - - [10/Sep/2026:12:16:14 -0400] "POST /wp-login.php HTTP/1.1" 200 10147 "https://hidalgoresidences.mx/wp-admin/" "Mozilla/5.0 (Windows NT 10.0; Win64; x64) AppleWebKit/537.36 (KHTML, like Gecko) Chrome/91.0.4472.124 Safari/537.36"
87.106.32.6 - - [10/Sep/2026:12:16:16 -0400] "GET /wp-admin/ HTTP/1.1" 200 498891 "www.google.com" "Mozilla/5.0 (Windows NT 10.0; Win64; x64) AppleWebKit/537.36 (KHTML, like Gecko) Chrome/91.0.4472.124 Safari/537.36"
199.250.222.155 - - [10/Sep/2026:12:26:34 -0400] "POST /wp-cron.php?doing_wp_cron=1789057594.8359639644622802734375 HTTP/1.1" 200 - "-" "WordPress/7.1; https://hidalgoresidences.mx"
87.106.32.6 - - [10/Sep/2026:12:26:33 -0400] "GET /wordpress/wp-login.php HTTP/1.1" 404 49817 "www.google.com" "Mozilla/5.0 (Windows NT 10.0; Win64; x64) AppleWebKit/537.36 (KHTML, like Gecko) Chrome/91.0.4472.124 Safari/537.36"
87.106.32.6 - - [10/Sep/2026:12:26:35 -0400] "GET /blog/wp-login.php HTTP/1.1" 404 49817 "www.google.com" "Mozilla/5.0 (Windows NT 10.0; Win64; x64) AppleWebKit/537.36 (KHTML, like Gecko) Chrome/91.0.4472.124 Safari/537.36"
87.106.32.6 - - [10/Sep/2026:12:26:36 -0400] "POST /wp-login.php HTTP/1.1" 200 10147 "https://hidalgoresidences.mx/wp-admin/" "Mozilla/5.0 (Windows NT 10.0; Win64; x64) AppleWebKit/537.36 (KHTML, like Gecko) Chrome/91.0.4472.124 Safari/537.36"
199.250.222.155 - - [10/Sep/2026:12:26:39 -0400] "GET /wp-json/wpml/v1/rest/status?test_get_parameter=1&cachebuster=1789057599 HTTP/1.1" 200 67 "-" "Mozilla/5.0 (Windows NT 10.0; Win64; x64) AppleWebKit/537.36 (KHTML, like Gecko) Chrome/120.0.0.0 Safari/537.36"
87.106.32.6 - - [10/Sep/2026:12:26:38 -0400] "GET /wp-admin/ HTTP/1.1" 200 498897 "www.google.com" "Mozilla/5.0 (Windows NT 10.0; Win64; x64) AppleWebKit/537.36 (KHTML, like Gecko) Chrome/91.0.4472.124 Safari/537.36"
74.7.228.28 - - [10/Sep/2026:12:26:45 -0400] "GET /robots.txt HTTP/1.1" 301 - "-" "Mozilla/5.0 (Macintosh; Intel Mac OS X 10_15_7) AppleWebKit/537.36 (KHTML, like Gecko) Chrome/131.0.0.0 Safari/537.36; compatible; OAI-SearchBot/1.4; robots.txt; +https://openai.com/searchbot"
199.250.222.155 - - [10/Sep/2026:12:50:05 -0400] "POST /wp-cron.php?doing_wp_cron=1789059005.2622809410095214843750 HTTP/1.1" 200 - "-" "WordPress/7.1; https://hidalgoresidences.mx"
104.28.232.199 - - [10/Sep/2026:12:50:04 -0400] "POST /xmlrpc.php HTTP/1.1" 200 416 "-" "Jetpack/13.0; WordPress/6.3; http://site18067473.com"
104.28.232.199 - - [10/Sep/2026:12:50:08 -0400] "POST /xmlrpc.php HTTP/1.1" 200 416 "-" "Jetpack by WordPress.com"
199.250.222.155 - - [10/Sep/2026:12:52:52 -0400] "POST /wp-cron.php?doing_wp_cron=1789059172.2589631080627441406250 HTTP/1.1" 200 - "-" "WordPress/7.1; https://hidalgoresidences.mx"
104.28.232.199 - - [10/Sep/2026:12:52:51 -0400] "POST /xmlrpc.php HTTP/1.1" 200 416 "-" "Jetpack by WordPress.com (Jetpack 12.0; WordPress 6.2)"
199.250.222.155 - - [10/Sep/2026:12:53:35 -0400] "POST /wp-cron.php?doing_wp_cron=1789059215.4615631103515625000000 HTTP/1.1" 200 - "-" "WordPress/7.1; https://hidalgoresidences.mx"
104.28.232.199 - - [10/Sep/2026:12:53:34 -0400] "POST /xmlrpc.php HTTP/1.1" 200 416 "-" "Jetpack/13.0; WordPress/6.1; http://site33239616.com"
104.28.232.199 - - [10/Sep/2026:12:53:52 -0400] "POST /xmlrpc.php HTTP/1.1" 406 300 "-" "WordPress.com; https://wordpress.com"
104.28.232.199 - - [10/Sep/2026:12:55:07 -0400] "POST /xmlrpc.php HTTP/1.1" 200 416 "-" "WordPress.com; https://wordpress.com"
199.250.222.155 - - [10/Sep/2026:12:55:08 -0400] "POST /wp-cron.php?doing_wp_cron=1789059308.4861400127410888671875 HTTP/1.1" 200 - "-" "WordPress/7.1; https://hidalgoresidences.mx"
199.250.222.155 - - [10/Sep/2026:12:57:19 -0400] "POST /wp-cron.php?doing_wp_cron=1789059439.5168409347534179687500 HTTP/1.1" 200 - "-" "WordPress/7.1; https://hidalgoresidences.mx"
104.28.232.199 - - [10/Sep/2026:12:57:18 -0400] "POST /xmlrpc.php HTTP/1.1" 200 416 "-" "Jetpack by WordPress.com (Jetpack 12.1; WordPress 6.4)"
199.250.222.155 - - [10/Sep/2026:13:07:26 -0400] "POST /wp-cron.php?doing_wp_cron=1789060046.3795590400695800781250 HTTP/1.1" 200 - "-" "WordPress/7.1; https://hidalgoresidences.mx"
104.28.232.199 - - [10/Sep/2026:13:07:25 -0400] "POST /xmlrpc.php HTTP/1.1" 200 416 "-" "Jetpack by WordPress.com (Jetpack 12.0; WordPress 6.3)"
199.250.222.155 - - [10/Sep/2026:13:13:59 -0400] "POST /wp-cron.php?doing_wp_cron=1789060439.3959550857543945312500 HTTP/1.1" 200 - "-" "WordPress/7.1; https://hidalgoresidences.mx"
104.28.232.199 - - [10/Sep/2026:13:13:58 -0400] "POST /xmlrpc.php HTTP/1.1" 200 416 "-" "WordPress.com; https://wordpress.com"
87.106.32.6 - - [10/Sep/2026:13:58:06 -0400] "GET /wp-includes/Text/jozgkbx/wqoeku1/owcjaxb/index.php HTTP/1.1" 200 12183 "-" "Mozilla/5.0 (Linux; Android 7.0; SM-G892A Build/NRD90M; wv) AppleWebKit/537.36 (KHTML, like Gecko) Version/4.0 Chrome/60.0.3112.107 Mobile Safari/537.36"
87.106.32.6 - - [10/Sep/2026:13:58:13 -0400] "GET /wp-includes/sitemaps/1ypmitg/wpglf1s/yvefrzi/index.php HTTP/1.1" 200 12267 "-" "Mozilla/5.0 (Linux; Android 7.0; SM-G892A Build/NRD90M; wv) AppleWebKit/537.36 (KHTML, like Gecko) Version/4.0 Chrome/60.0.3112.107 Mobile Safari/537.36"
199.250.222.155 - - [10/Sep/2026:15:07:52 -0400] "POST /wp-cron.php?doing_wp_cron=1789067271.8838849067687988281250 HTTP/1.1" 200 - "-" "WordPress/7.1; https://hidalgoresidences.mx"
98.84.70.201 - - [10/Sep/2026:15:07:50 -0400] "GET /robots.txt HTTP/1.1" 200 277 "-" "Mozilla/5.0 AppleWebKit/537.36 (KHTML, like Gecko; compatible; Amazonbot/0.1; +https://developer.amazon.com/support/amazonbot) Chrome/119.0.6045.214 Safari/537.36"
23.21.227.240 - - [10/Sep/2026:15:07:57 -0400] "GET /wp-content/plugins/elementor-pro/modules/table-of-contents/widgets/ HTTP/1.1" 200 1005 "-" "Mozilla/5.0 AppleWebKit/537.36 (KHTML, like Gecko; compatible; Amazonbot/0.1; +https://developer.amazon.com/support/amazonbot) Chrome/119.0.6045.214 Safari/537.36"
34.48.181.75 - - [10/Sep/2026:15:17:45 -0400] "GET /.git/config HTTP/1.1" 406 300 "-" "-"
199.250.222.155 - - [10/Sep/2026:15:22:19 -0400] "POST /wp-cron.php?doing_wp_cron=1789068139.7541129589080810546875 HTTP/1.1" 200 - "-" "WordPress/7.1; https://hidalgoresidences.mx/en/"
103.174.237.62 - - [10/Sep/2026:15:22:14 -0400] "GET /en/ HTTP/1.1" 200 282055 "-" "Mozilla/5.0 (Macintosh; Intel Mac OS X 15.4; rv:127.0) Gecko/20100101 Firefox/127.0"
137.131.43.163 - - [10/Sep/2026:15:27:55 -0400] "GET / HTTP/1.1" 200 301685 "-" "Mozilla/5.0 (Windows NT 10.0; Win64; x64) AppleWebKit/537.36 (KHTML, like Gecko) Chrome/80.0.3987.149 Safari/537.36"
137.131.43.163 - - [10/Sep/2026:15:28:00 -0400] "GET //wp-includes/wlwmanifest.xml HTTP/1.1" 301 - "-" "Mozilla/5.0 (Windows NT 10.0; Win64; x64) AppleWebKit/537.36 (KHTML, like Gecko) Chrome/80.0.3987.149 Safari/537.36"
137.131.43.163 - - [10/Sep/2026:15:28:01 -0400] "GET //xmlrpc.php?rsd HTTP/1.1" 200 834 "-" "Mozilla/5.0 (Windows NT 10.0; Win64; x64) AppleWebKit/537.36 (KHTML, like Gecko) Chrome/80.0.3987.149 Safari/537.36"
137.131.43.163 - - [10/Sep/2026:15:28:02 -0400] "GET //?author=1 HTTP/1.1" 301 - "-" "Mozilla/5.0 (Windows NT 10.0; Win64; x64) AppleWebKit/537.36 (KHTML, like Gecko) Chrome/80.0.3987.149 Safari/537.36"
137.131.43.163 - - [10/Sep/2026:15:28:03 -0400] "GET //?author=2 HTTP/1.1" 301 - "-" "Mozilla/5.0 (Windows NT 10.0; Win64; x64) AppleWebKit/537.36 (KHTML, like Gecko) Chrome/80.0.3987.149 Safari/537.36"
137.131.43.163 - - [10/Sep/2026:15:28:04 -0400] "GET //wp-json/wp/v2/users/ HTTP/1.1" 200 841 "-" "Mozilla/5.0 (Windows NT 10.0; Win64; x64) AppleWebKit/537.36 (KHTML, like Gecko) Chrome/80.0.3987.149 Safari/537.36"
199.250.222.155 - - [10/Sep/2026:15:28:07 -0400] "POST /wp-cron.php?doing_wp_cron=1789068487.0236909389495849609375 HTTP/1.1" 200 - "-" "WordPress/7.1; https://hidalgoresidences.mx"
137.131.43.163 - - [10/Sep/2026:15:28:05 -0400] "POST //xmlrpc.php HTTP/1.1" 200 403 "-" "Mozilla/5.0 (Windows NT 10.0; Win64; x64) AppleWebKit/537.36 (KHTML, like Gecko) Chrome/80.0.3987.149 Safari/537.36"
137.131.43.163 - - [10/Sep/2026:15:28:07 -0400] "POST //xmlrpc.php HTTP/1.1" 200 414 "-" "Mozilla/5.0 (Windows NT 10.0; Win64; x64) AppleWebKit/537.36 (KHTML, like Gecko) Chrome/80.0.3987.149 Safari/537.36"
137.131.43.163 - - [10/Sep/2026:15:28:08 -0400] "POST //xmlrpc.php HTTP/1.1" 200 403 "-" "Mozilla/5.0 (Windows NT 10.0; Win64; x64) AppleWebKit/537.36 (KHTML, like Gecko) Chrome/80.0.3987.149 Safari/537.36"
137.131.43.163 - - [10/Sep/2026:15:28:10 -0400] "POST //xmlrpc.php HTTP/1.1" 406 300 "-" "Mozilla/5.0 (Windows NT 10.0; Win64; x64) AppleWebKit/537.36 (KHTML, like Gecko) Chrome/80.0.3987.149 Safari/537.36"
3.214.176.44 - - [10/Sep/2026:15:33:06 -0400] "GET /wp-content/plugins/essential-addons-for-elementor-lite/assets/front-end/img/image-masking/?C=S;O%3DA HTTP/1.1" 200 1237 "-" "Mozilla/5.0 AppleWebKit/537.36 (KHTML, like Gecko; compatible; Amazonbot/0.1; +https://developer.amazon.com/support/amazonbot) Chrome/119.0.6045.214 Safari/537.36"
44.223.115.10 - - [10/Sep/2026:15:46:14 -0400] "GET /wp-content/plugins/essential-addons-for-elementor-lite/assets/front-end/img/image-masking/svg-shapes/quote.svg HTTP/1.1" 200 1404 "-" "Mozilla/5.0 AppleWebKit/537.36 (KHTML, like Gecko; compatible; Amazonbot/0.1; +https://developer.amazon.com/support/amazonbot) Chrome/119.0.6045.214 Safari/537.36"
23.21.228.180 - - [10/Sep/2026:15:47:46 -0400] "GET /wp-content/plugins/essential-addons-for-elementor-lite/assets/front-end/img/image-masking/svg-shapes/brash-3.svg HTTP/1.1" 200 9419 "-" "Mozilla/5.0 AppleWebKit/537.36 (KHTML, like Gecko; compatible; Amazonbot/0.1; +https://developer.amazon.com/support/amazonbot) Chrome/119.0.6045.214 Safari/537.36"
52.71.218.25 - - [10/Sep/2026:15:48:18 -0400] "GET /wp-content/plugins/elementor-pro/assets/js/packages/editor-site-navigation-extended/?C=N;O%3DA HTTP/1.1" 200 1682 "-" "Mozilla/5.0 AppleWebKit/537.36 (KHTML, like Gecko; compatible; Amazonbot/0.1; +https://developer.amazon.com/support/amazonbot) Chrome/119.0.6045.214 Safari/537.36"
52.203.152.231 - - [10/Sep/2026:15:48:22 -0400] "GET /wp-content/plugins/elementor/core/settings/editor-preferences/?C=S;O%3DD HTTP/1.1" 200 1146 "-" "Mozilla/5.0 AppleWebKit/537.36 (KHTML, like Gecko; compatible; Amazonbot/0.1; +https://developer.amazon.com/support/amazonbot) Chrome/119.0.6045.214 Safari/537.36"
54.147.238.89 - - [10/Sep/2026:15:48:26 -0400] "GET /wp-content/plugins/elementor/core/settings/general/?C=D;O%3DD HTTP/1.1" 200 1124 "-" "Mozilla/5.0 AppleWebKit/537.36 (KHTML, like Gecko; compatible; Amazonbot/0.1; +https://developer.amazon.com/support/amazonbot) Chrome/119.0.6045.214 Safari/537.36"
114.119.145.169 - - [10/Sep/2026:15:49:20 -0400] "GET / HTTP/1.1" 200 301974 "http://hidalgoresidences.mx/" "Mozilla/5.0 (Linux; Android 7.0;) AppleWebKit/537.36 (HTML, like Gecko) Mobile Safari/537.36 (compatible; PetalBot;+https://webmaster.petalsearch.com/site/petalbot)"
199.250.222.155 - - [10/Sep/2026:15:50:43 -0400] "POST /wp-cron.php?doing_wp_cron=1789069843.4326798915863037109375 HTTP/1.1" 200 - "-" "WordPress/7.1; https://hidalgoresidences.mx/en/"
193.24.123.94 - - [10/Sep/2026:15:50:42 -0400] "GET /wp-login.php?wp_lang=en_US HTTP/1.1" 200 6922 "https://hidalgoresidences.mx/wp-login.php" "Mozilla/5.0 (Windows NT 10.0; Win64; x64; rv:141.0) Gecko/20100101 Firefox/141.0"
193.24.123.94 - - [10/Sep/2026:15:50:43 -0400] "POST /wp-login.php?wp_lang=en_US HTTP/1.1" 406 300 "https://hidalgoresidences.mx/wp-login.php" "Mozilla/5.0 (Windows NT 10.0; Win64; x64; rv:141.0) Gecko/20100101 Firefox/141.0"
92.100.176.81 - - [10/Sep/2026:15:50:45 -0400] "POST /wp-login.php?wp_lang=en_US HTTP/1.1" 406 300 "https://hidalgoresidences.mx/wp-login.php" "Mozilla/5.0 (Windows NT 10.0; Win64; x64; rv:141.0) Gecko/20100101 Firefox/141.0"
92.100.212.130 - - [10/Sep/2026:15:50:46 -0400] "POST /wp-login.php?wp_lang=en_US HTTP/1.1" 406 300 "https://hidalgoresidences.mx/wp-login.php" "Mozilla/5.0 (Windows NT 10.0; Win64; x64; rv:141.0) Gecko/20100101 Firefox/141.0"
122.187.227.139 - - [10/Sep/2026:15:51:07 -0400] "POST /wp-login.php?wp_lang=en_US HTTP/1.1" 406 300 "https://hidalgoresidences.mx/wp-login.php" "Mozilla/5.0 (Windows NT 10.0; Win64; x64; rv:141.0) Gecko/20100101 Firefox/141.0"
78.37.170.249 - - [10/Sep/2026:15:51:09 -0400] "POST /wp-login.php?wp_lang=en_US HTTP/1.1" 406 300 "https://hidalgoresidences.mx/wp-login.php" "Mozilla/5.0 (Windows NT 10.0; Win64; x64; rv:141.0) Gecko/20100101 Firefox/141.0"
199.250.222.155 - - [10/Sep/2026:15:51:29 -0400] "POST /wp-cron.php?doing_wp_cron=1789069889.2554750442504882812500 HTTP/1.1" 200 - "-" "WordPress/7.1; https://hidalgoresidences.mx"
193.24.123.94 - - [10/Sep/2026:15:51:28 -0400] "GET /xmlrpc.php HTTP/1.1" 405 42 "https://hidalgoresidences.mx/xmlrpc.php" "Mozilla/5.0 (Windows NT 10.0; Win64; x64; rv:141.0) Gecko/20100101 Firefox/141.0"
193.24.123.94 - - [10/Sep/2026:15:51:29 -0400] "POST /xmlrpc.php HTTP/1.1" 200 416 "https://hidalgoresidences.mx/xmlrpc.php" "Mozilla/5.0 (Windows NT 10.0; Win64; x64; rv:141.0) Gecko/20100101 Firefox/141.0"
107.21.1.152 - - [10/Sep/2026:16:04:25 -0400] "GET /.env HTTP/1.1" 406 300 "-" "Mozilla/5.0 (Macintosh; Intel Mac OS X 10_15_7) AppleWebKit/537.36 (KHTML, like Gecko) Chrome/142.0.0.0 Safari/537.36"
195.178.110.22 - - [10/Sep/2026:16:09:40 -0400] "GET / HTTP/1.1" 401 36 "-" "Mozilla/5.0 (Macintosh; Intel Mac OS X 10_15_7) AppleWebKit/537.36 (KHTML, like Gecko) Chrome/120.0.0.0 Safari/537.36"
1.13.158.23 - - [10/Sep/2026:16:19:47 -0400] "GET / HTTP/1.1" 200 301971 "http://hidalgoresidences.mx" "Mozilla/5.0 (iPhone; CPU iPhone OS 13_2_3 like Mac OS X) AppleWebKit/605.1.15 (KHTML, like Gecko) Version/13.0.3 Mobile/15E148 Safari/604.1"
18.211.148.239 - - [10/Sep/2026:16:24:02 -0400] "GET /wp-content/plugins/essential-addons-for-elementor-lite/assets/front-end/img/image-masking/svg-shapes/oval.svg HTTP/1.1" 200 222 "-" "Mozilla/5.0 AppleWebKit/537.36 (KHTML, like Gecko; compatible; Amazonbot/0.1; +https://developer.amazon.com/support/amazonbot) Chrome/119.0.6045.214 Safari/537.36"
101.33.81.73 - - [10/Sep/2026:16:24:58 -0400] "GET /xmlrpc.php?rsd HTTP/1.1" 200 834 "-" "Mozilla/5.0 (iPhone; CPU iPhone OS 13_2_3 like Mac OS X) AppleWebKit/605.1.15 (KHTML, like Gecko) Version/13.0.3 Mobile/15E148 Safari/604.1"
199.250.222.155 - - [10/Sep/2026:16:27:50 -0400] "POST /wp-cron.php?doing_wp_cron=1789072070.0056519508361816406250 HTTP/1.1" 200 - "-" "WordPress/7.1; https://hidalgoresidences.mx"
40.77.167.9 - - [10/Sep/2026:16:27:47 -0400] "GET / HTTP/1.1" 200 301685 "-" "Mozilla/5.0 AppleWebKit/537.36 (KHTML, like Gecko; compatible; bingbot/2.0; +http://www.bing.com/bingbot.htm) Chrome/116.0.1938.76 Safari/537.36"
199.250.222.155 - - [10/Sep/2026:16:30:38 -0400] "POST /wp-cron.php?doing_wp_cron=1789072238.5816869735717773437500 HTTP/1.1" 200 - "-" "WordPress/7.1; https://hidalgoresidences.mx"
129.146.99.47 - - [10/Sep/2026:16:30:36 -0400] "GET / HTTP/1.1" 200 301394 "-" "Mozilla/5.0 (Macintosh; Intel Mac OS X 10_15_7) AppleWebKit/605.1.15 (KHTML, like Gecko) Version/17.1 Safari/605.1.15"
129.146.99.47 - - [10/Sep/2026:16:30:38 -0400] "POST /wp-json/batch/v1 HTTP/1.1" 207 16 "-" "Mozilla/5.0 (Windows NT 10.0; Win64; x64) AppleWebKit/537.36 (KHTML, like Gecko) Chrome/112.0.0.0 Safari/537.36"
129.146.99.47 - - [10/Sep/2026:16:30:40 -0400] "POST /?rest_route=/batch/v1 HTTP/1.1" 207 16 "-" "Mozilla/5.0 (Windows NT 10.0; Win64; x64) AppleWebKit/537.36 (KHTML, like Gecko) Chrome/112.0.0.0 Safari/537.36"
129.146.99.47 - - [10/Sep/2026:16:30:41 -0400] "POST /?rest_route=/batch/v1 HTTP/1.1" 207 501 "-" "Mozilla/5.0 (Windows NT 10.0; Win64; x64) AppleWebKit/537.36 (KHTML, like Gecko) Chrome/112.0.0.0 Safari/537.36"
193.180.223.15 - - [10/Sep/2026:16:35:18 -0400] "GET / HTTP/1.1" 200 301613 "http://hidalgoresidences.mx/" "Mozilla/5.0 (Windows NT 6.3; Win64; x64; rv:109.0) Gecko/20100101 Firefox/115"
193.183.124.172 - - [10/Sep/2026:16:35:20 -0400] "GET /aviso-de-privacidad HTTP/1.1" 301 - "-" "Mozilla/5.0 (Windows NT 6.3; Win64; x64; rv:109.0) Gecko/20100101 Firefox/115"
192.71.10.227 - - [10/Sep/2026:16:35:22 -0400] "GET /aviso-de-privacidad/ HTTP/1.1" 200 99012 "https://hidalgoresidences.mx/aviso-de-privacidad" "Mozilla/5.0 (Windows NT 6.3; Win64; x64; rv:109.0) Gecko/20100101 Firefox/115"
83.140.221.110 - - [10/Sep/2026:16:35:24 -0400] "GET /en/privacy-notice/ HTTP/1.1" 200 96203 "-" "Mozilla/5.0 (Windows NT 6.3; Win64; x64; rv:109.0) Gecko/20100101 Firefox/115"
5.133.219.53 - - [10/Sep/2026:16:35:27 -0400] "GET /en/?page_id=1637 HTTP/1.1" 301 - "-" "Mozilla/5.0 (Windows NT 6.3; Win64; x64; rv:109.0) Gecko/20100101 Firefox/115"
194.14.223.72 - - [10/Sep/2026:16:35:28 -0400] "GET /en/privacy-notice/ HTTP/1.1" 200 96203 "https://hidalgoresidences.mx/en/?page_id=1637" "Mozilla/5.0 (Windows NT 6.3; Win64; x64; rv:109.0) Gecko/20100101 Firefox/115"
34.236.185.101 - - [10/Sep/2026:16:46:22 -0400] "GET /wp-content/plugins/elementor-pro/assets/js/packages/editor-controls-extended/?C=S;O%3DD HTTP/1.1" 200 1640 "-" "Mozilla/5.0 AppleWebKit/537.36 (KHTML, like Gecko; compatible; Amazonbot/0.1; +https://developer.amazon.com/support/amazonbot) Chrome/119.0.6045.214 Safari/537.36"
62.113.113.162 - - [10/Sep/2026:16:47:30 -0400] "GET / HTTP/1.0" 200 301772 "https://hidalgoresidences.mx/" "Mozilla/5.0 (Windows NT 10.0; Win64; x64) AppleWebKit/537.36 (KHTML, like Gecko) Chrome/130.0.0.0 Safari/537.36 CCleaner/130.0.0.0"
62.113.113.162 - - [10/Sep/2026:16:47:37 -0400] "POST /wp-admin/admin-ajax.php HTTP/1.0" 200 210 "https://hidalgoresidences.mx/" "Mozilla/5.0 (Windows NT 10.0; Win64; x64) AppleWebKit/537.36 (KHTML, like Gecko) Chrome/130.0.0.0 Safari/537.36 CCleaner/130.0.0.0"
199.250.222.155 - - [10/Sep/2026:16:48:24 -0400] "POST /wp-cron.php?doing_wp_cron=1789073304.5687398910522460937500 HTTP/1.1" 200 - "-" "WordPress/7.1; https://hidalgoresidences.mx"
91.202.233.61 - - [10/Sep/2026:16:48:22 -0400] "GET / HTTP/1.1" 200 301685 "-" "Mozilla/5.0 (Windows NT 10.0; Win64; x64) AppleWebKit/537.36 (KHTML, like Gecko) Chrome/131.0.0.0 Safari/537.36"
91.202.233.61 - - [10/Sep/2026:16:48:25 -0400] "GET /wp-json/wp/v2/users?context=edit&per_page=100 HTTP/1.1" 401 119 "-" "Mozilla/5.0 (Windows NT 10.0; Win64; x64) AppleWebKit/537.36 (KHTML, like Gecko) Chrome/131.0.0.0 Safari/537.36"
87.106.32.6 - - [10/Sep/2026:16:55:49 -0400] "GET /hyejtodw.php HTTP/1.1" 200 68 "-" "Mozilla/5.0 (X11; Ubuntu; Linux x86_64; rv:118.0.2) Gecko/20100101 Firefox/118.0.2"
199.250.222.155 - - [10/Sep/2026:16:55:51 -0400] "GET /wp-includes/rest-api/z1lpdnx/xetwmhu/gqbstuh/index.php?pass=KQINyF3ZcOo HTTP/1.1" 200 5726 "-" "Mozilla/5.0 (Macintosh; Intel Mac OS X 13_6_1) AppleWebKit/605.1.15 (KHTML, like Gecko) Version/17.2.1 Safari/605.1.15"
87.106.32.6 - - [10/Sep/2026:16:55:50 -0400] "GET /hyejtodw.php?action=a4752555d405d233f2771667e2f2a72607e277660333f6 HTTP/1.1" 200 503 "-" "Mozilla/5.0 (Macintosh; Intel Mac OS X 13_6_1) AppleWebKit/605.1.15 (KHTML, like Gecko) Version/17.2.1 Safari/605.1.15"
87.106.32.6 - - [10/Sep/2026:16:55:51 -0400] "GET /hyejtodw.php?action=84d454352485d243f2771667e2f2a72607e277660333f6 HTTP/1.1" 200 6915 "-" "Mozilla/5.0 (Windows NT 10.0; Win64; x64) AppleWebKit/537.36 (KHTML, like Gecko) Chrome/121.0.0.0 Safari/537.36 Edg/121.0.2277.83"
199.250.222.155 - - [10/Sep/2026:16:57:14 -0400] "POST /wp-cron.php?doing_wp_cron=1789073834.7849609851837158203125 HTTP/1.1" 200 - "-" "WordPress/7.1; https://hidalgoresidences.mx"
149.19.168.210 - - [10/Sep/2026:16:57:15 -0400] "GET /wp-content/plugins/revslider/public/assets/css/rs6.css?ver=6.1.3 HTTP/1.1" 200 56342 "https://hidalgoresidences.mx/" "Mozilla/5.0 (Linux; Android 10; K) AppleWebKit/537.36 (KHTML, like Gecko) Chrome/153.0.0.0 Mobile Safari/537.36"
149.19.168.210 - - [10/Sep/2026:16:57:15 -0400] "GET /wp-content/plugins/sitepress-multilingual-cms/templates/language-switchers/legacy-list-horizontal/style.min.css?ver=1 HTTP/1.1" 200 906 "https://hidalgoresidences.mx/" "Mozilla/5.0 (Linux; Android 10; K) AppleWebKit/537.36 (KHTML, like Gecko) Chrome/153.0.0.0 Mobile Safari/537.36"
149.19.168.210 - - [10/Sep/2026:16:57:15 -0400] "GET /wp-content/themes/Bridge100/bridge/css/font-awesome/css/font-awesome.min.css?ver=7.1 HTTP/1.1" 200 31000 "https://hidalgoresidences.mx/" "Mozilla/5.0 (Linux; Android 10; K) AppleWebKit/537.36 (KHTML, like Gecko) Chrome/153.0.0.0 Mobile Safari/537.36"
149.19.168.210 - - [10/Sep/2026:16:57:15 -0400] "GET /wp-content/themes/Bridge100/bridge/style.css?ver=7.1 HTTP/1.1" 200 555 "https://hidalgoresidences.mx/" "Mozilla/5.0 (Linux; Android 10; K) AppleWebKit/537.36 (KHTML, like Gecko) Chrome/153.0.0.0 Mobile Safari/537.36"
149.19.168.210 - - [10/Sep/2026:16:57:15 -0400] "GET /wp-content/plugins/sitepress-multilingual-cms/templates/language-switchers/menu-item/style.min.css?ver=1 HTTP/1.1" 200 258 "https://hidalgoresidences.mx/" "Mozilla/5.0 (Linux; Android 10; K) AppleWebKit/537.36 (KHTML, like Gecko) Chrome/153.0.0.0 Mobile Safari/537.36"
149.19.168.210 - - [10/Sep/2026:16:57:15 -0400] "GET /wp-content/themes/Bridge100/bridge/css/elegant-icons/style.min.css?ver=7.1 HTTP/1.1" 200 21769 "https://hidalgoresidences.mx/" "Mozilla/5.0 (Linux; Android 10; K) AppleWebKit/537.36 (KHTML, like Gecko) Chrome/153.0.0.0 Mobile Safari/537.36"
149.19.168.210 - - [10/Sep/2026:16:57:15 -0400] "GET /wp-content/themes/Bridge100/bridge/css/linea-icons/style.css?ver=7.1 HTTP/1.1" 200 78080 "https://hidalgoresidences.mx/" "Mozilla/5.0 (Linux; Android 10; K) AppleWebKit/537.36 (KHTML, like Gecko) Chrome/153.0.0.0 Mobile Safari/537.36"
149.19.168.210 - - [10/Sep/2026:16:57:15 -0400] "GET /wp-content/themes/Bridge100/bridge/css/dripicons/dripicons.css?ver=7.1 HTTP/1.1" 200 11546 "https://hidalgoresidences.mx/" "Mozilla/5.0 (Linux; Android 10; K) AppleWebKit/537.36 (KHTML, like Gecko) Chrome/153.0.0.0 Mobile Safari/537.36"
149.19.168.210 - - [10/Sep/2026:16:57:16 -0400] "GET /wp-content/themes/Bridge100/bridge/css/print.css?ver=7.1 HTTP/1.1" 200 611 "https://hidalgoresidences.mx/" "Mozilla/5.0 (Linux; Android 10; K) AppleWebKit/537.36 (KHTML, like Gecko) Chrome/153.0.0.0 Mobile Safari/537.36"
149.19.168.210 - - [10/Sep/2026:16:57:16 -0400] "GET /wp-content/themes/Bridge100/bridge/css/webkit_stylesheet.css?ver=7.1 HTTP/1.1" 200 43 "https://hidalgoresidences.mx/" "Mozilla/5.0 (Linux; Android 10; K) AppleWebKit/537.36 (KHTML, like Gecko) Chrome/153.0.0.0 Mobile Safari/537.36"
149.19.168.210 - - [10/Sep/2026:16:57:16 -0400] "GET /wp-content/themes/Bridge100/bridge/css/style_dynamic_responsive.css?ver=1710370923 HTTP/1.1" 200 627 "https://hidalgoresidences.mx/" "Mozilla/5.0 (Linux; Android 10; K) AppleWebKit/537.36 (KHTML, like Gecko) Chrome/153.0.0.0 Mobile Safari/537.36"
149.19.168.210 - - [10/Sep/2026:16:57:16 -0400] "GET /wp-content/themes/Bridge100/bridge/css/style_dynamic.css?ver=1710370923 HTTP/1.1" 200 9414 "https://hidalgoresidences.mx/" "Mozilla/5.0 (Linux; Android 10; K) AppleWebKit/537.36 (KHTML, like Gecko) Chrome/153.0.0.0 Mobile Safari/537.36"
149.19.168.210 - - [10/Sep/2026:16:57:16 -0400] "GET /wp-content/themes/Bridge100/bridge/css/stylesheet.min.css?ver=7.1 HTTP/1.1" 200 701951 "https://hidalgoresidences.mx/" "Mozilla/5.0 (Linux; Android 10; K) AppleWebKit/537.36 (KHTML, like Gecko) Chrome/153.0.0.0 Mobile Safari/537.36"
149.19.168.210 - - [10/Sep/2026:16:57:16 -0400] "GET /wp-content/themes/Bridge100/bridge/css/custom_css.css?ver=1710370923 HTTP/1.1" 200 2 "https://hidalgoresidences.mx/" "Mozilla/5.0 (Linux; Android 10; K) AppleWebKit/537.36 (KHTML, like Gecko) Chrome/153.0.0.0 Mobile Safari/537.36"
149.19.168.210 - - [10/Sep/2026:16:57:16 -0400] "GET /wp-content/plugins/elementor/assets/css/frontend.min.css?ver=4.2.4 HTTP/1.1" 200 54666 "https://hidalgoresidences.mx/" "Mozilla/5.0 (Linux; Android 10; K) AppleWebKit/537.36 (KHTML, like Gecko) Chrome/153.0.0.0 Mobile Safari/537.36"
149.19.168.210 - - [10/Sep/2026:16:57:16 -0400] "GET /wp-content/themes/Bridge100/bridge/css/responsive.min.css?ver=7.1 HTTP/1.1" 200 121013 "https://hidalgoresidences.mx/" "Mozilla/5.0 (Linux; Android 10; K) AppleWebKit/537.36 (KHTML, like Gecko) Chrome/153.0.0.0 Mobile Safari/537.36"
149.19.168.210 - - [10/Sep/2026:16:57:16 -0400] "GET /wp-content/plugins/essential-addons-for-elementor-lite/assets/front-end/css/view/general.min.css?ver=6.8.3 HTTP/1.1" 200 7746 "https://hidalgoresidences.mx/" "Mozilla/5.0 (Linux; Android 10; K) AppleWebKit/537.36 (KHTML, like Gecko) Chrome/153.0.0.0 Mobile Safari/537.36"
149.19.168.210 - - [10/Sep/2026:16:57:16 -0400] "GET /wp-content/uploads/essential-addons-elementor/eael-430.css?ver=1788838814 HTTP/1.1" 200 9837 "https://hidalgoresidences.mx/" "Mozilla/5.0 (Linux; Android 10; K) AppleWebKit/537.36 (KHTML, like Gecko) Chrome/153.0.0.0 Mobile Safari/537.36"
149.19.168.210 - - [10/Sep/2026:16:57:16 -0400] "GET /wp-content/plugins/elementor/assets/lib/eicons/css/elementor-icons.min.css?ver=5.53.0 HTTP/1.1" 200 22258 "https://hidalgoresidences.mx/" "Mozilla/5.0 (Linux; Android 10; K) AppleWebKit/537.36 (KHTML, like Gecko) Chrome/153.0.0.0 Mobile Safari/537.36"
149.19.168.210 - - [10/Sep/2026:16:57:16 -0400] "GET /wp-content/uploads/elementor/css/post-433.css?ver=1789068476 HTTP/1.1" 200 1229 "https://hidalgoresidences.mx/" "Mozilla/5.0 (Linux; Android 10; K) AppleWebKit/537.36 (KHTML, like Gecko) Chrome/153.0.0.0 Mobile Safari/537.36"
149.19.168.210 - - [10/Sep/2026:16:57:16 -0400] "GET /wp-content/plugins/elementor-pro/assets/css/widget-nav-menu.min.css?ver=3.32.2 HTTP/1.1" 200 27364 "https://hidalgoresidences.mx/" "Mozilla/5.0 (Linux; Android 10; K) AppleWebKit/537.36 (KHTML, like Gecko) Chrome/153.0.0.0 Mobile Safari/537.36"
149.19.168.210 - - [10/Sep/2026:16:57:16 -0400] "GET /wp-content/plugins/elementor/assets/css/widget-image.min.css?ver=4.2.4 HTTP/1.1" 200 214 "https://hidalgoresidences.mx/" "Mozilla/5.0 (Linux; Android 10; K) AppleWebKit/537.36 (KHTML, like Gecko) Chrome/153.0.0.0 Mobile Safari/537.36"
149.19.168.210 - - [10/Sep/2026:16:57:16 -0400] "GET /wp-content/plugins/elementor/assets/lib/animations/styles/e-animation-grow.min.css?ver=4.2.4 HTTP/1.1" 200 198 "https://hidalgoresidences.mx/" "Mozilla/5.0 (Linux; Android 10; K) AppleWebKit/537.36 (KHTML, like Gecko) Chrome/153.0.0.0 Mobile Safari/537.36"
149.19.168.210 - - [10/Sep/2026:16:57:16 -0400] "GET /wp-content/plugins/elementor/assets/lib/animations/styles/fadeIn.min.css?ver=4.2.4 HTTP/1.1" 200 77 "https://hidalgoresidences.mx/" "Mozilla/5.0 (Linux; Android 10; K) AppleWebKit/537.36 (KHTML, like Gecko) Chrome/153.0.0.0 Mobile Safari/537.36"
149.19.168.210 - - [10/Sep/2026:16:57:16 -0400] "GET /wp-content/plugins/elementor-pro/assets/css/modules/motion-fx.min.css?ver=3.32.2 HTTP/1.1" 200 778 "https://hidalgoresidences.mx/" "Mozilla/5.0 (Linux; Android 10; K) AppleWebKit/537.36 (KHTML, like Gecko) Chrome/153.0.0.0 Mobile Safari/537.36"
149.19.168.210 - - [10/Sep/2026:16:57:12 -0400] "GET / HTTP/1.1" 200 301797 "https://www.google.com/" "Mozilla/5.0 (Linux; Android 10; K) AppleWebKit/537.36 (KHTML, like Gecko) Chrome/153.0.0.0 Mobile Safari/537.36"
149.19.168.210 - - [10/Sep/2026:16:57:16 -0400] "GET /wp-content/plugins/elementor/assets/css/widget-divider.min.css?ver=4.2.4 HTTP/1.1" 200 4258 "https://hidalgoresidences.mx/" "Mozilla/5.0 (Linux; Android 10; K) AppleWebKit/537.36 (KHTML, like Gecko) Chrome/153.0.0.0 Mobile Safari/537.36"
149.19.168.210 - - [10/Sep/2026:16:57:16 -0400] "GET /wp-content/plugins/elementor/assets/css/widget-heading.min.css?ver=4.2.4 HTTP/1.1" 200 560 "https://hidalgoresidences.mx/" "Mozilla/5.0 (Linux; Android 10; K) AppleWebKit/537.36 (KHTML, like Gecko) Chrome/153.0.0.0 Mobile Safari/537.36"
149.19.168.210 - - [10/Sep/2026:16:57:16 -0400] "GET /wp-content/plugins/elementor/assets/css/widget-spacer.min.css?ver=4.2.4 HTTP/1.1" 200 1793 "https://hidalgoresidences.mx/" "Mozilla/5.0 (Linux; Android 10; K) AppleWebKit/537.36 (KHTML, like Gecko) Chrome/153.0.0.0 Mobile Safari/537.36"
149.19.168.210 - - [10/Sep/2026:16:57:16 -0400] "GET /wp-content/plugins/elementor-pro/assets/css/widget-flip-box.min.css?ver=3.32.2 HTTP/1.1" 200 8981 "https://hidalgoresidences.mx/" "Mozilla/5.0 (Linux; Android 10; K) AppleWebKit/537.36 (KHTML, like Gecko) Chrome/153.0.0.0 Mobile Safari/537.36"
149.19.168.210 - - [10/Sep/2026:16:57:16 -0400] "GET /wp-content/plugins/elementor/assets/css/widget-google_maps.min.css?ver=4.2.4 HTTP/1.1" 200 261 "https://hidalgoresidences.mx/" "Mozilla/5.0 (Linux; Android 10; K) AppleWebKit/537.36 (KHTML, like Gecko) Chrome/153.0.0.0 Mobile Safari/537.36"
149.19.168.210 - - [10/Sep/2026:16:57:16 -0400] "GET /wp-content/plugins/elementor/assets/css/widget-icon-list.min.css?ver=4.2.4 HTTP/1.1" 200 10255 "https://hidalgoresidences.mx/" "Mozilla/5.0 (Linux; Android 10; K) AppleWebKit/537.36 (KHTML, like Gecko) Chrome/153.0.0.0 Mobile Safari/537.36"
149.19.168.210 - - [10/Sep/2026:16:57:16 -0400] "GET /wp-content/plugins/elementor/assets/css/conditionals/apple-webkit.min.css?ver=4.2.4 HTTP/1.1" 200 6713 "https://hidalgoresidences.mx/" "Mozilla/5.0 (Linux; Android 10; K) AppleWebKit/537.36 (KHTML, like Gecko) Chrome/153.0.0.0 Mobile Safari/537.36"
149.19.168.210 - - [10/Sep/2026:16:57:16 -0400] "GET /wp-content/plugins/elementor/assets/css/widget-social-icons.min.css?ver=4.2.4 HTTP/1.1" 200 5110 "https://hidalgoresidences.mx/" "Mozilla/5.0 (Linux; Android 10; K) AppleWebKit/537.36 (KHTML, like Gecko) Chrome/153.0.0.0 Mobile Safari/537.36"
149.19.168.210 - - [10/Sep/2026:16:57:16 -0400] "GET /wp-content/plugins/wpforms/assets/css/frontend/classic/wpforms-full.min.css?ver=1.9.8.2 HTTP/1.1" 200 115103 "https://hidalgoresidences.mx/" "Mozilla/5.0 (Linux; Android 10; K) AppleWebKit/537.36 (KHTML, like Gecko) Chrome/153.0.0.0 Mobile Safari/537.36"
149.19.168.210 - - [10/Sep/2026:16:57:16 -0400] "GET /wp-content/uploads/elementor/google-fonts/css/robotoslab.css?ver=1749143517 HTTP/1.1" 200 23814 "https://hidalgoresidences.mx/" "Mozilla/5.0 (Linux; Android 10; K) AppleWebKit/537.36 (KHTML, like Gecko) Chrome/153.0.0.0 Mobile Safari/537.36"
149.19.168.210 - - [10/Sep/2026:16:57:16 -0400] "GET /wp-content/uploads/elementor/google-fonts/css/montserrat.css?ver=1749143528 HTTP/1.1" 200 36162 "https://hidalgoresidences.mx/" "Mozilla/5.0 (Linux; Android 10; K) AppleWebKit/537.36 (KHTML, like Gecko) Chrome/153.0.0.0 Mobile Safari/537.36"
149.19.168.210 - - [10/Sep/2026:16:57:16 -0400] "GET /wp-content/uploads/elementor/google-fonts/css/roboto.css?ver=1749143511 HTTP/1.1" 200 104490 "https://hidalgoresidences.mx/" "Mozilla/5.0 (Linux; Android 10; K) AppleWebKit/537.36 (KHTML, like Gecko) Chrome/153.0.0.0 Mobile Safari/537.36"
149.19.168.210 - - [10/Sep/2026:16:57:17 -0400] "GET /wp-content/plugins/elementor/assets/lib/font-awesome/css/fontawesome.min.css?ver=5.15.3 HTTP/1.1" 200 58071 "https://hidalgoresidences.mx/" "Mozilla/5.0 (Linux; Android 10; K) AppleWebKit/537.36 (KHTML, like Gecko) Chrome/153.0.0.0 Mobile Safari/537.36"
149.19.168.210 - - [10/Sep/2026:16:57:17 -0400] "GET /wp-content/plugins/elementor/assets/lib/font-awesome/css/solid.min.css?ver=5.15.3 HTTP/1.1" 200 669 "https://hidalgoresidences.mx/" "Mozilla/5.0 (Linux; Android 10; K) AppleWebKit/537.36 (KHTML, like Gecko) Chrome/153.0.0.0 Mobile Safari/537.36"
149.19.168.210 - - [10/Sep/2026:16:57:17 -0400] "GET /wp-includes/js/jquery/jquery-migrate.min.js?ver=3.4.1 HTTP/1.1" 200 13577 "https://hidalgoresidences.mx/" "Mozilla/5.0 (Linux; Android 10; K) AppleWebKit/537.36 (KHTML, like Gecko) Chrome/153.0.0.0 Mobile Safari/537.36"
149.19.168.210 - - [10/Sep/2026:16:57:17 -0400] "GET /wp-content/plugins/elementor/assets/lib/font-awesome/css/brands.min.css?ver=5.15.3 HTTP/1.1" 200 675 "https://hidalgoresidences.mx/" "Mozilla/5.0 (Linux; Android 10; K) AppleWebKit/537.36 (KHTML, like Gecko) Chrome/153.0.0.0 Mobile Safari/537.36"
149.19.168.210 - - [10/Sep/2026:16:57:17 -0400] "GET /wp-includes/js/jquery/jquery.min.js?ver=3.7.1 HTTP/1.1" 200 87553 "https://hidalgoresidences.mx/" "Mozilla/5.0 (Linux; Android 10; K) AppleWebKit/537.36 (KHTML, like Gecko) Chrome/153.0.0.0 Mobile Safari/537.36"
149.19.168.210 - - [10/Sep/2026:16:57:17 -0400] "GET /wp-content/plugins/revslider/public/assets/js/revolution.tools.min.js?ver=6.0 HTTP/1.1" 200 150554 "https://hidalgoresidences.mx/" "Mozilla/5.0 (Linux; Android 10; K) AppleWebKit/537.36 (KHTML, like Gecko) Chrome/153.0.0.0 Mobile Safari/537.36"
149.19.168.210 - - [10/Sep/2026:16:57:17 -0400] "GET /wp-content/uploads/2017/11/logo1.png HTTP/1.1" 200 4604 "https://hidalgoresidences.mx/" "Mozilla/5.0 (Linux; Android 10; K) AppleWebKit/537.36 (KHTML, like Gecko) Chrome/153.0.0.0 Mobile Safari/537.36"
149.19.168.210 - - [10/Sep/2026:16:57:17 -0400] "GET /wp-content/themes/Bridge100/bridge/img/logo_black.png HTTP/1.1" 200 5208 "https://hidalgoresidences.mx/" "Mozilla/5.0 (Linux; Android 10; K) AppleWebKit/537.36 (KHTML, like Gecko) Chrome/153.0.0.0 Mobile Safari/537.36"
149.19.168.210 - - [10/Sep/2026:16:57:17 -0400] "GET /wp-content/uploads/2024/05/VentaEspecial_PNSL_24-Web_Hidalgo-1536x864.png HTTP/1.1" 200 498999 "https://hidalgoresidences.mx/" "Mozilla/5.0 (Linux; Android 10; K) AppleWebKit/537.36 (KHTML, like Gecko) Chrome/153.0.0.0 Mobile Safari/537.36"
149.19.168.210 - - [10/Sep/2026:16:57:17 -0400] "GET /wp-content/uploads/2017/11/logo.png HTTP/1.1" 200 5001 "https://hidalgoresidences.mx/" "Mozilla/5.0 (Linux; Android 10; K) AppleWebKit/537.36 (KHTML, like Gecko) Chrome/153.0.0.0 Mobile Safari/537.36"
149.19.168.210 - - [10/Sep/2026:16:57:17 -0400] "GET /wp-content/plugins/wpforms/assets/pro/css/fields/phone/intl-tel-input.min.css?ver=25.3.1 HTTP/1.1" 200 75675 "https://hidalgoresidences.mx/" "Mozilla/5.0 (Linux; Android 10; K) AppleWebKit/537.36 (KHTML, like Gecko) Chrome/153.0.0.0 Mobile Safari/537.36"
149.19.168.210 - - [10/Sep/2026:16:57:16 -0400] "GET /wp-content/uploads/elementor/css/post-430.css?ver=1789068478 HTTP/1.1" 200 220770 "https://hidalgoresidences.mx/" "Mozilla/5.0 (Linux; Android 10; K) AppleWebKit/537.36 (KHTML, like Gecko) Chrome/153.0.0.0 Mobile Safari/537.36"
149.19.168.210 - - [10/Sep/2026:16:57:17 -0400] "GET /wp-content/themes/Bridge100/bridge/js/plugins/qode-like.min.js?ver=7.1 HTTP/1.1" 200 592 "https://hidalgoresidences.mx/" "Mozilla/5.0 (Linux; Android 10; K) AppleWebKit/537.36 (KHTML, like Gecko) Chrome/153.0.0.0 Mobile Safari/537.36"
149.19.168.210 - - [10/Sep/2026:16:57:17 -0400] "GET /wp-includes/js/jquery/ui/core.min.js?ver=1.14.2 HTTP/1.1" 200 18674 "https://hidalgoresidences.mx/" "Mozilla/5.0 (Linux; Android 10; K) AppleWebKit/537.36 (KHTML, like Gecko) Chrome/153.0.0.0 Mobile Safari/537.36"
149.19.168.210 - - [10/Sep/2026:16:57:17 -0400] "GET /wp-includes/js/jquery/ui/accordion.min.js?ver=1.14.2 HTTP/1.1" 200 8742 "https://hidalgoresidences.mx/" "Mozilla/5.0 (Linux; Android 10; K) AppleWebKit/537.36 (KHTML, like Gecko) Chrome/153.0.0.0 Mobile Safari/537.36"
149.19.168.210 - - [10/Sep/2026:16:57:18 -0400] "GET /wp-includes/js/jquery/ui/menu.min.js?ver=1.14.2 HTTP/1.1" 200 10154 "https://hidalgoresidences.mx/" "Mozilla/5.0 (Linux; Android 10; K) AppleWebKit/537.36 (KHTML, like Gecko) Chrome/153.0.0.0 Mobile Safari/537.36"
149.19.168.210 - - [10/Sep/2026:16:57:18 -0400] "GET /wp-includes/js/dist/dom-ready.min.js?ver=3fe927cab37bf38d6a23 HTTP/1.1" 200 881 "https://hidalgoresidences.mx/" "Mozilla/5.0 (Linux; Android 10; K) AppleWebKit/537.36 (KHTML, like Gecko) Chrome/153.0.0.0 Mobile Safari/537.36"
149.19.168.210 - - [10/Sep/2026:16:57:18 -0400] "GET /wp-includes/js/dist/hooks.min.js?ver=f0f188028580e8dc1255 HTTP/1.1" 200 5107 "https://hidalgoresidences.mx/" "Mozilla/5.0 (Linux; Android 10; K) AppleWebKit/537.36 (KHTML, like Gecko) Chrome/153.0.0.0 Mobile Safari/537.36"
149.19.168.210 - - [10/Sep/2026:16:57:18 -0400] "GET /wp-includes/js/dist/i18n.min.js?ver=1dfe7db3940c23ea9216 HTTP/1.1" 200 5791 "https://hidalgoresidences.mx/" "Mozilla/5.0 (Linux; Android 10; K) AppleWebKit/537.36 (KHTML, like Gecko) Chrome/153.0.0.0 Mobile Safari/537.36"
149.19.168.210 - - [10/Sep/2026:16:57:18 -0400] "GET /wp-includes/js/dist/a11y.min.js?ver=31c6cec5a4ff7aff483d HTTP/1.1" 200 2616 "https://hidalgoresidences.mx/" "Mozilla/5.0 (Linux; Android 10; K) AppleWebKit/537.36 (KHTML, like Gecko) Chrome/153.0.0.0 Mobile Safari/537.36"
149.19.168.210 - - [10/Sep/2026:16:57:18 -0400] "GET /wp-includes/js/jquery/ui/autocomplete.min.js?ver=1.14.2 HTTP/1.1" 200 8275 "https://hidalgoresidences.mx/" "Mozilla/5.0 (Linux; Android 10; K) AppleWebKit/537.36 (KHTML, like Gecko) Chrome/153.0.0.0 Mobile Safari/537.36"
149.19.168.210 - - [10/Sep/2026:16:57:18 -0400] "GET /wp-includes/js/jquery/ui/controlgroup.min.js?ver=1.14.2 HTTP/1.1" 200 4402 "https://hidalgoresidences.mx/" "Mozilla/5.0 (Linux; Android 10; K) AppleWebKit/537.36 (KHTML, like Gecko) Chrome/153.0.0.0 Mobile Safari/537.36"
149.19.168.210 - - [10/Sep/2026:16:57:18 -0400] "GET /wp-includes/js/jquery/ui/checkboxradio.min.js?ver=1.14.2 HTTP/1.1" 200 4350 "https://hidalgoresidences.mx/" "Mozilla/5.0 (Linux; Android 10; K) AppleWebKit/537.36 (KHTML, like Gecko) Chrome/153.0.0.0 Mobile Safari/537.36"
149.19.168.210 - - [10/Sep/2026:16:57:18 -0400] "GET /wp-includes/js/jquery/ui/button.min.js?ver=1.14.2 HTTP/1.1" 200 6154 "https://hidalgoresidences.mx/" "Mozilla/5.0 (Linux; Android 10; K) AppleWebKit/537.36 (KHTML, like Gecko) Chrome/153.0.0.0 Mobile Safari/537.36"
149.19.168.210 - - [10/Sep/2026:16:57:18 -0400] "GET /wp-includes/js/jquery/ui/datepicker.min.js?ver=1.14.2 HTTP/1.1" 200 36740 "https://hidalgoresidences.mx/" "Mozilla/5.0 (Linux; Android 10; K) AppleWebKit/537.36 (KHTML, like Gecko) Chrome/153.0.0.0 Mobile Safari/537.36"
