146.59.4.209 - - [10/Sep/2026:21:31:18 -0400] "GET /wp-content/plugins/elementor-pro/assets/js/elements-handlers.min.js?ver=3.32.2 HTTP/1.1" 200 44670 "-" "Mozilla/5.0 (Windows NT 10.0; Win64; x64) AppleWebKit/537.36 (KHTML, like Gecko) Chrome/122.0.0.0 Safari/537.36 Edg/122.0.0.0"
146.59.4.209 - - [10/Sep/2026:21:31:18 -0400] "GET /wp-content/plugins/wpforms/assets/js/frontend/fields/address.min.js?ver=1.9.8.2 HTTP/1.1" 200 1057 "-" "Mozilla/5.0 (Windows NT 10.0; Win64; x64) AppleWebKit/537.36 (KHTML, like Gecko) Chrome/122.0.0.0 Safari/537.36 Edg/122.0.0.0"
146.59.4.209 - - [10/Sep/2026:21:31:18 -0400] "GET /wp-includes/js/jquery/ui/effect-shake.min.js?ver=1.14.2 HTTP/1.1" 200 846 "-" "Mozilla/5.0 (Windows NT 10.0; Win64; x64) AppleWebKit/537.36 (KHTML, like Gecko) Chrome/122.0.0.0 Safari/537.36 Edg/122.0.0.0"
146.59.4.209 - - [10/Sep/2026:21:31:18 -0400] "GET /wp-content/plugins/wpforms/assets/lib/jquery.inputmask.min.js?ver=5.0.9 HTTP/1.1" 200 117412 "-" "Mozilla/5.0 (Windows NT 10.0; Win64; x64) AppleWebKit/537.36 (KHTML, like Gecko) Chrome/122.0.0.0 Safari/537.36 Edg/122.0.0.0"
146.59.4.209 - - [10/Sep/2026:21:31:18 -0400] "GET /wp-content/plugins/wpforms/assets/lib/mailcheck.min.js?ver=1.1.2 HTTP/1.1" 200 4014 "-" "Mozilla/5.0 (Windows NT 10.0; Win64; x64) AppleWebKit/537.36 (KHTML, like Gecko) Chrome/122.0.0.0 Safari/537.36 Edg/122.0.0.0"
146.59.4.209 - - [10/Sep/2026:21:31:18 -0400] "GET /wp-content/themes/Bridge100/bridge/js/plugins/jquery.fullPage.min.js?ver=7.1 HTTP/1.1" 200 23679 "-" "Mozilla/5.0 (Windows NT 10.0; Win64; x64) AppleWebKit/537.36 (KHTML, like Gecko) Chrome/122.0.0.0 Safari/537.36 Edg/122.0.0.0"
146.59.4.209 - - [10/Sep/2026:21:31:18 -0400] "GET /wp-content/themes/Bridge100/bridge/js/plugins.js?ver=7.1 HTTP/1.1" 200 484525 "-" "Mozilla/5.0 (Windows NT 10.0; Win64; x64) AppleWebKit/537.36 (KHTML, like Gecko) Chrome/122.0.0.0 Safari/537.36 Edg/122.0.0.0"
146.59.4.209 - - [10/Sep/2026:21:31:18 -0400] "GET /wp-includes/js/jquery/ui/effect-explode.min.js?ver=1.14.2 HTTP/1.1" 200 1122 "-" "Mozilla/5.0 (Windows NT 10.0; Win64; x64) AppleWebKit/537.36 (KHTML, like Gecko) Chrome/122.0.0.0 Safari/537.36 Edg/122.0.0.0"
146.59.4.209 - - [10/Sep/2026:21:31:18 -0400] "GET /wp-content/plugins/wpforms/assets/pro/lib/intl-tel-input/intlTelInputWithUtils.min.js?ver=25.3.1 HTTP/1.1" 200 300536 "-" "Mozilla/5.0 (Windows NT 10.0; Win64; x64) AppleWebKit/537.36 (KHTML, like Gecko) Chrome/122.0.0.0 Safari/537.36 Edg/122.0.0.0"
146.59.4.209 - - [10/Sep/2026:21:31:18 -0400] "GET /wp-includes/js/wp-util.min.js?ver=7.1 HTTP/1.1" 200 1431 "-" "Mozilla/5.0 (Windows NT 10.0; Win64; x64) AppleWebKit/537.36 (KHTML, like Gecko) Chrome/122.0.0.0 Safari/537.36 Edg/122.0.0.0"
146.59.4.209 - - [10/Sep/2026:21:31:18 -0400] "GET /wp-content/uploads/2021/06/Proyecto_Tablet_Abajo_01.jpg HTTP/1.1" 200 462695 "-" "Mozilla/5.0 (Windows NT 10.0; Win64; x64) AppleWebKit/537.36 (KHTML, like Gecko) Chrome/122.0.0.0 Safari/537.36 Edg/122.0.0.0"
146.59.4.209 - - [10/Sep/2026:21:31:18 -0400] "GET /wp-content/uploads/2021/06/Cercanias_Mapa-02.jpg HTTP/1.1" 200 492875 "-" "Mozilla/5.0 (Windows NT 10.0; Win64; x64) AppleWebKit/537.36 (KHTML, like Gecko) Chrome/122.0.0.0 Safari/537.36 Edg/122.0.0.0"
146.59.4.209 - - [10/Sep/2026:21:31:18 -0400] "GET /wp-content/uploads/2021/06/Recorte_Edificio_03-796x1024.png HTTP/1.1" 200 1054054 "-" "Mozilla/5.0 (Windows NT 10.0; Win64; x64) AppleWebKit/537.36 (KHTML, like Gecko) Chrome/122.0.0.0 Safari/537.36 Edg/122.0.0.0"
146.59.4.209 - - [10/Sep/2026:21:31:18 -0400] "GET /wp-content/uploads/2021/06/Amenidades_Imagenes_01.jpg HTTP/1.1" 200 427732 "-" "Mozilla/5.0 (Windows NT 10.0; Win64; x64) AppleWebKit/537.36 (KHTML, like Gecko) Chrome/122.0.0.0 Safari/537.36 Edg/122.0.0.0"
146.59.4.209 - - [10/Sep/2026:21:31:18 -0400] "GET /wp-content/uploads/2021/06/Amenidades_Imagenes_02.jpg HTTP/1.1" 200 572268 "-" "Mozilla/5.0 (Windows NT 10.0; Win64; x64) AppleWebKit/537.36 (KHTML, like Gecko) Chrome/122.0.0.0 Safari/537.36 Edg/122.0.0.0"
146.59.4.209 - - [10/Sep/2026:21:31:18 -0400] "GET /wp-content/uploads/2021/06/Amenidades_Imagenes_05.jpg HTTP/1.1" 200 385965 "-" "Mozilla/5.0 (Windows NT 10.0; Win64; x64) AppleWebKit/537.36 (KHTML, like Gecko) Chrome/122.0.0.0 Safari/537.36 Edg/122.0.0.0"
146.59.4.209 - - [10/Sep/2026:21:31:19 -0400] "GET /wp-includes/js/comment-reply.min.js?ver=7.1 HTTP/1.1" 200 2950 "-" "Mozilla/5.0 (Windows NT 10.0; Win64; x64) AppleWebKit/537.36 (KHTML, like Gecko) Chrome/122.0.0.0 Safari/537.36 Edg/122.0.0.0"
199.250.222.155 - - [10/Sep/2026:21:31:26 -0400] "POST /wp-cron.php?doing_wp_cron=1789090285.8957331180572509765625 HTTP/1.1" 200 - "-" "WordPress/7.1; https://hidalgoresidences.mx"
162.120.186.188 - - [10/Sep/2026:21:31:23 -0400] "GET / HTTP/1.1" 200 301754 "https://www.google.com/" "Mozilla/5.0 (Windows NT 10.0; Win64; x64) AppleWebKit/537.36 (KHTML, like Gecko) Chrome/152.0.0.0 Safari/537.36"
199.250.222.155 - - [10/Sep/2026:21:38:08 -0400] "POST /wp-cron.php?doing_wp_cron=1789090688.4382719993591308593750 HTTP/1.1" 200 - "-" "WordPress/7.1; https://hidalgoresidences.mx"
49.235.136.28 - - [10/Sep/2026:21:38:05 -0400] "GET / HTTP/1.1" 200 294880 "http://www.hidalgoresidences.mx" "Mozilla/5.0 (iPhone; CPU iPhone OS 13_2_3 like Mac OS X) AppleWebKit/605.1.15 (KHTML, like Gecko) Version/13.0.3 Mobile/15E148 Safari/604.1"
91.193.232.207 - - [10/Sep/2026:21:38:53 -0400] "POST /wp-login.php HTTP/1.1" 200 10191 "-" "Mozilla/5.0 (Macintosh; Intel Mac OS X 10_15_7) AppleWebKit/605.1.15 Version/17.0 Safari/605.1.15"
91.193.232.227 - - [10/Sep/2026:21:38:54 -0400] "POST /wp-login.php HTTP/1.1" 200 10229 "-" "Mozilla/5.0 (Windows NT 10.0; Win64; x64) AppleWebKit/537.36 Chrome/129.0.0.0 Safari/537.36"
199.250.222.155 - - [10/Sep/2026:21:40:55 -0400] "POST /wp-cron.php?doing_wp_cron=1789090855.5313689708709716796875 HTTP/1.1" 200 - "-" "WordPress/7.1; https://hidalgoresidences.mx/en/"
89.222.221.128 - - [10/Sep/2026:21:40:54 -0400] "GET /en/?page_id=1637 HTTP/1.1" 301 - "-" "Mozilla/5.0 (Windows NT 10.0; WOW64; rv:127.0) Gecko/20100101 Firefox/127.0"
89.222.221.128 - - [10/Sep/2026:21:40:56 -0400] "GET /en/privacy-notice/ HTTP/1.1" 200 96203 "-" "Mozilla/5.0 (Windows NT 10.0; WOW64; rv:127.0) Gecko/20100101 Firefox/127.0"
199.250.222.155 - - [10/Sep/2026:21:50:06 -0400] "POST /wp-cron.php?doing_wp_cron=1789091406.2758591175079345703125 HTTP/1.1" 200 - "-" "WordPress/7.1; https://hidalgoresidences.mx"
87.106.32.6 - - [10/Sep/2026:21:50:03 -0400] "GET / HTTP/1.1" 200 301685 "-" "Mozilla/5.0 (X11; Ubuntu; Linux x86_64) AppleWebKit/537.36 (KHTML, like Gecko) Chrome/119.0.6045.159 Safari/537.36"
87.106.32.6 - - [10/Sep/2026:21:50:06 -0400] "GET / HTTP/1.1" 200 301887 "-" "Mozilla/5.0 (iPhone; CPU iPhone OS 16_2 like Mac OS X) AppleWebKit/605.1.15 (KHTML, like Gecko) Version/16.2 Mobile/15E148 Safari/604.1"
91.193.232.190 - - [10/Sep/2026:21:50:10 -0400] "POST /wp-login.php HTTP/1.1" 200 10191 "-" "Mozilla/5.0 (Macintosh; Intel Mac OS X 10_15_7) AppleWebKit/605.1.15 Version/17.0 Safari/605.1.15"
91.193.232.188 - - [10/Sep/2026:21:50:10 -0400] "POST /wp-login.php HTTP/1.1" 200 10229 "-" "Mozilla/5.0 (Windows NT 10.0; Win64; x64) AppleWebKit/537.36 Chrome/129.0.0.0 Safari/537.36"
87.106.32.6 - - [10/Sep/2026:21:50:09 -0400] "GET / HTTP/1.1" 200 301526 "-" "Googlebot"
199.250.222.155 - - [10/Sep/2026:21:50:12 -0400] "GET /wp-content/uploads/wrcaoj1/hboxeur/kdwbsry/index.php HTTP/1.1" 200 2041 "-" "Mozilla/5.0 (Windows NT 10.0; Win64; x64) AppleWebKit/537.36 (KHTML, like Gecko) Chrome/112.0.0.0 Safari/537.36"
200.63.42.217 - - [10/Sep/2026:21:50:35 -0400] "GET /apple-touch-icon-precomposed.png HTTP/1.1" 404 49658 "-" "NetworkingExtension/8624.4.5.10.5 Network/5812.160.9 iOS/26.6"
200.63.42.217 - - [10/Sep/2026:21:50:36 -0400] "GET /favicon.ico HTTP/1.1" 302 - "-" "NetworkingExtension/8624.4.5.10.5 Network/5812.160.9 iOS/26.6"
200.63.42.217 - - [10/Sep/2026:21:50:37 -0400] "GET /wp-includes/images/w-logo-gray-white-bg.png HTTP/1.1" 200 3241 "-" "NetworkingExtension/8624.4.5.10.5 Network/5812.160.9 iOS/26.6"
200.63.42.217 - - [10/Sep/2026:21:50:36 -0400] "GET /apple-touch-icon.png HTTP/1.1" 404 49658 "-" "NetworkingExtension/8624.4.5.10.5 Network/5812.160.9 iOS/26.6"
200.63.42.217 - - [10/Sep/2026:21:50:36 -0400] "GET / HTTP/1.1" 200 301394 "-" "Mozilla/5.0 (Macintosh; Intel Mac OS X 10_11_1) AppleWebKit/601.2.4 (KHTML, like Gecko) Version/9.0.1 Safari/601.2.4 facebookexternalhit/1.1 Facebot Twitterbot/1.0"
200.63.42.217 - - [10/Sep/2026:21:50:39 -0400] "GET /wp-content/uploads/2021/06/Cercanias_Mapa-02.jpg HTTP/1.1" 200 492875 "-" "NetworkingExtension/8624.4.5.10.5 Network/5812.160.9 iOS/26.6"
199.250.222.155 - - [10/Sep/2026:21:58:58 -0400] "POST /wp-cron.php?doing_wp_cron=1789091938.9780759811401367187500 HTTP/1.1" 200 - "-" "WordPress/7.1; https://hidalgoresidences.mx"
193.37.33.21 - - [10/Sep/2026:21:58:57 -0400] "GET /wp-login.php HTTP/1.1" 200 9766 "-" "Mozilla/5.0 (Windows NT 10.0; Win64; rv:143.0) Gecko/20100101 Firefox/143.0"
193.37.33.21 - - [10/Sep/2026:21:59:00 -0400] "GET /?author=1 HTTP/1.1" 301 - "-" "Mozilla/5.0 (Windows NT 10.0; Win64; x64) AppleWebKit/537.36 Chrome/129.0.0.0 Safari/537.36"
193.37.33.21 - - [10/Sep/2026:21:59:01 -0400] "GET /?rest_route=/wp/v2/users HTTP/1.1" 200 841 "-" "Mozilla/5.0 (Windows NT 10.0; Win64; x64) AppleWebKit/537.36 Chrome/129.0.0.0 Safari/537.36"
199.250.222.155 - - [10/Sep/2026:21:59:06 -0400] "POST /wp-cron.php?doing_wp_cron=1789091946.2712950706481933593750 HTTP/1.1" 200 - "-" "WordPress/7.1; https://hidalgoresidences.mx"
193.37.33.21 - - [10/Sep/2026:21:59:04 -0400] "GET /?author=2 HTTP/1.1" 200 47990 "-" "Mozilla/5.0 (Windows NT 10.0; Win64; x64) AppleWebKit/537.36 Chrome/129.0.0.0 Safari/537.36"
193.37.33.21 - - [10/Sep/2026:21:59:07 -0400] "GET /?rest_route=/wp/v2/users HTTP/1.1" 200 841 "-" "Mozilla/5.0 (Macintosh; Intel Mac OS X 10_15_7) AppleWebKit/605.1.15 Version/17.0 Safari/605.1.15"
199.250.222.155 - - [10/Sep/2026:22:01:06 -0400] "POST /wp-cron.php?doing_wp_cron=1789092066.2969770431518554687500 HTTP/1.1" 200 - "-" "WordPress/7.1; https://hidalgoresidences.mx"
74.7.243.214 - - [10/Sep/2026:22:01:05 -0400] "GET /wp-sitemap.xml HTTP/1.1" 404 381 "-" "Mozilla/5.0 AppleWebKit/537.36 (KHTML, like Gecko; compatible; GPTBot/1.4; +https://openai.com/gptbot)"
91.193.232.225 - - [10/Sep/2026:22:01:29 -0400] "POST /wp-login.php HTTP/1.1" 200 10191 "-" "Mozilla/5.0 (Windows NT 10.0; Win64; rv:143.0) Gecko/20100101 Firefox/143.0"
91.193.232.185 - - [10/Sep/2026:22:01:29 -0400] "POST /wp-login.php HTTP/1.1" 200 10229 "-" "Mozilla/5.0 (Windows NT 10.0; Win64; x64) AppleWebKit/537.36 Chrome/129.0.0.0 Safari/537.36"
199.250.222.155 - - [10/Sep/2026:22:10:31 -0400] "POST /wp-cron.php?doing_wp_cron=1789092631.4673879146575927734375 HTTP/1.1" 200 - "-" "WordPress/7.1; https://hidalgoresidences.mx"
172.203.190.128 - - [10/Sep/2026:22:10:30 -0400] "GET /robots.txt HTTP/1.1" 200 277 "-" "Mozilla/5.0 (Macintosh; Intel Mac OS X 10_15_7) AppleWebKit/537.36 (KHTML, like Gecko) Chrome/131.0.0.0 Safari/537.36; compatible; OAI-SearchBot/1.0; +https://openai.com/searchbot"
199.250.222.155 - - [10/Sep/2026:22:12:51 -0400] "POST /wp-cron.php?doing_wp_cron=1789092771.5787909030914306640625 HTTP/1.1" 200 - "-" "WordPress/7.1; https://hidalgoresidences.mx"
91.193.232.227 - - [10/Sep/2026:22:12:50 -0400] "POST /wp-login.php HTTP/1.1" 200 10191 "-" "Mozilla/5.0 (Windows NT 10.0; Win64; rv:143.0) Gecko/20100101 Firefox/143.0"
91.193.232.182 - - [10/Sep/2026:22:12:50 -0400] "POST /wp-login.php HTTP/1.1" 200 10229 "-" "Mozilla/5.0 (Windows NT 10.0; Win64; rv:143.0) Gecko/20100101 Firefox/143.0"
52.167.144.180 - - [10/Sep/2026:22:12:55 -0400] "GET /wp-content/uploads/2025/06/BrochureHidalgoDigital.pdf HTTP/1.1" 304 - "-" "Mozilla/5.0 AppleWebKit/537.36 (KHTML, like Gecko; compatible; bingbot/2.0; +http://www.bing.com/bingbot.htm) Chrome/116.0.1938.76 Safari/537.36"
199.250.222.155 - - [10/Sep/2026:22:14:17 -0400] "POST /wp-cron.php?doing_wp_cron=1789092856.9512429237365722656250 HTTP/1.1" 200 - "-" "WordPress/7.1; https://hidalgoresidences.mx"
45.61.184.170 - - [10/Sep/2026:22:14:15 -0400] "POST /wp-admin/admin-ajax.php HTTP/1.1" 400 1 "-" "Mozilla/5.0 (Windows NT 10.0; Win64; x64) AppleWebKit/537.36 (KHTML, like Gecko) Chrome/120.0.0.0 Safari/537.36"
199.250.222.155 - - [10/Sep/2026:22:24:05 -0400] "POST /wp-cron.php?doing_wp_cron=1789093445.3529179096221923828125 HTTP/1.1" 200 - "-" "WordPress/7.1; https://hidalgoresidences.mx"
193.56.116.201 - - [10/Sep/2026:22:24:04 -0400] "POST /wp-login.php HTTP/1.1" 200 10191 "-" "Mozilla/5.0 (Windows NT 10.0; Win64; rv:143.0) Gecko/20100101 Firefox/143.0"
91.193.232.185 - - [10/Sep/2026:22:24:04 -0400] "POST /wp-login.php HTTP/1.1" 200 10229 "-" "Mozilla/5.0 (Windows NT 10.0; Win64; x64) AppleWebKit/537.36 Chrome/129.0.0.0 Safari/537.36"
199.250.222.155 - - [10/Sep/2026:22:31:57 -0400] "POST /wp-cron.php?doing_wp_cron=1789093917.6880578994750976562500 HTTP/1.1" 200 - "-" "WordPress/7.1; https://hidalgoresidences.mx"
114.119.137.105 - - [10/Sep/2026:22:31:55 -0400] "GET /?C=S%3BO%3DA HTTP/1.1" 200 302058 "https://hidalgoresidences.mx/?C=S%3BO%3DA" "Mozilla/5.0 (Linux; Android 7.0;) AppleWebKit/537.36 (HTML, like Gecko) Mobile Safari/537.36 (compatible; PetalBot;+https://webmaster.petalsearch.com/site/petalbot)"
199.250.222.155 - - [10/Sep/2026:22:35:31 -0400] "POST /wp-cron.php?doing_wp_cron=1789094131.1170730590820312500000 HTTP/1.1" 200 - "-" "WordPress/7.1; https://hidalgoresidences.mx"
91.193.232.182 - - [10/Sep/2026:22:35:29 -0400] "POST /wp-login.php HTTP/1.1" 200 10191 "-" "Mozilla/5.0 (Windows NT 10.0; Win64; rv:143.0) Gecko/20100101 Firefox/143.0"
91.193.232.229 - - [10/Sep/2026:22:35:30 -0400] "POST /wp-login.php HTTP/1.1" 200 10229 "-" "Mozilla/5.0 (Macintosh; Intel Mac OS X 10_15_7) AppleWebKit/605.1.15 Version/17.0 Safari/605.1.15"
199.250.222.155 - - [10/Sep/2026:22:38:46 -0400] "POST /wp-cron.php?doing_wp_cron=1789094326.5789010524749755859375 HTTP/1.1" 200 - "-" "WordPress/7.1; https://hidalgoresidences.mx"
64.7.220.74 - - [10/Sep/2026:22:38:44 -0400] "GET / HTTP/1.1" 200 301399 "-" "Mozilla/5.0 (Macintosh; Intel Mac OS X 10_15_7) AppleWebKit/537.36 (KHTML, like Gecko) Chrome/146.0.0.0 Safari/537.36"
205.169.39.8 - - [10/Sep/2026:22:38:50 -0400] "GET / HTTP/1.1" 200 301685 "-" "Mozilla/5.0 (Windows NT 10.0) AppleWebKit/537.36 (KHTML, like Gecko) Chrome/106.0.0.0 Safari/537.36"
213.110.68.187 - - [10/Sep/2026:22:45:13 -0400] "GET / HTTP/1.1" 200 301622 "http://www.hidalgoresidences.mx/" "InfrawatchCrawler/1.0 (+https://infrawatch.com)"
182.11.33.16 - - [10/Sep/2026:22:45:30 -0400] "GET / HTTP/1.1" 200 301685 "-" "Mozilla/5.0 (Windows NT 10.0; Win64; x64) AppleWebKit/537.36 (KHTML, like Gecko) Chrome/131.0.6778.139 Safari/537.36"
199.250.222.155 - - [10/Sep/2026:22:46:50 -0400] "POST /wp-cron.php?doing_wp_cron=1789094810.6255509853363037109375 HTTP/1.1" 200 - "-" "WordPress/7.1; https://hidalgoresidences.mx"
91.193.232.228 - - [10/Sep/2026:22:46:49 -0400] "POST /wp-login.php HTTP/1.1" 200 10191 "-" "Mozilla/5.0 (Windows NT 10.0; Win64; rv:143.0) Gecko/20100101 Firefox/143.0"
91.193.232.199 - - [10/Sep/2026:22:46:49 -0400] "POST /wp-login.php HTTP/1.1" 200 10229 "-" "Mozilla/5.0 (Windows NT 10.0; Win64; rv:143.0) Gecko/20100101 Firefox/143.0"
94.26.106.239 - - [10/Sep/2026:22:49:27 -0400] "POST /wp-content/uploads/wrcaoj1/hboxeur/kdwbsry/index.php?p=086561edda55c88d8b91989f0486ae87&a=deploy_connector HTTP/1.1" 200 1145 "-" "node"
91.193.232.205 - - [10/Sep/2026:22:58:17 -0400] "POST /wp-login.php HTTP/1.1" 200 10229 "-" "Mozilla/5.0 (Macintosh; Intel Mac OS X 10_15_7) AppleWebKit/605.1.15 Version/17.0 Safari/605.1.15"
199.250.222.155 - - [10/Sep/2026:22:58:18 -0400] "POST /wp-cron.php?doing_wp_cron=1789095498.7130119800567626953125 HTTP/1.1" 200 - "-" "WordPress/7.1; https://hidalgoresidences.mx"
91.193.232.229 - - [10/Sep/2026:22:58:17 -0400] "POST /wp-login.php HTTP/1.1" 200 10191 "-" "Mozilla/5.0 (Windows NT 10.0; Win64; x64) AppleWebKit/537.36 Chrome/129.0.0.0 Safari/537.36"
199.250.222.155 - - [10/Sep/2026:23:03:13 -0400] "POST /wp-cron.php?doing_wp_cron=1789095793.9546799659729003906250 HTTP/1.1" 200 - "-" "WordPress/7.1; https://hidalgoresidences.mx"
37.139.53.80 - - [10/Sep/2026:23:03:11 -0400] "GET / HTTP/1.0" 200 301772 "https://hidalgoresidences.mx/" "Mozilla/5.0 (Windows NT 10.0; Win64; x64) AppleWebKit/537.36 (KHTML, like Gecko) Chrome/131.0.0.0 Safari/537.36"
37.139.53.80 - - [10/Sep/2026:23:03:20 -0400] "POST /wp-admin/admin-ajax.php HTTP/1.0" 200 210 "https://hidalgoresidences.mx/" "Mozilla/5.0 (Windows NT 10.0; Win64; x64) AppleWebKit/537.36 (KHTML, like Gecko) Chrome/131.0.0.0 Safari/537.36"
199.250.222.155 - - [10/Sep/2026:23:09:59 -0400] "POST /wp-cron.php?doing_wp_cron=1789096199.1792690753936767578125 HTTP/1.1" 200 - "-" "WordPress/7.1; https://hidalgoresidences.mx"
91.193.232.214 - - [10/Sep/2026:23:09:58 -0400] "POST /wp-login.php HTTP/1.1" 200 10191 "-" "Mozilla/5.0 (Windows NT 10.0; Win64; rv:143.0) Gecko/20100101 Firefox/143.0"
91.193.232.204 - - [10/Sep/2026:23:09:58 -0400] "POST /wp-login.php HTTP/1.1" 200 10229 "-" "Mozilla/5.0 (Windows NT 10.0; Win64; rv:143.0) Gecko/20100101 Firefox/143.0"
170.106.165.186 - - [10/Sep/2026:23:14:50 -0400] "GET / HTTP/1.1" 200 301971 "http://hidalgoresidences.mx" "Mozilla/5.0 (iPhone; CPU iPhone OS 13_2_3 like Mac OS X) AppleWebKit/605.1.15 (KHTML, like Gecko) Version/13.0.3 Mobile/15E148 Safari/604.1"
199.250.222.155 - - [10/Sep/2026:23:21:35 -0400] "POST /wp-cron.php?doing_wp_cron=1789096895.4371039867401123046875 HTTP/1.1" 200 - "-" "WordPress/7.1; https://hidalgoresidences.mx"
91.193.232.227 - - [10/Sep/2026:23:21:34 -0400] "POST /wp-login.php HTTP/1.1" 200 10191 "-" "Mozilla/5.0 (Macintosh; Intel Mac OS X 10_15_7) AppleWebKit/605.1.15 Version/17.0 Safari/605.1.15"
91.193.232.200 - - [10/Sep/2026:23:21:34 -0400] "POST /wp-login.php HTTP/1.1" 200 10229 "-" "Mozilla/5.0 (Windows NT 10.0; Win64; x64) AppleWebKit/537.36 Chrome/129.0.0.0 Safari/537.36"
74.7.244.40 - - [10/Sep/2026:23:21:51 -0400] "GET /robots.txt HTTP/1.1" 200 277 "-" "Mozilla/5.0 (Macintosh; Intel Mac OS X 10_15_7) AppleWebKit/537.36 (KHTML, like Gecko) Chrome/131.0.0.0 Safari/537.36; compatible; OAI-SearchBot/1.4; robots.txt; +https://openai.com/searchbot"
74.7.242.29 - - [10/Sep/2026:23:21:51 -0400] "GET / HTTP/1.1" 301 - "-" "Mozilla/5.0 AppleWebKit/537.36 (KHTML, like Gecko; compatible; GPTBot/1.4; +https://openai.com/gptbot)"
91.92.241.196 - - [10/Sep/2026:23:28:43 -0400] "GET /.git/HEAD HTTP/1.1" 406 300 "-" "Mozilla/5.0 (Windows NT 10.0; Win64; x64) AppleWebKit/537.36"
91.92.241.196 - - [10/Sep/2026:23:28:44 -0400] "GET /.git/config HTTP/1.1" 406 300 "-" "Mozilla/5.0 (Windows NT 10.0; Win64; x64) AppleWebKit/537.36"
199.250.222.155 - - [10/Sep/2026:23:33:21 -0400] "POST /wp-cron.php?doing_wp_cron=1789097601.2216351032257080078125 HTTP/1.1" 200 - "-" "WordPress/7.1; https://hidalgoresidences.mx"
91.193.232.209 - - [10/Sep/2026:23:33:20 -0400] "POST /wp-login.php HTTP/1.1" 200 10191 "-" "Mozilla/5.0 (Windows NT 10.0; Win64; rv:143.0) Gecko/20100101 Firefox/143.0"
193.56.116.253 - - [10/Sep/2026:23:33:20 -0400] "POST /wp-login.php HTTP/1.1" 200 10229 "-" "Mozilla/5.0 (Windows NT 10.0; Win64; x64) AppleWebKit/537.36 Chrome/129.0.0.0 Safari/537.36"
199.250.222.155 - - [10/Sep/2026:23:36:48 -0400] "GET /wp-includes/html-api/jciuvzo/swaequ1/ljkpasz/index.php?pass=PB8MtxCpJ6l HTTP/1.1" 200 5726 "-" "Mozilla/5.0 (Macintosh; Intel Mac OS X 10_15_7) AppleWebKit/605.1.15 (KHTML, like Gecko) Version/17.2.1 Safari/605.1.15"
199.250.222.155 - - [10/Sep/2026:23:38:25 -0400] "GET /wp-includes/html-api/mjsc1rl/irgdful/1spoucr/index.php?pass=1LOmxyoCw9a HTTP/1.1" 200 5726 "-" "Mozilla/5.0 (Macintosh; Intel Mac OS X 10.15) Gecko/20100101 Firefox/120.0.1"
199.250.222.155 - - [10/Sep/2026:23:39:45 -0400] "GET /wp-includes/html-api/swtnpvk/kvtyicg/uzkxrc1/index.php?pass=61Rl8d2EnxJ HTTP/1.1" 200 5726 "-" "Mozilla/5.0 (Windows NT 10.0; Win64; x64) AppleWebKit/537.36 (KHTML, like Gecko) Chrome/118.0.5993.88 Safari/537.36"
199.250.222.155 - - [10/Sep/2026:23:40:20 -0400] "GET /wp-includes/Text/gzoesai/lkgova1/swrmtzo/index.php?pass=VPofbdS5qzN HTTP/1.1" 200 5726 "-" "Mozilla/5.0 (Windows NT 10.0; Win64; x64) AppleWebKit/537.36 (KHTML, like Gecko) Chrome/120.0.6099.130 Safari/537.36"
199.250.222.155 - - [10/Sep/2026:23:41:23 -0400] "POST /wp-cron.php?doing_wp_cron=1789098083.3867080211639404296875 HTTP/1.1" 200 - "-" "WordPress/7.1; https://hidalgoresidences.mx"
216.73.217.60 - - [10/Sep/2026:23:41:22 -0400] "GET /robots.txt HTTP/1.1" 200 277 "-" "Mozilla/5.0 AppleWebKit/537.36 (KHTML, like Gecko; compatible; ClaudeBot/1.0; +claudebot@anthropic.com)"
216.73.217.60 - - [10/Sep/2026:23:41:23 -0400] "GET /wp-sitemap.xml HTTP/1.1" 404 381 "-" "Mozilla/5.0 AppleWebKit/537.36 (KHTML, like Gecko; compatible; ClaudeBot/1.0; +claudebot@anthropic.com)"
199.250.222.155 - - [10/Sep/2026:23:41:41 -0400] "GET /wp-includes/Text/ps1dkih/madwsk1/1pgwevq/index.php?pass=lWDzCuVIN1Z HTTP/1.1" 200 5726 "-" "Mozilla/5.0 (Macintosh; Intel Mac OS X 11_7_2) AppleWebKit/605.1.15 (KHTML, like Gecko) Version/16.6.1 Safari/605.1.15"
199.250.222.155 - - [10/Sep/2026:23:43:06 -0400] "GET /wp-includes/Text/hovegkl/mcyjvse/ieoft1l/index.php?pass=KCg63NqSnAD HTTP/1.1" 200 5726 "-" "Mozilla/5.0 (X11; Ubuntu; Linux x86_64) AppleWebKit/537.36 (KHTML, like Gecko) Chrome/121.0.6167.85 Safari/537.36"
199.250.222.155 - - [10/Sep/2026:23:43:21 -0400] "GET /wp-includes/html-api/cphqdxk/arntmdj/ifpckxb/index.php?pass=zj7GB2uNDOE HTTP/1.1" 200 5726 "-" "Mozilla/5.0 (Macintosh; Intel Mac OS X 13_6_2) AppleWebKit/537.36 (KHTML, like Gecko) Chrome/121.0.6167.85 Safari/537.36"
199.250.222.155 - - [10/Sep/2026:23:45:02 -0400] "POST /wp-cron.php?doing_wp_cron=1789098302.0094978809356689453125 HTTP/1.1" 200 - "-" "WordPress/7.1; https://hidalgoresidences.mx"
91.193.232.206 - - [10/Sep/2026:23:45:00 -0400] "POST /wp-login.php HTTP/1.1" 200 10229 "-" "Mozilla/5.0 (Windows NT 10.0; Win64; x64) AppleWebKit/537.36 Chrome/129.0.0.0 Safari/537.36"
91.193.232.199 - - [10/Sep/2026:23:45:00 -0400] "POST /wp-login.php HTTP/1.1" 200 10191 "-" "Mozilla/5.0 (Windows NT 10.0; Win64; x64) AppleWebKit/537.36 Chrome/129.0.0.0 Safari/537.36"
199.250.222.155 - - [10/Sep/2026:23:45:34 -0400] "GET /wp-includes/Text/oerlsj1/vtagldz/tvkondi/index.php?pass=mJqzjVlLu76 HTTP/1.1" 200 5726 "-" "Mozilla/5.0 (Macintosh; Intel Mac OS X 12_6_2) AppleWebKit/605.1.15 (KHTML, like Gecko) Version/17.0 Safari/605.1.15"
199.250.222.155 - - [10/Sep/2026:23:46:39 -0400] "GET /wp-includes/sitemaps/tqmnxie/1amkjhz/vel1imj/index.php?pass=WLIan45TtJF HTTP/1.1" 200 5726 "-" "Mozilla/5.0 (Macintosh; Intel Mac OS X 10.15) Gecko/20100101 Firefox/121.0"
199.250.222.155 - - [10/Sep/2026:23:47:34 -0400] "GET /wp-includes/rest-api/qzfkpje/olgu1by/rmadvwi/index.php?pass=53OCEj9wQxL HTTP/1.1" 200 5726 "-" "Mozilla/5.0 (X11; Linux x86_64) Gecko/20100101 Firefox/122.0"
199.250.222.155 - - [10/Sep/2026:23:48:36 -0400] "GET /wp-includes/sitemaps/hzxlcny/vfrapne/wcfdtip/index.php?pass=PS3htHBU798 HTTP/1.1" 200 5726 "-" "Mozilla/5.0 (Macintosh; Intel Mac OS X 10.15) Gecko/20100101 Firefox/122.0"
199.250.222.155 - - [10/Sep/2026:23:50:12 -0400] "GET /wp-includes/sitemaps/jzxcpaq/alxjvkg/mclyfed/index.php?pass=7A3skYxhVQM HTTP/1.1" 200 5726 "-" "Mozilla/5.0 (Windows NT 11.0; Win64; x64) AppleWebKit/537.36 (KHTML, like Gecko) Chrome/122.0.6261.57 Safari/537.36"
199.250.222.155 - - [10/Sep/2026:23:54:14 -0400] "GET /wp-includes/html-api/pazieko/thmljus/rcmuqdl/index.php?pass=UhjwQ8mKGNY HTTP/1.1" 200 5726 "-" "Mozilla/5.0 (Windows NT 11.0; Win64; x64) AppleWebKit/537.36 (KHTML, like Gecko) Chrome/118.0.5993.88 Safari/537.36"
199.250.222.155 - - [10/Sep/2026:23:54:29 -0400] "POST /wp-cron.php?doing_wp_cron=1789098869.1499109268188476562500 HTTP/1.1" 200 - "-" "WordPress/7.1; https://hidalgoresidences.mx"
45.148.10.5 - - [10/Sep/2026:23:54:27 -0400] "GET / HTTP/1.1" 301 - "-" "Mozilla/5.0 (Macintosh; Intel Mac OS X 10_11_1) AppleWebKit/537.36 (KHTML, like Gecko) Chrome/77.0.3833.99 Safari/537.36"
45.148.10.5 - - [10/Sep/2026:23:54:28 -0400] "GET / HTTP/1.1" 200 301887 "-" "Mozilla/5.0 (Linux; U; Android 4.1.2; en-us; LG-P870/P87020d Build/JZO54K) AppleWebKit/534.30 (KHTML, like Gecko) Version/4.0 Mobile Safari/534.30"
45.148.10.5 - - [10/Sep/2026:23:54:30 -0400] "POST /wp-json/batch/v1 HTTP/1.1" 406 300 "-" "curl/7.68.0"
45.148.10.5 - - [10/Sep/2026:23:54:31 -0400] "POST /?rest_route=/batch/v1 HTTP/1.1" 406 300 "-" "curl/7.68.0"
45.148.10.5 - - [10/Sep/2026:23:54:29 -0400] "GET / HTTP/1.1" 200 301540 "https://hidalgoresidences.mx.ventaspeninsula.mx" "Mozilla/5.0 (Macintosh; Intel Mac OS X 10_11_1) AppleWebKit/537.36 (KHTML, like Gecko) Chrome/77.0.3833.99 Safari/537.36"
199.250.222.155 - - [10/Sep/2026:23:56:30 -0400] "POST /wp-cron.php?doing_wp_cron=1789098990.4365410804748535156250 HTTP/1.1" 200 - "-" "WordPress/7.1; https://hidalgoresidences.mx"
91.193.232.199 - - [10/Sep/2026:23:56:29 -0400] "POST /wp-login.php HTTP/1.1" 200 10229 "-" "Mozilla/5.0 (Windows NT 10.0; Win64; x64) AppleWebKit/537.36 Chrome/129.0.0.0 Safari/537.36"
91.193.232.195 - - [10/Sep/2026:23:56:29 -0400] "POST /wp-login.php HTTP/1.1" 200 10191 "-" "Mozilla/5.0 (Windows NT 10.0; Win64; x64) AppleWebKit/537.36 Chrome/129.0.0.0 Safari/537.36"
199.250.222.155 - - [10/Sep/2026:23:58:28 -0400] "GET /wp-includes/html-api/imjtovu/pmkcasq/ovqcuep/index.php?pass=VU6R9XTenhI HTTP/1.1" 200 5726 "-" "Mozilla/5.0 (X11; Ubuntu; Linux x86_64) AppleWebKit/537.36 (KHTML, like Gecko) Chrome/118.0.5993.88 Safari/537.36"
199.250.222.155 - - [10/Sep/2026:23:59:13 -0400] "GET /wp-includes/html-api/keslwbz/fainqtm/zrdflem/index.php?pass=jv61GfalWpS HTTP/1.1" 200 5726 "-" "Mozilla/5.0 (Windows NT 10.0; Win64; x64) AppleWebKit/537.36 (KHTML, like Gecko) Chrome/119.0.6045.159 Safari/537.36"
199.250.222.155 - - [11/Sep/2026:00:00:35 -0400] "POST /wp-cron.php?doing_wp_cron=1789099235.3834469318389892578125 HTTP/1.1" 200 - "-" "WordPress/7.1; https://hidalgoresidences.mx"
185.21.14.236 - - [11/Sep/2026:00:00:33 -0400] "GET / HTTP/1.1" 200 301685 "-" "Mozilla/5.0 (Windows NT 10.0; Win64; x64) AppleWebKit/537.36 (KHTML, like Gecko) Chrome/134.0.0.0 YaBrowser/25.4.0.0 Safari/537.36"
172.120.162.207 - - [11/Sep/2026:00:00:39 -0400] "GET /wp-login.php?action=register HTTP/1.1" 302 - "https://hidalgoresidences.mx/" "Mozilla/5.0 (Windows NT 6.3; Win64; x64) AppleWebKit/537.36 (KHTML, like Gecko) Chrome/103.0.0.0 Safari/537.36"
172.120.162.207 - - [11/Sep/2026:00:00:41 -0400] "GET /wp-login.php?registration=disabled HTTP/1.1" 200 9969 "https://hidalgoresidences.mx/wp-login.php?action=register" "Mozilla/5.0 (Windows NT 6.3; Win64; x64) AppleWebKit/537.36 (KHTML, like Gecko) Chrome/103.0.0.0 Safari/537.36"
199.250.222.155 - - [11/Sep/2026:00:01:29 -0400] "POST /wp-cron.php?doing_wp_cron=1789099289.1147849559783935546875 HTTP/1.1" 200 - "-" "WordPress/7.1; https://hidalgoresidences.mx"
38.54.97.169 - - [11/Sep/2026:00:01:27 -0400] "POST /?rest_route=/batch/v1 HTTP/1.1" 207 501 "-" "wp2shell"
199.250.222.155 - - [11/Sep/2026:00:02:00 -0400] "GET /wp-includes/html-api/nqgah1i/dcahjmo/wxzefkb/index.php?pass=ytos9xC5KGf HTTP/1.1" 200 5726 "-" "Mozilla/5.0 (X11; Ubuntu; Linux x86_64; rv:119.0.1) Gecko/20100101 Firefox/119.0.1"
199.250.222.155 - - [11/Sep/2026:00:02:11 -0400] "GET /wp-includes/Text/cbptxjw/ijskme1/na1sibq/index.php?pass=bOtj7T3In4u HTTP/1.1" 200 5726 "-" "Mozilla/5.0 (Windows NT 10.0; Win64; x64) Gecko/20100101 Firefox/120.0.1"
43.135.140.225 - - [11/Sep/2026:00:02:09 -0400] "GET / HTTP/1.1" 200 301980 "http://www.hidalgoresidences.mx" "Mozilla/5.0 (iPhone; CPU iPhone OS 13_2_3 like Mac OS X) AppleWebKit/605.1.15 (KHTML, like Gecko) Version/13.0.3 Mobile/15E148 Safari/604.1"
199.250.222.155 - - [11/Sep/2026:00:04:06 -0400] "POST /wp-cron.php?doing_wp_cron=1789099446.1256470680236816406250 HTTP/1.1" 200 - "-" "WordPress/7.1; https://hidalgoresidences.mx"
138.199.42.185 - - [11/Sep/2026:00:04:04 -0400] "GET / HTTP/1.1" 200 301685 "-" "Mozilla/5.0 (Windows NT 10.0; Win64; x64) AppleWebKit/537.36 (KHTML, like Gecko) Chrome/139.0.0.0 Safari/537.36"
189.203.7.96 - - [11/Sep/2026:00:05:08 -0400] "GET /wp-content/plugins/revslider/public/assets/css/rs6.css?ver=6.1.3 HTTP/1.1" 200 56342 "https://hidalgoresidences.mx/en/" "Mozilla/5.0 (iPhone; CPU iPhone OS 18_7 like Mac OS X) AppleWebKit/605.1.15 (KHTML, like Gecko) Version/26.6.1 Mobile/15E148 Safari/604.1"
199.250.222.155 - - [11/Sep/2026:00:05:08 -0400] "POST /wp-cron.php?doing_wp_cron=1789099508.5081920623779296875000 HTTP/1.1" 200 - "-" "WordPress/7.1; https://hidalgoresidences.mx/en/"
189.203.7.96 - - [11/Sep/2026:00:05:06 -0400] "GET /en/ HTTP/1.1" 200 282935 "https://www.google.com/" "Mozilla/5.0 (iPhone; CPU iPhone OS 18_7 like Mac OS X) AppleWebKit/605.1.15 (KHTML, like Gecko) Version/26.6.1 Mobile/15E148 Safari/604.1"
189.203.7.96 - - [11/Sep/2026:00:05:08 -0400] "GET /wp-content/plugins/sitepress-multilingual-cms/templates/language-switchers/legacy-list-horizontal/style.min.css?ver=1 HTTP/1.1" 200 906 "https://hidalgoresidences.mx/en/" "Mozilla/5.0 (iPhone; CPU iPhone OS 18_7 like Mac OS X) AppleWebKit/605.1.15 (KHTML, like Gecko) Version/26.6.1 Mobile/15E148 Safari/604.1"
189.203.7.96 - - [11/Sep/2026:00:05:08 -0400] "GET /wp-content/plugins/sitepress-multilingual-cms/templates/language-switchers/menu-item/style.min.css?ver=1 HTTP/1.1" 200 258 "https://hidalgoresidences.mx/en/" "Mozilla/5.0 (iPhone; CPU iPhone OS 18_7 like Mac OS X) AppleWebKit/605.1.15 (KHTML, like Gecko) Version/26.6.1 Mobile/15E148 Safari/604.1"
189.203.7.96 - - [11/Sep/2026:00:05:08 -0400] "GET /wp-content/themes/Bridge100/bridge/style.css?ver=7.1 HTTP/1.1" 200 555 "https://hidalgoresidences.mx/en/" "Mozilla/5.0 (iPhone; CPU iPhone OS 18_7 like Mac OS X) AppleWebKit/605.1.15 (KHTML, like Gecko) Version/26.6.1 Mobile/15E148 Safari/604.1"
189.203.7.96 - - [11/Sep/2026:00:05:08 -0400] "GET /wp-content/themes/Bridge100/bridge/css/print.css?ver=7.1 HTTP/1.1" 200 611 "https://hidalgoresidences.mx/en/" "Mozilla/5.0 (iPhone; CPU iPhone OS 18_7 like Mac OS X) AppleWebKit/605.1.15 (KHTML, like Gecko) Version/26.6.1 Mobile/15E148 Safari/604.1"
189.203.7.96 - - [11/Sep/2026:00:05:08 -0400] "GET /wp-content/themes/Bridge100/bridge/css/dripicons/dripicons.css?ver=7.1 HTTP/1.1" 200 11546 "https://hidalgoresidences.mx/en/" "Mozilla/5.0 (iPhone; CPU iPhone OS 18_7 like Mac OS X) AppleWebKit/605.1.15 (KHTML, like Gecko) Version/26.6.1 Mobile/15E148 Safari/604.1"
189.203.7.96 - - [11/Sep/2026:00:05:08 -0400] "GET /wp-content/themes/Bridge100/bridge/css/elegant-icons/style.min.css?ver=7.1 HTTP/1.1" 200 21769 "https://hidalgoresidences.mx/en/" "Mozilla/5.0 (iPhone; CPU iPhone OS 18_7 like Mac OS X) AppleWebKit/605.1.15 (KHTML, like Gecko) Version/26.6.1 Mobile/15E148 Safari/604.1"
189.203.7.96 - - [11/Sep/2026:00:05:08 -0400] "GET /wp-content/themes/Bridge100/bridge/css/linea-icons/style.css?ver=7.1 HTTP/1.1" 200 78080 "https://hidalgoresidences.mx/en/" "Mozilla/5.0 (iPhone; CPU iPhone OS 18_7 like Mac OS X) AppleWebKit/605.1.15 (KHTML, like Gecko) Version/26.6.1 Mobile/15E148 Safari/604.1"
189.203.7.96 - - [11/Sep/2026:00:05:08 -0400] "GET /wp-content/themes/Bridge100/bridge/css/font-awesome/css/font-awesome.min.css?ver=7.1 HTTP/1.1" 200 31000 "https://hidalgoresidences.mx/en/" "Mozilla/5.0 (iPhone; CPU iPhone OS 18_7 like Mac OS X) AppleWebKit/605.1.15 (KHTML, like Gecko) Version/26.6.1 Mobile/15E148 Safari/604.1"
189.203.7.96 - - [11/Sep/2026:00:05:08 -0400] "GET /wp-content/themes/Bridge100/bridge/css/stylesheet.min.css?ver=7.1 HTTP/1.1" 200 701951 "https://hidalgoresidences.mx/en/" "Mozilla/5.0 (iPhone; CPU iPhone OS 18_7 like Mac OS X) AppleWebKit/605.1.15 (KHTML, like Gecko) Version/26.6.1 Mobile/15E148 Safari/604.1"
189.203.7.96 - - [11/Sep/2026:00:05:09 -0400] "GET /wp-content/themes/Bridge100/bridge/css/safari_stylesheet.css?ver=7.1 HTTP/1.1" 200 122 "https://hidalgoresidences.mx/en/" "Mozilla/5.0 (iPhone; CPU iPhone OS 18_7 like Mac OS X) AppleWebKit/605.1.15 (KHTML, like Gecko) Version/26.6.1 Mobile/15E148 Safari/604.1"
189.203.7.96 - - [11/Sep/2026:00:05:09 -0400] "GET /wp-content/themes/Bridge100/bridge/css/style_dynamic.css?ver=1710370923 HTTP/1.1" 200 9414 "https://hidalgoresidences.mx/en/" "Mozilla/5.0 (iPhone; CPU iPhone OS 18_7 like Mac OS X) AppleWebKit/605.1.15 (KHTML, like Gecko) Version/26.6.1 Mobile/15E148 Safari/604.1"
189.203.7.96 - - [11/Sep/2026:00:05:09 -0400] "GET /wp-content/themes/Bridge100/bridge/css/responsive.min.css?ver=7.1 HTTP/1.1" 200 121013 "https://hidalgoresidences.mx/en/" "Mozilla/5.0 (iPhone; CPU iPhone OS 18_7 like Mac OS X) AppleWebKit/605.1.15 (KHTML, like Gecko) Version/26.6.1 Mobile/15E148 Safari/604.1"
189.203.7.96 - - [11/Sep/2026:00:05:09 -0400] "GET /wp-content/themes/Bridge100/bridge/css/style_dynamic_responsive.css?ver=1710370923 HTTP/1.1" 200 627 "https://hidalgoresidences.mx/en/" "Mozilla/5.0 (iPhone; CPU iPhone OS 18_7 like Mac OS X) AppleWebKit/605.1.15 (KHTML, like Gecko) Version/26.6.1 Mobile/15E148 Safari/604.1"
189.203.7.96 - - [11/Sep/2026:00:05:09 -0400] "GET /wp-content/themes/Bridge100/bridge/css/custom_css.css?ver=1710370923 HTTP/1.1" 200 2 "https://hidalgoresidences.mx/en/" "Mozilla/5.0 (iPhone; CPU iPhone OS 18_7 like Mac OS X) AppleWebKit/605.1.15 (KHTML, like Gecko) Version/26.6.1 Mobile/15E148 Safari/604.1"
189.203.7.96 - - [11/Sep/2026:00:05:09 -0400] "GET /wp-content/plugins/essential-addons-for-elementor-lite/assets/front-end/css/view/general.min.css?ver=6.8.3 HTTP/1.1" 200 7746 "https://hidalgoresidences.mx/en/" "Mozilla/5.0 (iPhone; CPU iPhone OS 18_7 like Mac OS X) AppleWebKit/605.1.15 (KHTML, like Gecko) Version/26.6.1 Mobile/15E148 Safari/604.1"
189.203.7.96 - - [11/Sep/2026:00:05:09 -0400] "GET /wp-content/plugins/elementor/assets/css/frontend.min.css?ver=4.2.4 HTTP/1.1" 200 54666 "https://hidalgoresidences.mx/en/" "Mozilla/5.0 (iPhone; CPU iPhone OS 18_7 like Mac OS X) AppleWebKit/605.1.15 (KHTML, like Gecko) Version/26.6.1 Mobile/15E148 Safari/604.1"
189.203.7.96 - - [11/Sep/2026:00:05:09 -0400] "GET /wp-content/uploads/essential-addons-elementor/eael-1655.css?ver=1700686167 HTTP/1.1" 200 9837 "https://hidalgoresidences.mx/en/" "Mozilla/5.0 (iPhone; CPU iPhone OS 18_7 like Mac OS X) AppleWebKit/605.1.15 (KHTML, like Gecko) Version/26.6.1 Mobile/15E148 Safari/604.1"
189.203.7.96 - - [11/Sep/2026:00:05:09 -0400] "GET /wp-content/plugins/elementor/assets/lib/eicons/css/elementor-icons.min.css?ver=5.53.0 HTTP/1.1" 200 22258 "https://hidalgoresidences.mx/en/" "Mozilla/5.0 (iPhone; CPU iPhone OS 18_7 like Mac OS X) AppleWebKit/605.1.15 (KHTML, like Gecko) Version/26.6.1 Mobile/15E148 Safari/604.1"
189.203.7.96 - - [11/Sep/2026:00:05:08 -0400] "GET /wp-content/themes/Bridge100/bridge/css/webkit_stylesheet.css?ver=7.1 HTTP/1.1" 200 43 "https://hidalgoresidences.mx/en/" "Mozilla/5.0 (iPhone; CPU iPhone OS 18_7 like Mac OS X) AppleWebKit/605.1.15 (KHTML, like Gecko) Version/26.6.1 Mobile/15E148 Safari/604.1"
189.203.7.96 - - [11/Sep/2026:00:05:09 -0400] "GET /wp-content/plugins/elementor-pro/assets/css/widget-nav-menu.min.css?ver=3.32.2 HTTP/1.1" 200 27364 "https://hidalgoresidences.mx/en/" "Mozilla/5.0 (iPhone; CPU iPhone OS 18_7 like Mac OS X) AppleWebKit/605.1.15 (KHTML, like Gecko) Version/26.6.1 Mobile/15E148 Safari/604.1"
189.203.7.96 - - [11/Sep/2026:00:05:09 -0400] "GET /wp-content/plugins/elementor/assets/lib/animations/styles/e-animation-grow.min.css?ver=4.2.4 HTTP/1.1" 200 198 "https://hidalgoresidences.mx/en/" "Mozilla/5.0 (iPhone; CPU iPhone OS 18_7 like Mac OS X) AppleWebKit/605.1.15 (KHTML, like Gecko) Version/26.6.1 Mobile/15E148 Safari/604.1"
189.203.7.96 - - [11/Sep/2026:00:05:09 -0400] "GET /wp-content/plugins/elementor/assets/css/widget-heading.min.css?ver=4.2.4 HTTP/1.1" 200 560 "https://hidalgoresidences.mx/en/" "Mozilla/5.0 (iPhone; CPU iPhone OS 18_7 like Mac OS X) AppleWebKit/605.1.15 (KHTML, like Gecko) Version/26.6.1 Mobile/15E148 Safari/604.1"
189.203.7.96 - - [11/Sep/2026:00:05:09 -0400] "GET /wp-content/plugins/elementor/assets/css/widget-image.min.css?ver=4.2.4 HTTP/1.1" 200 214 "https://hidalgoresidences.mx/en/" "Mozilla/5.0 (iPhone; CPU iPhone OS 18_7 like Mac OS X) AppleWebKit/605.1.15 (KHTML, like Gecko) Version/26.6.1 Mobile/15E148 Safari/604.1"
189.203.7.96 - - [11/Sep/2026:00:05:09 -0400] "GET /wp-content/plugins/elementor/assets/css/widget-divider.min.css?ver=4.2.4 HTTP/1.1" 200 4258 "https://hidalgoresidences.mx/en/" "Mozilla/5.0 (iPhone; CPU iPhone OS 18_7 like Mac OS X) AppleWebKit/605.1.15 (KHTML, like Gecko) Version/26.6.1 Mobile/15E148 Safari/604.1"
189.203.7.96 - - [11/Sep/2026:00:05:09 -0400] "GET /wp-content/plugins/elementor/assets/css/widget-spacer.min.css?ver=4.2.4 HTTP/1.1" 200 1793 "https://hidalgoresidences.mx/en/" "Mozilla/5.0 (iPhone; CPU iPhone OS 18_7 like Mac OS X) AppleWebKit/605.1.15 (KHTML, like Gecko) Version/26.6.1 Mobile/15E148 Safari/604.1"
189.203.7.96 - - [11/Sep/2026:00:05:09 -0400] "GET /wp-content/plugins/elementor-pro/assets/css/widget-flip-box.min.css?ver=3.32.2 HTTP/1.1" 200 8981 "https://hidalgoresidences.mx/en/" "Mozilla/5.0 (iPhone; CPU iPhone OS 18_7 like Mac OS X) AppleWebKit/605.1.15 (KHTML, like Gecko) Version/26.6.1 Mobile/15E148 Safari/604.1"
189.203.7.96 - - [11/Sep/2026:00:05:09 -0400] "GET /wp-content/plugins/elementor-pro/assets/css/modules/motion-fx.min.css?ver=3.32.2 HTTP/1.1" 200 778 "https://hidalgoresidences.mx/en/" "Mozilla/5.0 (iPhone; CPU iPhone OS 18_7 like Mac OS X) AppleWebKit/605.1.15 (KHTML, like Gecko) Version/26.6.1 Mobile/15E148 Safari/604.1"
189.203.7.96 - - [11/Sep/2026:00:05:09 -0400] "GET /wp-content/plugins/elementor/assets/css/widget-google_maps.min.css?ver=4.2.4 HTTP/1.1" 200 261 "https://hidalgoresidences.mx/en/" "Mozilla/5.0 (iPhone; CPU iPhone OS 18_7 like Mac OS X) AppleWebKit/605.1.15 (KHTML, like Gecko) Version/26.6.1 Mobile/15E148 Safari/604.1"
189.203.7.96 - - [11/Sep/2026:00:05:09 -0400] "GET /wp-content/plugins/elementor/assets/css/widget-icon-list.min.css?ver=4.2.4 HTTP/1.1" 200 10255 "https://hidalgoresidences.mx/en/" "Mozilla/5.0 (iPhone; CPU iPhone OS 18_7 like Mac OS X) AppleWebKit/605.1.15 (KHTML, like Gecko) Version/26.6.1 Mobile/15E148 Safari/604.1"
189.203.7.96 - - [11/Sep/2026:00:05:09 -0400] "GET /wp-content/plugins/elementor/assets/css/widget-social-icons.min.css?ver=4.2.4 HTTP/1.1" 200 5110 "https://hidalgoresidences.mx/en/" "Mozilla/5.0 (iPhone; CPU iPhone OS 18_7 like Mac OS X) AppleWebKit/605.1.15 (KHTML, like Gecko) Version/26.6.1 Mobile/15E148 Safari/604.1"
189.203.7.96 - - [11/Sep/2026:00:05:09 -0400] "GET /wp-content/plugins/elementor/assets/css/conditionals/apple-webkit.min.css?ver=4.2.4 HTTP/1.1" 200 6713 "https://hidalgoresidences.mx/en/" "Mozilla/5.0 (iPhone; CPU iPhone OS 18_7 like Mac OS X) AppleWebKit/605.1.15 (KHTML, like Gecko) Version/26.6.1 Mobile/15E148 Safari/604.1"
189.203.7.96 - - [11/Sep/2026:00:05:09 -0400] "GET /wp-content/uploads/elementor/google-fonts/css/robotoslab.css?ver=1749143517 HTTP/1.1" 200 23814 "https://hidalgoresidences.mx/en/" "Mozilla/5.0 (iPhone; CPU iPhone OS 18_7 like Mac OS X) AppleWebKit/605.1.15 (KHTML, like Gecko) Version/26.6.1 Mobile/15E148 Safari/604.1"
189.203.7.96 - - [11/Sep/2026:00:05:09 -0400] "GET /wp-content/uploads/elementor/google-fonts/css/roboto.css?ver=1749143511 HTTP/1.1" 200 104490 "https://hidalgoresidences.mx/en/" "Mozilla/5.0 (iPhone; CPU iPhone OS 18_7 like Mac OS X) AppleWebKit/605.1.15 (KHTML, like Gecko) Version/26.6.1 Mobile/15E148 Safari/604.1"
189.203.7.96 - - [11/Sep/2026:00:05:09 -0400] "GET /wp-content/uploads/elementor/css/post-1655.css?ver=1789068138 HTTP/1.1" 200 205793 "https://hidalgoresidences.mx/en/" "Mozilla/5.0 (iPhone; CPU iPhone OS 18_7 like Mac OS X) AppleWebKit/605.1.15 (KHTML, like Gecko) Version/26.6.1 Mobile/15E148 Safari/604.1"
189.203.7.96 - - [11/Sep/2026:00:05:09 -0400] "GET /wp-content/uploads/elementor/google-fonts/css/montserrat.css?ver=1749143528 HTTP/1.1" 200 36162 "https://hidalgoresidences.mx/en/" "Mozilla/5.0 (iPhone; CPU iPhone OS 18_7 like Mac OS X) AppleWebKit/605.1.15 (KHTML, like Gecko) Version/26.6.1 Mobile/15E148 Safari/604.1"
189.203.7.96 - - [11/Sep/2026:00:05:09 -0400] "GET /wp-content/plugins/elementor/assets/lib/font-awesome/css/fontawesome.min.css?ver=5.15.3 HTTP/1.1" 200 58071 "https://hidalgoresidences.mx/en/" "Mozilla/5.0 (iPhone; CPU iPhone OS 18_7 like Mac OS X) AppleWebKit/605.1.15 (KHTML, like Gecko) Version/26.6.1 Mobile/15E148 Safari/604.1"
189.203.7.96 - - [11/Sep/2026:00:05:09 -0400] "GET /wp-content/plugins/elementor/assets/lib/font-awesome/css/solid.min.css?ver=5.15.3 HTTP/1.1" 200 669 "https://hidalgoresidences.mx/en/" "Mozilla/5.0 (iPhone; CPU iPhone OS 18_7 like Mac OS X) AppleWebKit/605.1.15 (KHTML, like Gecko) Version/26.6.1 Mobile/15E148 Safari/604.1"
189.203.7.96 - - [11/Sep/2026:00:05:09 -0400] "GET /wp-content/plugins/wpforms/assets/css/frontend/classic/wpforms-full.min.css?ver=1.9.8.2 HTTP/1.1" 200 115103 "https://hidalgoresidences.mx/en/" "Mozilla/5.0 (iPhone; CPU iPhone OS 18_7 like Mac OS X) AppleWebKit/605.1.15 (KHTML, like Gecko) Version/26.6.1 Mobile/15E148 Safari/604.1"
189.203.7.96 - - [11/Sep/2026:00:05:09 -0400] "GET /wp-content/plugins/elementor/assets/lib/font-awesome/css/brands.min.css?ver=5.15.3 HTTP/1.1" 200 675 "https://hidalgoresidences.mx/en/" "Mozilla/5.0 (iPhone; CPU iPhone OS 18_7 like Mac OS X) AppleWebKit/605.1.15 (KHTML, like Gecko) Version/26.6.1 Mobile/15E148 Safari/604.1"
189.203.7.96 - - [11/Sep/2026:00:05:09 -0400] "GET /wp-content/plugins/sitepress-multilingual-cms/res/js/cookies/language-cookie.js?ver=496000 HTTP/1.1" 200 290 "https://hidalgoresidences.mx/en/" "Mozilla/5.0 (iPhone; CPU iPhone OS 18_7 like Mac OS X) AppleWebKit/605.1.15 (KHTML, like Gecko) Version/26.6.1 Mobile/15E148 Safari/604.1"
189.203.7.96 - - [11/Sep/2026:00:05:09 -0400] "GET /wp-includes/js/jquery/jquery-migrate.min.js?ver=3.4.1 HTTP/1.1" 200 13577 "https://hidalgoresidences.mx/en/" "Mozilla/5.0 (iPhone; CPU iPhone OS 18_7 like Mac OS X) AppleWebKit/605.1.15 (KHTML, like Gecko) Version/26.6.1 Mobile/15E148 Safari/604.1"
189.203.7.96 - - [11/Sep/2026:00:05:09 -0400] "GET /wp-includes/js/jquery/jquery.min.js?ver=3.7.1 HTTP/1.1" 200 87553 "https://hidalgoresidences.mx/en/" "Mozilla/5.0 (iPhone; CPU iPhone OS 18_7 like Mac OS X) AppleWebKit/605.1.15 (KHTML, like Gecko) Version/26.6.1 Mobile/15E148 Safari/604.1"
189.203.7.96 - - [11/Sep/2026:00:05:09 -0400] "GET /wp-content/plugins/revslider/public/assets/js/revolution.tools.min.js?ver=6.0 HTTP/1.1" 200 150554 "https://hidalgoresidences.mx/en/" "Mozilla/5.0 (iPhone; CPU iPhone OS 18_7 like Mac OS X) AppleWebKit/605.1.15 (KHTML, like Gecko) Version/26.6.1 Mobile/15E148 Safari/604.1"
189.203.7.96 - - [11/Sep/2026:00:05:09 -0400] "GET /wp-content/plugins/revslider/public/assets/js/rs6.min.js?ver=6.1.3 HTTP/1.1" 200 274558 "https://hidalgoresidences.mx/en/" "Mozilla/5.0 (iPhone; CPU iPhone OS 18_7 like Mac OS X) AppleWebKit/605.1.15 (KHTML, like Gecko) Version/26.6.1 Mobile/15E148 Safari/604.1"
189.203.7.96 - - [11/Sep/2026:00:05:09 -0400] "GET /wp-content/plugins/wpforms/assets/pro/css/fields/phone/intl-tel-input.min.css?ver=25.3.1 HTTP/1.1" 200 75675 "https://hidalgoresidences.mx/en/" "Mozilla/5.0 (iPhone; CPU iPhone OS 18_7 like Mac OS X) AppleWebKit/605.1.15 (KHTML, like Gecko) Version/26.6.1 Mobile/15E148 Safari/604.1"
189.203.7.96 - - [11/Sep/2026:00:05:09 -0400] "GET /wp-content/themes/Bridge100/bridge/js/plugins/qode-like.min.js?ver=7.1 HTTP/1.1" 200 592 "https://hidalgoresidences.mx/en/" "Mozilla/5.0 (iPhone; CPU iPhone OS 18_7 like Mac OS X) AppleWebKit/605.1.15 (KHTML, like Gecko) Version/26.6.1 Mobile/15E148 Safari/604.1"
189.203.7.96 - - [11/Sep/2026:00:05:09 -0400] "GET /wp-content/uploads/elementor/css/post-1643.css?ver=1789068136 HTTP/1.1" 200 1231 "https://hidalgoresidences.mx/en/" "Mozilla/5.0 (iPhone; CPU iPhone OS 18_7 like Mac OS X) AppleWebKit/605.1.15 (KHTML, like Gecko) Version/26.6.1 Mobile/15E148 Safari/604.1"
189.203.7.96 - - [11/Sep/2026:00:05:09 -0400] "GET /wp-includes/js/jquery/ui/core.min.js?ver=1.14.2 HTTP/1.1" 200 18674 "https://hidalgoresidences.mx/en/" "Mozilla/5.0 (iPhone; CPU iPhone OS 18_7 like Mac OS X) AppleWebKit/605.1.15 (KHTML, like Gecko) Version/26.6.1 Mobile/15E148 Safari/604.1"
189.203.7.96 - - [11/Sep/2026:00:05:09 -0400] "GET /wp-content/uploads/2021/06/Recorte_Edificio_03.png HTTP/1.1" 200 3185264 "https://hidalgoresidences.mx/en/" "Mozilla/5.0 (iPhone; CPU iPhone OS 18_7 like Mac OS X) AppleWebKit/605.1.15 (KHTML, like Gecko) Version/26.6.1 Mobile/15E148 Safari/604.1"
189.203.7.96 - - [11/Sep/2026:00:05:09 -0400] "GET /wp-includes/js/jquery/ui/accordion.min.js?ver=1.14.2 HTTP/1.1" 200 8742 "https://hidalgoresidences.mx/en/" "Mozilla/5.0 (iPhone; CPU iPhone OS 18_7 like Mac OS X) AppleWebKit/605.1.15 (KHTML, like Gecko) Version/26.6.1 Mobile/15E148 Safari/604.1"
189.203.7.96 - - [11/Sep/2026:00:05:09 -0400] "GET /wp-includes/js/jquery/ui/menu.min.js?ver=1.14.2 HTTP/1.1" 200 10154 "https://hidalgoresidences.mx/en/" "Mozilla/5.0 (iPhone; CPU iPhone OS 18_7 like Mac OS X) AppleWebKit/605.1.15 (KHTML, like Gecko) Version/26.6.1 Mobile/15E148 Safari/604.1"
189.203.7.96 - - [11/Sep/2026:00:05:09 -0400] "GET /wp-includes/js/dist/dom-ready.min.js?ver=3fe927cab37bf38d6a23 HTTP/1.1" 200 881 "https://hidalgoresidences.mx/en/" "Mozilla/5.0 (iPhone; CPU iPhone OS 18_7 like Mac OS X) AppleWebKit/605.1.15 (KHTML, like Gecko) Version/26.6.1 Mobile/15E148 Safari/604.1"
189.203.7.96 - - [11/Sep/2026:00:05:09 -0400] "GET /wp-includes/js/dist/hooks.min.js?ver=f0f188028580e8dc1255 HTTP/1.1" 200 5107 "https://hidalgoresidences.mx/en/" "Mozilla/5.0 (iPhone; CPU iPhone OS 18_7 like Mac OS X) AppleWebKit/605.1.15 (KHTML, like Gecko) Version/26.6.1 Mobile/15E148 Safari/604.1"
189.203.7.96 - - [11/Sep/2026:00:05:09 -0400] "GET /wp-includes/js/dist/i18n.min.js?ver=1dfe7db3940c23ea9216 HTTP/1.1" 200 5791 "https://hidalgoresidences.mx/en/" "Mozilla/5.0 (iPhone; CPU iPhone OS 18_7 like Mac OS X) AppleWebKit/605.1.15 (KHTML, like Gecko) Version/26.6.1 Mobile/15E148 Safari/604.1"
189.203.7.96 - - [11/Sep/2026:00:05:09 -0400] "GET /wp-includes/js/dist/a11y.min.js?ver=31c6cec5a4ff7aff483d HTTP/1.1" 200 2616 "https://hidalgoresidences.mx/en/" "Mozilla/5.0 (iPhone; CPU iPhone OS 18_7 like Mac OS X) AppleWebKit/605.1.15 (KHTML, like Gecko) Version/26.6.1 Mobile/15E148 Safari/604.1"
189.203.7.96 - - [11/Sep/2026:00:05:09 -0400] "GET /wp-includes/js/jquery/ui/controlgroup.min.js?ver=1.14.2 HTTP/1.1" 200 4402 "https://hidalgoresidences.mx/en/" "Mozilla/5.0 (iPhone; CPU iPhone OS 18_7 like Mac OS X) AppleWebKit/605.1.15 (KHTML, like Gecko) Version/26.6.1 Mobile/15E148 Safari/604.1"
189.203.7.96 - - [11/Sep/2026:00:05:09 -0400] "GET /wp-includes/js/jquery/ui/autocomplete.min.js?ver=1.14.2 HTTP/1.1" 200 8275 "https://hidalgoresidences.mx/en/" "Mozilla/5.0 (iPhone; CPU iPhone OS 18_7 like Mac OS X) AppleWebKit/605.1.15 (KHTML, like Gecko) Version/26.6.1 Mobile/15E148 Safari/604.1"
189.203.7.96 - - [11/Sep/2026:00:05:09 -0400] "GET /wp-includes/js/jquery/ui/checkboxradio.min.js?ver=1.14.2 HTTP/1.1" 200 4350 "https://hidalgoresidences.mx/en/" "Mozilla/5.0 (iPhone; CPU iPhone OS 18_7 like Mac OS X) AppleWebKit/605.1.15 (KHTML, like Gecko) Version/26.6.1 Mobile/15E148 Safari/604.1"
189.203.7.96 - - [11/Sep/2026:00:05:09 -0400] "GET /wp-includes/js/jquery/ui/button.min.js?ver=1.14.2 HTTP/1.1" 200 6154 "https://hidalgoresidences.mx/en/" "Mozilla/5.0 (iPhone; CPU iPhone OS 18_7 like Mac OS X) AppleWebKit/605.1.15 (KHTML, like Gecko) Version/26.6.1 Mobile/15E148 Safari/604.1"
189.203.7.96 - - [11/Sep/2026:00:05:09 -0400] "GET /wp-includes/js/jquery/ui/datepicker.min.js?ver=1.14.2 HTTP/1.1" 200 36740 "https://hidalgoresidences.mx/en/" "Mozilla/5.0 (iPhone; CPU iPhone OS 18_7 like Mac OS X) AppleWebKit/605.1.15 (KHTML, like Gecko) Version/26.6.1 Mobile/15E148 Safari/604.1"
189.203.7.96 - - [11/Sep/2026:00:05:09 -0400] "GET /wp-includes/js/jquery/ui/mouse.min.js?ver=1.14.2 HTTP/1.1" 200 3297 "https://hidalgoresidences.mx/en/" "Mozilla/5.0 (iPhone; CPU iPhone OS 18_7 like Mac OS X) AppleWebKit/605.1.15 (KHTML, like Gecko) Version/26.6.1 Mobile/15E148 Safari/604.1"
189.203.7.96 - - [11/Sep/2026:00:05:09 -0400] "GET /wp-includes/js/jquery/ui/resizable.min.js?ver=1.14.2 HTTP/1.1" 200 19447 "https://hidalgoresidences.mx/en/" "Mozilla/5.0 (iPhone; CPU iPhone OS 18_7 like Mac OS X) AppleWebKit/605.1.15 (KHTML, like Gecko) Version/26.6.1 Mobile/15E148 Safari/604.1"
189.203.7.96 - - [11/Sep/2026:00:05:09 -0400] "GET /wp-includes/js/jquery/ui/draggable.min.js?ver=1.14.2 HTTP/1.1" 200 18374 "https://hidalgoresidences.mx/en/" "Mozilla/5.0 (iPhone; CPU iPhone OS 18_7 like Mac OS X) AppleWebKit/605.1.15 (KHTML, like Gecko) Version/26.6.1 Mobile/15E148 Safari/604.1"
189.203.7.96 - - [11/Sep/2026:00:05:10 -0400] "GET /wp-includes/js/jquery/ui/dialog.min.js?ver=1.14.2 HTTP/1.1" 200 13204 "https://hidalgoresidences.mx/en/" "Mozilla/5.0 (iPhone; CPU iPhone OS 18_7 like Mac OS X) AppleWebKit/605.1.15 (KHTML, like Gecko) Version/26.6.1 Mobile/15E148 Safari/604.1"
189.203.7.96 - - [11/Sep/2026:00:05:10 -0400] "GET /wp-includes/js/jquery/ui/droppable.min.js?ver=1.14.2 HTTP/1.1" 200 6665 "https://hidalgoresidences.mx/en/" "Mozilla/5.0 (iPhone; CPU iPhone OS 18_7 like Mac OS X) AppleWebKit/605.1.15 (KHTML, like Gecko) Version/26.6.1 Mobile/15E148 Safari/604.1"
189.203.7.96 - - [11/Sep/2026:00:05:10 -0400] "GET /wp-includes/js/jquery/ui/progressbar.min.js?ver=1.14.2 HTTP/1.1" 200 2558 "https://hidalgoresidences.mx/en/" "Mozilla/5.0 (iPhone; CPU iPhone OS 18_7 like Mac OS X) AppleWebKit/605.1.15 (KHTML, like Gecko) Version/26.6.1 Mobile/15E148 Safari/604.1"
