74.7.243.214 - - [11/Sep/2026:04:35:18 -0400] "GET /wp-content/themes/Bridge100/bridge/js/plugins/jquery.touchSwipe.min.js?ver=7.1 HTTP/1.1" 429 17 "https://hidalgoresidences.mx/" "Mozilla/5.0 AppleWebKit/537.36 (KHTML, like Gecko; compatible; GPTBot/1.4; +https://openai.com/gptbot)"
74.7.243.214 - - [11/Sep/2026:04:35:38 -0400] "GET /wp-content/themes/Bridge100/bridge/js/plugins/ScrollToPlugin.min.js?ver=7.1 HTTP/1.1" 429 17 "https://hidalgoresidences.mx/" "Mozilla/5.0 AppleWebKit/537.36 (KHTML, like Gecko; compatible; GPTBot/1.4; +https://openai.com/gptbot)"
74.7.243.214 - - [11/Sep/2026:04:35:58 -0400] "GET /wp-content/themes/Bridge100/bridge/js/plugins/smoothPageScroll.min.js?ver=7.1 HTTP/1.1" 429 17 "https://hidalgoresidences.mx/" "Mozilla/5.0 AppleWebKit/537.36 (KHTML, like Gecko; compatible; GPTBot/1.4; +https://openai.com/gptbot)"
74.7.243.214 - - [11/Sep/2026:04:36:18 -0400] "GET /wp-content/plugins/elementor-pro/assets/lib/smartmenus/jquery.smartmenus.min.js?ver=1.2.1 HTTP/1.1" 429 17 "https://hidalgoresidences.mx/" "Mozilla/5.0 AppleWebKit/537.36 (KHTML, like Gecko; compatible; GPTBot/1.4; +https://openai.com/gptbot)"
40.77.167.123 - - [11/Sep/2026:04:36:21 -0400] "GET /wp-content/plugins/wpforms/vendor_prefixed/stripe/stripe-php/lib/Discount.php HTTP/1.1" 500 - "-" "Mozilla/5.0 AppleWebKit/537.36 (KHTML, like Gecko; compatible; bingbot/2.0; +http://www.bing.com/bingbot.htm) Chrome/116.0.1938.76 Safari/537.36"
74.7.243.214 - - [11/Sep/2026:04:36:38 -0400] "GET /wp-content/plugins/sitepress-multilingual-cms/res/js/cookies/language-cookie.js?ver=496000 HTTP/1.1" 429 17 "https://hidalgoresidences.mx/" "Mozilla/5.0 AppleWebKit/537.36 (KHTML, like Gecko; compatible; GPTBot/1.4; +https://openai.com/gptbot)"
74.7.243.214 - - [11/Sep/2026:04:36:58 -0400] "GET /wp-content/plugins/revslider/public/assets/js/revolution.tools.min.js?ver=6.0 HTTP/1.1" 429 17 "https://hidalgoresidences.mx/" "Mozilla/5.0 AppleWebKit/537.36 (KHTML, like Gecko; compatible; GPTBot/1.4; +https://openai.com/gptbot)"
74.7.243.214 - - [11/Sep/2026:04:37:18 -0400] "GET /wp-json/oembed/1.0/embed?format=xml&url=https%3A%2F%2Fhidalgoresidences.mx%2F HTTP/1.1" 429 17 "https://hidalgoresidences.mx/" "Mozilla/5.0 AppleWebKit/537.36 (KHTML, like Gecko; compatible; GPTBot/1.4; +https://openai.com/gptbot)"
74.7.243.214 - - [11/Sep/2026:04:37:38 -0400] "GET /wp-content/plugins/wpforms/assets/pro/css/fields/richtext/editor-content.min.css HTTP/1.1" 429 17 "https://hidalgoresidences.mx/" "Mozilla/5.0 AppleWebKit/537.36 (KHTML, like Gecko; compatible; GPTBot/1.4; +https://openai.com/gptbot)"
74.7.243.214 - - [11/Sep/2026:04:37:58 -0400] "GET /wp-includes/css/dashicons.min.css?ver=7.1 HTTP/1.1" 429 17 "https://hidalgoresidences.mx/" "Mozilla/5.0 AppleWebKit/537.36 (KHTML, like Gecko; compatible; GPTBot/1.4; +https://openai.com/gptbot)"
74.7.243.214 - - [11/Sep/2026:04:38:18 -0400] "GET /wp-content/themes/Bridge100/bridge/style.css?ver=7.1 HTTP/1.1" 429 17 "https://hidalgoresidences.mx/" "Mozilla/5.0 AppleWebKit/537.36 (KHTML, like Gecko; compatible; GPTBot/1.4; +https://openai.com/gptbot)"
74.7.243.214 - - [11/Sep/2026:04:38:38 -0400] "GET /wp-content/plugins/essential-addons-for-elementor-lite/assets/front-end/css/view/general.min.css?ver=6.8.3 HTTP/1.1" 429 17 "https://hidalgoresidences.mx/" "Mozilla/5.0 AppleWebKit/537.36 (KHTML, like Gecko; compatible; GPTBot/1.4; +https://openai.com/gptbot)"
74.7.243.214 - - [11/Sep/2026:04:38:58 -0400] "GET /wp-content/plugins/sitepress-multilingual-cms/templates/language-switchers/menu-item/style.min.css?ver=1 HTTP/1.1" 429 17 "https://hidalgoresidences.mx/" "Mozilla/5.0 AppleWebKit/537.36 (KHTML, like Gecko; compatible; GPTBot/1.4; +https://openai.com/gptbot)"
74.7.243.214 - - [11/Sep/2026:04:39:18 -0400] "GET /wp-includes/js/tinymce/skins/lightgray/content.min.css?ver=7.1 HTTP/1.1" 429 17 "https://hidalgoresidences.mx/" "Mozilla/5.0 AppleWebKit/537.36 (KHTML, like Gecko; compatible; GPTBot/1.4; +https://openai.com/gptbot)"
74.7.243.214 - - [11/Sep/2026:04:39:38 -0400] "GET /wp-content/plugins/wpforms/assets/js/share/utils.min.js?ver=1.9.8.2 HTTP/1.1" 429 17 "https://hidalgoresidences.mx/" "Mozilla/5.0 AppleWebKit/537.36 (KHTML, like Gecko; compatible; GPTBot/1.4; +https://openai.com/gptbot)"
74.7.243.214 - - [11/Sep/2026:04:39:58 -0400] "GET /wp-content/uploads/essential-addons-elementor/eael-430.css?ver=1788838814 HTTP/1.1" 429 17 "https://hidalgoresidences.mx/" "Mozilla/5.0 AppleWebKit/537.36 (KHTML, like Gecko; compatible; GPTBot/1.4; +https://openai.com/gptbot)"
74.7.243.214 - - [11/Sep/2026:04:40:18 -0400] "GET /wp-content/plugins/revslider/public/assets/css/rs6.css?ver=6.1.3 HTTP/1.1" 429 17 "https://hidalgoresidences.mx/" "Mozilla/5.0 AppleWebKit/537.36 (KHTML, like Gecko; compatible; GPTBot/1.4; +https://openai.com/gptbot)"
74.7.243.214 - - [11/Sep/2026:04:40:38 -0400] "GET /wp-content/plugins/elementor-pro/assets/css/widget-flip-box.min.css?ver=3.32.2 HTTP/1.1" 429 17 "https://hidalgoresidences.mx/" "Mozilla/5.0 AppleWebKit/537.36 (KHTML, like Gecko; compatible; GPTBot/1.4; +https://openai.com/gptbot)"
74.7.243.214 - - [11/Sep/2026:04:40:58 -0400] "GET /wp-content/themes/Bridge100/bridge/css/responsive.min.css?ver=7.1 HTTP/1.1" 429 17 "https://hidalgoresidences.mx/" "Mozilla/5.0 AppleWebKit/537.36 (KHTML, like Gecko; compatible; GPTBot/1.4; +https://openai.com/gptbot)"
74.7.243.214 - - [11/Sep/2026:04:41:18 -0400] "GET /wp-content/themes/Bridge100/bridge/css/stylesheet.min.css?ver=7.1 HTTP/1.1" 429 17 "https://hidalgoresidences.mx/" "Mozilla/5.0 AppleWebKit/537.36 (KHTML, like Gecko; compatible; GPTBot/1.4; +https://openai.com/gptbot)"
74.7.243.214 - - [11/Sep/2026:04:41:38 -0400] "GET /wp-content/plugins/elementor/assets/lib/font-awesome/css/fontawesome.min.css?ver=5.15.3 HTTP/1.1" 429 17 "https://hidalgoresidences.mx/" "Mozilla/5.0 AppleWebKit/537.36 (KHTML, like Gecko; compatible; GPTBot/1.4; +https://openai.com/gptbot)"
74.7.243.214 - - [11/Sep/2026:04:41:58 -0400] "GET /wp-content/plugins/elementor/assets/lib/font-awesome/css/brands.min.css?ver=5.15.3 HTTP/1.1" 429 17 "https://hidalgoresidences.mx/" "Mozilla/5.0 AppleWebKit/537.36 (KHTML, like Gecko; compatible; GPTBot/1.4; +https://openai.com/gptbot)"
74.7.243.214 - - [11/Sep/2026:04:42:18 -0400] "GET /wp-content/themes/Bridge100/bridge/css/print.css?ver=7.1 HTTP/1.1" 429 17 "https://hidalgoresidences.mx/" "Mozilla/5.0 AppleWebKit/537.36 (KHTML, like Gecko; compatible; GPTBot/1.4; +https://openai.com/gptbot)"
74.7.243.214 - - [11/Sep/2026:04:42:38 -0400] "GET /wp-content/plugins/sitepress-multilingual-cms/templates/language-switchers/legacy-list-horizontal/style.min.css?ver=1 HTTP/1.1" 429 17 "https://hidalgoresidences.mx/" "Mozilla/5.0 AppleWebKit/537.36 (KHTML, like Gecko; compatible; GPTBot/1.4; +https://openai.com/gptbot)"
74.7.243.214 - - [11/Sep/2026:04:42:58 -0400] "GET /wp-content/themes/Bridge100/bridge/css/linea-icons/style.css?ver=7.1 HTTP/1.1" 429 17 "https://hidalgoresidences.mx/" "Mozilla/5.0 AppleWebKit/537.36 (KHTML, like Gecko; compatible; GPTBot/1.4; +https://openai.com/gptbot)"
74.7.243.214 - - [11/Sep/2026:04:43:18 -0400] "GET /wp-content/plugins/wpforms/assets/css/frontend/classic/wpforms-full.min.css?ver=1.9.8.2 HTTP/1.1" 429 17 "https://hidalgoresidences.mx/" "Mozilla/5.0 AppleWebKit/537.36 (KHTML, like Gecko; compatible; GPTBot/1.4; +https://openai.com/gptbot)"
74.7.243.214 - - [11/Sep/2026:04:43:38 -0400] "GET /wp-content/plugins/elementor-pro/assets/css/modules/motion-fx.min.css?ver=3.32.2 HTTP/1.1" 429 17 "https://hidalgoresidences.mx/" "Mozilla/5.0 AppleWebKit/537.36 (KHTML, like Gecko; compatible; GPTBot/1.4; +https://openai.com/gptbot)"
74.7.243.214 - - [11/Sep/2026:04:43:58 -0400] "GET /wp-content/plugins/elementor-pro/assets/css/widget-nav-menu.min.css?ver=3.32.2 HTTP/1.1" 429 17 "https://hidalgoresidences.mx/" "Mozilla/5.0 AppleWebKit/537.36 (KHTML, like Gecko; compatible; GPTBot/1.4; +https://openai.com/gptbot)"
74.7.243.214 - - [11/Sep/2026:04:44:18 -0400] "GET /wp-content/themes/Bridge100/bridge/css/font-awesome/css/font-awesome.min.css?ver=7.1 HTTP/1.1" 429 17 "https://hidalgoresidences.mx/" "Mozilla/5.0 AppleWebKit/537.36 (KHTML, like Gecko; compatible; GPTBot/1.4; +https://openai.com/gptbot)"
74.7.243.214 - - [11/Sep/2026:04:44:38 -0400] "GET /wp-content/uploads/elementor/google-fonts/css/montserrat.css?ver=1749143528 HTTP/1.1" 429 17 "https://hidalgoresidences.mx/" "Mozilla/5.0 AppleWebKit/537.36 (KHTML, like Gecko; compatible; GPTBot/1.4; +https://openai.com/gptbot)"
74.7.243.214 - - [11/Sep/2026:04:44:58 -0400] "GET /wp-content/uploads/elementor/google-fonts/css/roboto.css?ver=1749143511 HTTP/1.1" 429 17 "https://hidalgoresidences.mx/" "Mozilla/5.0 AppleWebKit/537.36 (KHTML, like Gecko; compatible; GPTBot/1.4; +https://openai.com/gptbot)"
74.7.243.214 - - [11/Sep/2026:04:45:18 -0400] "GET /wp-content/plugins/wpforms/assets/pro/css/fields/phone/intl-tel-input.min.css?ver=25.3.1 HTTP/1.1" 429 17 "https://hidalgoresidences.mx/" "Mozilla/5.0 AppleWebKit/537.36 (KHTML, like Gecko; compatible; GPTBot/1.4; +https://openai.com/gptbot)"
74.7.243.214 - - [11/Sep/2026:04:45:38 -0400] "GET /wp-content/themes/Bridge100/bridge/css/style_dynamic_responsive.css?ver=1710370923 HTTP/1.1" 429 17 "https://hidalgoresidences.mx/" "Mozilla/5.0 AppleWebKit/537.36 (KHTML, like Gecko; compatible; GPTBot/1.4; +https://openai.com/gptbot)"
74.7.243.214 - - [11/Sep/2026:04:45:58 -0400] "GET /wp-content/themes/Bridge100/bridge/css/custom_css.css?ver=1710370923 HTTP/1.1" 429 17 "https://hidalgoresidences.mx/" "Mozilla/5.0 AppleWebKit/537.36 (KHTML, like Gecko; compatible; GPTBot/1.4; +https://openai.com/gptbot)"
74.7.243.214 - - [11/Sep/2026:04:46:18 -0400] "GET /wp-content/themes/Bridge100/bridge/css/style_dynamic.css?ver=1710370923 HTTP/1.1" 429 17 "https://hidalgoresidences.mx/" "Mozilla/5.0 AppleWebKit/537.36 (KHTML, like Gecko; compatible; GPTBot/1.4; +https://openai.com/gptbot)"
74.7.243.214 - - [11/Sep/2026:04:46:38 -0400] "GET /wp-content/uploads/elementor/css/post-430.css?ver=1789105494 HTTP/1.1" 429 17 "https://hidalgoresidences.mx/" "Mozilla/5.0 AppleWebKit/537.36 (KHTML, like Gecko; compatible; GPTBot/1.4; +https://openai.com/gptbot)"
74.7.243.214 - - [11/Sep/2026:04:46:58 -0400] "GET /wp-content/uploads/elementor/css/post-433.css?ver=1789105492 HTTP/1.1" 429 17 "https://hidalgoresidences.mx/" "Mozilla/5.0 AppleWebKit/537.36 (KHTML, like Gecko; compatible; GPTBot/1.4; +https://openai.com/gptbot)"
199.250.222.155 - - [11/Sep/2026:04:48:10 -0400] "POST /wp-cron.php?doing_wp_cron=1789116490.5192229747772216796875 HTTP/1.1" 200 - "-" "WordPress/7.1; https://hidalgoresidences.mx"
114.119.145.169 - - [11/Sep/2026:04:48:09 -0400] "GET /author/hidalgo304903 HTTP/1.1" 301 - "https://hidalgoresidences.mx/author/hidalgo304903" "Mozilla/5.0 (Linux; Android 7.0;) AppleWebKit/537.36 (HTML, like Gecko) Mobile Safari/537.36 (compatible; PetalBot;+https://webmaster.petalsearch.com/site/petalbot)"
114.119.145.169 - - [11/Sep/2026:04:48:11 -0400] "GET /author/hidalgo304903/ HTTP/1.1" 200 48156 "https://hidalgoresidences.mx/author/hidalgo304903" "Mozilla/5.0 (Linux; Android 7.0;) AppleWebKit/537.36 (HTML, like Gecko) Mobile Safari/537.36 (compatible; PetalBot;+https://webmaster.petalsearch.com/site/petalbot)"
95.142.47.113 - - [11/Sep/2026:04:48:33 -0400] "GET / HTTP/1.0" 200 301772 "https://hidalgoresidences.mx/" "Mozilla/5.0 (Windows NT 10.0; Win64; x64) AppleWebKit/537.36 (KHTML, like Gecko) Chrome/131.0.0.0 Safari/537.36"
95.142.47.113 - - [11/Sep/2026:04:48:43 -0400] "POST /wp-admin/admin-ajax.php HTTP/1.0" 200 210 "https://hidalgoresidences.mx/" "Mozilla/5.0 (Windows NT 10.0; Win64; x64) AppleWebKit/537.36 (KHTML, like Gecko) Chrome/131.0.0.0 Safari/537.36"
200.56.126.246 - - [11/Sep/2026:05:00:02 -0400] "GET /wp-content/uploads/2023/01/BB-300x95.png HTTP/1.1" 200 59438 "https://hidalgoresidences.mx/" "Mozilla/5.0 (Macintosh; Intel Mac OS X 10.15; rv:155.0) Gecko/20100101 Firefox/155.0"
200.56.126.246 - - [11/Sep/2026:05:00:02 -0400] "GET /wp-content/plugins/wpforms/assets/pro/images/vendor/flags.webp HTTP/1.1" 200 16354 "https://hidalgoresidences.mx/wp-content/plugins/wpforms/assets/pro/css/fields/phone/intl-tel-input.min.css?ver=25.3.1" "Mozilla/5.0 (Macintosh; Intel Mac OS X 10.15; rv:155.0) Gecko/20100101 Firefox/155.0"
200.56.126.246 - - [11/Sep/2026:05:00:02 -0400] "GET /wp-content/uploads/2022/03/PlantaTipo_Web_03-1024x658.png HTTP/1.1" 200 129964 "https://hidalgoresidences.mx/" "Mozilla/5.0 (Macintosh; Intel Mac OS X 10.15; rv:155.0) Gecko/20100101 Firefox/155.0"
200.56.126.246 - - [11/Sep/2026:05:00:02 -0400] "GET /wp-content/uploads/2021/06/Recorte_Edificio_03-796x1024.png HTTP/1.1" 200 1054054 "https://hidalgoresidences.mx/" "Mozilla/5.0 (Macintosh; Intel Mac OS X 10.15; rv:155.0) Gecko/20100101 Firefox/155.0"
199.250.222.155 - - [11/Sep/2026:05:11:06 -0400] "POST /wp-cron.php?doing_wp_cron=1789117866.3343150615692138671875 HTTP/1.1" 200 - "-" "WordPress/7.1; https://hidalgoresidences.mx"
180.153.197.170 - - [11/Sep/2026:05:11:05 -0400] "GET /robots.txt HTTP/1.1" 200 277 "https://hidalgoresidences.mx/robots.txt" "Mozilla/5.0 (Windows NT 10.0; Win64; x64) AppleWebKit/537.36 (KHTML, like Gecko) Chrome/101.0.4951.64 Safari/537.36 Edg/101.0.1210.47"
146.103.110.101 - - [11/Sep/2026:05:11:40 -0400] "GET / HTTP/1.0" 200 301772 "https://hidalgoresidences.mx/" "Mozilla/5.0 (Windows NT 10.0; Win64; x64) AppleWebKit/537.36 (KHTML, like Gecko) Chrome/130.0.0.0 Safari/537.36 CCleaner/130.0.0.0"
146.103.110.101 - - [11/Sep/2026:05:11:51 -0400] "POST /wp-admin/admin-ajax.php HTTP/1.0" 200 210 "https://hidalgoresidences.mx/" "Mozilla/5.0 (Windows NT 10.0; Win64; x64) AppleWebKit/537.36 (KHTML, like Gecko) Chrome/130.0.0.0 Safari/537.36 CCleaner/130.0.0.0"
199.250.222.155 - - [11/Sep/2026:05:26:33 -0400] "POST /wp-cron.php?doing_wp_cron=1789118793.6127130985260009765625 HTTP/1.1" 200 - "-" "WordPress/7.1; https://hidalgoresidences.mx"
216.73.217.60 - - [11/Sep/2026:05:26:32 -0400] "GET /robots.txt HTTP/1.1" 200 277 "-" "Mozilla/5.0 AppleWebKit/537.36 (KHTML, like Gecko; compatible; ClaudeBot/1.0; +claudebot@anthropic.com)"
216.73.217.60 - - [11/Sep/2026:05:26:33 -0400] "GET /wp-sitemap.xml HTTP/1.1" 404 381 "-" "Mozilla/5.0 AppleWebKit/537.36 (KHTML, like Gecko; compatible; ClaudeBot/1.0; +claudebot@anthropic.com)"
199.250.222.155 - - [11/Sep/2026:05:37:39 -0400] "POST /wp-cron.php?doing_wp_cron=1789119459.8075330257415771484375 HTTP/1.1" 200 - "-" "WordPress/7.1; https://hidalgoresidences.mx"
216.73.217.60 - - [11/Sep/2026:05:37:37 -0400] "GET / HTTP/1.1" 200 301526 "-" "Mozilla/5.0 AppleWebKit/537.36 (KHTML, like Gecko; compatible; ClaudeBot/1.0; +claudebot@anthropic.com)"
199.250.222.155 - - [11/Sep/2026:05:44:10 -0400] "POST /wp-cron.php?doing_wp_cron=1789119850.2267439365386962890625 HTTP/1.1" 200 - "-" "WordPress/7.1; https://hidalgoresidences.mx/en/"
179.49.61.70 - - [11/Sep/2026:05:44:08 -0400] "GET /en/privacy-notice/ HTTP/1.1" 200 96076 "-" "Mozilla/5.0 (Macintosh; Intel Mac OS X 13_6_4) AppleWebKit/537.36 (KHTML, like Gecko) Chrome/133.0.6943.141 Safari/537.36"
199.250.222.155 - - [11/Sep/2026:06:07:15 -0400] "POST /wp-cron.php?doing_wp_cron=1789121235.4415678977966308593750 HTTP/1.1" 200 - "-" "WordPress/7.1; https://hidalgoresidences.mx"
45.84.184.214 - - [11/Sep/2026:06:07:14 -0400] "GET /wp-login.php HTTP/1.1" 200 9766 "-" "Mozilla/5.0 (Windows NT 10.0; Win64; x64) AppleWebKit/537.36 (KHTML, like Gecko) Chrome/149.0.0.0 Safari/537.36"
212.73.158.158 - - [11/Sep/2026:06:07:16 -0400] "POST /wp-login.php HTTP/1.1" 200 10229 "https://hidalgoresidences.mx.ventaspeninsula.mx/wp-login.php" "Mozilla/5.0 (Windows NT 10.0; Win64; x64) AppleWebKit/537.36 (KHTML, like Gecko) Chrome/149.0.0.0 Safari/537.36"
199.250.222.155 - - [11/Sep/2026:06:08:35 -0400] "POST /wp-cron.php?doing_wp_cron=1789121315.4826040267944335937500 HTTP/1.1" 200 - "-" "WordPress/7.1; https://hidalgoresidences.mx"
94.26.106.239 - - [11/Sep/2026:06:08:33 -0400] "GET / HTTP/1.1" 200 301526 "-" "Mozilla/5.0 (compatible; Googlebot/2.1; +http://www.google.com/bot.html)"
112.78.134.58 - - [11/Sep/2026:06:13:30 -0400] "GET /readme.html HTTP/1.1" 200 7407 "-" "Mozilla/5.0 (Windows NT 10.0; Win64; x64) AppleWebKit/537.36 (KHTML, like Gecko) Chrome/151.0.0.0 Safari/537.36"
199.250.222.155 - - [11/Sep/2026:06:13:32 -0400] "POST /wp-cron.php?doing_wp_cron=1789121612.8935968875885009765625 HTTP/1.1" 200 - "-" "WordPress/7.1; https://hidalgoresidences.mx"
112.78.134.58 - - [11/Sep/2026:06:13:31 -0400] "GET /wp-json/ HTTP/1.1" 200 363030 "-" "Mozilla/5.0 (Windows NT 10.0; Win64; x64) AppleWebKit/537.36 (KHTML, like Gecko) Chrome/151.0.0.0 Safari/537.36"
112.78.134.58 - - [11/Sep/2026:06:13:34 -0400] "GET / HTTP/1.1" 200 301685 "-" "Mozilla/5.0 (Windows NT 10.0; Win64; x64) AppleWebKit/537.36 (KHTML, like Gecko) Chrome/151.0.0.0 Safari/537.36"
112.78.134.58 - - [11/Sep/2026:06:13:37 -0400] "GET /wp-json/wp/v2/users?_fields=slug&per_page=100&page=1 HTTP/1.1" 200 26 "-" "Mozilla/5.0 (Windows NT 10.0; Win64; x64) AppleWebKit/537.36 (KHTML, like Gecko) Chrome/151.0.0.0 Safari/537.36"
112.78.134.58 - - [11/Sep/2026:06:13:39 -0400] "GET /?rest_route=/wp/v2/users&_fields=slug&per_page=100&page=1 HTTP/1.1" 200 26 "-" "Mozilla/5.0 (Windows NT 10.0; Win64; x64) AppleWebKit/537.36 (KHTML, like Gecko) Chrome/151.0.0.0 Safari/537.36"
112.78.134.58 - - [11/Sep/2026:06:13:40 -0400] "GET /feed/ HTTP/1.1" 200 877 "-" "Mozilla/5.0 (Windows NT 10.0; Win64; x64) AppleWebKit/537.36 (KHTML, like Gecko) Chrome/151.0.0.0 Safari/537.36"
112.78.134.58 - - [11/Sep/2026:06:13:42 -0400] "GET /feed/atom/ HTTP/1.1" 200 632 "-" "Mozilla/5.0 (Windows NT 10.0; Win64; x64) AppleWebKit/537.36 (KHTML, like Gecko) Chrome/151.0.0.0 Safari/537.36"
112.78.134.58 - - [11/Sep/2026:06:13:43 -0400] "GET /rss/ HTTP/1.1" 301 - "-" "Mozilla/5.0 (Windows NT 10.0; Win64; x64) AppleWebKit/537.36 (KHTML, like Gecko) Chrome/151.0.0.0 Safari/537.36"
112.78.134.58 - - [11/Sep/2026:06:13:45 -0400] "GET /feed/ HTTP/1.1" 200 877 "-" "Mozilla/5.0 (Windows NT 10.0; Win64; x64) AppleWebKit/537.36 (KHTML, like Gecko) Chrome/151.0.0.0 Safari/537.36"
112.78.134.58 - - [11/Sep/2026:06:13:46 -0400] "GET /wp-sitemap-users-1.xml HTTP/1.1" 404 268 "-" "Mozilla/5.0 (Windows NT 10.0; Win64; x64) AppleWebKit/537.36 (KHTML, like Gecko) Chrome/151.0.0.0 Safari/537.36"
112.78.134.58 - - [11/Sep/2026:06:13:48 -0400] "GET /author-sitemap.xml HTTP/1.1" 404 49817 "-" "Mozilla/5.0 (Windows NT 10.0; Win64; x64) AppleWebKit/537.36 (KHTML, like Gecko) Chrome/151.0.0.0 Safari/537.36"
112.78.134.58 - - [11/Sep/2026:06:13:50 -0400] "GET /sitemap.xml HTTP/1.1" 404 381 "-" "Mozilla/5.0 (Windows NT 10.0; Win64; x64) AppleWebKit/537.36 (KHTML, like Gecko) Chrome/151.0.0.0 Safari/537.36"
112.78.134.58 - - [11/Sep/2026:06:13:51 -0400] "GET /wp-json/wp/v2/posts?per_page=20&_embed=author&_fields=_embedded HTTP/1.1" 200 2 "-" "Mozilla/5.0 (Windows NT 10.0; Win64; x64) AppleWebKit/537.36 (KHTML, like Gecko) Chrome/151.0.0.0 Safari/537.36"
112.78.134.58 - - [11/Sep/2026:06:13:53 -0400] "GET /wp-json/oembed/1.0/embed?url=https%3A%2F%2Fhidalgoresidences.mx&format=json HTTP/1.1" 200 2150 "-" "Mozilla/5.0 (Windows NT 10.0; Win64; x64) AppleWebKit/537.36 (KHTML, like Gecko) Chrome/151.0.0.0 Safari/537.36"
112.78.134.58 - - [11/Sep/2026:06:13:55 -0400] "POST /graphql HTTP/1.1" 404 49817 "-" "Mozilla/5.0 (Windows NT 10.0; Win64; x64) AppleWebKit/537.36 (KHTML, like Gecko) Chrome/151.0.0.0 Safari/537.36"
112.78.134.58 - - [11/Sep/2026:06:13:57 -0400] "POST /api/graphql HTTP/1.1" 404 49817 "-" "Mozilla/5.0 (Windows NT 10.0; Win64; x64) AppleWebKit/537.36 (KHTML, like Gecko) Chrome/151.0.0.0 Safari/537.36"
112.78.134.58 - - [11/Sep/2026:06:13:59 -0400] "GET /?rest_route=/wp/v2/users&_jsonp=callback&per_page=100&_fields=id,slug HTTP/1.1" 200 47 "-" "Mozilla/5.0 (Windows NT 10.0; Win64; x64) AppleWebKit/537.36 (KHTML, like Gecko) Chrome/151.0.0.0 Safari/537.36"
112.78.134.58 - - [11/Sep/2026:06:14:01 -0400] "GET /wp-json/wp/v2/users?_jsonp=callback&per_page=100&_fields=id,slug HTTP/1.1" 200 47 "-" "Mozilla/5.0 (Windows NT 10.0; Win64; x64) AppleWebKit/537.36 (KHTML, like Gecko) Chrome/151.0.0.0 Safari/537.36"
112.78.134.58 - - [11/Sep/2026:06:14:02 -0400] "GET /author-sitemap.xml HTTP/1.1" 404 49817 "-" "Mozilla/5.0 (Windows NT 10.0; Win64; x64) AppleWebKit/537.36 (KHTML, like Gecko) Chrome/151.0.0.0 Safari/537.36"
199.250.222.155 - - [11/Sep/2026:06:14:06 -0400] "POST /wp-cron.php?doing_wp_cron=1789121646.5800569057464599609375 HTTP/1.1" 200 - "-" "WordPress/7.1; https://hidalgoresidences.mx"
112.78.134.58 - - [11/Sep/2026:06:14:05 -0400] "GET /sitemap_index.xml HTTP/1.1" 404 49817 "-" "Mozilla/5.0 (Windows NT 10.0; Win64; x64) AppleWebKit/537.36 (KHTML, like Gecko) Chrome/151.0.0.0 Safari/537.36"
112.78.134.58 - - [11/Sep/2026:06:14:07 -0400] "GET /wp-sitemap-users-1.xml HTTP/1.1" 404 268 "-" "Mozilla/5.0 (Windows NT 10.0; Win64; x64) AppleWebKit/537.36 (KHTML, like Gecko) Chrome/151.0.0.0 Safari/537.36"
146.70.160.238 - - [11/Sep/2026:06:21:27 -0400] "GET / HTTP/1.1" 200 301685 "-" "Mozilla/5.0 (Windows NT 10.0; Win64; x64) AppleWebKit/537.36 (KHTML, like Gecko) Chrome/78.0.3904.108 Safari/537.36"
146.70.160.238 - - [11/Sep/2026:06:21:30 -0400] "GET //wp-includes/wlwmanifest.xml HTTP/1.1" 301 - "-" "Mozilla/5.0 (Windows NT 10.0; Win64; x64) AppleWebKit/537.36 (KHTML, like Gecko) Chrome/78.0.3904.108 Safari/537.36"
146.70.160.238 - - [11/Sep/2026:06:21:31 -0400] "GET //xmlrpc.php?rsd HTTP/1.1" 406 300 "-" "Mozilla/5.0 (Windows NT 10.0; Win64; x64) AppleWebKit/537.36 (KHTML, like Gecko) Chrome/78.0.3904.108 Safari/537.36"
146.70.160.238 - - [11/Sep/2026:06:21:31 -0400] "GET / HTTP/1.1" 200 301685 "-" "Mozilla/5.0 (Windows NT 10.0; Win64; x64) AppleWebKit/537.36 (KHTML, like Gecko) Chrome/78.0.3904.108 Safari/537.36"
146.70.160.238 - - [11/Sep/2026:06:21:33 -0400] "GET //?author=1 HTTP/1.1" 301 - "-" "Mozilla/5.0 (Windows NT 10.0; Win64; x64) AppleWebKit/537.36 (KHTML, like Gecko) Chrome/78.0.3904.108 Safari/537.36"
146.70.160.238 - - [11/Sep/2026:06:21:35 -0400] "GET //?author=2 HTTP/1.1" 301 - "-" "Mozilla/5.0 (Windows NT 10.0; Win64; x64) AppleWebKit/537.36 (KHTML, like Gecko) Chrome/78.0.3904.108 Safari/537.36"
146.70.160.238 - - [11/Sep/2026:06:21:36 -0400] "GET //wp-json/wp/v2/users/ HTTP/1.1" 200 841 "-" "Mozilla/5.0 (Windows NT 10.0; Win64; x64) AppleWebKit/537.36 (KHTML, like Gecko) Chrome/78.0.3904.108 Safari/537.36"
146.70.160.238 - - [11/Sep/2026:06:21:37 -0400] "POST //xmlrpc.php HTTP/1.1" 406 300 "-" "Mozilla/5.0 (Windows NT 10.0; Win64; x64) AppleWebKit/537.36 (KHTML, like Gecko) Chrome/78.0.3904.108 Safari/537.36"
199.250.222.155 - - [11/Sep/2026:06:23:36 -0400] "POST /wp-cron.php?doing_wp_cron=1789122216.3679819107055664062500 HTTP/1.1" 200 - "-" "WordPress/7.1; https://hidalgoresidences.mx"
195.2.79.165 - - [11/Sep/2026:06:23:34 -0400] "GET / HTTP/1.0" 200 301772 "https://hidalgoresidences.mx/" "Mozilla/5.0 (Windows NT 10.0; Win64; x64) AppleWebKit/537.36 (KHTML, like Gecko) Chrome/131.0.0.0 Safari/537.36"
195.2.79.165 - - [11/Sep/2026:06:23:45 -0400] "POST /wp-admin/admin-ajax.php HTTP/1.0" 200 210 "https://hidalgoresidences.mx/" "Mozilla/5.0 (Windows NT 10.0; Win64; x64) AppleWebKit/537.36 (KHTML, like Gecko) Chrome/131.0.0.0 Safari/537.36"
199.250.222.155 - - [11/Sep/2026:06:25:01 -0400] "POST /wp-cron.php?doing_wp_cron=1789122301.1439011096954345703125 HTTP/1.1" 200 - "-" "WordPress/7.1; https://hidalgoresidences.mx"
68.127.190.125 - - [11/Sep/2026:06:24:59 -0400] "GET /author/hidalgo304903/ HTTP/1.1" 200 47689 "-" "Mozilla/5.0 (Macintosh; Intel Mac OS X 14_2_0) AppleWebKit/537.36 (KHTML, like Gecko) Chrome/126.0.6478.182 Safari/537.36"
199.250.222.155 - - [11/Sep/2026:06:31:46 -0400] "POST /wp-cron.php?doing_wp_cron=1789122706.3353400230407714843750 HTTP/1.1" 200 - "-" "WordPress/7.1; https://hidalgoresidences.mx"
129.146.99.47 - - [11/Sep/2026:06:31:44 -0400] "GET /wp-content/plugins/pods/readme.txt HTTP/1.1" 404 49531 "-" "Mozilla/5.0 (Macintosh; Intel Mac OS X 10_15_7) AppleWebKit/537.36 (KHTML, like Gecko) Chrome/124.0.0.0 Safari/537.36"
129.146.99.47 - - [11/Sep/2026:06:31:46 -0400] "GET /wp-content/plugins/pods/init.php HTTP/1.1" 404 49531 "-" "Mozilla/5.0 (Macintosh; Intel Mac OS X 10_15_7) AppleWebKit/537.36 (KHTML, like Gecko) Chrome/124.0.0.0 Safari/537.36"
199.250.222.155 - - [11/Sep/2026:06:52:55 -0400] "POST /wp-cron.php?doing_wp_cron=1789123975.5967080593109130859375 HTTP/1.1" 200 - "-" "WordPress/7.1; https://hidalgoresidences.mx"
195.178.110.22 - - [11/Sep/2026:06:52:54 -0400] "GET / HTTP/1.1" 301 - "-" "Mozilla/5.0 (Macintosh; Intel Mac OS X 10_15_7) AppleWebKit/605.1.15 (KHTML, like Gecko) Version/17.1 Safari/605.1.15"
195.178.110.22 - - [11/Sep/2026:06:53:06 -0400] "GET / HTTP/1.1" 200 147440 "-" "Mozilla/5.0 (X11; Ubuntu; Linux x86_64; rv:121.0) Gecko/20100101 Firefox/121.0"
85.98.224.180 - - [11/Sep/2026:06:53:24 -0400] "GET /aviso-de-privacidad HTTP/1.1" 301 - "-" "Mozilla/5.0 (iPod; U; CPU iPhone OS 3_1 like Mac OS X; tg-TJ) AppleWebKit/533.20.3 (KHTML, like Gecko) Version/4.0.5 Mobile/8B115 Safari/6533.20.3"
46.248.202.65 - - [11/Sep/2026:06:53:29 -0400] "GET /aviso-de-privacidad/ HTTP/1.1" 200 99352 "-" "Mozilla/5.0 (iPod; U; CPU iPhone OS 4_3 like Mac OS X; ak-GH) AppleWebKit/534.21.1 (KHTML, like Gecko) Version/3.0.5 Mobile/8B118 Safari/6534.21.1"
199.250.222.155 - - [11/Sep/2026:06:57:35 -0400] "POST /wp-cron.php?doing_wp_cron=1789124255.8425719738006591796875 HTTP/1.1" 200 - "-" "WordPress/7.1; https://hidalgoresidences.mx"
178.20.45.182 - - [11/Sep/2026:06:57:33 -0400] "GET / HTTP/1.0" 200 301772 "https://hidalgoresidences.mx/" "Mozilla/5.0 (Windows NT 10.0; Win64; x64) AppleWebKit/537.36 (KHTML, like Gecko) Chrome/130.0.0.0 Safari/537.36 CCleaner/130.0.0.0"
178.20.45.182 - - [11/Sep/2026:06:57:45 -0400] "POST /wp-admin/admin-ajax.php HTTP/1.0" 200 210 "https://hidalgoresidences.mx/" "Mozilla/5.0 (Windows NT 10.0; Win64; x64) AppleWebKit/537.36 (KHTML, like Gecko) Chrome/130.0.0.0 Safari/537.36 CCleaner/130.0.0.0"
199.250.222.155 - - [11/Sep/2026:07:09:30 -0400] "POST /wp-cron.php?doing_wp_cron=1789124970.6079149246215820312500 HTTP/1.1" 200 - "-" "WordPress/7.1; https://hidalgoresidences.mx"
216.73.217.60 - - [11/Sep/2026:07:09:29 -0400] "GET /robots.txt HTTP/1.1" 200 277 "-" "Mozilla/5.0 AppleWebKit/537.36 (KHTML, like Gecko; compatible; ClaudeBot/1.0; +claudebot@anthropic.com)"
216.73.217.60 - - [11/Sep/2026:07:09:30 -0400] "GET / HTTP/1.1" 200 301526 "-" "Mozilla/5.0 AppleWebKit/537.36 (KHTML, like Gecko; compatible; ClaudeBot/1.0; +claudebot@anthropic.com)"
199.250.222.155 - - [11/Sep/2026:07:12:45 -0400] "POST /wp-cron.php?doing_wp_cron=1789125165.9785580635070800781250 HTTP/1.1" 200 - "-" "WordPress/7.1; https://hidalgoresidences.mx"
129.146.177.134 - - [11/Sep/2026:07:12:44 -0400] "GET /wp-content/plugins/pods/readme.txt HTTP/1.1" 404 49589 "-" "Mozilla/5.0 (Macintosh; Intel Mac OS X 10_15_7) AppleWebKit/537.36 (KHTML, like Gecko) Chrome/124.0.0.0 Safari/537.36"
129.146.177.134 - - [11/Sep/2026:07:13:02 -0400] "GET /wp-content/plugins/pods/init.php HTTP/1.1" 404 49589 "-" "Mozilla/5.0 (Macintosh; Intel Mac OS X 10_15_7) AppleWebKit/537.36 (KHTML, like Gecko) Chrome/124.0.0.0 Safari/537.36"
52.167.144.173 - - [11/Sep/2026:07:15:22 -0400] "GET /wp-content/plugins/wpforms/vendor_prefixed/stripe/stripe-php/lib/Service/CustomerSessionService.php HTTP/1.1" 500 - "-" "Mozilla/5.0 AppleWebKit/537.36 (KHTML, like Gecko; compatible; bingbot/2.0; +http://www.bing.com/bingbot.htm) Chrome/116.0.1938.76 Safari/537.36"