199.250.222.155 - - [11/Sep/2026:03:13:28 -0400] "POST /wp-cron.php?doing_wp_cron=1789110808.1694569587707519531250 HTTP/1.1" 200 - "-" "WordPress/7.1; https://hidalgoresidences.mx"
129.146.188.65 - - [11/Sep/2026:03:13:26 -0400] "GET /wp-content/plugins/pods/readme.txt HTTP/1.1" 404 49658 "-" "Mozilla/5.0 (Windows NT 10.0; Win64; x64; rv:126.0) Gecko/20100101 Firefox/126.0"
129.146.188.65 - - [11/Sep/2026:03:13:28 -0400] "GET /wp-content/plugins/pods/init.php HTTP/1.1" 404 49658 "-" "Mozilla/5.0 (Windows NT 10.0; Win64; x64; rv:126.0) Gecko/20100101 Firefox/126.0"
103.162.74.184 - - [11/Sep/2026:03:13:31 -0400] "POST /xmlrpc.php HTTP/1.1" 200 416 "-" "WordPress.com; https://wordpress.com"
103.162.74.184 - - [11/Sep/2026:03:13:42 -0400] "POST /xmlrpc.php HTTP/1.1" 406 300 "-" "Jetpack by WordPress.com (Jetpack 12.5; WordPress 6.3)"
103.162.74.184 - - [11/Sep/2026:03:13:52 -0400] "POST /xmlrpc.php HTTP/1.1" 406 300 "-" "WordPress.com; https://wordpress.com"
103.162.74.184 - - [11/Sep/2026:03:14:03 -0400] "POST /xmlrpc.php HTTP/1.1" 406 300 "-" "Jetpack/12.5; WordPress/6.1; http://site58691825.com"
103.162.74.184 - - [11/Sep/2026:03:14:14 -0400] "POST /xmlrpc.php HTTP/1.1" 406 300 "-" "Jetpack/12.5; WordPress/6.4; http://site26879382.com"
103.162.74.184 - - [11/Sep/2026:03:14:25 -0400] "POST /xmlrpc.php HTTP/1.1" 406 300 "-" "Jetpack by WordPress.com (Jetpack 12.1; WordPress 6.3)"
199.250.222.155 - - [11/Sep/2026:03:14:36 -0400] "POST /wp-cron.php?doing_wp_cron=1789110876.9417369365692138671875 HTTP/1.1" 200 - "-" "WordPress/7.1; https://hidalgoresidences.mx"
103.162.74.184 - - [11/Sep/2026:03:14:35 -0400] "POST /xmlrpc.php HTTP/1.1" 200 416 "-" "Jetpack/12.0; WordPress/6.4; http://site37052339.com"
103.162.74.184 - - [11/Sep/2026:03:14:46 -0400] "POST /xmlrpc.php HTTP/1.1" 406 300 "-" "WordPress.com; https://wordpress.com"
103.162.74.184 - - [11/Sep/2026:03:14:56 -0400] "POST /xmlrpc.php HTTP/1.1" 406 300 "-" "Jetpack by WordPress.com"
103.162.74.184 - - [11/Sep/2026:03:15:07 -0400] "POST /xmlrpc.php HTTP/1.1" 406 300 "-" "WordPress.com; https://wordpress.com"
103.162.74.184 - - [11/Sep/2026:03:15:18 -0400] "POST /xmlrpc.php HTTP/1.1" 406 300 "-" "Jetpack/12.5; WordPress/6.2; http://site21527348.com"
103.162.74.184 - - [11/Sep/2026:03:15:28 -0400] "POST /xmlrpc.php HTTP/1.1" 406 300 "-" "Jetpack by WordPress.com"
199.250.222.155 - - [11/Sep/2026:03:15:40 -0400] "POST /wp-cron.php?doing_wp_cron=1789110940.7723009586334228515625 HTTP/1.1" 200 - "-" "WordPress/7.1; https://hidalgoresidences.mx"
103.162.74.184 - - [11/Sep/2026:03:15:39 -0400] "POST /xmlrpc.php HTTP/1.1" 200 416 "-" "WordPress.com; https://wordpress.com"
103.162.74.184 - - [11/Sep/2026:03:15:50 -0400] "POST /xmlrpc.php HTTP/1.1" 406 300 "-" "WordPress.com; https://wordpress.com"
146.70.160.238 - - [11/Sep/2026:03:15:49 -0400] "GET / HTTP/1.1" 200 301685 "-" "Mozilla/5.0 (Windows NT 10.0; Win64; x64) AppleWebKit/537.36 (KHTML, like Gecko) Chrome/78.0.3904.108 Safari/537.36"
146.70.160.238 - - [11/Sep/2026:03:15:51 -0400] "GET //wp-includes/wlwmanifest.xml HTTP/1.1" 301 - "-" "Mozilla/5.0 (Windows NT 10.0; Win64; x64) AppleWebKit/537.36 (KHTML, like Gecko) Chrome/78.0.3904.108 Safari/537.36"
146.70.160.238 - - [11/Sep/2026:03:15:52 -0400] "GET //xmlrpc.php?rsd HTTP/1.1" 200 834 "-" "Mozilla/5.0 (Windows NT 10.0; Win64; x64) AppleWebKit/537.36 (KHTML, like Gecko) Chrome/78.0.3904.108 Safari/537.36"
146.70.160.238 - - [11/Sep/2026:03:15:54 -0400] "GET //?author=1 HTTP/1.1" 301 - "-" "Mozilla/5.0 (Windows NT 10.0; Win64; x64) AppleWebKit/537.36 (KHTML, like Gecko) Chrome/78.0.3904.108 Safari/537.36"
146.70.160.238 - - [11/Sep/2026:03:15:55 -0400] "GET //?author=2 HTTP/1.1" 301 - "-" "Mozilla/5.0 (Windows NT 10.0; Win64; x64) AppleWebKit/537.36 (KHTML, like Gecko) Chrome/78.0.3904.108 Safari/537.36"
146.70.160.238 - - [11/Sep/2026:03:15:56 -0400] "GET //wp-json/wp/v2/users/ HTTP/1.1" 200 841 "-" "Mozilla/5.0 (Windows NT 10.0; Win64; x64) AppleWebKit/537.36 (KHTML, like Gecko) Chrome/78.0.3904.108 Safari/537.36"
146.70.160.238 - - [11/Sep/2026:03:15:57 -0400] "POST //xmlrpc.php HTTP/1.1" 200 414 "-" "Mozilla/5.0 (Windows NT 10.0; Win64; x64) AppleWebKit/537.36 (KHTML, like Gecko) Chrome/78.0.3904.108 Safari/537.36"
146.70.160.238 - - [11/Sep/2026:03:15:59 -0400] "POST //xmlrpc.php HTTP/1.1" 200 414 "-" "Mozilla/5.0 (Windows NT 10.0; Win64; x64) AppleWebKit/537.36 (KHTML, like Gecko) Chrome/78.0.3904.108 Safari/537.36"
103.162.74.184 - - [11/Sep/2026:03:16:00 -0400] "POST /xmlrpc.php HTTP/1.1" 406 300 "-" "WordPress.com; https://wordpress.com"
146.70.160.238 - - [11/Sep/2026:03:16:00 -0400] "POST //xmlrpc.php HTTP/1.1" 200 414 "-" "Mozilla/5.0 (Windows NT 10.0; Win64; x64) AppleWebKit/537.36 (KHTML, like Gecko) Chrome/78.0.3904.108 Safari/537.36"
146.70.160.238 - - [11/Sep/2026:03:16:02 -0400] "POST //xmlrpc.php HTTP/1.1" 406 300 "-" "Mozilla/5.0 (Windows NT 10.0; Win64; x64) AppleWebKit/537.36 (KHTML, like Gecko) Chrome/78.0.3904.108 Safari/537.36"
43.130.26.3 - - [11/Sep/2026:03:16:01 -0400] "GET / HTTP/1.1" 200 301971 "http://hidalgoresidences.mx" "Mozilla/5.0 (iPhone; CPU iPhone OS 13_2_3 like Mac OS X) AppleWebKit/605.1.15 (KHTML, like Gecko) Version/13.0.3 Mobile/15E148 Safari/604.1"
103.162.74.184 - - [11/Sep/2026:03:16:11 -0400] "POST /xmlrpc.php HTTP/1.1" 406 300 "-" "Jetpack by WordPress.com (Jetpack 12.1; WordPress 6.4)"
103.162.74.184 - - [11/Sep/2026:03:16:22 -0400] "POST /xmlrpc.php HTTP/1.1" 406 300 "-" "Jetpack/12.1; WordPress/6.1; http://site48324574.com"
103.162.74.184 - - [11/Sep/2026:03:16:32 -0400] "POST /xmlrpc.php HTTP/1.1" 406 300 "-" "Jetpack by WordPress.com (Jetpack 12.5; WordPress 6.3)"
199.250.222.155 - - [11/Sep/2026:03:16:44 -0400] "POST /wp-cron.php?doing_wp_cron=1789111004.3411660194396972656250 HTTP/1.1" 200 - "-" "WordPress/7.1; https://hidalgoresidences.mx"
103.162.74.184 - - [11/Sep/2026:03:16:43 -0400] "POST /xmlrpc.php HTTP/1.1" 200 416 "-" "Jetpack by WordPress.com"
103.162.74.184 - - [11/Sep/2026:03:16:53 -0400] "POST /xmlrpc.php HTTP/1.1" 406 300 "-" "WordPress.com; https://wordpress.com"
103.162.74.184 - - [11/Sep/2026:03:17:04 -0400] "POST /xmlrpc.php HTTP/1.1" 406 300 "-" "Jetpack by WordPress.com (Jetpack 12.1; WordPress 6.1)"
103.162.74.184 - - [11/Sep/2026:03:17:15 -0400] "POST /xmlrpc.php HTTP/1.1" 406 300 "-" "Jetpack by WordPress.com"
103.162.74.184 - - [11/Sep/2026:03:17:25 -0400] "POST /xmlrpc.php HTTP/1.1" 406 300 "-" "Jetpack by WordPress.com"
103.162.74.184 - - [11/Sep/2026:03:17:36 -0400] "POST /xmlrpc.php HTTP/1.1" 406 300 "-" "WordPress.com; https://wordpress.com"
199.250.222.155 - - [11/Sep/2026:03:17:48 -0400] "POST /wp-cron.php?doing_wp_cron=1789111068.5408530235290527343750 HTTP/1.1" 200 - "-" "WordPress/7.1; https://hidalgoresidences.mx"
103.162.74.184 - - [11/Sep/2026:03:17:47 -0400] "POST /xmlrpc.php HTTP/1.1" 200 416 "-" "Jetpack/12.0; WordPress/6.2; http://site67998028.com"
103.162.74.184 - - [11/Sep/2026:03:17:58 -0400] "POST /xmlrpc.php HTTP/1.1" 406 300 "-" "Jetpack by WordPress.com (Jetpack 13.0; WordPress 6.4)"
103.162.74.184 - - [11/Sep/2026:03:18:08 -0400] "POST /xmlrpc.php HTTP/1.1" 406 300 "-" "Jetpack by WordPress.com"
103.162.74.184 - - [11/Sep/2026:03:18:19 -0400] "POST /xmlrpc.php HTTP/1.1" 406 300 "-" "Jetpack/12.5; WordPress/6.4; http://site36869898.com"
103.162.74.184 - - [11/Sep/2026:03:18:30 -0400] "POST /xmlrpc.php HTTP/1.1" 406 300 "-" "Jetpack by WordPress.com (Jetpack 12.1; WordPress 6.3)"
103.162.74.184 - - [11/Sep/2026:03:18:41 -0400] "POST /xmlrpc.php HTTP/1.1" 406 300 "-" "WordPress.com; https://wordpress.com"
199.250.222.155 - - [11/Sep/2026:03:18:53 -0400] "POST /wp-cron.php?doing_wp_cron=1789111133.1256179809570312500000 HTTP/1.1" 200 - "-" "WordPress/7.1; https://hidalgoresidences.mx"
103.162.74.186 - - [11/Sep/2026:03:18:51 -0400] "POST /xmlrpc.php HTTP/1.1" 200 416 "-" "Jetpack/13.0; WordPress/6.3; http://site79474683.com"
103.162.74.184 - - [11/Sep/2026:03:19:02 -0400] "POST /xmlrpc.php HTTP/1.1" 406 300 "-" "WordPress.com; https://wordpress.com"
199.250.222.155 - - [11/Sep/2026:03:19:14 -0400] "POST /wp-cron.php?doing_wp_cron=1789111154.4114570617675781250000 HTTP/1.1" 200 - "-" "WordPress/7.1; https://hidalgoresidences.mx"
103.162.74.184 - - [11/Sep/2026:03:19:13 -0400] "POST /xmlrpc.php HTTP/1.1" 200 416 "-" "WordPress.com; https://wordpress.com"
103.162.74.184 - - [11/Sep/2026:03:19:24 -0400] "POST /xmlrpc.php HTTP/1.1" 406 300 "-" "Jetpack by WordPress.com (Jetpack 12.5; WordPress 6.3)"
103.162.74.184 - - [11/Sep/2026:03:19:34 -0400] "POST /xmlrpc.php HTTP/1.1" 406 300 "-" "Jetpack/12.0; WordPress/6.1; http://site91533402.com"
103.162.74.184 - - [11/Sep/2026:03:19:45 -0400] "POST /xmlrpc.php HTTP/1.1" 406 300 "-" "WordPress.com; https://wordpress.com"
103.162.74.184 - - [11/Sep/2026:03:19:56 -0400] "POST /xmlrpc.php HTTP/1.1" 406 300 "-" "Jetpack by WordPress.com (Jetpack 13.0; WordPress 6.2)"
103.162.74.184 - - [11/Sep/2026:03:20:06 -0400] "POST /xmlrpc.php HTTP/1.1" 406 300 "-" "WordPress.com; https://wordpress.com"
199.250.222.155 - - [11/Sep/2026:03:20:18 -0400] "POST /wp-cron.php?doing_wp_cron=1789111218.5628869533538818359375 HTTP/1.1" 200 - "-" "WordPress/7.1; https://hidalgoresidences.mx"
103.162.74.184 - - [11/Sep/2026:03:20:17 -0400] "POST /xmlrpc.php HTTP/1.1" 200 416 "-" "Jetpack by WordPress.com"
103.162.74.184 - - [11/Sep/2026:03:20:27 -0400] "POST /xmlrpc.php HTTP/1.1" 406 300 "-" "WordPress.com; https://wordpress.com"
103.162.74.184 - - [11/Sep/2026:03:20:38 -0400] "POST /xmlrpc.php HTTP/1.1" 406 300 "-" "Jetpack/12.0; WordPress/6.4; http://site15707046.com"
103.162.74.184 - - [11/Sep/2026:03:20:49 -0400] "POST /xmlrpc.php HTTP/1.1" 406 300 "-" "Jetpack by WordPress.com"
103.162.74.184 - - [11/Sep/2026:03:21:00 -0400] "POST /xmlrpc.php HTTP/1.1" 406 300 "-" "Jetpack by WordPress.com (Jetpack 12.0; WordPress 6.4)"
199.250.222.155 - - [11/Sep/2026:03:21:12 -0400] "POST /wp-cron.php?doing_wp_cron=1789111272.5427150726318359375000 HTTP/1.1" 200 - "-" "WordPress/7.1; https://hidalgoresidences.mx"
103.162.74.187 - - [11/Sep/2026:03:21:11 -0400] "POST /xmlrpc.php HTTP/1.1" 200 416 "-" "WordPress.com; https://wordpress.com"
103.162.74.184 - - [11/Sep/2026:03:21:22 -0400] "POST /xmlrpc.php HTTP/1.1" 406 300 "-" "WordPress.com; https://wordpress.com"
103.162.74.184 - - [11/Sep/2026:03:21:33 -0400] "POST /xmlrpc.php HTTP/1.1" 200 416 "-" "Jetpack by WordPress.com (Jetpack 12.0; WordPress 6.4)"
103.162.74.187 - - [11/Sep/2026:03:21:44 -0400] "POST /xmlrpc.php HTTP/1.1" 200 416 "-" "Jetpack by WordPress.com (Jetpack 12.5; WordPress 6.4)"
103.162.74.184 - - [11/Sep/2026:03:21:54 -0400] "POST /xmlrpc.php HTTP/1.1" 406 300 "-" "Jetpack by WordPress.com"
103.162.74.184 - - [11/Sep/2026:03:22:05 -0400] "POST /xmlrpc.php HTTP/1.1" 406 300 "-" "Jetpack/12.5; WordPress/6.1; http://site80080630.com"
103.162.74.184 - - [11/Sep/2026:03:22:16 -0400] "POST /xmlrpc.php HTTP/1.1" 406 300 "-" "Jetpack by WordPress.com"
103.162.74.184 - - [11/Sep/2026:03:22:26 -0400] "POST /xmlrpc.php HTTP/1.1" 406 300 "-" "Jetpack by WordPress.com"
199.250.222.155 - - [11/Sep/2026:03:22:38 -0400] "POST /wp-cron.php?doing_wp_cron=1789111358.7731881141662597656250 HTTP/1.1" 200 - "-" "WordPress/7.1; https://hidalgoresidences.mx"
103.162.74.184 - - [11/Sep/2026:03:22:37 -0400] "POST /xmlrpc.php HTTP/1.1" 200 416 "-" "Jetpack by WordPress.com (Jetpack 12.1; WordPress 6.3)"
103.162.74.184 - - [11/Sep/2026:03:22:48 -0400] "POST /xmlrpc.php HTTP/1.1" 406 300 "-" "Jetpack by WordPress.com"
103.162.74.184 - - [11/Sep/2026:03:22:59 -0400] "POST /xmlrpc.php HTTP/1.1" 406 300 "-" "Jetpack by WordPress.com (Jetpack 12.0; WordPress 6.3)"
103.162.74.184 - - [11/Sep/2026:03:23:09 -0400] "POST /xmlrpc.php HTTP/1.1" 406 300 "-" "Jetpack/13.0; WordPress/6.4; http://site63243139.com"
103.162.74.184 - - [11/Sep/2026:03:23:20 -0400] "POST /xmlrpc.php HTTP/1.1" 406 300 "-" "WordPress.com; https://wordpress.com"
103.162.74.184 - - [11/Sep/2026:03:23:30 -0400] "POST /xmlrpc.php HTTP/1.1" 406 300 "-" "Jetpack by WordPress.com (Jetpack 12.1; WordPress 6.3)"
199.250.222.155 - - [11/Sep/2026:03:23:42 -0400] "POST /wp-cron.php?doing_wp_cron=1789111422.8908059597015380859375 HTTP/1.1" 200 - "-" "WordPress/7.1; https://hidalgoresidences.mx"
103.162.74.184 - - [11/Sep/2026:03:23:41 -0400] "POST /xmlrpc.php HTTP/1.1" 200 416 "-" "Jetpack by WordPress.com (Jetpack 12.0; WordPress 6.3)"
103.162.74.184 - - [11/Sep/2026:03:23:52 -0400] "POST /xmlrpc.php HTTP/1.1" 406 300 "-" "Jetpack by WordPress.com (Jetpack 12.5; WordPress 6.1)"
103.162.74.184 - - [11/Sep/2026:03:24:03 -0400] "POST /xmlrpc.php HTTP/1.1" 406 300 "-" "Jetpack/12.1; WordPress/6.1; http://site99878919.com"
103.162.74.184 - - [11/Sep/2026:03:24:13 -0400] "POST /xmlrpc.php HTTP/1.1" 406 300 "-" "Jetpack by WordPress.com (Jetpack 13.0; WordPress 6.4)"
103.162.74.184 - - [11/Sep/2026:03:24:24 -0400] "POST /xmlrpc.php HTTP/1.1" 406 300 "-" "Jetpack/12.0; WordPress/6.3; http://site67072089.com"
103.162.74.184 - - [11/Sep/2026:03:24:35 -0400] "POST /xmlrpc.php HTTP/1.1" 406 300 "-" "Jetpack by WordPress.com"
199.250.222.155 - - [11/Sep/2026:03:24:47 -0400] "POST /wp-cron.php?doing_wp_cron=1789111487.4582450389862060546875 HTTP/1.1" 200 - "-" "WordPress/7.1; https://hidalgoresidences.mx"
103.162.74.184 - - [11/Sep/2026:03:24:46 -0400] "POST /xmlrpc.php HTTP/1.1" 200 416 "-" "WordPress.com; https://wordpress.com"
103.162.74.184 - - [11/Sep/2026:03:24:56 -0400] "POST /xmlrpc.php HTTP/1.1" 406 300 "-" "Jetpack by WordPress.com"
103.162.74.184 - - [11/Sep/2026:03:25:07 -0400] "POST /xmlrpc.php HTTP/1.1" 406 300 "-" "Jetpack by WordPress.com (Jetpack 12.0; WordPress 6.2)"
103.162.74.184 - - [11/Sep/2026:03:25:18 -0400] "POST /xmlrpc.php HTTP/1.1" 406 300 "-" "WordPress.com; https://wordpress.com"
199.250.222.155 - - [11/Sep/2026:03:25:24 -0400] "POST /wp-cron.php?doing_wp_cron=1789111524.0222489833831787109375 HTTP/1.1" 200 - "-" "WordPress/7.1; https://hidalgoresidences.mx"
195.178.110.93 - - [11/Sep/2026:03:25:21 -0400] "GET / HTTP/1.1" 200 301685 "-" "Mozilla/5.0 (Windows NT 10.0; Win64; x64) AppleWebKit/537.36 (KHTML, like Gecko) Chrome/126.0.0.0 Safari/537.36"
103.162.74.184 - - [11/Sep/2026:03:25:29 -0400] "POST /xmlrpc.php HTTP/1.1" 406 300 "-" "Jetpack/12.5; WordPress/6.4; http://site61731380.com"
103.162.74.184 - - [11/Sep/2026:03:25:39 -0400] "POST /xmlrpc.php HTTP/1.1" 406 300 "-" "Jetpack by WordPress.com (Jetpack 12.5; WordPress 6.4)"
103.162.74.185 - - [11/Sep/2026:03:25:50 -0400] "POST /xmlrpc.php HTTP/1.1" 200 416 "-" "Jetpack/12.1; WordPress/6.1; http://site21603559.com"
103.162.74.184 - - [11/Sep/2026:03:26:01 -0400] "POST /xmlrpc.php HTTP/1.1" 406 300 "-" "Jetpack by WordPress.com"
199.250.222.155 - - [11/Sep/2026:03:26:13 -0400] "POST /wp-cron.php?doing_wp_cron=1789111573.1644980907440185546875 HTTP/1.1" 200 - "-" "WordPress/7.1; https://hidalgoresidences.mx"
103.162.74.184 - - [11/Sep/2026:03:26:12 -0400] "POST /xmlrpc.php HTTP/1.1" 200 416 "-" "Jetpack/12.0; WordPress/6.1; http://site67807814.com"
103.162.74.184 - - [11/Sep/2026:03:26:22 -0400] "POST /xmlrpc.php HTTP/1.1" 406 300 "-" "Jetpack/12.1; WordPress/6.2; http://site15296763.com"
103.162.74.184 - - [11/Sep/2026:03:26:33 -0400] "POST /xmlrpc.php HTTP/1.1" 406 300 "-" "Jetpack by WordPress.com (Jetpack 12.1; WordPress 6.2)"
103.162.74.184 - - [11/Sep/2026:03:26:44 -0400] "POST /xmlrpc.php HTTP/1.1" 406 300 "-" "Jetpack/12.5; WordPress/6.3; http://site17240546.com"
103.162.74.184 - - [11/Sep/2026:03:26:55 -0400] "POST /xmlrpc.php HTTP/1.1" 406 300 "-" "Jetpack by WordPress.com (Jetpack 12.5; WordPress 6.2)"
103.162.74.184 - - [11/Sep/2026:03:27:05 -0400] "POST /xmlrpc.php HTTP/1.1" 406 300 "-" "Jetpack by WordPress.com (Jetpack 12.5; WordPress 6.2)"
199.250.222.155 - - [11/Sep/2026:03:27:17 -0400] "POST /wp-cron.php?doing_wp_cron=1789111637.9121890068054199218750 HTTP/1.1" 200 - "-" "WordPress/7.1; https://hidalgoresidences.mx"
103.162.74.184 - - [11/Sep/2026:03:27:16 -0400] "POST /xmlrpc.php HTTP/1.1" 200 416 "-" "WordPress.com; https://wordpress.com"
199.250.222.155 - - [11/Sep/2026:03:28:46 -0400] "POST /wp-cron.php?doing_wp_cron=1789111726.5994019508361816406250 HTTP/1.1" 200 - "-" "WordPress/7.1; https://hidalgoresidences.mx"
216.73.217.60 - - [11/Sep/2026:03:28:45 -0400] "GET /robots.txt HTTP/1.1" 200 277 "-" "Mozilla/5.0 AppleWebKit/537.36 (KHTML, like Gecko; compatible; ClaudeBot/1.0; +claudebot@anthropic.com)"
216.73.217.60 - - [11/Sep/2026:03:28:46 -0400] "GET /wp-sitemap.xml HTTP/1.1" 404 381 "-" "Mozilla/5.0 AppleWebKit/537.36 (KHTML, like Gecko; compatible; ClaudeBot/1.0; +claudebot@anthropic.com)"
34.231.45.47 - - [11/Sep/2026:03:39:14 -0400] "GET /wp-content/uploads HTTP/1.1" 301 296 "-" "Mozilla/5.0 AppleWebKit/537.36 (KHTML, like Gecko; compatible; Amazonbot/0.1; +https://developer.amazon.com/support/amazonbot) Chrome/119.0.6045.214 Safari/537.36"
34.225.243.131 - - [11/Sep/2026:03:39:14 -0400] "GET /wp-content/uploads/ HTTP/1.1" 200 5625 "-" "Mozilla/5.0 AppleWebKit/537.36 (KHTML, like Gecko; compatible; Amazonbot/0.1; +https://developer.amazon.com/support/amazonbot) Chrome/119.0.6045.214 Safari/537.36"
124.156.179.141 - - [11/Sep/2026:04:00:28 -0400] "GET / HTTP/1.1" 200 301980 "http://www.hidalgoresidences.mx" "Mozilla/5.0 (iPhone; CPU iPhone OS 13_2_3 like Mac OS X) AppleWebKit/605.1.15 (KHTML, like Gecko) Version/13.0.3 Mobile/15E148 Safari/604.1"
199.250.222.155 - - [11/Sep/2026:04:04:27 -0400] "POST /wp-cron.php?doing_wp_cron=1789113867.8304591178894042968750 HTTP/1.1" 200 - "-" "WordPress/7.1; https://hidalgoresidences.mx"
94.26.106.239 - - [11/Sep/2026:04:04:25 -0400] "GET / HTTP/1.1" 200 301526 "-" "Mozilla/5.0 (compatible; Googlebot/2.1; +http://www.google.com/bot.html)"
52.141.45.117 - - [11/Sep/2026:04:11:31 -0400] "GET /wp-admin/network/plugins.php HTTP/1.1" 302 - "-" "-"
52.141.45.117 - - [11/Sep/2026:04:11:32 -0400] "GET /wp-login.php?redirect_to=https%3A%2F%2Fhidalgoresidences.mx%2Fwp-admin%2Fnetwork%2Fplugins.php&reauth=1 HTTP/1.1" 200 9785 "-" "-"
199.250.222.155 - - [11/Sep/2026:04:13:27 -0400] "POST /wp-cron.php?doing_wp_cron=1789114407.0920059680938720703125 HTTP/1.1" 200 - "-" "WordPress/7.1; https://hidalgoresidences.mx"
47.128.16.201 - - [11/Sep/2026:04:13:25 -0400] "GET /robots.txt HTTP/1.1" 200 277 "-" "Mozilla/5.0 (iPhone; CPU iPhone OS 7_1_2 like Mac OS X) AppleWebKit/537.36 (KHTML, like Gecko) Version/7.0 Mobile Safari/537.36 (compatible; Bytespider; https://bytedance.sg.larkoffice.com/docx/K5bxdypulop3IIxrJb0lOjLVgFe)"
109.172.92.126 - - [11/Sep/2026:04:13:27 -0400] "GET / HTTP/1.1" 200 301685 "-" "Mozilla/5.0 (X11; Linux x86_64) AppleWebKit/536.5 (KHTML, like Gecko) Chrome/19.0.1084.9 Safari/536.5"
199.250.222.155 - - [11/Sep/2026:04:15:51 -0400] "POST /wp-cron.php?doing_wp_cron=1789114551.4686269760131835937500 HTTP/1.1" 200 - "-" "WordPress/7.1; https://hidalgoresidences.mx"
146.0.16.232 - - [11/Sep/2026:04:15:50 -0400] "GET /wp-login.php HTTP/1.1" 200 9766 "-" "Mozilla/5.0 (Windows NT 10.0; Win64; x64) AppleWebKit/537.36 (KHTML, like Gecko) Chrome/147.0.0.0 Safari/537.36"
185.221.254.16 - - [11/Sep/2026:04:15:59 -0400] "POST /wp-login.php HTTP/1.1" 200 10229 "https://hidalgoresidences.mx.ventaspeninsula.mx/wp-login.php" "Mozilla/5.0 (Windows NT 10.0; Win64; x64) AppleWebKit/537.36 (KHTML, like Gecko) Chrome/147.0.0.0 Safari/537.36"
199.250.222.155 - - [11/Sep/2026:04:16:25 -0400] "POST /wp-cron.php?doing_wp_cron=1789114585.2294929027557373046875 HTTP/1.1" 200 - "-" "WordPress/7.1; https://hidalgoresidences.mx"
40.77.167.138 - - [11/Sep/2026:04:16:24 -0400] "GET /robots.txt HTTP/1.1" 200 277 "-" "Mozilla/5.0 AppleWebKit/537.36 (KHTML, like Gecko; compatible; bingbot/2.0; +http://www.bing.com/bingbot.htm) Chrome/116.0.1938.76 Safari/537.36"
40.77.167.25 - - [11/Sep/2026:04:16:34 -0400] "GET / HTTP/1.1" 200 301685 "-" "Mozilla/5.0 AppleWebKit/537.36 (KHTML, like Gecko; compatible; bingbot/2.0; +http://www.bing.com/bingbot.htm) Chrome/116.0.1938.76 Safari/537.36"
74.7.230.6 - - [11/Sep/2026:04:16:41 -0400] "GET /robots.txt HTTP/1.1" 200 277 "-" "Mozilla/5.0 (Macintosh; Intel Mac OS X 10_15_7) AppleWebKit/537.36 (KHTML, like Gecko) Chrome/131.0.0.0 Safari/537.36; compatible; OAI-SearchBot/1.4; robots.txt; +https://openai.com/searchbot"
74.7.243.193 - - [11/Sep/2026:04:16:41 -0400] "GET / HTTP/1.1" 301 - "-" "Mozilla/5.0 AppleWebKit/537.36 (KHTML, like Gecko; compatible; GPTBot/1.4; +https://openai.com/gptbot)"
74.7.243.214 - - [11/Sep/2026:04:16:43 -0400] "GET / HTTP/1.1" 200 301679 "https://www.hidalgoresidences.mx.ventaspeninsula.mx" "Mozilla/5.0 AppleWebKit/537.36 (KHTML, like Gecko; compatible; GPTBot/1.4; +https://openai.com/gptbot)"
74.7.243.214 - - [11/Sep/2026:04:16:48 -0400] "GET /wp-content/uploads/elementor/google-fonts/css/robotoslab.css?ver=1749143517 HTTP/1.1" 200 23814 "https://hidalgoresidences.mx/" "Mozilla/5.0 AppleWebKit/537.36 (KHTML, like Gecko; compatible; GPTBot/1.4; +https://openai.com/gptbot)"
74.7.243.214 - - [11/Sep/2026:04:16:50 -0400] "GET /wp-includes/js/jquery/ui/draggable.min.js?ver=1.14.2 HTTP/1.1" 200 18374 "https://hidalgoresidences.mx/" "Mozilla/5.0 AppleWebKit/537.36 (KHTML, like Gecko; compatible; GPTBot/1.4; +https://openai.com/gptbot)"
74.7.243.214 - - [11/Sep/2026:04:16:52 -0400] "GET /wp-includes/js/jquery/ui/autocomplete.min.js?ver=1.14.2 HTTP/1.1" 200 8275 "https://hidalgoresidences.mx/" "Mozilla/5.0 AppleWebKit/537.36 (KHTML, like Gecko; compatible; GPTBot/1.4; +https://openai.com/gptbot)"
74.7.243.214 - - [11/Sep/2026:04:16:53 -0400] "GET /wp-content/plugins/elementor/assets/lib/eicons/css/elementor-icons.min.css?ver=5.53.0 HTTP/1.1" 200 22258 "https://hidalgoresidences.mx/" "Mozilla/5.0 AppleWebKit/537.36 (KHTML, like Gecko; compatible; GPTBot/1.4; +https://openai.com/gptbot)"
74.7.243.214 - - [11/Sep/2026:04:16:54 -0400] "GET /wp-content/plugins/elementor/assets/lib/font-awesome/css/solid.min.css?ver=5.15.3 HTTP/1.1" 200 669 "https://hidalgoresidences.mx/" "Mozilla/5.0 AppleWebKit/537.36 (KHTML, like Gecko; compatible; GPTBot/1.4; +https://openai.com/gptbot)"
40.77.167.25 - - [11/Sep/2026:04:16:54 -0400] "GET /wp-content/uploads/elementor/css/post-430.css?ver=1789105494 HTTP/1.1" 200 220770 "https://hidalgoresidences.mx/" "Mozilla/5.0 AppleWebKit/537.36 (KHTML, like Gecko; compatible; bingbot/2.0; +http://www.bing.com/bingbot.htm) Chrome/136.0.0.0 Safari/537.36 AppleWebKit/537.36 (KHTML, like Gecko; compatible; bingbot/2.0; +http://www.bing.com/bingbot.htm) Chrome/116.0.1938.76 Safari/537.36"
74.7.243.214 - - [11/Sep/2026:04:16:55 -0400] "GET /wp-includes/js/jquery/ui/slider.min.js?ver=1.14.2 HTTP/1.1" 200 10759 "https://hidalgoresidences.mx/" "Mozilla/5.0 AppleWebKit/537.36 (KHTML, like Gecko; compatible; GPTBot/1.4; +https://openai.com/gptbot)"
74.7.243.214 - - [11/Sep/2026:04:16:56 -0400] "GET /wp-content/themes/Bridge100/bridge/css/elegant-icons/style.min.css?ver=7.1 HTTP/1.1" 200 21769 "https://hidalgoresidences.mx/" "Mozilla/5.0 AppleWebKit/537.36 (KHTML, like Gecko; compatible; GPTBot/1.4; +https://openai.com/gptbot)"
74.7.243.214 - - [11/Sep/2026:04:16:56 -0400] "GET /wp-content/plugins/elementor-pro/assets/js/elements-handlers.min.js?ver=3.32.2 HTTP/1.1" 200 44670 "https://hidalgoresidences.mx/" "Mozilla/5.0 AppleWebKit/537.36 (KHTML, like Gecko; compatible; GPTBot/1.4; +https://openai.com/gptbot)"
74.7.243.214 - - [11/Sep/2026:04:16:58 -0400] "GET /wp-content/uploads/elementor/google-fonts/fonts/robotoslab-bngmuxzytxpivibgjjsb6ufj5qw54a.woff2 HTTP/1.1" 200 21364 "https://hidalgoresidences.mx/wp-content/uploads/elementor/google-fonts/css/robotoslab.css?ver=1749143517" "Mozilla/5.0 AppleWebKit/537.36 (KHTML, like Gecko; compatible; GPTBot/1.4; +https://openai.com/gptbot)"
74.7.243.214 - - [11/Sep/2026:04:16:58 -0400] "GET /wp-content/uploads/elementor/google-fonts/fonts/robotoslab-bngmuxzytxpivibgjjsb6ufb5qw54a.woff2 HTTP/1.1" 200 2220 "https://hidalgoresidences.mx/wp-content/uploads/elementor/google-fonts/css/robotoslab.css?ver=1749143517" "Mozilla/5.0 AppleWebKit/537.36 (KHTML, like Gecko; compatible; GPTBot/1.4; +https://openai.com/gptbot)"
40.77.167.42 - - [11/Sep/2026:04:16:59 -0400] "GET /wp-content/uploads/elementor/css/post-433.css?ver=1789105492 HTTP/1.1" 200 1229 "https://hidalgoresidences.mx/" "Mozilla/5.0 AppleWebKit/537.36 (KHTML, like Gecko; compatible; bingbot/2.0; +http://www.bing.com/bingbot.htm) Chrome/136.0.0.0 Safari/537.36 AppleWebKit/537.36 (KHTML, like Gecko; compatible; bingbot/2.0; +http://www.bing.com/bingbot.htm) Chrome/116.0.1938.76 Safari/537.36"
74.7.243.214 - - [11/Sep/2026:04:16:59 -0400] "GET /wp-content/uploads/elementor/google-fonts/fonts/robotoslab-bngmuxzytxpivibgjjsb6ufo5qw54a.woff2 HTTP/1.1" 200 14868 "https://hidalgoresidences.mx/wp-content/uploads/elementor/google-fonts/css/robotoslab.css?ver=1749143517" "Mozilla/5.0 AppleWebKit/537.36 (KHTML, like Gecko; compatible; GPTBot/1.4; +https://openai.com/gptbot)"
74.7.243.214 - - [11/Sep/2026:04:16:59 -0400] "GET /wp-content/plugins/elementor/assets/lib/eicons/fonts/eicons.svg?5.53.0 HTTP/1.1" 200 372159 "https://hidalgoresidences.mx/wp-content/plugins/elementor/assets/lib/eicons/css/elementor-icons.min.css?ver=5.53.0" "Mozilla/5.0 AppleWebKit/537.36 (KHTML, like Gecko; compatible; GPTBot/1.4; +https://openai.com/gptbot)"
74.7.243.214 - - [11/Sep/2026:04:17:00 -0400] "GET /wp-content/uploads/elementor/google-fonts/fonts/robotoslab-bngmuxzytxpivibgjjsb6ufc5qw54a.woff2 HTTP/1.1" 200 9980 "https://hidalgoresidences.mx/wp-content/uploads/elementor/google-fonts/css/robotoslab.css?ver=1749143517" "Mozilla/5.0 AppleWebKit/537.36 (KHTML, like Gecko; compatible; GPTBot/1.4; +https://openai.com/gptbot)"
74.7.243.214 - - [11/Sep/2026:04:17:00 -0400] "GET /wp-content/uploads/elementor/google-fonts/fonts/robotoslab-bngmuxzytxpivibgjjsb6ufa5qw54a.woff2 HTTP/1.1" 200 32340 "https://hidalgoresidences.mx/wp-content/uploads/elementor/google-fonts/css/robotoslab.css?ver=1749143517" "Mozilla/5.0 AppleWebKit/537.36 (KHTML, like Gecko; compatible; GPTBot/1.4; +https://openai.com/gptbot)"
74.7.243.214 - - [11/Sep/2026:04:17:01 -0400] "GET /wp-content/uploads/elementor/google-fonts/fonts/robotoslab-bngmuxzytxpivibgjjsb6ufd5qw54a.woff2 HTTP/1.1" 200 21200 "https://hidalgoresidences.mx/wp-content/uploads/elementor/google-fonts/css/robotoslab.css?ver=1749143517" "Mozilla/5.0 AppleWebKit/537.36 (KHTML, like Gecko; compatible; GPTBot/1.4; +https://openai.com/gptbot)"
74.7.243.214 - - [11/Sep/2026:04:17:01 -0400] "GET /wp-content/uploads/elementor/google-fonts/fonts/robotoslab-bngmuxzytxpivibgjjsb6ufn5qu.woff2 HTTP/1.1" 429 17 "https://hidalgoresidences.mx/wp-content/uploads/elementor/google-fonts/css/robotoslab.css?ver=1749143517" "Mozilla/5.0 AppleWebKit/537.36 (KHTML, like Gecko; compatible; GPTBot/1.4; +https://openai.com/gptbot)"
74.7.243.214 - - [11/Sep/2026:04:17:02 -0400] "GET /wp-content/plugins/elementor/assets/lib/font-awesome/webfonts/fa-solid-900.eot HTTP/1.1" 429 17 "https://hidalgoresidences.mx/wp-content/plugins/elementor/assets/lib/font-awesome/css/solid.min.css?ver=5.15.3" "Mozilla/5.0 AppleWebKit/537.36 (KHTML, like Gecko; compatible; GPTBot/1.4; +https://openai.com/gptbot)"
74.7.243.214 - - [11/Sep/2026:04:17:02 -0400] "GET /wp-content/plugins/elementor/assets/lib/font-awesome/webfonts/fa-solid-900.svg HTTP/1.1" 429 17 "https://hidalgoresidences.mx/wp-content/plugins/elementor/assets/lib/font-awesome/css/solid.min.css?ver=5.15.3" "Mozilla/5.0 AppleWebKit/537.36 (KHTML, like Gecko; compatible; GPTBot/1.4; +https://openai.com/gptbot)"
74.7.243.214 - - [11/Sep/2026:04:17:05 -0400] "GET /wp-content/plugins/elementor/assets/lib/eicons/fonts/eicons.eot?5.53.0 HTTP/1.1" 429 17 "https://hidalgoresidences.mx/wp-content/plugins/elementor/assets/lib/eicons/css/elementor-icons.min.css?ver=5.53.0" "Mozilla/5.0 AppleWebKit/537.36 (KHTML, like Gecko; compatible; GPTBot/1.4; +https://openai.com/gptbot)"
74.7.243.214 - - [11/Sep/2026:04:17:08 -0400] "GET /wp-content/plugins/elementor/assets/lib/eicons/fonts/eicons.woff2?5.53.0 HTTP/1.1" 429 17 "https://hidalgoresidences.mx/wp-content/plugins/elementor/assets/lib/eicons/css/elementor-icons.min.css?ver=5.53.0" "Mozilla/5.0 AppleWebKit/537.36 (KHTML, like Gecko; compatible; GPTBot/1.4; +https://openai.com/gptbot)"
74.7.243.214 - - [11/Sep/2026:04:17:12 -0400] "GET /wp-content/plugins/elementor/assets/lib/eicons/fonts/eicons.woff?5.53.0 HTTP/1.1" 429 17 "https://hidalgoresidences.mx/wp-content/plugins/elementor/assets/lib/eicons/css/elementor-icons.min.css?ver=5.53.0" "Mozilla/5.0 AppleWebKit/537.36 (KHTML, like Gecko; compatible; GPTBot/1.4; +https://openai.com/gptbot)"
74.7.243.214 - - [11/Sep/2026:04:17:17 -0400] "GET /wp-content/plugins/elementor/assets/lib/eicons/fonts/eicons.ttf?5.53.0 HTTP/1.1" 429 17 "https://hidalgoresidences.mx/wp-content/plugins/elementor/assets/lib/eicons/css/elementor-icons.min.css?ver=5.53.0" "Mozilla/5.0 AppleWebKit/537.36 (KHTML, like Gecko; compatible; GPTBot/1.4; +https://openai.com/gptbot)"
74.7.243.214 - - [11/Sep/2026:04:17:26 -0400] "GET /wp-content/plugins/wpforms/assets/js/frontend/fields/address.min.js?ver=1.9.8.2 HTTP/1.1" 429 17 "https://hidalgoresidences.mx/" "Mozilla/5.0 AppleWebKit/537.36 (KHTML, like Gecko; compatible; GPTBot/1.4; +https://openai.com/gptbot)"
74.7.243.214 - - [11/Sep/2026:04:17:39 -0400] "GET /wp-includes/js/jquery/ui/controlgroup.min.js?ver=1.14.2 HTTP/1.1" 429 17 "https://hidalgoresidences.mx/" "Mozilla/5.0 AppleWebKit/537.36 (KHTML, like Gecko; compatible; GPTBot/1.4; +https://openai.com/gptbot)"
74.7.243.214 - - [11/Sep/2026:04:17:58 -0400] "GET /wp-includes/js/jquery/ui/droppable.min.js?ver=1.14.2 HTTP/1.1" 429 17 "https://hidalgoresidences.mx/" "Mozilla/5.0 AppleWebKit/537.36 (KHTML, like Gecko; compatible; GPTBot/1.4; +https://openai.com/gptbot)"
159.223.177.64 - - [11/Sep/2026:04:18:14 -0400] "GET /wp-content/uploads/2021/06/Recorte_Edificio_03.png HTTP/1.1" 200 3185264 "https://hidalgoresidences.mx/" "Mozilla/5.0 (Windows NT 10.0; Win64; x64) AppleWebKit/537.36 (KHTML, like Gecko) Chrome/116.0.0.0 Safari/537.36"
137.184.205.151 - - [11/Sep/2026:04:18:15 -0400] "GET /wp-content/uploads/2021/06/Recorte_Edificio_03.png HTTP/1.1" 200 3185264 "https://hidalgoresidences.mx/" "Mozilla/5.0 (Windows NT 10.0; Win64; x64) AppleWebKit/537.36 (KHTML, like Gecko) Chrome/112.0.0.0 Safari/537.36"
74.7.243.214 - - [11/Sep/2026:04:18:18 -0400] "GET /wp-includes/js/jquery/ui/resizable.min.js?ver=1.14.2 HTTP/1.1" 429 17 "https://hidalgoresidences.mx/" "Mozilla/5.0 AppleWebKit/537.36 (KHTML, like Gecko; compatible; GPTBot/1.4; +https://openai.com/gptbot)"
74.7.243.214 - - [11/Sep/2026:04:18:38 -0400] "GET /wp-includes/js/jquery/ui/accordion.min.js?ver=1.14.2 HTTP/1.1" 429 17 "https://hidalgoresidences.mx/" "Mozilla/5.0 AppleWebKit/537.36 (KHTML, like Gecko; compatible; GPTBot/1.4; +https://openai.com/gptbot)"
74.7.243.214 - - [11/Sep/2026:04:18:58 -0400] "GET /wp-includes/js/jquery/ui/selectable.min.js?ver=1.14.2 HTTP/1.1" 429 17 "https://hidalgoresidences.mx/" "Mozilla/5.0 AppleWebKit/537.36 (KHTML, like Gecko; compatible; GPTBot/1.4; +https://openai.com/gptbot)"
74.7.243.214 - - [11/Sep/2026:04:19:18 -0400] "GET /wp-includes/js/jquery/ui/progressbar.min.js?ver=1.14.2 HTTP/1.1" 429 17 "https://hidalgoresidences.mx/" "Mozilla/5.0 AppleWebKit/537.36 (KHTML, like Gecko; compatible; GPTBot/1.4; +https://openai.com/gptbot)"
74.7.243.214 - - [11/Sep/2026:04:19:38 -0400] "GET /wp-includes/js/jquery/ui/datepicker.min.js?ver=1.14.2 HTTP/1.1" 429 17 "https://hidalgoresidences.mx/" "Mozilla/5.0 AppleWebKit/537.36 (KHTML, like Gecko; compatible; GPTBot/1.4; +https://openai.com/gptbot)"
74.7.243.214 - - [11/Sep/2026:04:19:58 -0400] "GET /wp-includes/js/jquery/ui/effect-bounce.min.js?ver=1.14.2 HTTP/1.1" 429 17 "https://hidalgoresidences.mx/" "Mozilla/5.0 AppleWebKit/537.36 (KHTML, like Gecko; compatible; GPTBot/1.4; +https://openai.com/gptbot)"
199.250.222.155 - - [11/Sep/2026:04:20:16 -0400] "POST /wp-cron.php?doing_wp_cron=1789114816.0582480430603027343750 HTTP/1.1" 200 - "-" "WordPress/7.1; https://hidalgoresidences.mx"
41.248.228.188 - - [11/Sep/2026:04:20:14 -0400] "GET /index.php?umbrella-restore=1&filename=wp-admin%2Fcss%2Fabout.css HTTP/1.1" 301 - "https://hidalgoresidences.mx/" "Mozilla/5.0 (Windows NT 10.0; Win64; x64) AppleWebKit/537.36 (KHTML, like Gecko) Chrome/138.0.0.0 Safari/537.36"
41.248.228.188 - - [11/Sep/2026:04:20:14 -0400] "GET /wp-content/plugins/post-smtp/readme.txt HTTP/1.1" 404 49817 "https://hidalgoresidences.mx/wp-admin/admin.php" "Mozilla/5.0 (Windows NT 10.0; Win64; x64) AppleWebKit/537.36 (KHTML, like Gecko) Chrome/138.0.0.0 Safari/537.36"
74.7.243.214 - - [11/Sep/2026:04:20:18 -0400] "GET /wp-includes/js/jquery/ui/effect-explode.min.js?ver=1.14.2 HTTP/1.1" 429 17 "https://hidalgoresidences.mx/" "Mozilla/5.0 AppleWebKit/537.36 (KHTML, like Gecko; compatible; GPTBot/1.4; +https://openai.com/gptbot)"
199.250.222.155 - - [11/Sep/2026:04:20:18 -0400] "POST /wp-cron.php?doing_wp_cron=1789114818.5492560863494873046875 HTTP/1.1" 200 - "-" "WordPress/7.1; https://hidalgoresidences.mx"
41.248.228.188 - - [11/Sep/2026:04:20:15 -0400] "GET /?rest_route=/ HTTP/1.1" 200 363030 "-" "Mozilla/5.0 (Windows NT 10.0; Win64; x64) AppleWebKit/537.36 (KHTML, like Gecko) Chrome/146.0.0.0 Safari/537.36"
74.7.243.214 - - [11/Sep/2026:04:20:38 -0400] "GET /wp-includes/js/jquery/ui/effect-pulsate.min.js?ver=1.14.2 HTTP/1.1" 429 17 "https://hidalgoresidences.mx/" "Mozilla/5.0 AppleWebKit/537.36 (KHTML, like Gecko; compatible; GPTBot/1.4; +https://openai.com/gptbot)"
74.7.243.214 - - [11/Sep/2026:04:20:58 -0400] "GET /wp-includes/js/jquery/ui/spinner.min.js?ver=1.14.2 HTTP/1.1" 429 17 "https://hidalgoresidences.mx/" "Mozilla/5.0 AppleWebKit/537.36 (KHTML, like Gecko; compatible; GPTBot/1.4; +https://openai.com/gptbot)"
74.7.243.214 - - [11/Sep/2026:04:21:18 -0400] "GET /wp-includes/js/jquery/ui/effect-shake.min.js?ver=1.14.2 HTTP/1.1" 429 17 "https://hidalgoresidences.mx/" "Mozilla/5.0 AppleWebKit/537.36 (KHTML, like Gecko; compatible; GPTBot/1.4; +https://openai.com/gptbot)"
74.7.243.214 - - [11/Sep/2026:04:21:38 -0400] "GET /wp-includes/js/jquery/ui/effect-fold.min.js?ver=1.14.2 HTTP/1.1" 429 17 "https://hidalgoresidences.mx/" "Mozilla/5.0 AppleWebKit/537.36 (KHTML, like Gecko; compatible; GPTBot/1.4; +https://openai.com/gptbot)"
74.7.243.214 - - [11/Sep/2026:04:21:58 -0400] "GET /wp-includes/js/jquery/ui/sortable.min.js?ver=1.14.2 HTTP/1.1" 429 17 "https://hidalgoresidences.mx/" "Mozilla/5.0 AppleWebKit/537.36 (KHTML, like Gecko; compatible; GPTBot/1.4; +https://openai.com/gptbot)"
74.7.243.214 - - [11/Sep/2026:04:22:18 -0400] "GET /wp-includes/js/jquery/ui/effect-drop.min.js?ver=1.14.2 HTTP/1.1" 429 17 "https://hidalgoresidences.mx/" "Mozilla/5.0 AppleWebKit/537.36 (KHTML, like Gecko; compatible; GPTBot/1.4; +https://openai.com/gptbot)"
74.7.243.214 - - [11/Sep/2026:04:22:38 -0400] "GET /wp-includes/js/jquery/ui/effect-blind.min.js?ver=1.14.2 HTTP/1.1" 429 17 "https://hidalgoresidences.mx/" "Mozilla/5.0 AppleWebKit/537.36 (KHTML, like Gecko; compatible; GPTBot/1.4; +https://openai.com/gptbot)"
74.7.243.214 - - [11/Sep/2026:04:22:58 -0400] "GET /wp-includes/js/jquery/ui/effect-slide.min.js?ver=1.14.2 HTTP/1.1" 429 17 "https://hidalgoresidences.mx/" "Mozilla/5.0 AppleWebKit/537.36 (KHTML, like Gecko; compatible; GPTBot/1.4; +https://openai.com/gptbot)"
199.250.222.155 - - [11/Sep/2026:04:23:14 -0400] "POST /wp-cron.php?doing_wp_cron=1789114994.1327900886535644531250 HTTP/1.1" 200 - "-" "WordPress/7.1; https://hidalgoresidences.mx"
213.209.159.133 - - [11/Sep/2026:04:23:13 -0400] "GET / HTTP/1.1" 301 - "-" "Mozilla/5.0 (compatible; jscrawler/0.1; +https://github.com/)"
213.209.159.133 - - [11/Sep/2026:04:23:14 -0400] "GET / HTTP/1.1" 200 301682 "https://www.hidalgoresidences.mx.ventaspeninsula.mx/" "Mozilla/5.0 (compatible; jscrawler/0.1; +https://github.com/)"
74.7.243.214 - - [11/Sep/2026:04:23:18 -0400] "GET /wp-includes/js/jquery/ui/effect-size.min.js?ver=1.14.2 HTTP/1.1" 429 17 "https://hidalgoresidences.mx/" "Mozilla/5.0 AppleWebKit/537.36 (KHTML, like Gecko; compatible; GPTBot/1.4; +https://openai.com/gptbot)"
213.209.159.133 - - [11/Sep/2026:04:23:19 -0400] "GET / HTTP/1.1" 200 301679 "http://www.hidalgoresidences.mx.ventaspeninsula.mx/" "Mozilla/5.0 (compatible; jscrawler/0.1; +https://github.com/)"
213.209.159.133 - - [11/Sep/2026:04:23:31 -0400] "GET /wp-includes/js/wp-util.min.js?ver=7.1 HTTP/1.1" 200 1431 "-" "Mozilla/5.0 (compatible; jscrawler/0.1; +https://github.com/)"
213.209.159.133 - - [11/Sep/2026:04:23:31 -0400] "GET /wp-includes/js/comment-reply.min.js?ver=7.1 HTTP/1.1" 200 2950 "-" "Mozilla/5.0 (compatible; jscrawler/0.1; +https://github.com/)"
213.209.159.133 - - [11/Sep/2026:04:23:31 -0400] "GET /wp-includes/js/wp-emoji-loader.min.js HTTP/1.1" 200 2977 "-" "Mozilla/5.0 (compatible; jscrawler/0.1; +https://github.com/)"
213.209.159.133 - - [11/Sep/2026:04:23:31 -0400] "GET /wp-includes/js/wp-emoji-release.min.js HTTP/1.1" 200 22752 "-" "Mozilla/5.0 (compatible; jscrawler/0.1; +https://github.com/)"
213.209.159.133 - - [11/Sep/2026:04:23:31 -0400] "GET /wp-includes/js/dist/dom-ready.min.js?ver=3fe927cab37bf38d6a23 HTTP/1.1" 200 881 "-" "Mozilla/5.0 (compatible; jscrawler/0.1; +https://github.com/)"
213.209.159.133 - - [11/Sep/2026:04:23:31 -0400] "GET /wp-includes/js/dist/dom-ready.min.js HTTP/1.1" 200 881 "-" "Mozilla/5.0 (compatible; jscrawler/0.1; +https://github.com/)"
213.209.159.133 - - [11/Sep/2026:04:23:31 -0400] "GET /wp-includes/js/dist/hooks.min.js?ver=f0f188028580e8dc1255 HTTP/1.1" 200 5107 "-" "Mozilla/5.0 (compatible; jscrawler/0.1; +https://github.com/)"
213.209.159.133 - - [11/Sep/2026:04:23:31 -0400] "GET /wp-includes/js/wp-util.min.js HTTP/1.1" 200 1431 "-" "Mozilla/5.0 (compatible; jscrawler/0.1; +https://github.com/)"
213.209.159.133 - - [11/Sep/2026:04:23:31 -0400] "GET /wp-includes/js/dist/i18n.min.js?ver=1dfe7db3940c23ea9216 HTTP/1.1" 200 5791 "-" "Mozilla/5.0 (compatible; jscrawler/0.1; +https://github.com/)"
213.209.159.133 - - [11/Sep/2026:04:23:31 -0400] "GET /wp-includes/js/underscore.min.js?ver=1.13.8 HTTP/1.1" 200 19012 "-" "Mozilla/5.0 (compatible; jscrawler/0.1; +https://github.com/)"
213.209.159.133 - - [11/Sep/2026:04:23:31 -0400] "GET /wp-includes/js/comment-reply.min.js HTTP/1.1" 200 2950 "-" "Mozilla/5.0 (compatible; jscrawler/0.1; +https://github.com/)"
213.209.159.133 - - [11/Sep/2026:04:23:31 -0400] "GET /wp-includes/js/underscore.min.js HTTP/1.1" 200 19012 "-" "Mozilla/5.0 (compatible; jscrawler/0.1; +https://github.com/)"
213.209.159.133 - - [11/Sep/2026:04:23:31 -0400] "GET /wp-includes/js/dist/i18n.min.js HTTP/1.1" 200 5791 "-" "Mozilla/5.0 (compatible; jscrawler/0.1; +https://github.com/)"
213.209.159.133 - - [11/Sep/2026:04:23:31 -0400] "GET /wp-includes/js/dist/a11y.min.js HTTP/1.1" 200 2616 "-" "Mozilla/5.0 (compatible; jscrawler/0.1; +https://github.com/)"
213.209.159.133 - - [11/Sep/2026:04:23:31 -0400] "GET /wp-includes/js/dist/hooks.min.js HTTP/1.1" 200 5107 "-" "Mozilla/5.0 (compatible; jscrawler/0.1; +https://github.com/)"
213.209.159.133 - - [11/Sep/2026:04:23:31 -0400] "GET /wp-includes/js/dist/a11y.min.js?ver=31c6cec5a4ff7aff483d HTTP/1.1" 200 2616 "-" "Mozilla/5.0 (compatible; jscrawler/0.1; +https://github.com/)"
213.209.159.133 - - [11/Sep/2026:04:23:31 -0400] "GET /wp-includes//js//dist//a11y.js HTTP/1.1" 200 5697 "-" "Mozilla/5.0 (compatible; jscrawler/0.1; +https://github.com/)"
213.209.159.133 - - [11/Sep/2026:04:23:31 -0400] "GET /gtm.js HTTP/1.1" 404 49658 "-" "Mozilla/5.0 (compatible; jscrawler/0.1; +https://github.com/)"
74.7.243.214 - - [11/Sep/2026:04:23:38 -0400] "GET /wp-includes/js/jquery/ui/effect-fade.min.js?ver=1.14.2 HTTP/1.1" 429 17 "https://hidalgoresidences.mx/" "Mozilla/5.0 AppleWebKit/537.36 (KHTML, like Gecko; compatible; GPTBot/1.4; +https://openai.com/gptbot)"
74.7.243.214 - - [11/Sep/2026:04:23:58 -0400] "GET /wp-includes/js/jquery/ui/effect-scale.min.js?ver=1.14.2 HTTP/1.1" 429 17 "https://hidalgoresidences.mx/" "Mozilla/5.0 AppleWebKit/537.36 (KHTML, like Gecko; compatible; GPTBot/1.4; +https://openai.com/gptbot)"
74.7.243.214 - - [11/Sep/2026:04:24:18 -0400] "GET /wp-includes/js/jquery/ui/effect-clip.min.js?ver=1.14.2 HTTP/1.1" 429 17 "https://hidalgoresidences.mx/" "Mozilla/5.0 AppleWebKit/537.36 (KHTML, like Gecko; compatible; GPTBot/1.4; +https://openai.com/gptbot)"
74.7.243.214 - - [11/Sep/2026:04:24:38 -0400] "GET /wp-includes/js/jquery/ui/tooltip.min.js?ver=1.14.2 HTTP/1.1" 429 17 "https://hidalgoresidences.mx/" "Mozilla/5.0 AppleWebKit/537.36 (KHTML, like Gecko; compatible; GPTBot/1.4; +https://openai.com/gptbot)"
74.7.243.214 - - [11/Sep/2026:04:24:58 -0400] "GET /wp-includes/js/jquery/ui/menu.min.js?ver=1.14.2 HTTP/1.1" 429 17 "https://hidalgoresidences.mx/" "Mozilla/5.0 AppleWebKit/537.36 (KHTML, like Gecko; compatible; GPTBot/1.4; +https://openai.com/gptbot)"
74.7.243.214 - - [11/Sep/2026:04:25:18 -0400] "GET /wp-includes/js/jquery/ui/mouse.min.js?ver=1.14.2 HTTP/1.1" 429 17 "https://hidalgoresidences.mx/" "Mozilla/5.0 AppleWebKit/537.36 (KHTML, like Gecko; compatible; GPTBot/1.4; +https://openai.com/gptbot)"
74.7.243.214 - - [11/Sep/2026:04:25:38 -0400] "GET /wp-includes/js/jquery/ui/dialog.min.js?ver=1.14.2 HTTP/1.1" 429 17 "https://hidalgoresidences.mx/" "Mozilla/5.0 AppleWebKit/537.36 (KHTML, like Gecko; compatible; GPTBot/1.4; +https://openai.com/gptbot)"
74.7.243.214 - - [11/Sep/2026:04:25:58 -0400] "GET /wp-includes/js/jquery/ui/effect.min.js?ver=1.14.2 HTTP/1.1" 429 17 "https://hidalgoresidences.mx/" "Mozilla/5.0 AppleWebKit/537.36 (KHTML, like Gecko; compatible; GPTBot/1.4; +https://openai.com/gptbot)"
74.7.243.214 - - [11/Sep/2026:04:26:18 -0400] "GET /wp-includes/js/jquery/ui/button.min.js?ver=1.14.2 HTTP/1.1" 429 17 "https://hidalgoresidences.mx/" "Mozilla/5.0 AppleWebKit/537.36 (KHTML, like Gecko; compatible; GPTBot/1.4; +https://openai.com/gptbot)"
74.7.243.214 - - [11/Sep/2026:04:26:38 -0400] "GET /wp-includes/js/jquery/ui/core.min.js?ver=1.14.2 HTTP/1.1" 429 17 "https://hidalgoresidences.mx/" "Mozilla/5.0 AppleWebKit/537.36 (KHTML, like Gecko; compatible; GPTBot/1.4; +https://openai.com/gptbot)"
74.7.243.214 - - [11/Sep/2026:04:26:58 -0400] "GET /wp-includes/js/dist/hooks.min.js?ver=f0f188028580e8dc1255 HTTP/1.1" 429 17 "https://hidalgoresidences.mx/" "Mozilla/5.0 AppleWebKit/537.36 (KHTML, like Gecko; compatible; GPTBot/1.4; +https://openai.com/gptbot)"
74.7.243.214 - - [11/Sep/2026:04:27:18 -0400] "GET /wp-content/themes/Bridge100/bridge/js/plugins.js?ver=7.1 HTTP/1.1" 429 17 "https://hidalgoresidences.mx/" "Mozilla/5.0 AppleWebKit/537.36 (KHTML, like Gecko; compatible; GPTBot/1.4; +https://openai.com/gptbot)"
74.7.243.214 - - [11/Sep/2026:04:27:38 -0400] "GET /wp-includes/js/wp-emoji-release.min.js?ver=7.1 HTTP/1.1" 429 17 "https://hidalgoresidences.mx/" "Mozilla/5.0 AppleWebKit/537.36 (KHTML, like Gecko; compatible; GPTBot/1.4; +https://openai.com/gptbot)"
74.7.243.214 - - [11/Sep/2026:04:27:58 -0400] "GET /wp-content/plugins/wpforms/assets/lib/punycode.min.js?ver=1.0.0 HTTP/1.1" 429 17 "https://hidalgoresidences.mx/" "Mozilla/5.0 AppleWebKit/537.36 (KHTML, like Gecko; compatible; GPTBot/1.4; +https://openai.com/gptbot)"
74.7.243.214 - - [11/Sep/2026:04:28:18 -0400] "GET /wp-content/plugins/wpforms/assets/js/frontend/wpforms.min.js?ver=1.9.8.2 HTTP/1.1" 429 17 "https://hidalgoresidences.mx/" "Mozilla/5.0 AppleWebKit/537.36 (KHTML, like Gecko; compatible; GPTBot/1.4; +https://openai.com/gptbot)"
74.7.243.214 - - [11/Sep/2026:04:28:38 -0400] "GET /wp-content/plugins/wpforms/assets/pro/js/frontend/fields/phone.min.js?ver=1.9.8.2 HTTP/1.1" 429 17 "https://hidalgoresidences.mx/" "Mozilla/5.0 AppleWebKit/537.36 (KHTML, like Gecko; compatible; GPTBot/1.4; +https://openai.com/gptbot)"
74.7.243.214 - - [11/Sep/2026:04:28:58 -0400] "GET /wp-includes/js/comment-reply.min.js?ver=7.1 HTTP/1.1" 429 17 "https://hidalgoresidences.mx/" "Mozilla/5.0 AppleWebKit/537.36 (KHTML, like Gecko; compatible; GPTBot/1.4; +https://openai.com/gptbot)"
74.7.243.214 - - [11/Sep/2026:04:29:18 -0400] "GET /wp-content/plugins/elementor-pro/assets/js/frontend.min.js?ver=3.32.2 HTTP/1.1" 429 17 "https://hidalgoresidences.mx/" "Mozilla/5.0 AppleWebKit/537.36 (KHTML, like Gecko; compatible; GPTBot/1.4; +https://openai.com/gptbot)"
74.7.243.214 - - [11/Sep/2026:04:29:38 -0400] "GET /wp-content/themes/Bridge100/bridge/js/custom_js.js?ver=1710370923 HTTP/1.1" 429 17 "https://hidalgoresidences.mx/" "Mozilla/5.0 AppleWebKit/537.36 (KHTML, like Gecko; compatible; GPTBot/1.4; +https://openai.com/gptbot)"
74.7.243.214 - - [11/Sep/2026:04:29:58 -0400] "GET /wp-content/themes/Bridge100/bridge/js/default.min.js?ver=7.1 HTTP/1.1" 429 17 "https://hidalgoresidences.mx/" "Mozilla/5.0 AppleWebKit/537.36 (KHTML, like Gecko; compatible; GPTBot/1.4; +https://openai.com/gptbot)"
74.7.243.214 - - [11/Sep/2026:04:30:18 -0400] "GET /wp-content/plugins/wpforms/assets/lib/jquery.inputmask.min.js?ver=5.0.9 HTTP/1.1" 429 17 "https://hidalgoresidences.mx/" "Mozilla/5.0 AppleWebKit/537.36 (KHTML, like Gecko; compatible; GPTBot/1.4; +https://openai.com/gptbot)"
74.7.243.214 - - [11/Sep/2026:04:30:38 -0400] "GET /wp-content/plugins/elementor-pro/assets/js/webpack-pro.runtime.min.js?ver=3.32.2 HTTP/1.1" 429 17 "https://hidalgoresidences.mx/" "Mozilla/5.0 AppleWebKit/537.36 (KHTML, like Gecko; compatible; GPTBot/1.4; +https://openai.com/gptbot)"
74.7.243.214 - - [11/Sep/2026:04:30:58 -0400] "GET /wp-content/plugins/wpforms/assets/lib/jquery.validate.min.js?ver=1.21.0 HTTP/1.1" 429 17 "https://hidalgoresidences.mx/" "Mozilla/5.0 AppleWebKit/537.36 (KHTML, like Gecko; compatible; GPTBot/1.4; +https://openai.com/gptbot)"
74.7.243.214 - - [11/Sep/2026:04:31:18 -0400] "GET /wp-content/themes/Bridge100/bridge/js/default_dynamic.js?ver=1710370923 HTTP/1.1" 429 17 "https://hidalgoresidences.mx/" "Mozilla/5.0 AppleWebKit/537.36 (KHTML, like Gecko; compatible; GPTBot/1.4; +https://openai.com/gptbot)"
74.7.243.214 - - [11/Sep/2026:04:31:38 -0400] "GET /wp-content/themes/Bridge100/bridge/js/plugins/qode-like.min.js?ver=7.1 HTTP/1.1" 429 17 "https://hidalgoresidences.mx/" "Mozilla/5.0 AppleWebKit/537.36 (KHTML, like Gecko; compatible; GPTBot/1.4; +https://openai.com/gptbot)"
74.7.243.214 - - [11/Sep/2026:04:31:58 -0400] "GET /wp-content/themes/Bridge100/bridge/js/plugins/lemmon-slider.min.js?ver=7.1 HTTP/1.1" 429 17 "https://hidalgoresidences.mx/" "Mozilla/5.0 AppleWebKit/537.36 (KHTML, like Gecko; compatible; GPTBot/1.4; +https://openai.com/gptbot)"
74.7.243.214 - - [11/Sep/2026:04:32:18 -0400] "GET /wp-content/themes/Bridge100/bridge/js/plugins/jquery.stretch.js?ver=7.1 HTTP/1.1" 429 17 "https://hidalgoresidences.mx/" "Mozilla/5.0 AppleWebKit/537.36 (KHTML, like Gecko; compatible; GPTBot/1.4; +https://openai.com/gptbot)"
74.7.243.214 - - [11/Sep/2026:04:32:38 -0400] "GET /wp-content/themes/Bridge100/bridge/js/plugins/imagesloaded.js?ver=7.1 HTTP/1.1" 429 17 "https://hidalgoresidences.mx/" "Mozilla/5.0 AppleWebKit/537.36 (KHTML, like Gecko; compatible; GPTBot/1.4; +https://openai.com/gptbot)"
74.7.243.214 - - [11/Sep/2026:04:32:58 -0400] "GET /wp-content/themes/Bridge100/bridge/js/plugins/rangeslider.min.js?ver=7.1 HTTP/1.1" 429 17 "https://hidalgoresidences.mx/" "Mozilla/5.0 AppleWebKit/537.36 (KHTML, like Gecko; compatible; GPTBot/1.4; +https://openai.com/gptbot)"
74.7.243.214 - - [11/Sep/2026:04:33:18 -0400] "GET /wp-content/themes/Bridge100/bridge/js/plugins/jquery.event.move.js?ver=7.1 HTTP/1.1" 429 17 "https://hidalgoresidences.mx/" "Mozilla/5.0 AppleWebKit/537.36 (KHTML, like Gecko; compatible; GPTBot/1.4; +https://openai.com/gptbot)"
74.7.243.214 - - [11/Sep/2026:04:33:38 -0400] "GET /wp-content/themes/Bridge100/bridge/js/plugins/jquery.carouFredSel-6.2.1.min.js?ver=7.1 HTTP/1.1" 429 17 "https://hidalgoresidences.mx/" "Mozilla/5.0 AppleWebKit/537.36 (KHTML, like Gecko; compatible; GPTBot/1.4; +https://openai.com/gptbot)"
199.250.222.155 - - [11/Sep/2026:04:33:56 -0400] "POST /wp-cron.php?doing_wp_cron=1789115636.6942861080169677734375 HTTP/1.1" 200 - "-" "WordPress/7.1; https://hidalgoresidences.mx"
40.77.167.138 - - [11/Sep/2026:04:33:55 -0400] "GET /robots.txt HTTP/1.1" 301 - "-" "Mozilla/5.0 AppleWebKit/537.36 (KHTML, like Gecko; compatible; bingbot/2.0; +http://www.bing.com/bingbot.htm) Chrome/116.0.1938.76 Safari/537.36"
40.77.167.138 - - [11/Sep/2026:04:33:56 -0400] "GET /robots.txt HTTP/1.1" 200 277 "-" "Mozilla/5.0 AppleWebKit/537.36 (KHTML, like Gecko; compatible; bingbot/2.0; +http://www.bing.com/bingbot.htm) Chrome/116.0.1938.76 Safari/537.36"
74.7.243.214 - - [11/Sep/2026:04:33:58 -0400] "GET /wp-content/themes/Bridge100/bridge/js/plugins/jquery.twentytwenty.js?ver=7.1 HTTP/1.1" 429 17 "https://hidalgoresidences.mx/" "Mozilla/5.0 AppleWebKit/537.36 (KHTML, like Gecko; compatible; GPTBot/1.4; +https://openai.com/gptbot)"
74.7.243.214 - - [11/Sep/2026:04:34:18 -0400] "GET /wp-content/themes/Bridge100/bridge/js/plugins/packery-mode.pkgd.min.js?ver=7.1 HTTP/1.1" 429 17 "https://hidalgoresidences.mx/" "Mozilla/5.0 AppleWebKit/537.36 (KHTML, like Gecko; compatible; GPTBot/1.4; +https://openai.com/gptbot)"
74.7.243.214 - - [11/Sep/2026:04:34:38 -0400] "GET /wp-content/themes/Bridge100/bridge/js/plugins/jquery.isotope.min.js?ver=7.1 HTTP/1.1" 429 17 "https://hidalgoresidences.mx/" "Mozilla/5.0 AppleWebKit/537.36 (KHTML, like Gecko; compatible; GPTBot/1.4; +https://openai.com/gptbot)"
74.7.243.214 - - [11/Sep/2026:04:34:58 -0400] "GET /wp-content/themes/Bridge100/bridge/js/plugins/jquery.mousewheel.min.js?ver=7.1 HTTP/1.1" 429 17 "https://hidalgoresidences.mx/" "Mozilla/5.0 AppleWebKit/537.36 (KHTML, like Gecko; compatible; GPTBot/1.4; +https://openai.com/gptbot)"
